Build Information
Failed to build swift-configuration-aws, reference main (591649), with Swift 6.2 for watchOS using Xcode 26.3 on 29 Jun 2026 16:13:08 UTC.
Build Command
env DEVELOPER_DIR=/Applications/Xcode-26.3.0.app xcrun xcodebuild -IDEClonedSourcePackagesDirPathOverride=$PWD/.dependencies -skipMacroValidation -skipPackagePluginValidation -derivedDataPath $PWD/.derivedData build -scheme swift-configuration-aws -destination generic/platform=watchOSBuild Log
Ld /Users/admin/builder/spi-builder-workspace/.derivedData/Build/Intermediates.noindex/swift-configuration.build/Debug-watchos/Configuration.build/Objects-normal/arm64/Binary/Configuration.o normal arm64 (in target 'Configuration' from project 'swift-configuration')
cd /Users/admin/builder/spi-builder-workspace/.dependencies/checkouts/swift-configuration
/Applications/Xcode-26.3.0.app/Contents/Developer/Toolchains/XcodeDefault.xctoolchain/usr/bin/clang -Xlinker -reproducible -target arm64-apple-watchos5.0 -r -isysroot /Applications/Xcode-26.3.0.app/Contents/Developer/Platforms/WatchOS.platform/Developer/SDKs/WatchOS26.2.sdk -O0 -w -L/Users/admin/builder/spi-builder-workspace/.derivedData/Build/Intermediates.noindex/EagerLinkingTBDs/Debug-watchos -L/Users/admin/builder/spi-builder-workspace/.derivedData/Build/Products/Debug-watchos -L/Applications/Xcode-26.3.0.app/Contents/Developer/Platforms/WatchOS.platform/Developer/usr/lib -F/Users/admin/builder/spi-builder-workspace/.derivedData/Build/Intermediates.noindex/EagerLinkingTBDs/Debug-watchos -F/Users/admin/builder/spi-builder-workspace/.derivedData/Build/Products/Debug-watchos/PackageFrameworks -F/Users/admin/builder/spi-builder-workspace/.derivedData/Build/Products/Debug-watchos/PackageFrameworks -F/Users/admin/builder/spi-builder-workspace/.derivedData/Build/Products/Debug-watchos/PackageFrameworks -F/Users/admin/builder/spi-builder-workspace/.derivedData/Build/Products/Debug-watchos/PackageFrameworks -F/Users/admin/builder/spi-builder-workspace/.derivedData/Build/Products/Debug-watchos/PackageFrameworks -F/Users/admin/builder/spi-builder-workspace/.derivedData/Build/Products/Debug-watchos -iframework /Applications/Xcode-26.3.0.app/Contents/Developer/Platforms/WatchOS.platform/Developer/Library/Frameworks -iframework /Applications/Xcode-26.3.0.app/Contents/Developer/Platforms/WatchOS.platform/Developer/SDKs/WatchOS26.2.sdk/Developer/Library/Frameworks -filelist /Users/admin/builder/spi-builder-workspace/.derivedData/Build/Intermediates.noindex/swift-configuration.build/Debug-watchos/Configuration.build/Objects-normal/arm64/Configuration.LinkFileList -nostdlib -Xlinker -object_path_lto -Xlinker /Users/admin/builder/spi-builder-workspace/.derivedData/Build/Intermediates.noindex/swift-configuration.build/Debug-watchos/Configuration.build/Objects-normal/arm64/Configuration_lto.o -rdynamic -Xlinker -no_deduplicate -Xlinker -debug_variant -Xlinker -dependency_info -Xlinker /Users/admin/builder/spi-builder-workspace/.derivedData/Build/Intermediates.noindex/swift-configuration.build/Debug-watchos/Configuration.build/Objects-normal/arm64/Configuration_dependency_info.dat -fobjc-link-runtime -L/Applications/Xcode-26.3.0.app/Contents/Developer/Toolchains/XcodeDefault.xctoolchain/usr/lib/swift/watchos -L/usr/lib/swift -Xlinker -add_ast_path -Xlinker /Users/admin/builder/spi-builder-workspace/.derivedData/Build/Intermediates.noindex/swift-configuration.build/Debug-watchos/Configuration.build/Objects-normal/arm64/Configuration.swiftmodule @/Users/admin/builder/spi-builder-workspace/.derivedData/Build/Intermediates.noindex/swift-configuration.build/Debug-watchos/Configuration.build/Objects-normal/arm64/Configuration-linker-args.resp -o /Users/admin/builder/spi-builder-workspace/.derivedData/Build/Intermediates.noindex/swift-configuration.build/Debug-watchos/Configuration.build/Objects-normal/arm64/Binary/Configuration.o
Ld /Users/admin/builder/spi-builder-workspace/.derivedData/Build/Intermediates.noindex/swift-async-algorithms.build/Debug-watchos/AsyncAlgorithms.build/Objects-normal/armv7k/Binary/AsyncAlgorithms.o normal armv7k (in target 'AsyncAlgorithms' from project 'swift-async-algorithms')
cd /Users/admin/builder/spi-builder-workspace/.dependencies/checkouts/swift-async-algorithms
/Applications/Xcode-26.3.0.app/Contents/Developer/Toolchains/XcodeDefault.xctoolchain/usr/bin/clang -Xlinker -reproducible -target armv7k-apple-watchos5.0 -r -isysroot /Applications/Xcode-26.3.0.app/Contents/Developer/Platforms/WatchOS.platform/Developer/SDKs/WatchOS26.2.sdk -O0 -w -L/Users/admin/builder/spi-builder-workspace/.derivedData/Build/Intermediates.noindex/EagerLinkingTBDs/Debug-watchos -L/Users/admin/builder/spi-builder-workspace/.derivedData/Build/Products/Debug-watchos -L/Applications/Xcode-26.3.0.app/Contents/Developer/Platforms/WatchOS.platform/Developer/usr/lib -F/Users/admin/builder/spi-builder-workspace/.derivedData/Build/Intermediates.noindex/EagerLinkingTBDs/Debug-watchos -F/Users/admin/builder/spi-builder-workspace/.derivedData/Build/Products/Debug-watchos/PackageFrameworks -F/Users/admin/builder/spi-builder-workspace/.derivedData/Build/Products/Debug-watchos/PackageFrameworks -F/Users/admin/builder/spi-builder-workspace/.derivedData/Build/Products/Debug-watchos/PackageFrameworks -F/Users/admin/builder/spi-builder-workspace/.derivedData/Build/Products/Debug-watchos/PackageFrameworks -F/Users/admin/builder/spi-builder-workspace/.derivedData/Build/Products/Debug-watchos -iframework /Applications/Xcode-26.3.0.app/Contents/Developer/Platforms/WatchOS.platform/Developer/Library/Frameworks -iframework /Applications/Xcode-26.3.0.app/Contents/Developer/Platforms/WatchOS.platform/Developer/SDKs/WatchOS26.2.sdk/Developer/Library/Frameworks -filelist /Users/admin/builder/spi-builder-workspace/.derivedData/Build/Intermediates.noindex/swift-async-algorithms.build/Debug-watchos/AsyncAlgorithms.build/Objects-normal/armv7k/AsyncAlgorithms.LinkFileList -nostdlib -Xlinker -object_path_lto -Xlinker /Users/admin/builder/spi-builder-workspace/.derivedData/Build/Intermediates.noindex/swift-async-algorithms.build/Debug-watchos/AsyncAlgorithms.build/Objects-normal/armv7k/AsyncAlgorithms_lto.o -rdynamic -Xlinker -no_deduplicate -Xlinker -debug_variant -Xlinker -dependency_info -Xlinker /Users/admin/builder/spi-builder-workspace/.derivedData/Build/Intermediates.noindex/swift-async-algorithms.build/Debug-watchos/AsyncAlgorithms.build/Objects-normal/armv7k/AsyncAlgorithms_dependency_info.dat -fobjc-link-runtime -L/Applications/Xcode-26.3.0.app/Contents/Developer/Toolchains/XcodeDefault.xctoolchain/usr/lib/swift/watchos -L/usr/lib/swift -Xlinker -add_ast_path -Xlinker /Users/admin/builder/spi-builder-workspace/.derivedData/Build/Intermediates.noindex/swift-async-algorithms.build/Debug-watchos/AsyncAlgorithms.build/Objects-normal/armv7k/AsyncAlgorithms.swiftmodule @/Users/admin/builder/spi-builder-workspace/.derivedData/Build/Intermediates.noindex/swift-async-algorithms.build/Debug-watchos/AsyncAlgorithms.build/Objects-normal/armv7k/AsyncAlgorithms-linker-args.resp -o /Users/admin/builder/spi-builder-workspace/.derivedData/Build/Intermediates.noindex/swift-async-algorithms.build/Debug-watchos/AsyncAlgorithms.build/Objects-normal/armv7k/Binary/AsyncAlgorithms.o
Ld /Users/admin/builder/spi-builder-workspace/.derivedData/Build/Intermediates.noindex/swift-async-algorithms.build/Debug-watchos/AsyncAlgorithms.build/Objects-normal/arm64_32/Binary/AsyncAlgorithms.o normal arm64_32 (in target 'AsyncAlgorithms' from project 'swift-async-algorithms')
cd /Users/admin/builder/spi-builder-workspace/.dependencies/checkouts/swift-async-algorithms
/Applications/Xcode-26.3.0.app/Contents/Developer/Toolchains/XcodeDefault.xctoolchain/usr/bin/clang -Xlinker -reproducible -target arm64_32-apple-watchos5.0 -r -isysroot /Applications/Xcode-26.3.0.app/Contents/Developer/Platforms/WatchOS.platform/Developer/SDKs/WatchOS26.2.sdk -O0 -w -L/Users/admin/builder/spi-builder-workspace/.derivedData/Build/Intermediates.noindex/EagerLinkingTBDs/Debug-watchos -L/Users/admin/builder/spi-builder-workspace/.derivedData/Build/Products/Debug-watchos -L/Applications/Xcode-26.3.0.app/Contents/Developer/Platforms/WatchOS.platform/Developer/usr/lib -F/Users/admin/builder/spi-builder-workspace/.derivedData/Build/Intermediates.noindex/EagerLinkingTBDs/Debug-watchos -F/Users/admin/builder/spi-builder-workspace/.derivedData/Build/Products/Debug-watchos/PackageFrameworks -F/Users/admin/builder/spi-builder-workspace/.derivedData/Build/Products/Debug-watchos/PackageFrameworks -F/Users/admin/builder/spi-builder-workspace/.derivedData/Build/Products/Debug-watchos/PackageFrameworks -F/Users/admin/builder/spi-builder-workspace/.derivedData/Build/Products/Debug-watchos/PackageFrameworks -F/Users/admin/builder/spi-builder-workspace/.derivedData/Build/Products/Debug-watchos -iframework /Applications/Xcode-26.3.0.app/Contents/Developer/Platforms/WatchOS.platform/Developer/Library/Frameworks -iframework /Applications/Xcode-26.3.0.app/Contents/Developer/Platforms/WatchOS.platform/Developer/SDKs/WatchOS26.2.sdk/Developer/Library/Frameworks -filelist /Users/admin/builder/spi-builder-workspace/.derivedData/Build/Intermediates.noindex/swift-async-algorithms.build/Debug-watchos/AsyncAlgorithms.build/Objects-normal/arm64_32/AsyncAlgorithms.LinkFileList -nostdlib -Xlinker -object_path_lto -Xlinker /Users/admin/builder/spi-builder-workspace/.derivedData/Build/Intermediates.noindex/swift-async-algorithms.build/Debug-watchos/AsyncAlgorithms.build/Objects-normal/arm64_32/AsyncAlgorithms_lto.o -rdynamic -Xlinker -no_deduplicate -Xlinker -debug_variant -Xlinker -dependency_info -Xlinker /Users/admin/builder/spi-builder-workspace/.derivedData/Build/Intermediates.noindex/swift-async-algorithms.build/Debug-watchos/AsyncAlgorithms.build/Objects-normal/arm64_32/AsyncAlgorithms_dependency_info.dat -fobjc-link-runtime -L/Applications/Xcode-26.3.0.app/Contents/Developer/Toolchains/XcodeDefault.xctoolchain/usr/lib/swift/watchos -L/usr/lib/swift -Xlinker -add_ast_path -Xlinker /Users/admin/builder/spi-builder-workspace/.derivedData/Build/Intermediates.noindex/swift-async-algorithms.build/Debug-watchos/AsyncAlgorithms.build/Objects-normal/arm64_32/AsyncAlgorithms.swiftmodule @/Users/admin/builder/spi-builder-workspace/.derivedData/Build/Intermediates.noindex/swift-async-algorithms.build/Debug-watchos/AsyncAlgorithms.build/Objects-normal/arm64_32/AsyncAlgorithms-linker-args.resp -o /Users/admin/builder/spi-builder-workspace/.derivedData/Build/Intermediates.noindex/swift-async-algorithms.build/Debug-watchos/AsyncAlgorithms.build/Objects-normal/arm64_32/Binary/AsyncAlgorithms.o
SwiftDriverJobDiscovery normal arm64 Compiling GracefulShutdown.swift (in target 'ServiceLifecycle' from project 'swift-service-lifecycle')
Ld /Users/admin/builder/spi-builder-workspace/.derivedData/Build/Intermediates.noindex/swift-async-algorithms.build/Debug-watchos/AsyncAlgorithms.build/Objects-normal/arm64/Binary/AsyncAlgorithms.o normal arm64 (in target 'AsyncAlgorithms' from project 'swift-async-algorithms')
cd /Users/admin/builder/spi-builder-workspace/.dependencies/checkouts/swift-async-algorithms
/Applications/Xcode-26.3.0.app/Contents/Developer/Toolchains/XcodeDefault.xctoolchain/usr/bin/clang -Xlinker -reproducible -target arm64-apple-watchos5.0 -r -isysroot /Applications/Xcode-26.3.0.app/Contents/Developer/Platforms/WatchOS.platform/Developer/SDKs/WatchOS26.2.sdk -O0 -w -L/Users/admin/builder/spi-builder-workspace/.derivedData/Build/Intermediates.noindex/EagerLinkingTBDs/Debug-watchos -L/Users/admin/builder/spi-builder-workspace/.derivedData/Build/Products/Debug-watchos -L/Applications/Xcode-26.3.0.app/Contents/Developer/Platforms/WatchOS.platform/Developer/usr/lib -F/Users/admin/builder/spi-builder-workspace/.derivedData/Build/Intermediates.noindex/EagerLinkingTBDs/Debug-watchos -F/Users/admin/builder/spi-builder-workspace/.derivedData/Build/Products/Debug-watchos/PackageFrameworks -F/Users/admin/builder/spi-builder-workspace/.derivedData/Build/Products/Debug-watchos/PackageFrameworks -F/Users/admin/builder/spi-builder-workspace/.derivedData/Build/Products/Debug-watchos/PackageFrameworks -F/Users/admin/builder/spi-builder-workspace/.derivedData/Build/Products/Debug-watchos/PackageFrameworks -F/Users/admin/builder/spi-builder-workspace/.derivedData/Build/Products/Debug-watchos -iframework /Applications/Xcode-26.3.0.app/Contents/Developer/Platforms/WatchOS.platform/Developer/Library/Frameworks -iframework /Applications/Xcode-26.3.0.app/Contents/Developer/Platforms/WatchOS.platform/Developer/SDKs/WatchOS26.2.sdk/Developer/Library/Frameworks -filelist /Users/admin/builder/spi-builder-workspace/.derivedData/Build/Intermediates.noindex/swift-async-algorithms.build/Debug-watchos/AsyncAlgorithms.build/Objects-normal/arm64/AsyncAlgorithms.LinkFileList -nostdlib -Xlinker -object_path_lto -Xlinker /Users/admin/builder/spi-builder-workspace/.derivedData/Build/Intermediates.noindex/swift-async-algorithms.build/Debug-watchos/AsyncAlgorithms.build/Objects-normal/arm64/AsyncAlgorithms_lto.o -rdynamic -Xlinker -no_deduplicate -Xlinker -debug_variant -Xlinker -dependency_info -Xlinker /Users/admin/builder/spi-builder-workspace/.derivedData/Build/Intermediates.noindex/swift-async-algorithms.build/Debug-watchos/AsyncAlgorithms.build/Objects-normal/arm64/AsyncAlgorithms_dependency_info.dat -fobjc-link-runtime -L/Applications/Xcode-26.3.0.app/Contents/Developer/Toolchains/XcodeDefault.xctoolchain/usr/lib/swift/watchos -L/usr/lib/swift -Xlinker -add_ast_path -Xlinker /Users/admin/builder/spi-builder-workspace/.derivedData/Build/Intermediates.noindex/swift-async-algorithms.build/Debug-watchos/AsyncAlgorithms.build/Objects-normal/arm64/AsyncAlgorithms.swiftmodule @/Users/admin/builder/spi-builder-workspace/.derivedData/Build/Intermediates.noindex/swift-async-algorithms.build/Debug-watchos/AsyncAlgorithms.build/Objects-normal/arm64/AsyncAlgorithms-linker-args.resp -o /Users/admin/builder/spi-builder-workspace/.derivedData/Build/Intermediates.noindex/swift-async-algorithms.build/Debug-watchos/AsyncAlgorithms.build/Objects-normal/arm64/Binary/AsyncAlgorithms.o
SwiftDriverJobDiscovery normal armv7k Compiling GracefulShutdown.swift (in target 'ServiceLifecycle' from project 'swift-service-lifecycle')
CreateUniversalBinary /Users/admin/builder/spi-builder-workspace/.derivedData/Build/Products/Debug-watchos/Configuration.o normal arm64\ armv7k\ arm64_32 (in target 'Configuration' from project 'swift-configuration')
cd /Users/admin/builder/spi-builder-workspace/.dependencies/checkouts/swift-configuration
/Applications/Xcode-26.3.0.app/Contents/Developer/Toolchains/XcodeDefault.xctoolchain/usr/bin/lipo -create /Users/admin/builder/spi-builder-workspace/.derivedData/Build/Intermediates.noindex/swift-configuration.build/Debug-watchos/Configuration.build/Objects-normal/arm64/Binary/Configuration.o /Users/admin/builder/spi-builder-workspace/.derivedData/Build/Intermediates.noindex/swift-configuration.build/Debug-watchos/Configuration.build/Objects-normal/armv7k/Binary/Configuration.o /Users/admin/builder/spi-builder-workspace/.derivedData/Build/Intermediates.noindex/swift-configuration.build/Debug-watchos/Configuration.build/Objects-normal/arm64_32/Binary/Configuration.o -output /Users/admin/builder/spi-builder-workspace/.derivedData/Build/Products/Debug-watchos/Configuration.o
SwiftDriver ConfigurationAWS normal arm64_32 com.apple.xcode.tools.swift.compiler (in target 'ConfigurationAWS' from project 'swift-configuration-aws')
cd /Users/admin/builder/spi-builder-workspace/.swiftpm/xcode
builtin-SwiftDriver -- /Applications/Xcode-26.3.0.app/Contents/Developer/Toolchains/XcodeDefault.xctoolchain/usr/bin/swiftc -module-name ConfigurationAWS -Onone -enforce-exclusivity\=checked @/Users/admin/builder/spi-builder-workspace/.derivedData/Build/Intermediates.noindex/swift-configuration-aws.build/Debug-watchos/ConfigurationAWS.build/Objects-normal/arm64_32/ConfigurationAWS.SwiftFileList -DSWIFT_PACKAGE -DDEBUG -DSWIFT_MODULE_RESOURCE_BUNDLE_UNAVAILABLE -DXcode -plugin-path /Applications/Xcode-26.3.0.app/Contents/Developer/Toolchains/XcodeDefault.xctoolchain/usr/lib/swift/host/plugins/testing -enable-experimental-feature DebugDescriptionMacro -sdk /Applications/Xcode-26.3.0.app/Contents/Developer/Platforms/WatchOS.platform/Developer/SDKs/WatchOS26.2.sdk -target arm64_32-apple-watchos5.0 -g -module-cache-path /Users/admin/builder/spi-builder-workspace/.derivedData/ModuleCache.noindex -Xfrontend -serialize-debugging-options -profile-coverage-mapping -profile-generate -enable-testing -index-store-path /Users/admin/builder/spi-builder-workspace/.derivedData/Index.noindex/DataStore -Xcc -D_LIBCPP_HARDENING_MODE\=_LIBCPP_HARDENING_MODE_DEBUG -swift-version 6 -I /Users/admin/builder/spi-builder-workspace/.derivedData/Build/Products/Debug-watchos -Isystem /Applications/Xcode-26.3.0.app/Contents/Developer/Platforms/WatchOS.platform/Developer/usr/lib -F /Users/admin/builder/spi-builder-workspace/.derivedData/Build/Products/Debug-watchos/PackageFrameworks -F /Users/admin/builder/spi-builder-workspace/.derivedData/Build/Products/Debug-watchos/PackageFrameworks -F /Users/admin/builder/spi-builder-workspace/.derivedData/Build/Products/Debug-watchos/PackageFrameworks -F /Users/admin/builder/spi-builder-workspace/.derivedData/Build/Products/Debug-watchos/PackageFrameworks -F /Users/admin/builder/spi-builder-workspace/.derivedData/Build/Products/Debug-watchos/PackageFrameworks -F /Users/admin/builder/spi-builder-workspace/.derivedData/Build/Products/Debug-watchos/PackageFrameworks -F /Users/admin/builder/spi-builder-workspace/.derivedData/Build/Products/Debug-watchos/PackageFrameworks -F /Users/admin/builder/spi-builder-workspace/.derivedData/Build/Products/Debug-watchos/PackageFrameworks -F /Users/admin/builder/spi-builder-workspace/.derivedData/Build/Products/Debug-watchos/PackageFrameworks -F /Users/admin/builder/spi-builder-workspace/.derivedData/Build/Products/Debug-watchos/PackageFrameworks -F /Users/admin/builder/spi-builder-workspace/.derivedData/Build/Products/Debug-watchos/PackageFrameworks -F /Users/admin/builder/spi-builder-workspace/.derivedData/Build/Products/Debug-watchos/PackageFrameworks -F /Users/admin/builder/spi-builder-workspace/.derivedData/Build/Products/Debug-watchos -F /Applications/Xcode-26.3.0.app/Contents/Developer/Platforms/WatchOS.platform/Developer/Library/Frameworks -F /Applications/Xcode-26.3.0.app/Contents/Developer/Platforms/WatchOS.platform/Developer/SDKs/WatchOS26.2.sdk/Developer/Library/Frameworks -c -j10 -enable-batch-mode -incremental -Xcc -ivfsstatcache -Xcc /Users/admin/builder/spi-builder-workspace/.derivedData/SDKStatCaches.noindex/watchos26.2-23S303-dc75598d0054f22ec865fa860f139d721753b489057de6bda919edfa1c59a62b.sdkstatcache -output-file-map /Users/admin/builder/spi-builder-workspace/.derivedData/Build/Intermediates.noindex/swift-configuration-aws.build/Debug-watchos/ConfigurationAWS.build/Objects-normal/arm64_32/ConfigurationAWS-OutputFileMap.json -use-frontend-parseable-output -save-temps -no-color-diagnostics -explicit-module-build -module-cache-path /Users/admin/builder/spi-builder-workspace/.derivedData/Build/Intermediates.noindex/SwiftExplicitPrecompiledModules -clang-scanner-module-cache-path /Users/admin/builder/spi-builder-workspace/.derivedData/ModuleCache.noindex -sdk-module-cache-path /Users/admin/builder/spi-builder-workspace/.derivedData/ModuleCache.noindex -serialize-diagnostics -emit-dependencies -emit-module -emit-module-path /Users/admin/builder/spi-builder-workspace/.derivedData/Build/Intermediates.noindex/swift-configuration-aws.build/Debug-watchos/ConfigurationAWS.build/Objects-normal/arm64_32/ConfigurationAWS.swiftmodule -validate-clang-modules-once -clang-build-session-file /Users/admin/builder/spi-builder-workspace/.derivedData/ModuleCache.noindex/Session.modulevalidation -package-name spi_builder_workspace -Xcc -I/Users/admin/builder/spi-builder-workspace/.derivedData/Build/Intermediates.noindex/swift-configuration-aws.build/Debug-watchos/ConfigurationAWS.build/swift-overrides.hmap -emit-const-values -Xfrontend -const-gather-protocols-file -Xfrontend /Users/admin/builder/spi-builder-workspace/.derivedData/Build/Intermediates.noindex/swift-configuration-aws.build/Debug-watchos/ConfigurationAWS.build/Objects-normal/arm64_32/ConfigurationAWS_const_extract_protocols.json -Xcc -I/Users/admin/builder/spi-builder-workspace/.dependencies/checkouts/swift-system/Sources/CSystem/include -Xcc -I/Users/admin/builder/spi-builder-workspace/.derivedData/Build/Products/Debug-watchos/include -Xcc -I/Users/admin/builder/spi-builder-workspace/.derivedData/Build/Intermediates.noindex/swift-configuration-aws.build/Debug-watchos/ConfigurationAWS.build/DerivedSources-normal/arm64_32 -Xcc -I/Users/admin/builder/spi-builder-workspace/.derivedData/Build/Intermediates.noindex/swift-configuration-aws.build/Debug-watchos/ConfigurationAWS.build/DerivedSources/arm64_32 -Xcc -I/Users/admin/builder/spi-builder-workspace/.derivedData/Build/Intermediates.noindex/swift-configuration-aws.build/Debug-watchos/ConfigurationAWS.build/DerivedSources -Xcc -DSWIFT_PACKAGE -Xcc -DDEBUG\=1 -emit-objc-header -emit-objc-header-path /Users/admin/builder/spi-builder-workspace/.derivedData/Build/Intermediates.noindex/swift-configuration-aws.build/Debug-watchos/ConfigurationAWS.build/Objects-normal/arm64_32/ConfigurationAWS-Swift.h -working-directory /Users/admin/builder/spi-builder-workspace/.swiftpm/xcode -experimental-emit-module-separately -disable-cmo
SwiftDriver ConfigurationAWS normal arm64 com.apple.xcode.tools.swift.compiler (in target 'ConfigurationAWS' from project 'swift-configuration-aws')
cd /Users/admin/builder/spi-builder-workspace/.swiftpm/xcode
builtin-SwiftDriver -- /Applications/Xcode-26.3.0.app/Contents/Developer/Toolchains/XcodeDefault.xctoolchain/usr/bin/swiftc -module-name ConfigurationAWS -Onone -enforce-exclusivity\=checked @/Users/admin/builder/spi-builder-workspace/.derivedData/Build/Intermediates.noindex/swift-configuration-aws.build/Debug-watchos/ConfigurationAWS.build/Objects-normal/arm64/ConfigurationAWS.SwiftFileList -DSWIFT_PACKAGE -DDEBUG -DSWIFT_MODULE_RESOURCE_BUNDLE_UNAVAILABLE -DXcode -plugin-path /Applications/Xcode-26.3.0.app/Contents/Developer/Toolchains/XcodeDefault.xctoolchain/usr/lib/swift/host/plugins/testing -enable-experimental-feature DebugDescriptionMacro -sdk /Applications/Xcode-26.3.0.app/Contents/Developer/Platforms/WatchOS.platform/Developer/SDKs/WatchOS26.2.sdk -target arm64-apple-watchos5.0 -g -module-cache-path /Users/admin/builder/spi-builder-workspace/.derivedData/ModuleCache.noindex -Xfrontend -serialize-debugging-options -profile-coverage-mapping -profile-generate -enable-testing -index-store-path /Users/admin/builder/spi-builder-workspace/.derivedData/Index.noindex/DataStore -Xcc -D_LIBCPP_HARDENING_MODE\=_LIBCPP_HARDENING_MODE_DEBUG -swift-version 6 -I /Users/admin/builder/spi-builder-workspace/.derivedData/Build/Products/Debug-watchos -Isystem /Applications/Xcode-26.3.0.app/Contents/Developer/Platforms/WatchOS.platform/Developer/usr/lib -F /Users/admin/builder/spi-builder-workspace/.derivedData/Build/Products/Debug-watchos/PackageFrameworks -F /Users/admin/builder/spi-builder-workspace/.derivedData/Build/Products/Debug-watchos/PackageFrameworks -F /Users/admin/builder/spi-builder-workspace/.derivedData/Build/Products/Debug-watchos/PackageFrameworks -F /Users/admin/builder/spi-builder-workspace/.derivedData/Build/Products/Debug-watchos/PackageFrameworks -F /Users/admin/builder/spi-builder-workspace/.derivedData/Build/Products/Debug-watchos/PackageFrameworks -F /Users/admin/builder/spi-builder-workspace/.derivedData/Build/Products/Debug-watchos/PackageFrameworks -F /Users/admin/builder/spi-builder-workspace/.derivedData/Build/Products/Debug-watchos/PackageFrameworks -F /Users/admin/builder/spi-builder-workspace/.derivedData/Build/Products/Debug-watchos/PackageFrameworks -F /Users/admin/builder/spi-builder-workspace/.derivedData/Build/Products/Debug-watchos/PackageFrameworks -F /Users/admin/builder/spi-builder-workspace/.derivedData/Build/Products/Debug-watchos/PackageFrameworks -F /Users/admin/builder/spi-builder-workspace/.derivedData/Build/Products/Debug-watchos/PackageFrameworks -F /Users/admin/builder/spi-builder-workspace/.derivedData/Build/Products/Debug-watchos/PackageFrameworks -F /Users/admin/builder/spi-builder-workspace/.derivedData/Build/Products/Debug-watchos -F /Applications/Xcode-26.3.0.app/Contents/Developer/Platforms/WatchOS.platform/Developer/Library/Frameworks -F /Applications/Xcode-26.3.0.app/Contents/Developer/Platforms/WatchOS.platform/Developer/SDKs/WatchOS26.2.sdk/Developer/Library/Frameworks -c -j10 -enable-batch-mode -incremental -Xcc -ivfsstatcache -Xcc /Users/admin/builder/spi-builder-workspace/.derivedData/SDKStatCaches.noindex/watchos26.2-23S303-dc75598d0054f22ec865fa860f139d721753b489057de6bda919edfa1c59a62b.sdkstatcache -output-file-map /Users/admin/builder/spi-builder-workspace/.derivedData/Build/Intermediates.noindex/swift-configuration-aws.build/Debug-watchos/ConfigurationAWS.build/Objects-normal/arm64/ConfigurationAWS-OutputFileMap.json -use-frontend-parseable-output -save-temps -no-color-diagnostics -explicit-module-build -module-cache-path /Users/admin/builder/spi-builder-workspace/.derivedData/Build/Intermediates.noindex/SwiftExplicitPrecompiledModules -clang-scanner-module-cache-path /Users/admin/builder/spi-builder-workspace/.derivedData/ModuleCache.noindex -sdk-module-cache-path /Users/admin/builder/spi-builder-workspace/.derivedData/ModuleCache.noindex -serialize-diagnostics -emit-dependencies -emit-module -emit-module-path /Users/admin/builder/spi-builder-workspace/.derivedData/Build/Intermediates.noindex/swift-configuration-aws.build/Debug-watchos/ConfigurationAWS.build/Objects-normal/arm64/ConfigurationAWS.swiftmodule -validate-clang-modules-once -clang-build-session-file /Users/admin/builder/spi-builder-workspace/.derivedData/ModuleCache.noindex/Session.modulevalidation -package-name spi_builder_workspace -Xcc -I/Users/admin/builder/spi-builder-workspace/.derivedData/Build/Intermediates.noindex/swift-configuration-aws.build/Debug-watchos/ConfigurationAWS.build/swift-overrides.hmap -emit-const-values -Xfrontend -const-gather-protocols-file -Xfrontend /Users/admin/builder/spi-builder-workspace/.derivedData/Build/Intermediates.noindex/swift-configuration-aws.build/Debug-watchos/ConfigurationAWS.build/Objects-normal/arm64/ConfigurationAWS_const_extract_protocols.json -Xcc -I/Users/admin/builder/spi-builder-workspace/.dependencies/checkouts/swift-system/Sources/CSystem/include -Xcc -I/Users/admin/builder/spi-builder-workspace/.derivedData/Build/Products/Debug-watchos/include -Xcc -I/Users/admin/builder/spi-builder-workspace/.derivedData/Build/Intermediates.noindex/swift-configuration-aws.build/Debug-watchos/ConfigurationAWS.build/DerivedSources-normal/arm64 -Xcc -I/Users/admin/builder/spi-builder-workspace/.derivedData/Build/Intermediates.noindex/swift-configuration-aws.build/Debug-watchos/ConfigurationAWS.build/DerivedSources/arm64 -Xcc -I/Users/admin/builder/spi-builder-workspace/.derivedData/Build/Intermediates.noindex/swift-configuration-aws.build/Debug-watchos/ConfigurationAWS.build/DerivedSources -Xcc -DSWIFT_PACKAGE -Xcc -DDEBUG\=1 -emit-objc-header -emit-objc-header-path /Users/admin/builder/spi-builder-workspace/.derivedData/Build/Intermediates.noindex/swift-configuration-aws.build/Debug-watchos/ConfigurationAWS.build/Objects-normal/arm64/ConfigurationAWS-Swift.h -working-directory /Users/admin/builder/spi-builder-workspace/.swiftpm/xcode -experimental-emit-module-separately -disable-cmo
SwiftDriver ConfigurationAWS normal armv7k com.apple.xcode.tools.swift.compiler (in target 'ConfigurationAWS' from project 'swift-configuration-aws')
cd /Users/admin/builder/spi-builder-workspace/.swiftpm/xcode
builtin-SwiftDriver -- /Applications/Xcode-26.3.0.app/Contents/Developer/Toolchains/XcodeDefault.xctoolchain/usr/bin/swiftc -module-name ConfigurationAWS -Onone -enforce-exclusivity\=checked @/Users/admin/builder/spi-builder-workspace/.derivedData/Build/Intermediates.noindex/swift-configuration-aws.build/Debug-watchos/ConfigurationAWS.build/Objects-normal/armv7k/ConfigurationAWS.SwiftFileList -DSWIFT_PACKAGE -DDEBUG -DSWIFT_MODULE_RESOURCE_BUNDLE_UNAVAILABLE -DXcode -plugin-path /Applications/Xcode-26.3.0.app/Contents/Developer/Toolchains/XcodeDefault.xctoolchain/usr/lib/swift/host/plugins/testing -enable-experimental-feature DebugDescriptionMacro -sdk /Applications/Xcode-26.3.0.app/Contents/Developer/Platforms/WatchOS.platform/Developer/SDKs/WatchOS26.2.sdk -target armv7k-apple-watchos5.0 -g -module-cache-path /Users/admin/builder/spi-builder-workspace/.derivedData/ModuleCache.noindex -Xfrontend -serialize-debugging-options -profile-coverage-mapping -profile-generate -enable-testing -index-store-path /Users/admin/builder/spi-builder-workspace/.derivedData/Index.noindex/DataStore -Xcc -D_LIBCPP_HARDENING_MODE\=_LIBCPP_HARDENING_MODE_DEBUG -swift-version 6 -I /Users/admin/builder/spi-builder-workspace/.derivedData/Build/Products/Debug-watchos -Isystem /Applications/Xcode-26.3.0.app/Contents/Developer/Platforms/WatchOS.platform/Developer/usr/lib -F /Users/admin/builder/spi-builder-workspace/.derivedData/Build/Products/Debug-watchos/PackageFrameworks -F /Users/admin/builder/spi-builder-workspace/.derivedData/Build/Products/Debug-watchos/PackageFrameworks -F /Users/admin/builder/spi-builder-workspace/.derivedData/Build/Products/Debug-watchos/PackageFrameworks -F /Users/admin/builder/spi-builder-workspace/.derivedData/Build/Products/Debug-watchos/PackageFrameworks -F /Users/admin/builder/spi-builder-workspace/.derivedData/Build/Products/Debug-watchos/PackageFrameworks -F /Users/admin/builder/spi-builder-workspace/.derivedData/Build/Products/Debug-watchos/PackageFrameworks -F /Users/admin/builder/spi-builder-workspace/.derivedData/Build/Products/Debug-watchos/PackageFrameworks -F /Users/admin/builder/spi-builder-workspace/.derivedData/Build/Products/Debug-watchos/PackageFrameworks -F /Users/admin/builder/spi-builder-workspace/.derivedData/Build/Products/Debug-watchos/PackageFrameworks -F /Users/admin/builder/spi-builder-workspace/.derivedData/Build/Products/Debug-watchos/PackageFrameworks -F /Users/admin/builder/spi-builder-workspace/.derivedData/Build/Products/Debug-watchos/PackageFrameworks -F /Users/admin/builder/spi-builder-workspace/.derivedData/Build/Products/Debug-watchos/PackageFrameworks -F /Users/admin/builder/spi-builder-workspace/.derivedData/Build/Products/Debug-watchos -F /Applications/Xcode-26.3.0.app/Contents/Developer/Platforms/WatchOS.platform/Developer/Library/Frameworks -F /Applications/Xcode-26.3.0.app/Contents/Developer/Platforms/WatchOS.platform/Developer/SDKs/WatchOS26.2.sdk/Developer/Library/Frameworks -c -j10 -enable-batch-mode -incremental -Xcc -ivfsstatcache -Xcc /Users/admin/builder/spi-builder-workspace/.derivedData/SDKStatCaches.noindex/watchos26.2-23S303-dc75598d0054f22ec865fa860f139d721753b489057de6bda919edfa1c59a62b.sdkstatcache -output-file-map /Users/admin/builder/spi-builder-workspace/.derivedData/Build/Intermediates.noindex/swift-configuration-aws.build/Debug-watchos/ConfigurationAWS.build/Objects-normal/armv7k/ConfigurationAWS-OutputFileMap.json -use-frontend-parseable-output -save-temps -no-color-diagnostics -explicit-module-build -module-cache-path /Users/admin/builder/spi-builder-workspace/.derivedData/Build/Intermediates.noindex/SwiftExplicitPrecompiledModules -clang-scanner-module-cache-path /Users/admin/builder/spi-builder-workspace/.derivedData/ModuleCache.noindex -sdk-module-cache-path /Users/admin/builder/spi-builder-workspace/.derivedData/ModuleCache.noindex -serialize-diagnostics -emit-dependencies -emit-module -emit-module-path /Users/admin/builder/spi-builder-workspace/.derivedData/Build/Intermediates.noindex/swift-configuration-aws.build/Debug-watchos/ConfigurationAWS.build/Objects-normal/armv7k/ConfigurationAWS.swiftmodule -validate-clang-modules-once -clang-build-session-file /Users/admin/builder/spi-builder-workspace/.derivedData/ModuleCache.noindex/Session.modulevalidation -package-name spi_builder_workspace -Xcc -I/Users/admin/builder/spi-builder-workspace/.derivedData/Build/Intermediates.noindex/swift-configuration-aws.build/Debug-watchos/ConfigurationAWS.build/swift-overrides.hmap -emit-const-values -Xfrontend -const-gather-protocols-file -Xfrontend /Users/admin/builder/spi-builder-workspace/.derivedData/Build/Intermediates.noindex/swift-configuration-aws.build/Debug-watchos/ConfigurationAWS.build/Objects-normal/armv7k/ConfigurationAWS_const_extract_protocols.json -Xcc -I/Users/admin/builder/spi-builder-workspace/.dependencies/checkouts/swift-system/Sources/CSystem/include -Xcc -I/Users/admin/builder/spi-builder-workspace/.derivedData/Build/Products/Debug-watchos/include -Xcc -I/Users/admin/builder/spi-builder-workspace/.derivedData/Build/Intermediates.noindex/swift-configuration-aws.build/Debug-watchos/ConfigurationAWS.build/DerivedSources-normal/armv7k -Xcc -I/Users/admin/builder/spi-builder-workspace/.derivedData/Build/Intermediates.noindex/swift-configuration-aws.build/Debug-watchos/ConfigurationAWS.build/DerivedSources/armv7k -Xcc -I/Users/admin/builder/spi-builder-workspace/.derivedData/Build/Intermediates.noindex/swift-configuration-aws.build/Debug-watchos/ConfigurationAWS.build/DerivedSources -Xcc -DSWIFT_PACKAGE -Xcc -DDEBUG\=1 -emit-objc-header -emit-objc-header-path /Users/admin/builder/spi-builder-workspace/.derivedData/Build/Intermediates.noindex/swift-configuration-aws.build/Debug-watchos/ConfigurationAWS.build/Objects-normal/armv7k/ConfigurationAWS-Swift.h -working-directory /Users/admin/builder/spi-builder-workspace/.swiftpm/xcode -experimental-emit-module-separately -disable-cmo
ExtractAppIntentsMetadata (in target 'Configuration' from project 'swift-configuration')
cd /Users/admin/builder/spi-builder-workspace/.dependencies/checkouts/swift-configuration
/Applications/Xcode-26.3.0.app/Contents/Developer/Toolchains/XcodeDefault.xctoolchain/usr/bin/appintentsmetadataprocessor --toolchain-dir /var/run/com.apple.security.cryptexd/mnt/com.apple.MobileAsset.MetalToolchain-v17.3.7003.10.KVduTq/Metal.xctoolchain --module-name Configuration --sdk-root /Applications/Xcode-26.3.0.app/Contents/Developer/Platforms/WatchOS.platform/Developer/SDKs/WatchOS26.2.sdk --xcode-version 17C529 --platform-family watchOS --deployment-target 5.0 --bundle-identifier swift-configuration.Configuration --output /Users/admin/builder/spi-builder-workspace/.derivedData/Build/Products/Debug-watchos/Configuration.appintents --target-triple arm64-apple-watchos5.0 --target-triple armv7k-apple-watchos5.0 --target-triple arm64_32-apple-watchos5.0 --binary-file /Users/admin/builder/spi-builder-workspace/.derivedData/Build/Products/Debug-watchos/Configuration.o --dependency-file /Users/admin/builder/spi-builder-workspace/.derivedData/Build/Intermediates.noindex/swift-configuration.build/Debug-watchos/Configuration.build/Objects-normal/arm64/Configuration_dependency_info.dat --dependency-file /Users/admin/builder/spi-builder-workspace/.derivedData/Build/Intermediates.noindex/swift-configuration.build/Debug-watchos/Configuration.build/Objects-normal/armv7k/Configuration_dependency_info.dat --dependency-file /Users/admin/builder/spi-builder-workspace/.derivedData/Build/Intermediates.noindex/swift-configuration.build/Debug-watchos/Configuration.build/Objects-normal/arm64_32/Configuration_dependency_info.dat --stringsdata-file /Users/admin/builder/spi-builder-workspace/.derivedData/Build/Intermediates.noindex/swift-configuration.build/Debug-watchos/Configuration.build/Objects-normal/arm64/ExtractedAppShortcutsMetadata.stringsdata --stringsdata-file /Users/admin/builder/spi-builder-workspace/.derivedData/Build/Intermediates.noindex/swift-configuration.build/Debug-watchos/Configuration.build/Objects-normal/armv7k/ExtractedAppShortcutsMetadata.stringsdata --stringsdata-file /Users/admin/builder/spi-builder-workspace/.derivedData/Build/Intermediates.noindex/swift-configuration.build/Debug-watchos/Configuration.build/Objects-normal/arm64_32/ExtractedAppShortcutsMetadata.stringsdata --source-file-list /Users/admin/builder/spi-builder-workspace/.derivedData/Build/Intermediates.noindex/swift-configuration.build/Debug-watchos/Configuration.build/Objects-normal/arm64/Configuration.SwiftFileList --source-file-list /Users/admin/builder/spi-builder-workspace/.derivedData/Build/Intermediates.noindex/swift-configuration.build/Debug-watchos/Configuration.build/Objects-normal/armv7k/Configuration.SwiftFileList --source-file-list /Users/admin/builder/spi-builder-workspace/.derivedData/Build/Intermediates.noindex/swift-configuration.build/Debug-watchos/Configuration.build/Objects-normal/arm64_32/Configuration.SwiftFileList --metadata-file-list /Users/admin/builder/spi-builder-workspace/.derivedData/Build/Intermediates.noindex/swift-configuration.build/Debug-watchos/Configuration.build/Configuration.DependencyMetadataFileList --static-metadata-file-list /Users/admin/builder/spi-builder-workspace/.derivedData/Build/Intermediates.noindex/swift-configuration.build/Debug-watchos/Configuration.build/Configuration.DependencyStaticMetadataFileList --swift-const-vals-list /Users/admin/builder/spi-builder-workspace/.derivedData/Build/Intermediates.noindex/swift-configuration.build/Debug-watchos/Configuration.build/Objects-normal/arm64/Configuration.SwiftConstValuesFileList --swift-const-vals-list /Users/admin/builder/spi-builder-workspace/.derivedData/Build/Intermediates.noindex/swift-configuration.build/Debug-watchos/Configuration.build/Objects-normal/armv7k/Configuration.SwiftConstValuesFileList --swift-const-vals-list /Users/admin/builder/spi-builder-workspace/.derivedData/Build/Intermediates.noindex/swift-configuration.build/Debug-watchos/Configuration.build/Objects-normal/arm64_32/Configuration.SwiftConstValuesFileList --force --compile-time-extraction --deployment-aware-processing --validate-assistant-intents --no-app-shortcuts-localization
2026-06-29 12:13:02.931 appintentsmetadataprocessor[1567:8788] Starting appintentsmetadataprocessor export
2026-06-29 12:13:03.182 appintentsmetadataprocessor[1567:8788] Extracted no relevant App Intents symbols, skipping writing output
CreateUniversalBinary /Users/admin/builder/spi-builder-workspace/.derivedData/Build/Products/Debug-watchos/AsyncAlgorithms.o normal arm64\ armv7k\ arm64_32 (in target 'AsyncAlgorithms' from project 'swift-async-algorithms')
cd /Users/admin/builder/spi-builder-workspace/.dependencies/checkouts/swift-async-algorithms
/Applications/Xcode-26.3.0.app/Contents/Developer/Toolchains/XcodeDefault.xctoolchain/usr/bin/lipo -create /Users/admin/builder/spi-builder-workspace/.derivedData/Build/Intermediates.noindex/swift-async-algorithms.build/Debug-watchos/AsyncAlgorithms.build/Objects-normal/arm64/Binary/AsyncAlgorithms.o /Users/admin/builder/spi-builder-workspace/.derivedData/Build/Intermediates.noindex/swift-async-algorithms.build/Debug-watchos/AsyncAlgorithms.build/Objects-normal/armv7k/Binary/AsyncAlgorithms.o /Users/admin/builder/spi-builder-workspace/.derivedData/Build/Intermediates.noindex/swift-async-algorithms.build/Debug-watchos/AsyncAlgorithms.build/Objects-normal/arm64_32/Binary/AsyncAlgorithms.o -output /Users/admin/builder/spi-builder-workspace/.derivedData/Build/Products/Debug-watchos/AsyncAlgorithms.o
SwiftDriverJobDiscovery normal arm64_32 Compiling GracefulShutdown.swift (in target 'ServiceLifecycle' from project 'swift-service-lifecycle')
ExtractAppIntentsMetadata (in target 'AsyncAlgorithms' from project 'swift-async-algorithms')
cd /Users/admin/builder/spi-builder-workspace/.dependencies/checkouts/swift-async-algorithms
/Applications/Xcode-26.3.0.app/Contents/Developer/Toolchains/XcodeDefault.xctoolchain/usr/bin/appintentsmetadataprocessor --toolchain-dir /var/run/com.apple.security.cryptexd/mnt/com.apple.MobileAsset.MetalToolchain-v17.3.7003.10.KVduTq/Metal.xctoolchain --module-name AsyncAlgorithms --sdk-root /Applications/Xcode-26.3.0.app/Contents/Developer/Platforms/WatchOS.platform/Developer/SDKs/WatchOS26.2.sdk --xcode-version 17C529 --platform-family watchOS --deployment-target 5.0 --bundle-identifier swift-async-algorithms.AsyncAlgorithms --output /Users/admin/builder/spi-builder-workspace/.derivedData/Build/Products/Debug-watchos/AsyncAlgorithms.appintents --target-triple arm64-apple-watchos5.0 --target-triple armv7k-apple-watchos5.0 --target-triple arm64_32-apple-watchos5.0 --binary-file /Users/admin/builder/spi-builder-workspace/.derivedData/Build/Products/Debug-watchos/AsyncAlgorithms.o --dependency-file /Users/admin/builder/spi-builder-workspace/.derivedData/Build/Intermediates.noindex/swift-async-algorithms.build/Debug-watchos/AsyncAlgorithms.build/Objects-normal/arm64/AsyncAlgorithms_dependency_info.dat --dependency-file /Users/admin/builder/spi-builder-workspace/.derivedData/Build/Intermediates.noindex/swift-async-algorithms.build/Debug-watchos/AsyncAlgorithms.build/Objects-normal/armv7k/AsyncAlgorithms_dependency_info.dat --dependency-file /Users/admin/builder/spi-builder-workspace/.derivedData/Build/Intermediates.noindex/swift-async-algorithms.build/Debug-watchos/AsyncAlgorithms.build/Objects-normal/arm64_32/AsyncAlgorithms_dependency_info.dat --stringsdata-file /Users/admin/builder/spi-builder-workspace/.derivedData/Build/Intermediates.noindex/swift-async-algorithms.build/Debug-watchos/AsyncAlgorithms.build/Objects-normal/arm64/ExtractedAppShortcutsMetadata.stringsdata --stringsdata-file /Users/admin/builder/spi-builder-workspace/.derivedData/Build/Intermediates.noindex/swift-async-algorithms.build/Debug-watchos/AsyncAlgorithms.build/Objects-normal/armv7k/ExtractedAppShortcutsMetadata.stringsdata --stringsdata-file /Users/admin/builder/spi-builder-workspace/.derivedData/Build/Intermediates.noindex/swift-async-algorithms.build/Debug-watchos/AsyncAlgorithms.build/Objects-normal/arm64_32/ExtractedAppShortcutsMetadata.stringsdata --source-file-list /Users/admin/builder/spi-builder-workspace/.derivedData/Build/Intermediates.noindex/swift-async-algorithms.build/Debug-watchos/AsyncAlgorithms.build/Objects-normal/arm64/AsyncAlgorithms.SwiftFileList --source-file-list /Users/admin/builder/spi-builder-workspace/.derivedData/Build/Intermediates.noindex/swift-async-algorithms.build/Debug-watchos/AsyncAlgorithms.build/Objects-normal/armv7k/AsyncAlgorithms.SwiftFileList --source-file-list /Users/admin/builder/spi-builder-workspace/.derivedData/Build/Intermediates.noindex/swift-async-algorithms.build/Debug-watchos/AsyncAlgorithms.build/Objects-normal/arm64_32/AsyncAlgorithms.SwiftFileList --metadata-file-list /Users/admin/builder/spi-builder-workspace/.derivedData/Build/Intermediates.noindex/swift-async-algorithms.build/Debug-watchos/AsyncAlgorithms.build/AsyncAlgorithms.DependencyMetadataFileList --static-metadata-file-list /Users/admin/builder/spi-builder-workspace/.derivedData/Build/Intermediates.noindex/swift-async-algorithms.build/Debug-watchos/AsyncAlgorithms.build/AsyncAlgorithms.DependencyStaticMetadataFileList --swift-const-vals-list /Users/admin/builder/spi-builder-workspace/.derivedData/Build/Intermediates.noindex/swift-async-algorithms.build/Debug-watchos/AsyncAlgorithms.build/Objects-normal/arm64/AsyncAlgorithms.SwiftConstValuesFileList --swift-const-vals-list /Users/admin/builder/spi-builder-workspace/.derivedData/Build/Intermediates.noindex/swift-async-algorithms.build/Debug-watchos/AsyncAlgorithms.build/Objects-normal/armv7k/AsyncAlgorithms.SwiftConstValuesFileList --swift-const-vals-list /Users/admin/builder/spi-builder-workspace/.derivedData/Build/Intermediates.noindex/swift-async-algorithms.build/Debug-watchos/AsyncAlgorithms.build/Objects-normal/arm64_32/AsyncAlgorithms.SwiftConstValuesFileList --force --compile-time-extraction --deployment-aware-processing --validate-assistant-intents --no-app-shortcuts-localization
2026-06-29 12:13:03.080 appintentsmetadataprocessor[1569:8889] Starting appintentsmetadataprocessor export
2026-06-29 12:13:03.233 appintentsmetadataprocessor[1569:8889] Extracted no relevant App Intents symbols, skipping writing output
RegisterExecutionPolicyException /Users/admin/builder/spi-builder-workspace/.derivedData/Build/Products/Debug-watchos/Configuration.o (in target 'Configuration' from project 'swift-configuration')
cd /Users/admin/builder/spi-builder-workspace/.dependencies/checkouts/swift-configuration
builtin-RegisterExecutionPolicyException /Users/admin/builder/spi-builder-workspace/.derivedData/Build/Products/Debug-watchos/Configuration.o
SwiftDriverJobDiscovery normal arm64 Compiling ServiceGroup.swift (in target 'ServiceLifecycle' from project 'swift-service-lifecycle')
SwiftDriver\ Compilation ServiceLifecycle normal arm64 com.apple.xcode.tools.swift.compiler (in target 'ServiceLifecycle' from project 'swift-service-lifecycle')
cd /Users/admin/builder/spi-builder-workspace/.swiftpm/xcode
builtin-Swift-Compilation -- /Applications/Xcode-26.3.0.app/Contents/Developer/Toolchains/XcodeDefault.xctoolchain/usr/bin/swiftc -module-name ServiceLifecycle -Onone -enforce-exclusivity\=checked @/Users/admin/builder/spi-builder-workspace/.derivedData/Build/Intermediates.noindex/swift-service-lifecycle.build/Debug-watchos/ServiceLifecycle.build/Objects-normal/arm64/ServiceLifecycle.SwiftFileList -DSWIFT_PACKAGE -DDEBUG -DSWIFT_MODULE_RESOURCE_BUNDLE_UNAVAILABLE -DXcode -plugin-path /Applications/Xcode-26.3.0.app/Contents/Developer/Toolchains/XcodeDefault.xctoolchain/usr/lib/swift/host/plugins/testing -enable-experimental-feature DebugDescriptionMacro -sdk /Applications/Xcode-26.3.0.app/Contents/Developer/Platforms/WatchOS.platform/Developer/SDKs/WatchOS26.2.sdk -target arm64-apple-watchos5.0 -g -module-cache-path /Users/admin/builder/spi-builder-workspace/.derivedData/ModuleCache.noindex -Xfrontend -serialize-debugging-options -profile-coverage-mapping -profile-generate -enable-testing -suppress-warnings -index-store-path /Users/admin/builder/spi-builder-workspace/.derivedData/Index.noindex/DataStore -Xcc -D_LIBCPP_HARDENING_MODE\=_LIBCPP_HARDENING_MODE_DEBUG -swift-version 6 -I /Users/admin/builder/spi-builder-workspace/.derivedData/Build/Products/Debug-watchos -Isystem /Applications/Xcode-26.3.0.app/Contents/Developer/Platforms/WatchOS.platform/Developer/usr/lib -F /Users/admin/builder/spi-builder-workspace/.derivedData/Build/Products/Debug-watchos/PackageFrameworks -F /Users/admin/builder/spi-builder-workspace/.derivedData/Build/Products/Debug-watchos/PackageFrameworks -F /Users/admin/builder/spi-builder-workspace/.derivedData/Build/Products/Debug-watchos/PackageFrameworks -F /Users/admin/builder/spi-builder-workspace/.derivedData/Build/Products/Debug-watchos/PackageFrameworks -F /Users/admin/builder/spi-builder-workspace/.derivedData/Build/Products/Debug-watchos/PackageFrameworks -F /Users/admin/builder/spi-builder-workspace/.derivedData/Build/Products/Debug-watchos/PackageFrameworks -F /Users/admin/builder/spi-builder-workspace/.derivedData/Build/Products/Debug-watchos/PackageFrameworks -F /Users/admin/builder/spi-builder-workspace/.derivedData/Build/Products/Debug-watchos/PackageFrameworks -F /Users/admin/builder/spi-builder-workspace/.derivedData/Build/Products/Debug-watchos -F /Applications/Xcode-26.3.0.app/Contents/Developer/Platforms/WatchOS.platform/Developer/Library/Frameworks -F /Applications/Xcode-26.3.0.app/Contents/Developer/Platforms/WatchOS.platform/Developer/SDKs/WatchOS26.2.sdk/Developer/Library/Frameworks -c -j10 -enable-batch-mode -incremental -Xcc -ivfsstatcache -Xcc /Users/admin/builder/spi-builder-workspace/.derivedData/SDKStatCaches.noindex/watchos26.2-23S303-dc75598d0054f22ec865fa860f139d721753b489057de6bda919edfa1c59a62b.sdkstatcache -output-file-map /Users/admin/builder/spi-builder-workspace/.derivedData/Build/Intermediates.noindex/swift-service-lifecycle.build/Debug-watchos/ServiceLifecycle.build/Objects-normal/arm64/ServiceLifecycle-OutputFileMap.json -use-frontend-parseable-output -save-temps -no-color-diagnostics -explicit-module-build -module-cache-path /Users/admin/builder/spi-builder-workspace/.derivedData/Build/Intermediates.noindex/SwiftExplicitPrecompiledModules -clang-scanner-module-cache-path /Users/admin/builder/spi-builder-workspace/.derivedData/ModuleCache.noindex -sdk-module-cache-path /Users/admin/builder/spi-builder-workspace/.derivedData/ModuleCache.noindex -serialize-diagnostics -emit-dependencies -emit-module -emit-module-path /Users/admin/builder/spi-builder-workspace/.derivedData/Build/Intermediates.noindex/swift-service-lifecycle.build/Debug-watchos/ServiceLifecycle.build/Objects-normal/arm64/ServiceLifecycle.swiftmodule -user-module-version 2.11.0 -validate-clang-modules-once -clang-build-session-file /Users/admin/builder/spi-builder-workspace/.derivedData/ModuleCache.noindex/Session.modulevalidation -package-name swift_service_lifecycle -Xcc -I/Users/admin/builder/spi-builder-workspace/.derivedData/Build/Intermediates.noindex/swift-service-lifecycle.build/Debug-watchos/ServiceLifecycle.build/swift-overrides.hmap -emit-const-values -Xfrontend -const-gather-protocols-file -Xfrontend /Users/admin/builder/spi-builder-workspace/.derivedData/Build/Intermediates.noindex/swift-service-lifecycle.build/Debug-watchos/ServiceLifecycle.build/Objects-normal/arm64/ServiceLifecycle_const_extract_protocols.json -Xcc -I/Users/admin/builder/spi-builder-workspace/.derivedData/Build/Products/Debug-watchos/include -Xcc -I/Users/admin/builder/spi-builder-workspace/.derivedData/Build/Intermediates.noindex/swift-service-lifecycle.build/Debug-watchos/ServiceLifecycle.build/DerivedSources-normal/arm64 -Xcc -I/Users/admin/builder/spi-builder-workspace/.derivedData/Build/Intermediates.noindex/swift-service-lifecycle.build/Debug-watchos/ServiceLifecycle.build/DerivedSources/arm64 -Xcc -I/Users/admin/builder/spi-builder-workspace/.derivedData/Build/Intermediates.noindex/swift-service-lifecycle.build/Debug-watchos/ServiceLifecycle.build/DerivedSources -Xcc -DSWIFT_PACKAGE -Xcc -DDEBUG\=1 -emit-objc-header -emit-objc-header-path /Users/admin/builder/spi-builder-workspace/.derivedData/Build/Intermediates.noindex/swift-service-lifecycle.build/Debug-watchos/ServiceLifecycle.build/Objects-normal/arm64/ServiceLifecycle-Swift.h -working-directory /Users/admin/builder/spi-builder-workspace/.swiftpm/xcode -experimental-emit-module-separately -disable-cmo
SwiftCompile normal armv7k Compiling\ AWSSecretsManagerProvider+ServiceLifecycle.swift /Users/admin/builder/spi-builder-workspace/Sources/ConfigurationAWS/AWSSecretsManagerProvider+ServiceLifecycle.swift (in target 'ConfigurationAWS' from project 'swift-configuration-aws')
SwiftCompile normal armv7k /Users/admin/builder/spi-builder-workspace/Sources/ConfigurationAWS/AWSSecretsManagerProvider+ServiceLifecycle.swift (in target 'ConfigurationAWS' from project 'swift-configuration-aws')
cd /Users/admin/builder/spi-builder-workspace/.swiftpm/xcode
SwiftEmitModule normal armv7k Emitting\ module\ for\ ConfigurationAWS (in target 'ConfigurationAWS' from project 'swift-configuration-aws')
EmitSwiftModule normal armv7k (in target 'ConfigurationAWS' from project 'swift-configuration-aws')
cd /Users/admin/builder/spi-builder-workspace/.swiftpm/xcode
SwiftCompile normal armv7k Compiling\ AWSSecretsManagerProvider+ConfigProvider.swift /Users/admin/builder/spi-builder-workspace/Sources/ConfigurationAWS/AWSSecretsManagerProvider+ConfigProvider.swift (in target 'ConfigurationAWS' from project 'swift-configuration-aws')
SwiftCompile normal armv7k /Users/admin/builder/spi-builder-workspace/Sources/ConfigurationAWS/AWSSecretsManagerProvider+ConfigProvider.swift (in target 'ConfigurationAWS' from project 'swift-configuration-aws')
cd /Users/admin/builder/spi-builder-workspace/.swiftpm/xcode
SwiftCompile normal armv7k Compiling\ AWSSecretsManagerVendor.swift /Users/admin/builder/spi-builder-workspace/Sources/ConfigurationAWS/AWSSecretsManagerVendor.swift (in target 'ConfigurationAWS' from project 'swift-configuration-aws')
Failed frontend command:
/Applications/Xcode-26.3.0.app/Contents/Developer/Toolchains/XcodeDefault.xctoolchain/usr/bin/swift-frontend -frontend -c /Users/admin/builder/spi-builder-workspace/Sources/ConfigurationAWS/AWSSecretsManagerProvider+ConfigProvider.swift /Users/admin/builder/spi-builder-workspace/Sources/ConfigurationAWS/AWSSecretsManagerProvider+ServiceLifecycle.swift /Users/admin/builder/spi-builder-workspace/Sources/ConfigurationAWS/AWSSecretsManagerProvider+Soto.swift /Users/admin/builder/spi-builder-workspace/Sources/ConfigurationAWS/AWSSecretsManagerProvider+Watching.swift /Users/admin/builder/spi-builder-workspace/Sources/ConfigurationAWS/AWSSecretsManagerProvider.swift /Users/admin/builder/spi-builder-workspace/Sources/ConfigurationAWS/AWSSecretsManagerProviderSnapshot.swift -primary-file /Users/admin/builder/spi-builder-workspace/Sources/ConfigurationAWS/AWSSecretsManagerVendor.swift -emit-dependencies-path /Users/admin/builder/spi-builder-workspace/.derivedData/Build/Intermediates.noindex/swift-configuration-aws.build/Debug-watchos/ConfigurationAWS.build/Objects-normal/armv7k/AWSSecretsManagerVendor.d -emit-const-values-path /Users/admin/builder/spi-builder-workspace/.derivedData/Build/Intermediates.noindex/swift-configuration-aws.build/Debug-watchos/ConfigurationAWS.build/Objects-normal/armv7k/AWSSecretsManagerVendor.swiftconstvalues -emit-reference-dependencies-path /Users/admin/builder/spi-builder-workspace/.derivedData/Build/Intermediates.noindex/swift-configuration-aws.build/Debug-watchos/ConfigurationAWS.build/Objects-normal/armv7k/AWSSecretsManagerVendor.swiftdeps -serialize-diagnostics-path /Users/admin/builder/spi-builder-workspace/.derivedData/Build/Intermediates.noindex/swift-configuration-aws.build/Debug-watchos/ConfigurationAWS.build/Objects-normal/armv7k/AWSSecretsManagerVendor.dia -target armv7k-apple-watchos5.0 -load-resolved-plugin /Applications/Xcode-26.3.0.app/Contents/Developer/Platforms/WatchOS.platform/Developer/usr/lib/swift/host/plugins/libFoundationMacros.dylib\#/Applications/Xcode-26.3.0.app/Contents/Developer/Platforms/WatchOS.platform/Developer/usr/bin/swift-plugin-server\#FoundationMacros -load-resolved-plugin /Applications/Xcode-26.3.0.app/Contents/Developer/Platforms/WatchOS.platform/Developer/usr/lib/swift/host/plugins/libObservationMacros.dylib\#/Applications/Xcode-26.3.0.app/Contents/Developer/Platforms/WatchOS.platform/Developer/usr/bin/swift-plugin-server\#ObservationMacros -load-resolved-plugin /Applications/Xcode-26.3.0.app/Contents/Developer/Platforms/WatchOS.platform/Developer/usr/lib/swift/host/plugins/libSwiftMacros.dylib\#/Applications/Xcode-26.3.0.app/Contents/Developer/Platforms/WatchOS.platform/Developer/usr/bin/swift-plugin-server\#SwiftMacros -disable-implicit-swift-modules -Xcc -fno-implicit-modules -Xcc -fno-implicit-module-maps -explicit-swift-module-map-file /Users/admin/builder/spi-builder-workspace/.derivedData/Build/Intermediates.noindex/swift-configuration-aws.build/Debug-watchos/ConfigurationAWS.build/Objects-normal/armv7k/ConfigurationAWS-dependencies-3.json -enable-objc-interop -sdk /Applications/Xcode-26.3.0.app/Contents/Developer/Platforms/WatchOS.platform/Developer/SDKs/WatchOS26.2.sdk -I /Users/admin/builder/spi-builder-workspace/.derivedData/Build/Products/Debug-watchos -Isystem /Applications/Xcode-26.3.0.app/Contents/Developer/Platforms/WatchOS.platform/Developer/usr/lib -F /Users/admin/builder/spi-builder-workspace/.derivedData/Build/Products/Debug-watchos/PackageFrameworks -F /Users/admin/builder/spi-builder-workspace/.derivedData/Build/Products/Debug-watchos/PackageFrameworks -F /Users/admin/builder/spi-builder-workspace/.derivedData/Build/Products/Debug-watchos/PackageFrameworks -F /Users/admin/builder/spi-builder-workspace/.derivedData/Build/Products/Debug-watchos/PackageFrameworks -F /Users/admin/builder/spi-builder-workspace/.derivedData/Build/Products/Debug-watchos/PackageFrameworks -F /Users/admin/builder/spi-builder-workspace/.derivedData/Build/Products/Debug-watchos/PackageFrameworks -F /Users/admin/builder/spi-builder-workspace/.derivedData/Build/Products/Debug-watchos/PackageFrameworks -F /Users/admin/builder/spi-builder-workspace/.derivedData/Build/Products/Debug-watchos/PackageFrameworks -F /Users/admin/builder/spi-builder-workspace/.derivedData/Build/Products/Debug-watchos/PackageFrameworks -F /Users/admin/builder/spi-builder-workspace/.derivedData/Build/Products/Debug-watchos/PackageFrameworks -F /Users/admin/builder/spi-builder-workspace/.derivedData/Build/Products/Debug-watchos/PackageFrameworks -F /Users/admin/builder/spi-builder-workspace/.derivedData/Build/Products/Debug-watchos/PackageFrameworks -F /Users/admin/builder/spi-builder-workspace/.derivedData/Build/Products/Debug-watchos -F /Applications/Xcode-26.3.0.app/Contents/Developer/Platforms/WatchOS.platform/Developer/Library/Frameworks -F /Applications/Xcode-26.3.0.app/Contents/Developer/Platforms/WatchOS.platform/Developer/SDKs/WatchOS26.2.sdk/Developer/Library/Frameworks -no-color-diagnostics -Xcc -fno-color-diagnostics -enable-testing -g -debug-info-format\=dwarf -dwarf-version\=4 -module-cache-path /Users/admin/builder/spi-builder-workspace/.derivedData/Build/Intermediates.noindex/SwiftExplicitPrecompiledModules -profile-generate -profile-coverage-mapping -swift-version 6 -enforce-exclusivity\=checked -Onone -D SWIFT_PACKAGE -D DEBUG -D SWIFT_MODULE_RESOURCE_BUNDLE_UNAVAILABLE -D Xcode -serialize-debugging-options -const-gather-protocols-file /Users/admin/builder/spi-builder-workspace/.derivedData/Build/Intermediates.noindex/swift-configuration-aws.build/Debug-watchos/ConfigurationAWS.build/Objects-normal/armv7k/ConfigurationAWS_const_extract_protocols.json -enable-experimental-feature DebugDescriptionMacro -empty-abi-descriptor -validate-clang-modules-once -clang-build-session-file /Users/admin/builder/spi-builder-workspace/.derivedData/ModuleCache.noindex/Session.modulevalidation -Xcc -working-directory -Xcc /Users/admin/builder/spi-builder-workspace/.swiftpm/xcode -enable-anonymous-context-mangled-names -file-compilation-dir /Users/admin/builder/spi-builder-workspace/.swiftpm/xcode -Xcc -D_LIBCPP_HARDENING_MODE\=_LIBCPP_HARDENING_MODE_DEBUG -Xcc -ivfsstatcache -Xcc /Users/admin/builder/spi-builder-workspace/.derivedData/SDKStatCaches.noindex/watchos26.2-23S303-dc75598d0054f22ec865fa860f139d721753b489057de6bda919edfa1c59a62b.sdkstatcache -Xcc -I/Users/admin/builder/spi-builder-workspace/.derivedData/Build/Intermediates.noindex/swift-configuration-aws.build/Debug-watchos/ConfigurationAWS.build/swift-overrides.hmap -Xcc -I/Users/admin/builder/spi-builder-workspace/.dependencies/checkouts/swift-system/Sources/CSystem/include -Xcc -I/Users/admin/builder/spi-builder-workspace/.derivedData/Build/Products/Debug-watchos/include -Xcc -I/Users/admin/builder/spi-builder-workspace/.derivedData/Build/Intermediates.noindex/swift-configuration-aws.build/Debug-watchos/ConfigurationAWS.build/DerivedSources-normal/armv7k -Xcc -I/Users/admin/builder/spi-builder-workspace/.derivedData/Build/Intermediates.noindex/swift-configuration-aws.build/Debug-watchos/ConfigurationAWS.build/DerivedSources/armv7k -Xcc -I/Users/admin/builder/spi-builder-workspace/.derivedData/Build/Intermediates.noindex/swift-configuration-aws.build/Debug-watchos/ConfigurationAWS.build/DerivedSources -Xcc -DSWIFT_PACKAGE -Xcc -DDEBUG\=1 -no-auto-bridging-header-chaining -module-name ConfigurationAWS -package-name spi_builder_workspace -frontend-parseable-output -disable-clang-spi -target-sdk-version 26.2 -target-sdk-name watchos26.2 -clang-target armv7k-apple-watchos26.2 -in-process-plugin-server-path /Applications/Xcode-26.3.0.app/Contents/Developer/Toolchains/XcodeDefault.xctoolchain/usr/lib/swift/host/libSwiftInProcPluginServer.dylib -o /Users/admin/builder/spi-builder-workspace/.derivedData/Build/Intermediates.noindex/swift-configuration-aws.build/Debug-watchos/ConfigurationAWS.build/Objects-normal/armv7k/AWSSecretsManagerVendor.o -index-unit-output-path /swift-configuration-aws.build/Debug-watchos/ConfigurationAWS.build/Objects-normal/armv7k/AWSSecretsManagerVendor.o -index-store-path /Users/admin/builder/spi-builder-workspace/.derivedData/Index.noindex/DataStore -index-system-modules
SwiftCompile normal armv7k /Users/admin/builder/spi-builder-workspace/Sources/ConfigurationAWS/AWSSecretsManagerVendor.swift (in target 'ConfigurationAWS' from project 'swift-configuration-aws')
cd /Users/admin/builder/spi-builder-workspace/.swiftpm/xcode
/Users/admin/builder/spi-builder-workspace/Sources/ConfigurationAWS/AWSSecretsManagerVendor.swift:9:47: error: concurrency is only available in watchOS 6.0.0 or newer
func fetchSecretValue(forKey key: String) async throws -> String?
^
/Users/admin/builder/spi-builder-workspace/Sources/ConfigurationAWS/AWSSecretsManagerVendor.swift:9:10: note: add '@available' attribute to enclosing instance method
func fetchSecretValue(forKey key: String) async throws -> String?
^
/Users/admin/builder/spi-builder-workspace/Sources/ConfigurationAWS/AWSSecretsManagerVendor.swift:8:17: note: add '@available' attribute to enclosing protocol
public protocol AWSSecretsManagerVendor: Sendable {
^
SwiftCompile normal armv7k Compiling\ AWSSecretsManagerProviderSnapshot.swift /Users/admin/builder/spi-builder-workspace/Sources/ConfigurationAWS/AWSSecretsManagerProviderSnapshot.swift (in target 'ConfigurationAWS' from project 'swift-configuration-aws')
SwiftCompile normal armv7k /Users/admin/builder/spi-builder-workspace/Sources/ConfigurationAWS/AWSSecretsManagerProviderSnapshot.swift (in target 'ConfigurationAWS' from project 'swift-configuration-aws')
cd /Users/admin/builder/spi-builder-workspace/.swiftpm/xcode
SwiftCompile normal armv7k Compiling\ AWSSecretsManagerProvider+Watching.swift /Users/admin/builder/spi-builder-workspace/Sources/ConfigurationAWS/AWSSecretsManagerProvider+Watching.swift (in target 'ConfigurationAWS' from project 'swift-configuration-aws')
SwiftCompile normal armv7k /Users/admin/builder/spi-builder-workspace/Sources/ConfigurationAWS/AWSSecretsManagerProvider+Watching.swift (in target 'ConfigurationAWS' from project 'swift-configuration-aws')
cd /Users/admin/builder/spi-builder-workspace/.swiftpm/xcode
SwiftCompile normal armv7k Compiling\ AWSSecretsManagerProvider+Soto.swift /Users/admin/builder/spi-builder-workspace/Sources/ConfigurationAWS/AWSSecretsManagerProvider+Soto.swift (in target 'ConfigurationAWS' from project 'swift-configuration-aws')
SwiftCompile normal armv7k /Users/admin/builder/spi-builder-workspace/Sources/ConfigurationAWS/AWSSecretsManagerProvider+Soto.swift (in target 'ConfigurationAWS' from project 'swift-configuration-aws')
cd /Users/admin/builder/spi-builder-workspace/.swiftpm/xcode
SwiftCompile normal armv7k Compiling\ AWSSecretsManagerProvider.swift /Users/admin/builder/spi-builder-workspace/Sources/ConfigurationAWS/AWSSecretsManagerProvider.swift (in target 'ConfigurationAWS' from project 'swift-configuration-aws')
SwiftCompile normal armv7k /Users/admin/builder/spi-builder-workspace/Sources/ConfigurationAWS/AWSSecretsManagerProvider.swift (in target 'ConfigurationAWS' from project 'swift-configuration-aws')
cd /Users/admin/builder/spi-builder-workspace/.swiftpm/xcode
SwiftEmitModule normal arm64 Emitting\ module\ for\ ConfigurationAWS (in target 'ConfigurationAWS' from project 'swift-configuration-aws')
SwiftDriverJobDiscovery normal armv7k Compiling ServiceGroup.swift (in target 'ServiceLifecycle' from project 'swift-service-lifecycle')
SwiftEmitModule normal arm64_32 Emitting\ module\ for\ ConfigurationAWS (in target 'ConfigurationAWS' from project 'swift-configuration-aws')
SwiftDriverJobDiscovery normal arm64_32 Compiling ServiceGroup.swift (in target 'ServiceLifecycle' from project 'swift-service-lifecycle')
SwiftDriver\ Compilation ServiceLifecycle normal armv7k com.apple.xcode.tools.swift.compiler (in target 'ServiceLifecycle' from project 'swift-service-lifecycle')
cd /Users/admin/builder/spi-builder-workspace/.swiftpm/xcode
builtin-Swift-Compilation -- /Applications/Xcode-26.3.0.app/Contents/Developer/Toolchains/XcodeDefault.xctoolchain/usr/bin/swiftc -module-name ServiceLifecycle -Onone -enforce-exclusivity\=checked @/Users/admin/builder/spi-builder-workspace/.derivedData/Build/Intermediates.noindex/swift-service-lifecycle.build/Debug-watchos/ServiceLifecycle.build/Objects-normal/armv7k/ServiceLifecycle.SwiftFileList -DSWIFT_PACKAGE -DDEBUG -DSWIFT_MODULE_RESOURCE_BUNDLE_UNAVAILABLE -DXcode -plugin-path /Applications/Xcode-26.3.0.app/Contents/Developer/Toolchains/XcodeDefault.xctoolchain/usr/lib/swift/host/plugins/testing -enable-experimental-feature DebugDescriptionMacro -sdk /Applications/Xcode-26.3.0.app/Contents/Developer/Platforms/WatchOS.platform/Developer/SDKs/WatchOS26.2.sdk -target armv7k-apple-watchos5.0 -g -module-cache-path /Users/admin/builder/spi-builder-workspace/.derivedData/ModuleCache.noindex -Xfrontend -serialize-debugging-options -profile-coverage-mapping -profile-generate -enable-testing -suppress-warnings -index-store-path /Users/admin/builder/spi-builder-workspace/.derivedData/Index.noindex/DataStore -Xcc -D_LIBCPP_HARDENING_MODE\=_LIBCPP_HARDENING_MODE_DEBUG -swift-version 6 -I /Users/admin/builder/spi-builder-workspace/.derivedData/Build/Products/Debug-watchos -Isystem /Applications/Xcode-26.3.0.app/Contents/Developer/Platforms/WatchOS.platform/Developer/usr/lib -F /Users/admin/builder/spi-builder-workspace/.derivedData/Build/Products/Debug-watchos/PackageFrameworks -F /Users/admin/builder/spi-builder-workspace/.derivedData/Build/Products/Debug-watchos/PackageFrameworks -F /Users/admin/builder/spi-builder-workspace/.derivedData/Build/Products/Debug-watchos/PackageFrameworks -F /Users/admin/builder/spi-builder-workspace/.derivedData/Build/Products/Debug-watchos/PackageFrameworks -F /Users/admin/builder/spi-builder-workspace/.derivedData/Build/Products/Debug-watchos/PackageFrameworks -F /Users/admin/builder/spi-builder-workspace/.derivedData/Build/Products/Debug-watchos/PackageFrameworks -F /Users/admin/builder/spi-builder-workspace/.derivedData/Build/Products/Debug-watchos/PackageFrameworks -F /Users/admin/builder/spi-builder-workspace/.derivedData/Build/Products/Debug-watchos/PackageFrameworks -F /Users/admin/builder/spi-builder-workspace/.derivedData/Build/Products/Debug-watchos -F /Applications/Xcode-26.3.0.app/Contents/Developer/Platforms/WatchOS.platform/Developer/Library/Frameworks -F /Applications/Xcode-26.3.0.app/Contents/Developer/Platforms/WatchOS.platform/Developer/SDKs/WatchOS26.2.sdk/Developer/Library/Frameworks -c -j10 -enable-batch-mode -incremental -Xcc -ivfsstatcache -Xcc /Users/admin/builder/spi-builder-workspace/.derivedData/SDKStatCaches.noindex/watchos26.2-23S303-dc75598d0054f22ec865fa860f139d721753b489057de6bda919edfa1c59a62b.sdkstatcache -output-file-map /Users/admin/builder/spi-builder-workspace/.derivedData/Build/Intermediates.noindex/swift-service-lifecycle.build/Debug-watchos/ServiceLifecycle.build/Objects-normal/armv7k/ServiceLifecycle-OutputFileMap.json -use-frontend-parseable-output -save-temps -no-color-diagnostics -explicit-module-build -module-cache-path /Users/admin/builder/spi-builder-workspace/.derivedData/Build/Intermediates.noindex/SwiftExplicitPrecompiledModules -clang-scanner-module-cache-path /Users/admin/builder/spi-builder-workspace/.derivedData/ModuleCache.noindex -sdk-module-cache-path /Users/admin/builder/spi-builder-workspace/.derivedData/ModuleCache.noindex -serialize-diagnostics -emit-dependencies -emit-module -emit-module-path /Users/admin/builder/spi-builder-workspace/.derivedData/Build/Intermediates.noindex/swift-service-lifecycle.build/Debug-watchos/ServiceLifecycle.build/Objects-normal/armv7k/ServiceLifecycle.swiftmodule -user-module-version 2.11.0 -validate-clang-modules-once -clang-build-session-file /Users/admin/builder/spi-builder-workspace/.derivedData/ModuleCache.noindex/Session.modulevalidation -package-name swift_service_lifecycle -Xcc -I/Users/admin/builder/spi-builder-workspace/.derivedData/Build/Intermediates.noindex/swift-service-lifecycle.build/Debug-watchos/ServiceLifecycle.build/swift-overrides.hmap -emit-const-values -Xfrontend -const-gather-protocols-file -Xfrontend /Users/admin/builder/spi-builder-workspace/.derivedData/Build/Intermediates.noindex/swift-service-lifecycle.build/Debug-watchos/ServiceLifecycle.build/Objects-normal/armv7k/ServiceLifecycle_const_extract_protocols.json -Xcc -I/Users/admin/builder/spi-builder-workspace/.derivedData/Build/Products/Debug-watchos/include -Xcc -I/Users/admin/builder/spi-builder-workspace/.derivedData/Build/Intermediates.noindex/swift-service-lifecycle.build/Debug-watchos/ServiceLifecycle.build/DerivedSources-normal/armv7k -Xcc -I/Users/admin/builder/spi-builder-workspace/.derivedData/Build/Intermediates.noindex/swift-service-lifecycle.build/Debug-watchos/ServiceLifecycle.build/DerivedSources/armv7k -Xcc -I/Users/admin/builder/spi-builder-workspace/.derivedData/Build/Intermediates.noindex/swift-service-lifecycle.build/Debug-watchos/ServiceLifecycle.build/DerivedSources -Xcc -DSWIFT_PACKAGE -Xcc -DDEBUG\=1 -emit-objc-header -emit-objc-header-path /Users/admin/builder/spi-builder-workspace/.derivedData/Build/Intermediates.noindex/swift-service-lifecycle.build/Debug-watchos/ServiceLifecycle.build/Objects-normal/armv7k/ServiceLifecycle-Swift.h -working-directory /Users/admin/builder/spi-builder-workspace/.swiftpm/xcode -experimental-emit-module-separately -disable-cmo
2026-06-29 12:12:43.654 xcodebuild[918:5206] [MT] IDERunDestination: Supported platforms for the buildables in the current scheme is empty.
** BUILD FAILED **
The following build commands failed:
SwiftCompile normal armv7k Compiling\ AWSSecretsManagerVendor.swift /Users/admin/builder/spi-builder-workspace/Sources/ConfigurationAWS/AWSSecretsManagerVendor.swift (in target 'ConfigurationAWS' from project 'swift-configuration-aws')
SwiftCompile normal armv7k /Users/admin/builder/spi-builder-workspace/Sources/ConfigurationAWS/AWSSecretsManagerVendor.swift (in target 'ConfigurationAWS' from project 'swift-configuration-aws')
Building workspace spi-builder-workspace with scheme swift-configuration-aws
(3 failures)
Command line invocation:
/Applications/Xcode-26.3.0.app/Contents/Developer/usr/bin/xcodebuild -IDEClonedSourcePackagesDirPathOverride=/Users/admin/builder/spi-builder-workspace/.dependencies -resolvePackageDependencies
Resolve Package Graph
Resolved source packages:
swift-configuration-aws: /Users/admin/builder/spi-builder-workspace
swift-async-algorithms: https://github.com/apple/swift-async-algorithms.git @ 1.1.4
swift-configuration: https://github.com/apple/swift-configuration @ 1.2.0
swift-service-lifecycle: https://github.com/swift-server/swift-service-lifecycle.git @ 2.11.0
swift-collections: https://github.com/apple/swift-collections @ 1.6.0
swift-log: https://github.com/apple/swift-log.git @ 1.14.0
swift-system: https://github.com/apple/swift-system @ 1.7.2
resolved source packages: swift-configuration-aws, swift-async-algorithms, swift-configuration, swift-service-lifecycle, swift-collections, swift-log, swift-system
2026-06-29 12:13:04.589 xcodebuild[1580:8969] [MT] IDERunDestination: Supported platforms for the buildables in the current scheme is empty.
{
"dependencies" : [
{
"identity" : "swift-configuration",
"requirement" : {
"range" : [
{
"lower_bound" : "1.1.0",
"upper_bound" : "2.0.0"
}
]
},
"type" : "sourceControl",
"url" : "https://github.com/apple/swift-configuration"
},
{
"identity" : "swift-service-lifecycle",
"requirement" : {
"range" : [
{
"lower_bound" : "2.0.0",
"upper_bound" : "3.0.0"
}
]
},
"type" : "sourceControl",
"url" : "https://github.com/swift-server/swift-service-lifecycle.git"
},
{
"identity" : "soto",
"requirement" : {
"range" : [
{
"lower_bound" : "7.10.0",
"upper_bound" : "8.0.0"
}
]
},
"type" : "sourceControl",
"url" : "https://github.com/soto-project/soto.git"
}
],
"manifest_display_name" : "swift-configuration-aws",
"name" : "swift-configuration-aws",
"path" : "/Users/admin/builder/spi-builder-workspace",
"platforms" : [
{
"name" : "macos",
"version" : "15.0"
}
],
"products" : [
{
"name" : "swift-configuration-aws",
"targets" : [
"ConfigurationAWS"
],
"type" : {
"library" : [
"automatic"
]
}
}
],
"targets" : [
{
"c99name" : "IntegrationTests",
"module_type" : "SwiftTarget",
"name" : "IntegrationTests",
"path" : "Sources/IntegrationTests",
"product_dependencies" : [
"Configuration",
"ConfigurationTesting",
"SotoSecretsManager"
],
"sources" : [
"CacheTTLTests.swift",
"FetchValueTests.swift",
"PollingTests.swift",
"ProviderCompatTests.swift",
"SnapshotTests.swift",
"SotoInitTests.swift",
"TestEnvironment.swift",
"TypeConversionTests.swift",
"VendorTests.swift",
"WatcherTests.swift"
],
"target_dependencies" : [
"ConfigurationAWS"
],
"type" : "test"
},
{
"c99name" : "ConfigurationAWSTests",
"module_type" : "SwiftTarget",
"name" : "ConfigurationAWSTests",
"path" : "Sources/ConfigurationAWSTests",
"product_dependencies" : [
"Configuration",
"ConfigurationTesting"
],
"sources" : [
"CacheTTLTests.swift",
"FetchValueTests.swift",
"InitializationTests.swift",
"MockVendor.swift",
"ProviderTests.swift",
"RaceDetectionTests.swift",
"ServiceLifecycleTests.swift",
"SnapshotTests.swift",
"TestClock.swift",
"TestHelpers.swift",
"TypeConversionTests.swift",
"VendorErrorTests.swift",
"WatcherTests.swift"
],
"target_dependencies" : [
"ConfigurationAWS"
],
"type" : "test"
},
{
"c99name" : "ConfigurationAWS",
"module_type" : "SwiftTarget",
"name" : "ConfigurationAWS",
"path" : "Sources/ConfigurationAWS",
"product_dependencies" : [
"Configuration",
"ServiceLifecycle",
"SotoSecretsManager"
],
"product_memberships" : [
"swift-configuration-aws"
],
"sources" : [
"AWSSecretsManagerProvider+ConfigProvider.swift",
"AWSSecretsManagerProvider+ServiceLifecycle.swift",
"AWSSecretsManagerProvider+Soto.swift",
"AWSSecretsManagerProvider+Watching.swift",
"AWSSecretsManagerProvider.swift",
"AWSSecretsManagerProviderSnapshot.swift",
"AWSSecretsManagerVendor.swift"
],
"type" : "library"
}
],
"tools_version" : "6.2"
}
{
"workspace" : {
"name" : "spi-builder-workspace",
"schemes" : [
"swift-configuration-aws"
]
}
}
2026-06-29 12:13:05.955 xcodebuild[1606:9096] [MT] IDERunDestination: Supported platforms for the buildables in the current scheme is empty.
Running build ...
env DEVELOPER_DIR=/Applications/Xcode-26.3.0.app xcrun xcodebuild -IDEClonedSourcePackagesDirPathOverride=$PWD/.dependencies -skipMacroValidation -skipPackagePluginValidation -derivedDataPath $PWD/.derivedData build -scheme swift-configuration-aws -destination generic/platform=watchOS
Command line invocation:
/Applications/Xcode-26.3.0.app/Contents/Developer/usr/bin/xcodebuild -IDEClonedSourcePackagesDirPathOverride=/Users/admin/builder/spi-builder-workspace/.dependencies -skipMacroValidation -skipPackagePluginValidation -derivedDataPath /Users/admin/builder/spi-builder-workspace/.derivedData build -scheme swift-configuration-aws -destination generic/platform=watchOS
Resolve Package Graph
Resolved source packages:
swift-collections: https://github.com/apple/swift-collections @ 1.6.0
swift-configuration-aws: /Users/admin/builder/spi-builder-workspace
swift-configuration: https://github.com/apple/swift-configuration @ 1.2.0
swift-service-lifecycle: https://github.com/swift-server/swift-service-lifecycle.git @ 2.11.0
swift-log: https://github.com/apple/swift-log.git @ 1.14.0
swift-system: https://github.com/apple/swift-system @ 1.7.2
swift-async-algorithms: https://github.com/apple/swift-async-algorithms.git @ 1.1.4
ComputePackagePrebuildTargetDependencyGraph
Prepare packages
CreateBuildRequest
SendProjectDescription
CreateBuildOperation
ComputeTargetDependencyGraph
note: Building targets in dependency order
note: Target dependency graph (21 targets)
Target 'swift-configuration-aws' in project 'swift-configuration-aws'
➜ Explicit dependency on target 'ConfigurationAWS' in project 'swift-configuration-aws'
➜ Explicit dependency on target 'Configuration' in project 'swift-configuration'
➜ Explicit dependency on target 'ServiceLifecycle' in project 'swift-service-lifecycle'
Target 'ConfigurationAWS' in project 'swift-configuration-aws'
➜ Explicit dependency on target 'Configuration' in project 'swift-configuration'
➜ Explicit dependency on target 'ServiceLifecycle' in project 'swift-service-lifecycle'
Target 'ServiceLifecycle' in project 'swift-service-lifecycle'
➜ Explicit dependency on target 'ServiceLifecycle' in project 'swift-service-lifecycle'
➜ Explicit dependency on target 'ConcurrencyHelpers' in project 'swift-service-lifecycle'
➜ Explicit dependency on target 'UnixSignals' in project 'swift-service-lifecycle'
➜ Explicit dependency on target 'Logging' in project 'swift-log'
➜ Explicit dependency on target 'AsyncAlgorithms' in project 'swift-async-algorithms'
Target 'ServiceLifecycle' in project 'swift-service-lifecycle'
➜ Explicit dependency on target 'ConcurrencyHelpers' in project 'swift-service-lifecycle'
➜ Explicit dependency on target 'UnixSignals' in project 'swift-service-lifecycle'
➜ Explicit dependency on target 'Logging' in project 'swift-log'
➜ Explicit dependency on target 'AsyncAlgorithms' in project 'swift-async-algorithms'
Target 'AsyncAlgorithms' in project 'swift-async-algorithms'
➜ Explicit dependency on target 'AsyncAlgorithms' in project 'swift-async-algorithms'
➜ Explicit dependency on target 'OrderedCollections' in project 'swift-collections'
➜ Explicit dependency on target 'DequeModule' in project 'swift-collections'
Target 'AsyncAlgorithms' in project 'swift-async-algorithms'
➜ Explicit dependency on target 'OrderedCollections' in project 'swift-collections'
➜ Explicit dependency on target 'DequeModule' in project 'swift-collections'
Target 'OrderedCollections' in project 'swift-collections'
➜ Explicit dependency on target 'OrderedCollections' in project 'swift-collections'
➜ Explicit dependency on target 'InternalCollectionsUtilities' in project 'swift-collections'
Target 'OrderedCollections' in project 'swift-collections'
➜ Explicit dependency on target 'InternalCollectionsUtilities' in project 'swift-collections'
Target 'Logging' in project 'swift-log'
➜ Explicit dependency on target 'Logging' in project 'swift-log'
Target 'Logging' in project 'swift-log' (no dependencies)
Target 'UnixSignals' in project 'swift-service-lifecycle'
➜ Explicit dependency on target 'ConcurrencyHelpers' in project 'swift-service-lifecycle'
Target 'ConcurrencyHelpers' in project 'swift-service-lifecycle' (no dependencies)
Target 'Configuration' in project 'swift-configuration'
➜ Explicit dependency on target 'Configuration' in project 'swift-configuration'
➜ Explicit dependency on target 'SystemPackage' in project 'swift-system'
➜ Explicit dependency on target 'DequeModule' in project 'swift-collections'
Target 'Configuration' in project 'swift-configuration'
➜ Explicit dependency on target 'SystemPackage' in project 'swift-system'
➜ Explicit dependency on target 'DequeModule' in project 'swift-collections'
Target 'DequeModule' in project 'swift-collections'
➜ Explicit dependency on target 'DequeModule' in project 'swift-collections'
➜ Explicit dependency on target 'InternalCollectionsUtilities' in project 'swift-collections'
➜ Explicit dependency on target 'ContainersPreview' in project 'swift-collections'
Target 'DequeModule' in project 'swift-collections'
➜ Explicit dependency on target 'InternalCollectionsUtilities' in project 'swift-collections'
➜ Explicit dependency on target 'ContainersPreview' in project 'swift-collections'
Target 'ContainersPreview' in project 'swift-collections'
➜ Explicit dependency on target 'InternalCollectionsUtilities' in project 'swift-collections'
Target 'InternalCollectionsUtilities' in project 'swift-collections' (no dependencies)
Target 'SystemPackage' in project 'swift-system'
➜ Explicit dependency on target 'SystemPackage' in project 'swift-system'
➜ Explicit dependency on target 'CSystem' in project 'swift-system'
Target 'SystemPackage' in project 'swift-system'
➜ Explicit dependency on target 'CSystem' in project 'swift-system'
Target 'CSystem' in project 'swift-system' (no dependencies)
GatherProvisioningInputs
CreateBuildDescription
ClangStatCache /Applications/Xcode-26.3.0.app/Contents/Developer/Toolchains/XcodeDefault.xctoolchain/usr/bin/clang-stat-cache /Applications/Xcode-26.3.0.app/Contents/Developer/Platforms/WatchOS.platform/Developer/SDKs/WatchOS26.2.sdk /Users/admin/builder/spi-builder-workspace/.derivedData/SDKStatCaches.noindex/watchos26.2-23S303-dc75598d0054f22ec865fa860f139d721753b489057de6bda919edfa1c59a62b.sdkstatcache
cd /Users/admin/builder/spi-builder-workspace/.swiftpm/xcode
/Applications/Xcode-26.3.0.app/Contents/Developer/Toolchains/XcodeDefault.xctoolchain/usr/bin/clang-stat-cache /Applications/Xcode-26.3.0.app/Contents/Developer/Platforms/WatchOS.platform/Developer/SDKs/WatchOS26.2.sdk -o /Users/admin/builder/spi-builder-workspace/.derivedData/SDKStatCaches.noindex/watchos26.2-23S303-dc75598d0054f22ec865fa860f139d721753b489057de6bda919edfa1c59a62b.sdkstatcache
SwiftDriver ServiceLifecycle normal arm64_32 com.apple.xcode.tools.swift.compiler (in target 'ServiceLifecycle' from project 'swift-service-lifecycle')
cd /Users/admin/builder/spi-builder-workspace/.swiftpm/xcode
builtin-SwiftDriver -- /Applications/Xcode-26.3.0.app/Contents/Developer/Toolchains/XcodeDefault.xctoolchain/usr/bin/swiftc -module-name ServiceLifecycle -Onone -enforce-exclusivity\=checked @/Users/admin/builder/spi-builder-workspace/.derivedData/Build/Intermediates.noindex/swift-service-lifecycle.build/Debug-watchos/ServiceLifecycle.build/Objects-normal/arm64_32/ServiceLifecycle.SwiftFileList -DSWIFT_PACKAGE -DDEBUG -DSWIFT_MODULE_RESOURCE_BUNDLE_UNAVAILABLE -DXcode -plugin-path /Applications/Xcode-26.3.0.app/Contents/Developer/Toolchains/XcodeDefault.xctoolchain/usr/lib/swift/host/plugins/testing -enable-experimental-feature DebugDescriptionMacro -sdk /Applications/Xcode-26.3.0.app/Contents/Developer/Platforms/WatchOS.platform/Developer/SDKs/WatchOS26.2.sdk -target arm64_32-apple-watchos5.0 -g -module-cache-path /Users/admin/builder/spi-builder-workspace/.derivedData/ModuleCache.noindex -Xfrontend -serialize-debugging-options -profile-coverage-mapping -profile-generate -enable-testing -suppress-warnings -index-store-path /Users/admin/builder/spi-builder-workspace/.derivedData/Index.noindex/DataStore -Xcc -D_LIBCPP_HARDENING_MODE\=_LIBCPP_HARDENING_MODE_DEBUG -swift-version 6 -I /Users/admin/builder/spi-builder-workspace/.derivedData/Build/Products/Debug-watchos -Isystem /Applications/Xcode-26.3.0.app/Contents/Developer/Platforms/WatchOS.platform/Developer/usr/lib -F /Users/admin/builder/spi-builder-workspace/.derivedData/Build/Products/Debug-watchos/PackageFrameworks -F /Users/admin/builder/spi-builder-workspace/.derivedData/Build/Products/Debug-watchos/PackageFrameworks -F /Users/admin/builder/spi-builder-workspace/.derivedData/Build/Products/Debug-watchos/PackageFrameworks -F /Users/admin/builder/spi-builder-workspace/.derivedData/Build/Products/Debug-watchos/PackageFrameworks -F /Users/admin/builder/spi-builder-workspace/.derivedData/Build/Products/Debug-watchos/PackageFrameworks -F /Users/admin/builder/spi-builder-workspace/.derivedData/Build/Products/Debug-watchos/PackageFrameworks -F /Users/admin/builder/spi-builder-workspace/.derivedData/Build/Products/Debug-watchos/PackageFrameworks -F /Users/admin/builder/spi-builder-workspace/.derivedData/Build/Products/Debug-watchos/PackageFrameworks -F /Users/admin/builder/spi-builder-workspace/.derivedData/Build/Products/Debug-watchos -F /Applications/Xcode-26.3.0.app/Contents/Developer/Platforms/WatchOS.platform/Developer/Library/Frameworks -F /Applications/Xcode-26.3.0.app/Contents/Developer/Platforms/WatchOS.platform/Developer/SDKs/WatchOS26.2.sdk/Developer/Library/Frameworks -c -j10 -enable-batch-mode -incremental -Xcc -ivfsstatcache -Xcc /Users/admin/builder/spi-builder-workspace/.derivedData/SDKStatCaches.noindex/watchos26.2-23S303-dc75598d0054f22ec865fa860f139d721753b489057de6bda919edfa1c59a62b.sdkstatcache -output-file-map /Users/admin/builder/spi-builder-workspace/.derivedData/Build/Intermediates.noindex/swift-service-lifecycle.build/Debug-watchos/ServiceLifecycle.build/Objects-normal/arm64_32/ServiceLifecycle-OutputFileMap.json -use-frontend-parseable-output -save-temps -no-color-diagnostics -explicit-module-build -module-cache-path /Users/admin/builder/spi-builder-workspace/.derivedData/Build/Intermediates.noindex/SwiftExplicitPrecompiledModules -clang-scanner-module-cache-path /Users/admin/builder/spi-builder-workspace/.derivedData/ModuleCache.noindex -sdk-module-cache-path /Users/admin/builder/spi-builder-workspace/.derivedData/ModuleCache.noindex -serialize-diagnostics -emit-dependencies -emit-module -emit-module-path /Users/admin/builder/spi-builder-workspace/.derivedData/Build/Intermediates.noindex/swift-service-lifecycle.build/Debug-watchos/ServiceLifecycle.build/Objects-normal/arm64_32/ServiceLifecycle.swiftmodule -user-module-version 2.11.0 -validate-clang-modules-once -clang-build-session-file /Users/admin/builder/spi-builder-workspace/.derivedData/ModuleCache.noindex/Session.modulevalidation -package-name swift_service_lifecycle -Xcc -I/Users/admin/builder/spi-builder-workspace/.derivedData/Build/Intermediates.noindex/swift-service-lifecycle.build/Debug-watchos/ServiceLifecycle.build/swift-overrides.hmap -emit-const-values -Xfrontend -const-gather-protocols-file -Xfrontend /Users/admin/builder/spi-builder-workspace/.derivedData/Build/Intermediates.noindex/swift-service-lifecycle.build/Debug-watchos/ServiceLifecycle.build/Objects-normal/arm64_32/ServiceLifecycle_const_extract_protocols.json -Xcc -I/Users/admin/builder/spi-builder-workspace/.derivedData/Build/Products/Debug-watchos/include -Xcc -I/Users/admin/builder/spi-builder-workspace/.derivedData/Build/Intermediates.noindex/swift-service-lifecycle.build/Debug-watchos/ServiceLifecycle.build/DerivedSources-normal/arm64_32 -Xcc -I/Users/admin/builder/spi-builder-workspace/.derivedData/Build/Intermediates.noindex/swift-service-lifecycle.build/Debug-watchos/ServiceLifecycle.build/DerivedSources/arm64_32 -Xcc -I/Users/admin/builder/spi-builder-workspace/.derivedData/Build/Intermediates.noindex/swift-service-lifecycle.build/Debug-watchos/ServiceLifecycle.build/DerivedSources -Xcc -DSWIFT_PACKAGE -Xcc -DDEBUG\=1 -emit-objc-header -emit-objc-header-path /Users/admin/builder/spi-builder-workspace/.derivedData/Build/Intermediates.noindex/swift-service-lifecycle.build/Debug-watchos/ServiceLifecycle.build/Objects-normal/arm64_32/ServiceLifecycle-Swift.h -working-directory /Users/admin/builder/spi-builder-workspace/.swiftpm/xcode -experimental-emit-module-separately -disable-cmo
SwiftDriver ServiceLifecycle normal armv7k com.apple.xcode.tools.swift.compiler (in target 'ServiceLifecycle' from project 'swift-service-lifecycle')
cd /Users/admin/builder/spi-builder-workspace/.swiftpm/xcode
builtin-SwiftDriver -- /Applications/Xcode-26.3.0.app/Contents/Developer/Toolchains/XcodeDefault.xctoolchain/usr/bin/swiftc -module-name ServiceLifecycle -Onone -enforce-exclusivity\=checked @/Users/admin/builder/spi-builder-workspace/.derivedData/Build/Intermediates.noindex/swift-service-lifecycle.build/Debug-watchos/ServiceLifecycle.build/Objects-normal/armv7k/ServiceLifecycle.SwiftFileList -DSWIFT_PACKAGE -DDEBUG -DSWIFT_MODULE_RESOURCE_BUNDLE_UNAVAILABLE -DXcode -plugin-path /Applications/Xcode-26.3.0.app/Contents/Developer/Toolchains/XcodeDefault.xctoolchain/usr/lib/swift/host/plugins/testing -enable-experimental-feature DebugDescriptionMacro -sdk /Applications/Xcode-26.3.0.app/Contents/Developer/Platforms/WatchOS.platform/Developer/SDKs/WatchOS26.2.sdk -target armv7k-apple-watchos5.0 -g -module-cache-path /Users/admin/builder/spi-builder-workspace/.derivedData/ModuleCache.noindex -Xfrontend -serialize-debugging-options -profile-coverage-mapping -profile-generate -enable-testing -suppress-warnings -index-store-path /Users/admin/builder/spi-builder-workspace/.derivedData/Index.noindex/DataStore -Xcc -D_LIBCPP_HARDENING_MODE\=_LIBCPP_HARDENING_MODE_DEBUG -swift-version 6 -I /Users/admin/builder/spi-builder-workspace/.derivedData/Build/Products/Debug-watchos -Isystem /Applications/Xcode-26.3.0.app/Contents/Developer/Platforms/WatchOS.platform/Developer/usr/lib -F /Users/admin/builder/spi-builder-workspace/.derivedData/Build/Products/Debug-watchos/PackageFrameworks -F /Users/admin/builder/spi-builder-workspace/.derivedData/Build/Products/Debug-watchos/PackageFrameworks -F /Users/admin/builder/spi-builder-workspace/.derivedData/Build/Products/Debug-watchos/PackageFrameworks -F /Users/admin/builder/spi-builder-workspace/.derivedData/Build/Products/Debug-watchos/PackageFrameworks -F /Users/admin/builder/spi-builder-workspace/.derivedData/Build/Products/Debug-watchos/PackageFrameworks -F /Users/admin/builder/spi-builder-workspace/.derivedData/Build/Products/Debug-watchos/PackageFrameworks -F /Users/admin/builder/spi-builder-workspace/.derivedData/Build/Products/Debug-watchos/PackageFrameworks -F /Users/admin/builder/spi-builder-workspace/.derivedData/Build/Products/Debug-watchos/PackageFrameworks -F /Users/admin/builder/spi-builder-workspace/.derivedData/Build/Products/Debug-watchos -F /Applications/Xcode-26.3.0.app/Contents/Developer/Platforms/WatchOS.platform/Developer/Library/Frameworks -F /Applications/Xcode-26.3.0.app/Contents/Developer/Platforms/WatchOS.platform/Developer/SDKs/WatchOS26.2.sdk/Developer/Library/Frameworks -c -j10 -enable-batch-mode -incremental -Xcc -ivfsstatcache -Xcc /Users/admin/builder/spi-builder-workspace/.derivedData/SDKStatCaches.noindex/watchos26.2-23S303-dc75598d0054f22ec865fa860f139d721753b489057de6bda919edfa1c59a62b.sdkstatcache -output-file-map /Users/admin/builder/spi-builder-workspace/.derivedData/Build/Intermediates.noindex/swift-service-lifecycle.build/Debug-watchos/ServiceLifecycle.build/Objects-normal/armv7k/ServiceLifecycle-OutputFileMap.json -use-frontend-parseable-output -save-temps -no-color-diagnostics -explicit-module-build -module-cache-path /Users/admin/builder/spi-builder-workspace/.derivedData/Build/Intermediates.noindex/SwiftExplicitPrecompiledModules -clang-scanner-module-cache-path /Users/admin/builder/spi-builder-workspace/.derivedData/ModuleCache.noindex -sdk-module-cache-path /Users/admin/builder/spi-builder-workspace/.derivedData/ModuleCache.noindex -serialize-diagnostics -emit-dependencies -emit-module -emit-module-path /Users/admin/builder/spi-builder-workspace/.derivedData/Build/Intermediates.noindex/swift-service-lifecycle.build/Debug-watchos/ServiceLifecycle.build/Objects-normal/armv7k/ServiceLifecycle.swiftmodule -user-module-version 2.11.0 -validate-clang-modules-once -clang-build-session-file /Users/admin/builder/spi-builder-workspace/.derivedData/ModuleCache.noindex/Session.modulevalidation -package-name swift_service_lifecycle -Xcc -I/Users/admin/builder/spi-builder-workspace/.derivedData/Build/Intermediates.noindex/swift-service-lifecycle.build/Debug-watchos/ServiceLifecycle.build/swift-overrides.hmap -emit-const-values -Xfrontend -const-gather-protocols-file -Xfrontend /Users/admin/builder/spi-builder-workspace/.derivedData/Build/Intermediates.noindex/swift-service-lifecycle.build/Debug-watchos/ServiceLifecycle.build/Objects-normal/armv7k/ServiceLifecycle_const_extract_protocols.json -Xcc -I/Users/admin/builder/spi-builder-workspace/.derivedData/Build/Products/Debug-watchos/include -Xcc -I/Users/admin/builder/spi-builder-workspace/.derivedData/Build/Intermediates.noindex/swift-service-lifecycle.build/Debug-watchos/ServiceLifecycle.build/DerivedSources-normal/armv7k -Xcc -I/Users/admin/builder/spi-builder-workspace/.derivedData/Build/Intermediates.noindex/swift-service-lifecycle.build/Debug-watchos/ServiceLifecycle.build/DerivedSources/armv7k -Xcc -I/Users/admin/builder/spi-builder-workspace/.derivedData/Build/Intermediates.noindex/swift-service-lifecycle.build/Debug-watchos/ServiceLifecycle.build/DerivedSources -Xcc -DSWIFT_PACKAGE -Xcc -DDEBUG\=1 -emit-objc-header -emit-objc-header-path /Users/admin/builder/spi-builder-workspace/.derivedData/Build/Intermediates.noindex/swift-service-lifecycle.build/Debug-watchos/ServiceLifecycle.build/Objects-normal/armv7k/ServiceLifecycle-Swift.h -working-directory /Users/admin/builder/spi-builder-workspace/.swiftpm/xcode -experimental-emit-module-separately -disable-cmo
SwiftDriver ConfigurationAWS normal arm64_32 com.apple.xcode.tools.swift.compiler (in target 'ConfigurationAWS' from project 'swift-configuration-aws')
cd /Users/admin/builder/spi-builder-workspace/.swiftpm/xcode
builtin-SwiftDriver -- /Applications/Xcode-26.3.0.app/Contents/Developer/Toolchains/XcodeDefault.xctoolchain/usr/bin/swiftc -module-name ConfigurationAWS -Onone -enforce-exclusivity\=checked @/Users/admin/builder/spi-builder-workspace/.derivedData/Build/Intermediates.noindex/swift-configuration-aws.build/Debug-watchos/ConfigurationAWS.build/Objects-normal/arm64_32/ConfigurationAWS.SwiftFileList -DSWIFT_PACKAGE -DDEBUG -DSWIFT_MODULE_RESOURCE_BUNDLE_UNAVAILABLE -DXcode -plugin-path /Applications/Xcode-26.3.0.app/Contents/Developer/Toolchains/XcodeDefault.xctoolchain/usr/lib/swift/host/plugins/testing -enable-experimental-feature DebugDescriptionMacro -sdk /Applications/Xcode-26.3.0.app/Contents/Developer/Platforms/WatchOS.platform/Developer/SDKs/WatchOS26.2.sdk -target arm64_32-apple-watchos5.0 -g -module-cache-path /Users/admin/builder/spi-builder-workspace/.derivedData/ModuleCache.noindex -Xfrontend -serialize-debugging-options -profile-coverage-mapping -profile-generate -enable-testing -index-store-path /Users/admin/builder/spi-builder-workspace/.derivedData/Index.noindex/DataStore -Xcc -D_LIBCPP_HARDENING_MODE\=_LIBCPP_HARDENING_MODE_DEBUG -swift-version 6 -I /Users/admin/builder/spi-builder-workspace/.derivedData/Build/Products/Debug-watchos -Isystem /Applications/Xcode-26.3.0.app/Contents/Developer/Platforms/WatchOS.platform/Developer/usr/lib -F /Users/admin/builder/spi-builder-workspace/.derivedData/Build/Products/Debug-watchos/PackageFrameworks -F /Users/admin/builder/spi-builder-workspace/.derivedData/Build/Products/Debug-watchos/PackageFrameworks -F /Users/admin/builder/spi-builder-workspace/.derivedData/Build/Products/Debug-watchos/PackageFrameworks -F /Users/admin/builder/spi-builder-workspace/.derivedData/Build/Products/Debug-watchos/PackageFrameworks -F /Users/admin/builder/spi-builder-workspace/.derivedData/Build/Products/Debug-watchos/PackageFrameworks -F /Users/admin/builder/spi-builder-workspace/.derivedData/Build/Products/Debug-watchos/PackageFrameworks -F /Users/admin/builder/spi-builder-workspace/.derivedData/Build/Products/Debug-watchos/PackageFrameworks -F /Users/admin/builder/spi-builder-workspace/.derivedData/Build/Products/Debug-watchos/PackageFrameworks -F /Users/admin/builder/spi-builder-workspace/.derivedData/Build/Products/Debug-watchos/PackageFrameworks -F /Users/admin/builder/spi-builder-workspace/.derivedData/Build/Products/Debug-watchos/PackageFrameworks -F /Users/admin/builder/spi-builder-workspace/.derivedData/Build/Products/Debug-watchos/PackageFrameworks -F /Users/admin/builder/spi-builder-workspace/.derivedData/Build/Products/Debug-watchos/PackageFrameworks -F /Users/admin/builder/spi-builder-workspace/.derivedData/Build/Products/Debug-watchos -F /Applications/Xcode-26.3.0.app/Contents/Developer/Platforms/WatchOS.platform/Developer/Library/Frameworks -F /Applications/Xcode-26.3.0.app/Contents/Developer/Platforms/WatchOS.platform/Developer/SDKs/WatchOS26.2.sdk/Developer/Library/Frameworks -c -j10 -enable-batch-mode -incremental -Xcc -ivfsstatcache -Xcc /Users/admin/builder/spi-builder-workspace/.derivedData/SDKStatCaches.noindex/watchos26.2-23S303-dc75598d0054f22ec865fa860f139d721753b489057de6bda919edfa1c59a62b.sdkstatcache -output-file-map /Users/admin/builder/spi-builder-workspace/.derivedData/Build/Intermediates.noindex/swift-configuration-aws.build/Debug-watchos/ConfigurationAWS.build/Objects-normal/arm64_32/ConfigurationAWS-OutputFileMap.json -use-frontend-parseable-output -save-temps -no-color-diagnostics -explicit-module-build -module-cache-path /Users/admin/builder/spi-builder-workspace/.derivedData/Build/Intermediates.noindex/SwiftExplicitPrecompiledModules -clang-scanner-module-cache-path /Users/admin/builder/spi-builder-workspace/.derivedData/ModuleCache.noindex -sdk-module-cache-path /Users/admin/builder/spi-builder-workspace/.derivedData/ModuleCache.noindex -serialize-diagnostics -emit-dependencies -emit-module -emit-module-path /Users/admin/builder/spi-builder-workspace/.derivedData/Build/Intermediates.noindex/swift-configuration-aws.build/Debug-watchos/ConfigurationAWS.build/Objects-normal/arm64_32/ConfigurationAWS.swiftmodule -validate-clang-modules-once -clang-build-session-file /Users/admin/builder/spi-builder-workspace/.derivedData/ModuleCache.noindex/Session.modulevalidation -package-name spi_builder_workspace -Xcc -I/Users/admin/builder/spi-builder-workspace/.derivedData/Build/Intermediates.noindex/swift-configuration-aws.build/Debug-watchos/ConfigurationAWS.build/swift-overrides.hmap -emit-const-values -Xfrontend -const-gather-protocols-file -Xfrontend /Users/admin/builder/spi-builder-workspace/.derivedData/Build/Intermediates.noindex/swift-configuration-aws.build/Debug-watchos/ConfigurationAWS.build/Objects-normal/arm64_32/ConfigurationAWS_const_extract_protocols.json -Xcc -I/Users/admin/builder/spi-builder-workspace/.dependencies/checkouts/swift-system/Sources/CSystem/include -Xcc -I/Users/admin/builder/spi-builder-workspace/.derivedData/Build/Products/Debug-watchos/include -Xcc -I/Users/admin/builder/spi-builder-workspace/.derivedData/Build/Intermediates.noindex/swift-configuration-aws.build/Debug-watchos/ConfigurationAWS.build/DerivedSources-normal/arm64_32 -Xcc -I/Users/admin/builder/spi-builder-workspace/.derivedData/Build/Intermediates.noindex/swift-configuration-aws.build/Debug-watchos/ConfigurationAWS.build/DerivedSources/arm64_32 -Xcc -I/Users/admin/builder/spi-builder-workspace/.derivedData/Build/Intermediates.noindex/swift-configuration-aws.build/Debug-watchos/ConfigurationAWS.build/DerivedSources -Xcc -DSWIFT_PACKAGE -Xcc -DDEBUG\=1 -emit-objc-header -emit-objc-header-path /Users/admin/builder/spi-builder-workspace/.derivedData/Build/Intermediates.noindex/swift-configuration-aws.build/Debug-watchos/ConfigurationAWS.build/Objects-normal/arm64_32/ConfigurationAWS-Swift.h -working-directory /Users/admin/builder/spi-builder-workspace/.swiftpm/xcode -experimental-emit-module-separately -disable-cmo
SwiftDriver ConfigurationAWS normal arm64 com.apple.xcode.tools.swift.compiler (in target 'ConfigurationAWS' from project 'swift-configuration-aws')
cd /Users/admin/builder/spi-builder-workspace/.swiftpm/xcode
builtin-SwiftDriver -- /Applications/Xcode-26.3.0.app/Contents/Developer/Toolchains/XcodeDefault.xctoolchain/usr/bin/swiftc -module-name ConfigurationAWS -Onone -enforce-exclusivity\=checked @/Users/admin/builder/spi-builder-workspace/.derivedData/Build/Intermediates.noindex/swift-configuration-aws.build/Debug-watchos/ConfigurationAWS.build/Objects-normal/arm64/ConfigurationAWS.SwiftFileList -DSWIFT_PACKAGE -DDEBUG -DSWIFT_MODULE_RESOURCE_BUNDLE_UNAVAILABLE -DXcode -plugin-path /Applications/Xcode-26.3.0.app/Contents/Developer/Toolchains/XcodeDefault.xctoolchain/usr/lib/swift/host/plugins/testing -enable-experimental-feature DebugDescriptionMacro -sdk /Applications/Xcode-26.3.0.app/Contents/Developer/Platforms/WatchOS.platform/Developer/SDKs/WatchOS26.2.sdk -target arm64-apple-watchos5.0 -g -module-cache-path /Users/admin/builder/spi-builder-workspace/.derivedData/ModuleCache.noindex -Xfrontend -serialize-debugging-options -profile-coverage-mapping -profile-generate -enable-testing -index-store-path /Users/admin/builder/spi-builder-workspace/.derivedData/Index.noindex/DataStore -Xcc -D_LIBCPP_HARDENING_MODE\=_LIBCPP_HARDENING_MODE_DEBUG -swift-version 6 -I /Users/admin/builder/spi-builder-workspace/.derivedData/Build/Products/Debug-watchos -Isystem /Applications/Xcode-26.3.0.app/Contents/Developer/Platforms/WatchOS.platform/Developer/usr/lib -F /Users/admin/builder/spi-builder-workspace/.derivedData/Build/Products/Debug-watchos/PackageFrameworks -F /Users/admin/builder/spi-builder-workspace/.derivedData/Build/Products/Debug-watchos/PackageFrameworks -F /Users/admin/builder/spi-builder-workspace/.derivedData/Build/Products/Debug-watchos/PackageFrameworks -F /Users/admin/builder/spi-builder-workspace/.derivedData/Build/Products/Debug-watchos/PackageFrameworks -F /Users/admin/builder/spi-builder-workspace/.derivedData/Build/Products/Debug-watchos/PackageFrameworks -F /Users/admin/builder/spi-builder-workspace/.derivedData/Build/Products/Debug-watchos/PackageFrameworks -F /Users/admin/builder/spi-builder-workspace/.derivedData/Build/Products/Debug-watchos/PackageFrameworks -F /Users/admin/builder/spi-builder-workspace/.derivedData/Build/Products/Debug-watchos/PackageFrameworks -F /Users/admin/builder/spi-builder-workspace/.derivedData/Build/Products/Debug-watchos/PackageFrameworks -F /Users/admin/builder/spi-builder-workspace/.derivedData/Build/Products/Debug-watchos/PackageFrameworks -F /Users/admin/builder/spi-builder-workspace/.derivedData/Build/Products/Debug-watchos/PackageFrameworks -F /Users/admin/builder/spi-builder-workspace/.derivedData/Build/Products/Debug-watchos/PackageFrameworks -F /Users/admin/builder/spi-builder-workspace/.derivedData/Build/Products/Debug-watchos -F /Applications/Xcode-26.3.0.app/Contents/Developer/Platforms/WatchOS.platform/Developer/Library/Frameworks -F /Applications/Xcode-26.3.0.app/Contents/Developer/Platforms/WatchOS.platform/Developer/SDKs/WatchOS26.2.sdk/Developer/Library/Frameworks -c -j10 -enable-batch-mode -incremental -Xcc -ivfsstatcache -Xcc /Users/admin/builder/spi-builder-workspace/.derivedData/SDKStatCaches.noindex/watchos26.2-23S303-dc75598d0054f22ec865fa860f139d721753b489057de6bda919edfa1c59a62b.sdkstatcache -output-file-map /Users/admin/builder/spi-builder-workspace/.derivedData/Build/Intermediates.noindex/swift-configuration-aws.build/Debug-watchos/ConfigurationAWS.build/Objects-normal/arm64/ConfigurationAWS-OutputFileMap.json -use-frontend-parseable-output -save-temps -no-color-diagnostics -explicit-module-build -module-cache-path /Users/admin/builder/spi-builder-workspace/.derivedData/Build/Intermediates.noindex/SwiftExplicitPrecompiledModules -clang-scanner-module-cache-path /Users/admin/builder/spi-builder-workspace/.derivedData/ModuleCache.noindex -sdk-module-cache-path /Users/admin/builder/spi-builder-workspace/.derivedData/ModuleCache.noindex -serialize-diagnostics -emit-dependencies -emit-module -emit-module-path /Users/admin/builder/spi-builder-workspace/.derivedData/Build/Intermediates.noindex/swift-configuration-aws.build/Debug-watchos/ConfigurationAWS.build/Objects-normal/arm64/ConfigurationAWS.swiftmodule -validate-clang-modules-once -clang-build-session-file /Users/admin/builder/spi-builder-workspace/.derivedData/ModuleCache.noindex/Session.modulevalidation -package-name spi_builder_workspace -Xcc -I/Users/admin/builder/spi-builder-workspace/.derivedData/Build/Intermediates.noindex/swift-configuration-aws.build/Debug-watchos/ConfigurationAWS.build/swift-overrides.hmap -emit-const-values -Xfrontend -const-gather-protocols-file -Xfrontend /Users/admin/builder/spi-builder-workspace/.derivedData/Build/Intermediates.noindex/swift-configuration-aws.build/Debug-watchos/ConfigurationAWS.build/Objects-normal/arm64/ConfigurationAWS_const_extract_protocols.json -Xcc -I/Users/admin/builder/spi-builder-workspace/.dependencies/checkouts/swift-system/Sources/CSystem/include -Xcc -I/Users/admin/builder/spi-builder-workspace/.derivedData/Build/Products/Debug-watchos/include -Xcc -I/Users/admin/builder/spi-builder-workspace/.derivedData/Build/Intermediates.noindex/swift-configuration-aws.build/Debug-watchos/ConfigurationAWS.build/DerivedSources-normal/arm64 -Xcc -I/Users/admin/builder/spi-builder-workspace/.derivedData/Build/Intermediates.noindex/swift-configuration-aws.build/Debug-watchos/ConfigurationAWS.build/DerivedSources/arm64 -Xcc -I/Users/admin/builder/spi-builder-workspace/.derivedData/Build/Intermediates.noindex/swift-configuration-aws.build/Debug-watchos/ConfigurationAWS.build/DerivedSources -Xcc -DSWIFT_PACKAGE -Xcc -DDEBUG\=1 -emit-objc-header -emit-objc-header-path /Users/admin/builder/spi-builder-workspace/.derivedData/Build/Intermediates.noindex/swift-configuration-aws.build/Debug-watchos/ConfigurationAWS.build/Objects-normal/arm64/ConfigurationAWS-Swift.h -working-directory /Users/admin/builder/spi-builder-workspace/.swiftpm/xcode -experimental-emit-module-separately -disable-cmo
SwiftDriver ConfigurationAWS normal armv7k com.apple.xcode.tools.swift.compiler (in target 'ConfigurationAWS' from project 'swift-configuration-aws')
cd /Users/admin/builder/spi-builder-workspace/.swiftpm/xcode
builtin-SwiftDriver -- /Applications/Xcode-26.3.0.app/Contents/Developer/Toolchains/XcodeDefault.xctoolchain/usr/bin/swiftc -module-name ConfigurationAWS -Onone -enforce-exclusivity\=checked @/Users/admin/builder/spi-builder-workspace/.derivedData/Build/Intermediates.noindex/swift-configuration-aws.build/Debug-watchos/ConfigurationAWS.build/Objects-normal/armv7k/ConfigurationAWS.SwiftFileList -DSWIFT_PACKAGE -DDEBUG -DSWIFT_MODULE_RESOURCE_BUNDLE_UNAVAILABLE -DXcode -plugin-path /Applications/Xcode-26.3.0.app/Contents/Developer/Toolchains/XcodeDefault.xctoolchain/usr/lib/swift/host/plugins/testing -enable-experimental-feature DebugDescriptionMacro -sdk /Applications/Xcode-26.3.0.app/Contents/Developer/Platforms/WatchOS.platform/Developer/SDKs/WatchOS26.2.sdk -target armv7k-apple-watchos5.0 -g -module-cache-path /Users/admin/builder/spi-builder-workspace/.derivedData/ModuleCache.noindex -Xfrontend -serialize-debugging-options -profile-coverage-mapping -profile-generate -enable-testing -index-store-path /Users/admin/builder/spi-builder-workspace/.derivedData/Index.noindex/DataStore -Xcc -D_LIBCPP_HARDENING_MODE\=_LIBCPP_HARDENING_MODE_DEBUG -swift-version 6 -I /Users/admin/builder/spi-builder-workspace/.derivedData/Build/Products/Debug-watchos -Isystem /Applications/Xcode-26.3.0.app/Contents/Developer/Platforms/WatchOS.platform/Developer/usr/lib -F /Users/admin/builder/spi-builder-workspace/.derivedData/Build/Products/Debug-watchos/PackageFrameworks -F /Users/admin/builder/spi-builder-workspace/.derivedData/Build/Products/Debug-watchos/PackageFrameworks -F /Users/admin/builder/spi-builder-workspace/.derivedData/Build/Products/Debug-watchos/PackageFrameworks -F /Users/admin/builder/spi-builder-workspace/.derivedData/Build/Products/Debug-watchos/PackageFrameworks -F /Users/admin/builder/spi-builder-workspace/.derivedData/Build/Products/Debug-watchos/PackageFrameworks -F /Users/admin/builder/spi-builder-workspace/.derivedData/Build/Products/Debug-watchos/PackageFrameworks -F /Users/admin/builder/spi-builder-workspace/.derivedData/Build/Products/Debug-watchos/PackageFrameworks -F /Users/admin/builder/spi-builder-workspace/.derivedData/Build/Products/Debug-watchos/PackageFrameworks -F /Users/admin/builder/spi-builder-workspace/.derivedData/Build/Products/Debug-watchos/PackageFrameworks -F /Users/admin/builder/spi-builder-workspace/.derivedData/Build/Products/Debug-watchos/PackageFrameworks -F /Users/admin/builder/spi-builder-workspace/.derivedData/Build/Products/Debug-watchos/PackageFrameworks -F /Users/admin/builder/spi-builder-workspace/.derivedData/Build/Products/Debug-watchos/PackageFrameworks -F /Users/admin/builder/spi-builder-workspace/.derivedData/Build/Products/Debug-watchos -F /Applications/Xcode-26.3.0.app/Contents/Developer/Platforms/WatchOS.platform/Developer/Library/Frameworks -F /Applications/Xcode-26.3.0.app/Contents/Developer/Platforms/WatchOS.platform/Developer/SDKs/WatchOS26.2.sdk/Developer/Library/Frameworks -c -j10 -enable-batch-mode -incremental -Xcc -ivfsstatcache -Xcc /Users/admin/builder/spi-builder-workspace/.derivedData/SDKStatCaches.noindex/watchos26.2-23S303-dc75598d0054f22ec865fa860f139d721753b489057de6bda919edfa1c59a62b.sdkstatcache -output-file-map /Users/admin/builder/spi-builder-workspace/.derivedData/Build/Intermediates.noindex/swift-configuration-aws.build/Debug-watchos/ConfigurationAWS.build/Objects-normal/armv7k/ConfigurationAWS-OutputFileMap.json -use-frontend-parseable-output -save-temps -no-color-diagnostics -explicit-module-build -module-cache-path /Users/admin/builder/spi-builder-workspace/.derivedData/Build/Intermediates.noindex/SwiftExplicitPrecompiledModules -clang-scanner-module-cache-path /Users/admin/builder/spi-builder-workspace/.derivedData/ModuleCache.noindex -sdk-module-cache-path /Users/admin/builder/spi-builder-workspace/.derivedData/ModuleCache.noindex -serialize-diagnostics -emit-dependencies -emit-module -emit-module-path /Users/admin/builder/spi-builder-workspace/.derivedData/Build/Intermediates.noindex/swift-configuration-aws.build/Debug-watchos/ConfigurationAWS.build/Objects-normal/armv7k/ConfigurationAWS.swiftmodule -validate-clang-modules-once -clang-build-session-file /Users/admin/builder/spi-builder-workspace/.derivedData/ModuleCache.noindex/Session.modulevalidation -package-name spi_builder_workspace -Xcc -I/Users/admin/builder/spi-builder-workspace/.derivedData/Build/Intermediates.noindex/swift-configuration-aws.build/Debug-watchos/ConfigurationAWS.build/swift-overrides.hmap -emit-const-values -Xfrontend -const-gather-protocols-file -Xfrontend /Users/admin/builder/spi-builder-workspace/.derivedData/Build/Intermediates.noindex/swift-configuration-aws.build/Debug-watchos/ConfigurationAWS.build/Objects-normal/armv7k/ConfigurationAWS_const_extract_protocols.json -Xcc -I/Users/admin/builder/spi-builder-workspace/.dependencies/checkouts/swift-system/Sources/CSystem/include -Xcc -I/Users/admin/builder/spi-builder-workspace/.derivedData/Build/Products/Debug-watchos/include -Xcc -I/Users/admin/builder/spi-builder-workspace/.derivedData/Build/Intermediates.noindex/swift-configuration-aws.build/Debug-watchos/ConfigurationAWS.build/DerivedSources-normal/armv7k -Xcc -I/Users/admin/builder/spi-builder-workspace/.derivedData/Build/Intermediates.noindex/swift-configuration-aws.build/Debug-watchos/ConfigurationAWS.build/DerivedSources/armv7k -Xcc -I/Users/admin/builder/spi-builder-workspace/.derivedData/Build/Intermediates.noindex/swift-configuration-aws.build/Debug-watchos/ConfigurationAWS.build/DerivedSources -Xcc -DSWIFT_PACKAGE -Xcc -DDEBUG\=1 -emit-objc-header -emit-objc-header-path /Users/admin/builder/spi-builder-workspace/.derivedData/Build/Intermediates.noindex/swift-configuration-aws.build/Debug-watchos/ConfigurationAWS.build/Objects-normal/armv7k/ConfigurationAWS-Swift.h -working-directory /Users/admin/builder/spi-builder-workspace/.swiftpm/xcode -experimental-emit-module-separately -disable-cmo
RegisterExecutionPolicyException /Users/admin/builder/spi-builder-workspace/.derivedData/Build/Products/Debug-watchos/AsyncAlgorithms.o (in target 'AsyncAlgorithms' from project 'swift-async-algorithms')
cd /Users/admin/builder/spi-builder-workspace/.dependencies/checkouts/swift-async-algorithms
builtin-RegisterExecutionPolicyException /Users/admin/builder/spi-builder-workspace/.derivedData/Build/Products/Debug-watchos/AsyncAlgorithms.o
Ld /Users/admin/builder/spi-builder-workspace/.derivedData/Build/Intermediates.noindex/swift-service-lifecycle.build/Debug-watchos/ServiceLifecycle.build/Objects-normal/arm64/Binary/ServiceLifecycle.o normal arm64 (in target 'ServiceLifecycle' from project 'swift-service-lifecycle')
cd /Users/admin/builder/spi-builder-workspace/.dependencies/checkouts/swift-service-lifecycle
/Applications/Xcode-26.3.0.app/Contents/Developer/Toolchains/XcodeDefault.xctoolchain/usr/bin/clang -Xlinker -reproducible -target arm64-apple-watchos5.0 -r -isysroot /Applications/Xcode-26.3.0.app/Contents/Developer/Platforms/WatchOS.platform/Developer/SDKs/WatchOS26.2.sdk -O0 -w -L/Users/admin/builder/spi-builder-workspace/.derivedData/Build/Intermediates.noindex/EagerLinkingTBDs/Debug-watchos -L/Users/admin/builder/spi-builder-workspace/.derivedData/Build/Products/Debug-watchos -L/Applications/Xcode-26.3.0.app/Contents/Developer/Platforms/WatchOS.platform/Developer/usr/lib -F/Users/admin/builder/spi-builder-workspace/.derivedData/Build/Intermediates.noindex/EagerLinkingTBDs/Debug-watchos -F/Users/admin/builder/spi-builder-workspace/.derivedData/Build/Products/Debug-watchos/PackageFrameworks -F/Users/admin/builder/spi-builder-workspace/.derivedData/Build/Products/Debug-watchos/PackageFrameworks -F/Users/admin/builder/spi-builder-workspace/.derivedData/Build/Products/Debug-watchos/PackageFrameworks -F/Users/admin/builder/spi-builder-workspace/.derivedData/Build/Products/Debug-watchos/PackageFrameworks -F/Users/admin/builder/spi-builder-workspace/.derivedData/Build/Products/Debug-watchos/PackageFrameworks -F/Users/admin/builder/spi-builder-workspace/.derivedData/Build/Products/Debug-watchos/PackageFrameworks -F/Users/admin/builder/spi-builder-workspace/.derivedData/Build/Products/Debug-watchos/PackageFrameworks -F/Users/admin/builder/spi-builder-workspace/.derivedData/Build/Products/Debug-watchos/PackageFrameworks -F/Users/admin/builder/spi-builder-workspace/.derivedData/Build/Products/Debug-watchos -iframework /Applications/Xcode-26.3.0.app/Contents/Developer/Platforms/WatchOS.platform/Developer/Library/Frameworks -iframework /Applications/Xcode-26.3.0.app/Contents/Developer/Platforms/WatchOS.platform/Developer/SDKs/WatchOS26.2.sdk/Developer/Library/Frameworks -filelist /Users/admin/builder/spi-builder-workspace/.derivedData/Build/Intermediates.noindex/swift-service-lifecycle.build/Debug-watchos/ServiceLifecycle.build/Objects-normal/arm64/ServiceLifecycle.LinkFileList -nostdlib -Xlinker -object_path_lto -Xlinker /Users/admin/builder/spi-builder-workspace/.derivedData/Build/Intermediates.noindex/swift-service-lifecycle.build/Debug-watchos/ServiceLifecycle.build/Objects-normal/arm64/ServiceLifecycle_lto.o -rdynamic -Xlinker -no_deduplicate -Xlinker -debug_variant -Xlinker -dependency_info -Xlinker /Users/admin/builder/spi-builder-workspace/.derivedData/Build/Intermediates.noindex/swift-service-lifecycle.build/Debug-watchos/ServiceLifecycle.build/Objects-normal/arm64/ServiceLifecycle_dependency_info.dat -fobjc-link-runtime -L/Applications/Xcode-26.3.0.app/Contents/Developer/Toolchains/XcodeDefault.xctoolchain/usr/lib/swift/watchos -L/usr/lib/swift -Xlinker -add_ast_path -Xlinker /Users/admin/builder/spi-builder-workspace/.derivedData/Build/Intermediates.noindex/swift-service-lifecycle.build/Debug-watchos/ServiceLifecycle.build/Objects-normal/arm64/ServiceLifecycle.swiftmodule @/Users/admin/builder/spi-builder-workspace/.derivedData/Build/Intermediates.noindex/swift-service-lifecycle.build/Debug-watchos/ServiceLifecycle.build/Objects-normal/arm64/ServiceLifecycle-linker-args.resp -o /Users/admin/builder/spi-builder-workspace/.derivedData/Build/Intermediates.noindex/swift-service-lifecycle.build/Debug-watchos/ServiceLifecycle.build/Objects-normal/arm64/Binary/ServiceLifecycle.o
SwiftDriver\ Compilation ServiceLifecycle normal arm64_32 com.apple.xcode.tools.swift.compiler (in target 'ServiceLifecycle' from project 'swift-service-lifecycle')
cd /Users/admin/builder/spi-builder-workspace/.swiftpm/xcode
builtin-Swift-Compilation -- /Applications/Xcode-26.3.0.app/Contents/Developer/Toolchains/XcodeDefault.xctoolchain/usr/bin/swiftc -module-name ServiceLifecycle -Onone -enforce-exclusivity\=checked @/Users/admin/builder/spi-builder-workspace/.derivedData/Build/Intermediates.noindex/swift-service-lifecycle.build/Debug-watchos/ServiceLifecycle.build/Objects-normal/arm64_32/ServiceLifecycle.SwiftFileList -DSWIFT_PACKAGE -DDEBUG -DSWIFT_MODULE_RESOURCE_BUNDLE_UNAVAILABLE -DXcode -plugin-path /Applications/Xcode-26.3.0.app/Contents/Developer/Toolchains/XcodeDefault.xctoolchain/usr/lib/swift/host/plugins/testing -enable-experimental-feature DebugDescriptionMacro -sdk /Applications/Xcode-26.3.0.app/Contents/Developer/Platforms/WatchOS.platform/Developer/SDKs/WatchOS26.2.sdk -target arm64_32-apple-watchos5.0 -g -module-cache-path /Users/admin/builder/spi-builder-workspace/.derivedData/ModuleCache.noindex -Xfrontend -serialize-debugging-options -profile-coverage-mapping -profile-generate -enable-testing -suppress-warnings -index-store-path /Users/admin/builder/spi-builder-workspace/.derivedData/Index.noindex/DataStore -Xcc -D_LIBCPP_HARDENING_MODE\=_LIBCPP_HARDENING_MODE_DEBUG -swift-version 6 -I /Users/admin/builder/spi-builder-workspace/.derivedData/Build/Products/Debug-watchos -Isystem /Applications/Xcode-26.3.0.app/Contents/Developer/Platforms/WatchOS.platform/Developer/usr/lib -F /Users/admin/builder/spi-builder-workspace/.derivedData/Build/Products/Debug-watchos/PackageFrameworks -F /Users/admin/builder/spi-builder-workspace/.derivedData/Build/Products/Debug-watchos/PackageFrameworks -F /Users/admin/builder/spi-builder-workspace/.derivedData/Build/Products/Debug-watchos/PackageFrameworks -F /Users/admin/builder/spi-builder-workspace/.derivedData/Build/Products/Debug-watchos/PackageFrameworks -F /Users/admin/builder/spi-builder-workspace/.derivedData/Build/Products/Debug-watchos/PackageFrameworks -F /Users/admin/builder/spi-builder-workspace/.derivedData/Build/Products/Debug-watchos/PackageFrameworks -F /Users/admin/builder/spi-builder-workspace/.derivedData/Build/Products/Debug-watchos/PackageFrameworks -F /Users/admin/builder/spi-builder-workspace/.derivedData/Build/Products/Debug-watchos/PackageFrameworks -F /Users/admin/builder/spi-builder-workspace/.derivedData/Build/Products/Debug-watchos -F /Applications/Xcode-26.3.0.app/Contents/Developer/Platforms/WatchOS.platform/Developer/Library/Frameworks -F /Applications/Xcode-26.3.0.app/Contents/Developer/Platforms/WatchOS.platform/Developer/SDKs/WatchOS26.2.sdk/Developer/Library/Frameworks -c -j10 -enable-batch-mode -incremental -Xcc -ivfsstatcache -Xcc /Users/admin/builder/spi-builder-workspace/.derivedData/SDKStatCaches.noindex/watchos26.2-23S303-dc75598d0054f22ec865fa860f139d721753b489057de6bda919edfa1c59a62b.sdkstatcache -output-file-map /Users/admin/builder/spi-builder-workspace/.derivedData/Build/Intermediates.noindex/swift-service-lifecycle.build/Debug-watchos/ServiceLifecycle.build/Objects-normal/arm64_32/ServiceLifecycle-OutputFileMap.json -use-frontend-parseable-output -save-temps -no-color-diagnostics -explicit-module-build -module-cache-path /Users/admin/builder/spi-builder-workspace/.derivedData/Build/Intermediates.noindex/SwiftExplicitPrecompiledModules -clang-scanner-module-cache-path /Users/admin/builder/spi-builder-workspace/.derivedData/ModuleCache.noindex -sdk-module-cache-path /Users/admin/builder/spi-builder-workspace/.derivedData/ModuleCache.noindex -serialize-diagnostics -emit-dependencies -emit-module -emit-module-path /Users/admin/builder/spi-builder-workspace/.derivedData/Build/Intermediates.noindex/swift-service-lifecycle.build/Debug-watchos/ServiceLifecycle.build/Objects-normal/arm64_32/ServiceLifecycle.swiftmodule -user-module-version 2.11.0 -validate-clang-modules-once -clang-build-session-file /Users/admin/builder/spi-builder-workspace/.derivedData/ModuleCache.noindex/Session.modulevalidation -package-name swift_service_lifecycle -Xcc -I/Users/admin/builder/spi-builder-workspace/.derivedData/Build/Intermediates.noindex/swift-service-lifecycle.build/Debug-watchos/ServiceLifecycle.build/swift-overrides.hmap -emit-const-values -Xfrontend -const-gather-protocols-file -Xfrontend /Users/admin/builder/spi-builder-workspace/.derivedData/Build/Intermediates.noindex/swift-service-lifecycle.build/Debug-watchos/ServiceLifecycle.build/Objects-normal/arm64_32/ServiceLifecycle_const_extract_protocols.json -Xcc -I/Users/admin/builder/spi-builder-workspace/.derivedData/Build/Products/Debug-watchos/include -Xcc -I/Users/admin/builder/spi-builder-workspace/.derivedData/Build/Intermediates.noindex/swift-service-lifecycle.build/Debug-watchos/ServiceLifecycle.build/DerivedSources-normal/arm64_32 -Xcc -I/Users/admin/builder/spi-builder-workspace/.derivedData/Build/Intermediates.noindex/swift-service-lifecycle.build/Debug-watchos/ServiceLifecycle.build/DerivedSources/arm64_32 -Xcc -I/Users/admin/builder/spi-builder-workspace/.derivedData/Build/Intermediates.noindex/swift-service-lifecycle.build/Debug-watchos/ServiceLifecycle.build/DerivedSources -Xcc -DSWIFT_PACKAGE -Xcc -DDEBUG\=1 -emit-objc-header -emit-objc-header-path /Users/admin/builder/spi-builder-workspace/.derivedData/Build/Intermediates.noindex/swift-service-lifecycle.build/Debug-watchos/ServiceLifecycle.build/Objects-normal/arm64_32/ServiceLifecycle-Swift.h -working-directory /Users/admin/builder/spi-builder-workspace/.swiftpm/xcode -experimental-emit-module-separately -disable-cmo
SwiftDriver\ Compilation ServiceLifecycle normal armv7k com.apple.xcode.tools.swift.compiler (in target 'ServiceLifecycle' from project 'swift-service-lifecycle')
cd /Users/admin/builder/spi-builder-workspace/.swiftpm/xcode
builtin-Swift-Compilation -- /Applications/Xcode-26.3.0.app/Contents/Developer/Toolchains/XcodeDefault.xctoolchain/usr/bin/swiftc -module-name ServiceLifecycle -Onone -enforce-exclusivity\=checked @/Users/admin/builder/spi-builder-workspace/.derivedData/Build/Intermediates.noindex/swift-service-lifecycle.build/Debug-watchos/ServiceLifecycle.build/Objects-normal/armv7k/ServiceLifecycle.SwiftFileList -DSWIFT_PACKAGE -DDEBUG -DSWIFT_MODULE_RESOURCE_BUNDLE_UNAVAILABLE -DXcode -plugin-path /Applications/Xcode-26.3.0.app/Contents/Developer/Toolchains/XcodeDefault.xctoolchain/usr/lib/swift/host/plugins/testing -enable-experimental-feature DebugDescriptionMacro -sdk /Applications/Xcode-26.3.0.app/Contents/Developer/Platforms/WatchOS.platform/Developer/SDKs/WatchOS26.2.sdk -target armv7k-apple-watchos5.0 -g -module-cache-path /Users/admin/builder/spi-builder-workspace/.derivedData/ModuleCache.noindex -Xfrontend -serialize-debugging-options -profile-coverage-mapping -profile-generate -enable-testing -suppress-warnings -index-store-path /Users/admin/builder/spi-builder-workspace/.derivedData/Index.noindex/DataStore -Xcc -D_LIBCPP_HARDENING_MODE\=_LIBCPP_HARDENING_MODE_DEBUG -swift-version 6 -I /Users/admin/builder/spi-builder-workspace/.derivedData/Build/Products/Debug-watchos -Isystem /Applications/Xcode-26.3.0.app/Contents/Developer/Platforms/WatchOS.platform/Developer/usr/lib -F /Users/admin/builder/spi-builder-workspace/.derivedData/Build/Products/Debug-watchos/PackageFrameworks -F /Users/admin/builder/spi-builder-workspace/.derivedData/Build/Products/Debug-watchos/PackageFrameworks -F /Users/admin/builder/spi-builder-workspace/.derivedData/Build/Products/Debug-watchos/PackageFrameworks -F /Users/admin/builder/spi-builder-workspace/.derivedData/Build/Products/Debug-watchos/PackageFrameworks -F /Users/admin/builder/spi-builder-workspace/.derivedData/Build/Products/Debug-watchos/PackageFrameworks -F /Users/admin/builder/spi-builder-workspace/.derivedData/Build/Products/Debug-watchos/PackageFrameworks -F /Users/admin/builder/spi-builder-workspace/.derivedData/Build/Products/Debug-watchos/PackageFrameworks -F /Users/admin/builder/spi-builder-workspace/.derivedData/Build/Products/Debug-watchos/PackageFrameworks -F /Users/admin/builder/spi-builder-workspace/.derivedData/Build/Products/Debug-watchos -F /Applications/Xcode-26.3.0.app/Contents/Developer/Platforms/WatchOS.platform/Developer/Library/Frameworks -F /Applications/Xcode-26.3.0.app/Contents/Developer/Platforms/WatchOS.platform/Developer/SDKs/WatchOS26.2.sdk/Developer/Library/Frameworks -c -j10 -enable-batch-mode -incremental -Xcc -ivfsstatcache -Xcc /Users/admin/builder/spi-builder-workspace/.derivedData/SDKStatCaches.noindex/watchos26.2-23S303-dc75598d0054f22ec865fa860f139d721753b489057de6bda919edfa1c59a62b.sdkstatcache -output-file-map /Users/admin/builder/spi-builder-workspace/.derivedData/Build/Intermediates.noindex/swift-service-lifecycle.build/Debug-watchos/ServiceLifecycle.build/Objects-normal/armv7k/ServiceLifecycle-OutputFileMap.json -use-frontend-parseable-output -save-temps -no-color-diagnostics -explicit-module-build -module-cache-path /Users/admin/builder/spi-builder-workspace/.derivedData/Build/Intermediates.noindex/SwiftExplicitPrecompiledModules -clang-scanner-module-cache-path /Users/admin/builder/spi-builder-workspace/.derivedData/ModuleCache.noindex -sdk-module-cache-path /Users/admin/builder/spi-builder-workspace/.derivedData/ModuleCache.noindex -serialize-diagnostics -emit-dependencies -emit-module -emit-module-path /Users/admin/builder/spi-builder-workspace/.derivedData/Build/Intermediates.noindex/swift-service-lifecycle.build/Debug-watchos/ServiceLifecycle.build/Objects-normal/armv7k/ServiceLifecycle.swiftmodule -user-module-version 2.11.0 -validate-clang-modules-once -clang-build-session-file /Users/admin/builder/spi-builder-workspace/.derivedData/ModuleCache.noindex/Session.modulevalidation -package-name swift_service_lifecycle -Xcc -I/Users/admin/builder/spi-builder-workspace/.derivedData/Build/Intermediates.noindex/swift-service-lifecycle.build/Debug-watchos/ServiceLifecycle.build/swift-overrides.hmap -emit-const-values -Xfrontend -const-gather-protocols-file -Xfrontend /Users/admin/builder/spi-builder-workspace/.derivedData/Build/Intermediates.noindex/swift-service-lifecycle.build/Debug-watchos/ServiceLifecycle.build/Objects-normal/armv7k/ServiceLifecycle_const_extract_protocols.json -Xcc -I/Users/admin/builder/spi-builder-workspace/.derivedData/Build/Products/Debug-watchos/include -Xcc -I/Users/admin/builder/spi-builder-workspace/.derivedData/Build/Intermediates.noindex/swift-service-lifecycle.build/Debug-watchos/ServiceLifecycle.build/DerivedSources-normal/armv7k -Xcc -I/Users/admin/builder/spi-builder-workspace/.derivedData/Build/Intermediates.noindex/swift-service-lifecycle.build/Debug-watchos/ServiceLifecycle.build/DerivedSources/armv7k -Xcc -I/Users/admin/builder/spi-builder-workspace/.derivedData/Build/Intermediates.noindex/swift-service-lifecycle.build/Debug-watchos/ServiceLifecycle.build/DerivedSources -Xcc -DSWIFT_PACKAGE -Xcc -DDEBUG\=1 -emit-objc-header -emit-objc-header-path /Users/admin/builder/spi-builder-workspace/.derivedData/Build/Intermediates.noindex/swift-service-lifecycle.build/Debug-watchos/ServiceLifecycle.build/Objects-normal/armv7k/ServiceLifecycle-Swift.h -working-directory /Users/admin/builder/spi-builder-workspace/.swiftpm/xcode -experimental-emit-module-separately -disable-cmo
Ld /Users/admin/builder/spi-builder-workspace/.derivedData/Build/Intermediates.noindex/swift-service-lifecycle.build/Debug-watchos/ServiceLifecycle.build/Objects-normal/arm64_32/Binary/ServiceLifecycle.o normal arm64_32 (in target 'ServiceLifecycle' from project 'swift-service-lifecycle')
cd /Users/admin/builder/spi-builder-workspace/.dependencies/checkouts/swift-service-lifecycle
/Applications/Xcode-26.3.0.app/Contents/Developer/Toolchains/XcodeDefault.xctoolchain/usr/bin/clang -Xlinker -reproducible -target arm64_32-apple-watchos5.0 -r -isysroot /Applications/Xcode-26.3.0.app/Contents/Developer/Platforms/WatchOS.platform/Developer/SDKs/WatchOS26.2.sdk -O0 -w -L/Users/admin/builder/spi-builder-workspace/.derivedData/Build/Intermediates.noindex/EagerLinkingTBDs/Debug-watchos -L/Users/admin/builder/spi-builder-workspace/.derivedData/Build/Products/Debug-watchos -L/Applications/Xcode-26.3.0.app/Contents/Developer/Platforms/WatchOS.platform/Developer/usr/lib -F/Users/admin/builder/spi-builder-workspace/.derivedData/Build/Intermediates.noindex/EagerLinkingTBDs/Debug-watchos -F/Users/admin/builder/spi-builder-workspace/.derivedData/Build/Products/Debug-watchos/PackageFrameworks -F/Users/admin/builder/spi-builder-workspace/.derivedData/Build/Products/Debug-watchos/PackageFrameworks -F/Users/admin/builder/spi-builder-workspace/.derivedData/Build/Products/Debug-watchos/PackageFrameworks -F/Users/admin/builder/spi-builder-workspace/.derivedData/Build/Products/Debug-watchos/PackageFrameworks -F/Users/admin/builder/spi-builder-workspace/.derivedData/Build/Products/Debug-watchos/PackageFrameworks -F/Users/admin/builder/spi-builder-workspace/.derivedData/Build/Products/Debug-watchos/PackageFrameworks -F/Users/admin/builder/spi-builder-workspace/.derivedData/Build/Products/Debug-watchos/PackageFrameworks -F/Users/admin/builder/spi-builder-workspace/.derivedData/Build/Products/Debug-watchos/PackageFrameworks -F/Users/admin/builder/spi-builder-workspace/.derivedData/Build/Products/Debug-watchos -iframework /Applications/Xcode-26.3.0.app/Contents/Developer/Platforms/WatchOS.platform/Developer/Library/Frameworks -iframework /Applications/Xcode-26.3.0.app/Contents/Developer/Platforms/WatchOS.platform/Developer/SDKs/WatchOS26.2.sdk/Developer/Library/Frameworks -filelist /Users/admin/builder/spi-builder-workspace/.derivedData/Build/Intermediates.noindex/swift-service-lifecycle.build/Debug-watchos/ServiceLifecycle.build/Objects-normal/arm64_32/ServiceLifecycle.LinkFileList -nostdlib -Xlinker -object_path_lto -Xlinker /Users/admin/builder/spi-builder-workspace/.derivedData/Build/Intermediates.noindex/swift-service-lifecycle.build/Debug-watchos/ServiceLifecycle.build/Objects-normal/arm64_32/ServiceLifecycle_lto.o -rdynamic -Xlinker -no_deduplicate -Xlinker -debug_variant -Xlinker -dependency_info -Xlinker /Users/admin/builder/spi-builder-workspace/.derivedData/Build/Intermediates.noindex/swift-service-lifecycle.build/Debug-watchos/ServiceLifecycle.build/Objects-normal/arm64_32/ServiceLifecycle_dependency_info.dat -fobjc-link-runtime -L/Applications/Xcode-26.3.0.app/Contents/Developer/Toolchains/XcodeDefault.xctoolchain/usr/lib/swift/watchos -L/usr/lib/swift -Xlinker -add_ast_path -Xlinker /Users/admin/builder/spi-builder-workspace/.derivedData/Build/Intermediates.noindex/swift-service-lifecycle.build/Debug-watchos/ServiceLifecycle.build/Objects-normal/arm64_32/ServiceLifecycle.swiftmodule @/Users/admin/builder/spi-builder-workspace/.derivedData/Build/Intermediates.noindex/swift-service-lifecycle.build/Debug-watchos/ServiceLifecycle.build/Objects-normal/arm64_32/ServiceLifecycle-linker-args.resp -o /Users/admin/builder/spi-builder-workspace/.derivedData/Build/Intermediates.noindex/swift-service-lifecycle.build/Debug-watchos/ServiceLifecycle.build/Objects-normal/arm64_32/Binary/ServiceLifecycle.o
Ld /Users/admin/builder/spi-builder-workspace/.derivedData/Build/Intermediates.noindex/swift-service-lifecycle.build/Debug-watchos/ServiceLifecycle.build/Objects-normal/armv7k/Binary/ServiceLifecycle.o normal armv7k (in target 'ServiceLifecycle' from project 'swift-service-lifecycle')
cd /Users/admin/builder/spi-builder-workspace/.dependencies/checkouts/swift-service-lifecycle
/Applications/Xcode-26.3.0.app/Contents/Developer/Toolchains/XcodeDefault.xctoolchain/usr/bin/clang -Xlinker -reproducible -target armv7k-apple-watchos5.0 -r -isysroot /Applications/Xcode-26.3.0.app/Contents/Developer/Platforms/WatchOS.platform/Developer/SDKs/WatchOS26.2.sdk -O0 -w -L/Users/admin/builder/spi-builder-workspace/.derivedData/Build/Intermediates.noindex/EagerLinkingTBDs/Debug-watchos -L/Users/admin/builder/spi-builder-workspace/.derivedData/Build/Products/Debug-watchos -L/Applications/Xcode-26.3.0.app/Contents/Developer/Platforms/WatchOS.platform/Developer/usr/lib -F/Users/admin/builder/spi-builder-workspace/.derivedData/Build/Intermediates.noindex/EagerLinkingTBDs/Debug-watchos -F/Users/admin/builder/spi-builder-workspace/.derivedData/Build/Products/Debug-watchos/PackageFrameworks -F/Users/admin/builder/spi-builder-workspace/.derivedData/Build/Products/Debug-watchos/PackageFrameworks -F/Users/admin/builder/spi-builder-workspace/.derivedData/Build/Products/Debug-watchos/PackageFrameworks -F/Users/admin/builder/spi-builder-workspace/.derivedData/Build/Products/Debug-watchos/PackageFrameworks -F/Users/admin/builder/spi-builder-workspace/.derivedData/Build/Products/Debug-watchos/PackageFrameworks -F/Users/admin/builder/spi-builder-workspace/.derivedData/Build/Products/Debug-watchos/PackageFrameworks -F/Users/admin/builder/spi-builder-workspace/.derivedData/Build/Products/Debug-watchos/PackageFrameworks -F/Users/admin/builder/spi-builder-workspace/.derivedData/Build/Products/Debug-watchos/PackageFrameworks -F/Users/admin/builder/spi-builder-workspace/.derivedData/Build/Products/Debug-watchos -iframework /Applications/Xcode-26.3.0.app/Contents/Developer/Platforms/WatchOS.platform/Developer/Library/Frameworks -iframework /Applications/Xcode-26.3.0.app/Contents/Developer/Platforms/WatchOS.platform/Developer/SDKs/WatchOS26.2.sdk/Developer/Library/Frameworks -filelist /Users/admin/builder/spi-builder-workspace/.derivedData/Build/Intermediates.noindex/swift-service-lifecycle.build/Debug-watchos/ServiceLifecycle.build/Objects-normal/armv7k/ServiceLifecycle.LinkFileList -nostdlib -Xlinker -object_path_lto -Xlinker /Users/admin/builder/spi-builder-workspace/.derivedData/Build/Intermediates.noindex/swift-service-lifecycle.build/Debug-watchos/ServiceLifecycle.build/Objects-normal/armv7k/ServiceLifecycle_lto.o -rdynamic -Xlinker -no_deduplicate -Xlinker -debug_variant -Xlinker -dependency_info -Xlinker /Users/admin/builder/spi-builder-workspace/.derivedData/Build/Intermediates.noindex/swift-service-lifecycle.build/Debug-watchos/ServiceLifecycle.build/Objects-normal/armv7k/ServiceLifecycle_dependency_info.dat -fobjc-link-runtime -L/Applications/Xcode-26.3.0.app/Contents/Developer/Toolchains/XcodeDefault.xctoolchain/usr/lib/swift/watchos -L/usr/lib/swift -Xlinker -add_ast_path -Xlinker /Users/admin/builder/spi-builder-workspace/.derivedData/Build/Intermediates.noindex/swift-service-lifecycle.build/Debug-watchos/ServiceLifecycle.build/Objects-normal/armv7k/ServiceLifecycle.swiftmodule @/Users/admin/builder/spi-builder-workspace/.derivedData/Build/Intermediates.noindex/swift-service-lifecycle.build/Debug-watchos/ServiceLifecycle.build/Objects-normal/armv7k/ServiceLifecycle-linker-args.resp -o /Users/admin/builder/spi-builder-workspace/.derivedData/Build/Intermediates.noindex/swift-service-lifecycle.build/Debug-watchos/ServiceLifecycle.build/Objects-normal/armv7k/Binary/ServiceLifecycle.o
SwiftCompile normal arm64 Compiling\ AWSSecretsManagerProvider+ServiceLifecycle.swift /Users/admin/builder/spi-builder-workspace/Sources/ConfigurationAWS/AWSSecretsManagerProvider+ServiceLifecycle.swift (in target 'ConfigurationAWS' from project 'swift-configuration-aws')
SwiftCompile normal arm64 /Users/admin/builder/spi-builder-workspace/Sources/ConfigurationAWS/AWSSecretsManagerProvider+ServiceLifecycle.swift (in target 'ConfigurationAWS' from project 'swift-configuration-aws')
cd /Users/admin/builder/spi-builder-workspace/.swiftpm/xcode
/Users/admin/builder/spi-builder-workspace/Sources/ConfigurationAWS/AWSSecretsManagerProvider+ServiceLifecycle.swift:22:28: error: 'AsyncTimerSequence' is only available in watchOS 9.0 or newer
for try await _ in AsyncTimerSequence(interval: _pollingInterval, clock: clock)
^
/Users/admin/builder/spi-builder-workspace/Sources/ConfigurationAWS/AWSSecretsManagerProvider+ServiceLifecycle.swift:22:28: note: add 'if #available' version check
for try await _ in AsyncTimerSequence(interval: _pollingInterval, clock: clock)
^
/Users/admin/builder/spi-builder-workspace/Sources/ConfigurationAWS/AWSSecretsManagerProvider+ServiceLifecycle.swift:20:17: note: add '@available' attribute to enclosing instance method
public func run() async throws {
^
/Users/admin/builder/spi-builder-workspace/Sources/ConfigurationAWS/AWSSecretsManagerProvider+ServiceLifecycle.swift:19:1: note: add '@available' attribute to enclosing extension
extension _AWSSecretsManagerProvider: Service {
^
/Users/admin/builder/spi-builder-workspace/Sources/ConfigurationAWS/AWSSecretsManagerProvider+ServiceLifecycle.swift:23:14: error: 'cancelOnGracefulShutdown()' is only available in watchOS 6.0 or newer
.cancelOnGracefulShutdown() {
^
/Users/admin/builder/spi-builder-workspace/Sources/ConfigurationAWS/AWSSecretsManagerProvider+ServiceLifecycle.swift:23:14: note: add 'if #available' version check
.cancelOnGracefulShutdown() {
^
/Users/admin/builder/spi-builder-workspace/Sources/ConfigurationAWS/AWSSecretsManagerProvider+ServiceLifecycle.swift:20:17: note: add '@available' attribute to enclosing instance method
public func run() async throws {
^
/Users/admin/builder/spi-builder-workspace/Sources/ConfigurationAWS/AWSSecretsManagerProvider+ServiceLifecycle.swift:19:1: note: add '@available' attribute to enclosing extension
extension _AWSSecretsManagerProvider: Service {
^
/Users/admin/builder/spi-builder-workspace/Sources/ConfigurationAWS/AWSSecretsManagerProvider+ServiceLifecycle.swift:22:9: warning: conformance of 'AsyncTimerSequence<C>' to 'Sendable' is only available in watchOS 9.0 or newer
for try await _ in AsyncTimerSequence(interval: _pollingInterval, clock: clock)
^
/Users/admin/builder/spi-builder-workspace/Sources/ConfigurationAWS/AWSSecretsManagerProvider+ServiceLifecycle.swift:22:9: note: add 'if #available' version check
for try await _ in AsyncTimerSequence(interval: _pollingInterval, clock: clock)
^
/Users/admin/builder/spi-builder-workspace/Sources/ConfigurationAWS/AWSSecretsManagerProvider+ServiceLifecycle.swift:20:17: note: add '@available' attribute to enclosing instance method
public func run() async throws {
^
/Users/admin/builder/spi-builder-workspace/Sources/ConfigurationAWS/AWSSecretsManagerProvider+ServiceLifecycle.swift:19:1: note: add '@available' attribute to enclosing extension
extension _AWSSecretsManagerProvider: Service {
^
/Users/admin/builder/spi-builder-workspace/Sources/ConfigurationAWS/AWSSecretsManagerProvider+ServiceLifecycle.swift:22:9: warning: conformance of 'AsyncTimerSequence<C>' to 'Sendable' is only available in watchOS 9.0 or newer
for try await _ in AsyncTimerSequence(interval: _pollingInterval, clock: clock)
^
/Users/admin/builder/spi-builder-workspace/Sources/ConfigurationAWS/AWSSecretsManagerProvider+ServiceLifecycle.swift:22:9: note: add 'if #available' version check
for try await _ in AsyncTimerSequence(interval: _pollingInterval, clock: clock)
^
/Users/admin/builder/spi-builder-workspace/Sources/ConfigurationAWS/AWSSecretsManagerProvider+ServiceLifecycle.swift:20:17: note: add '@available' attribute to enclosing instance method
public func run() async throws {
^
/Users/admin/builder/spi-builder-workspace/Sources/ConfigurationAWS/AWSSecretsManagerProvider+ServiceLifecycle.swift:19:1: note: add '@available' attribute to enclosing extension
extension _AWSSecretsManagerProvider: Service {
^
/Users/admin/builder/spi-builder-workspace/Sources/ConfigurationAWS/AWSSecretsManagerProvider+ServiceLifecycle.swift:25:27: error: 'withThrowingDiscardingTaskGroup(returning:isolation:body:)' is only available in watchOS 10.0 or newer
try await withThrowingDiscardingTaskGroup { taskGroup in
^
/Users/admin/builder/spi-builder-workspace/Sources/ConfigurationAWS/AWSSecretsManagerProvider+ServiceLifecycle.swift:25:27: note: add 'if #available' version check
try await withThrowingDiscardingTaskGroup { taskGroup in
^
/Users/admin/builder/spi-builder-workspace/Sources/ConfigurationAWS/AWSSecretsManagerProvider+ServiceLifecycle.swift:20:17: note: add '@available' attribute to enclosing instance method
public func run() async throws {
^
/Users/admin/builder/spi-builder-workspace/Sources/ConfigurationAWS/AWSSecretsManagerProvider+ServiceLifecycle.swift:19:1: note: add '@available' attribute to enclosing extension
extension _AWSSecretsManagerProvider: Service {
^
/Users/admin/builder/spi-builder-workspace/Sources/ConfigurationAWS/AWSSecretsManagerProvider+ServiceLifecycle.swift:27:35: error: 'addTask(priority:operation:)' is only available in watchOS 10.0 or newer
taskGroup.addTask {
^
/Users/admin/builder/spi-builder-workspace/Sources/ConfigurationAWS/AWSSecretsManagerProvider+ServiceLifecycle.swift:27:35: note: add 'if #available' version check
taskGroup.addTask {
^
/Users/admin/builder/spi-builder-workspace/Sources/ConfigurationAWS/AWSSecretsManagerProvider+ServiceLifecycle.swift:20:17: note: add '@available' attribute to enclosing instance method
public func run() async throws {
^
/Users/admin/builder/spi-builder-workspace/Sources/ConfigurationAWS/AWSSecretsManagerProvider+ServiceLifecycle.swift:19:1: note: add '@available' attribute to enclosing extension
extension _AWSSecretsManagerProvider: Service {
^
/Users/admin/builder/spi-builder-workspace/Sources/ConfigurationAWS/AWSSecretsManagerProvider+ServiceLifecycle.swift:25:60: error: 'isolation()' is only available in watchOS 6.0 or newer
#isolation
^
/Users/admin/builder/spi-builder-workspace/Sources/ConfigurationAWS/AWSSecretsManagerProvider+ServiceLifecycle.swift:20:17: note: add '@available' attribute to enclosing instance method
public func run() async throws {
^
/Users/admin/builder/spi-builder-workspace/Sources/ConfigurationAWS/AWSSecretsManagerProvider+ServiceLifecycle.swift:19:1: note: add '@available' attribute to enclosing extension
extension _AWSSecretsManagerProvider: Service {
^
Failed frontend command:
/Applications/Xcode-26.3.0.app/Contents/Developer/Toolchains/XcodeDefault.xctoolchain/usr/bin/swift-frontend -frontend -c /Users/admin/builder/spi-builder-workspace/Sources/ConfigurationAWS/AWSSecretsManagerProvider+ConfigProvider.swift -primary-file /Users/admin/builder/spi-builder-workspace/Sources/ConfigurationAWS/AWSSecretsManagerProvider+ServiceLifecycle.swift /Users/admin/builder/spi-builder-workspace/Sources/ConfigurationAWS/AWSSecretsManagerProvider+Soto.swift /Users/admin/builder/spi-builder-workspace/Sources/ConfigurationAWS/AWSSecretsManagerProvider+Watching.swift /Users/admin/builder/spi-builder-workspace/Sources/ConfigurationAWS/AWSSecretsManagerProvider.swift /Users/admin/builder/spi-builder-workspace/Sources/ConfigurationAWS/AWSSecretsManagerProviderSnapshot.swift /Users/admin/builder/spi-builder-workspace/Sources/ConfigurationAWS/AWSSecretsManagerVendor.swift -emit-dependencies-path /Users/admin/builder/spi-builder-workspace/.derivedData/Build/Intermediates.noindex/swift-configuration-aws.build/Debug-watchos/ConfigurationAWS.build/Objects-normal/arm64/AWSSecretsManagerProvider+ServiceLifecycle.d -emit-const-values-path /Users/admin/builder/spi-builder-workspace/.derivedData/Build/Intermediates.noindex/swift-configuration-aws.build/Debug-watchos/ConfigurationAWS.build/Objects-normal/arm64/AWSSecretsManagerProvider+ServiceLifecycle.swiftconstvalues -emit-reference-dependencies-path /Users/admin/builder/spi-builder-workspace/.derivedData/Build/Intermediates.noindex/swift-configuration-aws.build/Debug-watchos/ConfigurationAWS.build/Objects-normal/arm64/AWSSecretsManagerProvider+ServiceLifecycle.swiftdeps -serialize-diagnostics-path /Users/admin/builder/spi-builder-workspace/.derivedData/Build/Intermediates.noindex/swift-configuration-aws.build/Debug-watchos/ConfigurationAWS.build/Objects-normal/arm64/AWSSecretsManagerProvider+ServiceLifecycle.dia -target arm64-apple-watchos5.0 -load-resolved-plugin /Applications/Xcode-26.3.0.app/Contents/Developer/Platforms/WatchOS.platform/Developer/usr/lib/swift/host/plugins/libFoundationMacros.dylib\#/Applications/Xcode-26.3.0.app/Contents/Developer/Platforms/WatchOS.platform/Developer/usr/bin/swift-plugin-server\#FoundationMacros -load-resolved-plugin /Applications/Xcode-26.3.0.app/Contents/Developer/Platforms/WatchOS.platform/Developer/usr/lib/swift/host/plugins/libObservationMacros.dylib\#/Applications/Xcode-26.3.0.app/Contents/Developer/Platforms/WatchOS.platform/Developer/usr/bin/swift-plugin-server\#ObservationMacros -load-resolved-plugin /Applications/Xcode-26.3.0.app/Contents/Developer/Platforms/WatchOS.platform/Developer/usr/lib/swift/host/plugins/libSwiftMacros.dylib\#/Applications/Xcode-26.3.0.app/Contents/Developer/Platforms/WatchOS.platform/Developer/usr/bin/swift-plugin-server\#SwiftMacros -disable-implicit-swift-modules -Xcc -fno-implicit-modules -Xcc -fno-implicit-module-maps -explicit-swift-module-map-file /Users/admin/builder/spi-builder-workspace/.derivedData/Build/Intermediates.noindex/swift-configuration-aws.build/Debug-watchos/ConfigurationAWS.build/Objects-normal/arm64/ConfigurationAWS-dependencies-2.json -Xllvm -aarch64-use-tbi -enable-objc-interop -sdk /Applications/Xcode-26.3.0.app/Contents/Developer/Platforms/WatchOS.platform/Developer/SDKs/WatchOS26.2.sdk -I /Users/admin/builder/spi-builder-workspace/.derivedData/Build/Products/Debug-watchos -Isystem /Applications/Xcode-26.3.0.app/Contents/Developer/Platforms/WatchOS.platform/Developer/usr/lib -F /Users/admin/builder/spi-builder-workspace/.derivedData/Build/Products/Debug-watchos/PackageFrameworks -F /Users/admin/builder/spi-builder-workspace/.derivedData/Build/Products/Debug-watchos/PackageFrameworks -F /Users/admin/builder/spi-builder-workspace/.derivedData/Build/Products/Debug-watchos/PackageFrameworks -F /Users/admin/builder/spi-builder-workspace/.derivedData/Build/Products/Debug-watchos/PackageFrameworks -F /Users/admin/builder/spi-builder-workspace/.derivedData/Build/Products/Debug-watchos/PackageFrameworks -F /Users/admin/builder/spi-builder-workspace/.derivedData/Build/Products/Debug-watchos/PackageFrameworks -F /Users/admin/builder/spi-builder-workspace/.derivedData/Build/Products/Debug-watchos/PackageFrameworks -F /Users/admin/builder/spi-builder-workspace/.derivedData/Build/Products/Debug-watchos/PackageFrameworks -F /Users/admin/builder/spi-builder-workspace/.derivedData/Build/Products/Debug-watchos/PackageFrameworks -F /Users/admin/builder/spi-builder-workspace/.derivedData/Build/Products/Debug-watchos/PackageFrameworks -F /Users/admin/builder/spi-builder-workspace/.derivedData/Build/Products/Debug-watchos/PackageFrameworks -F /Users/admin/builder/spi-builder-workspace/.derivedData/Build/Products/Debug-watchos/PackageFrameworks -F /Users/admin/builder/spi-builder-workspace/.derivedData/Build/Products/Debug-watchos -F /Applications/Xcode-26.3.0.app/Contents/Developer/Platforms/WatchOS.platform/Developer/Library/Frameworks -F /Applications/Xcode-26.3.0.app/Contents/Developer/Platforms/WatchOS.platform/Developer/SDKs/WatchOS26.2.sdk/Developer/Library/Frameworks -no-color-diagnostics -Xcc -fno-color-diagnostics -enable-testing -g -debug-info-format\=dwarf -dwarf-version\=4 -module-cache-path /Users/admin/builder/spi-builder-workspace/.derivedData/Build/Intermediates.noindex/SwiftExplicitPrecompiledModules -profile-generate -profile-coverage-mapping -swift-version 6 -enforce-exclusivity\=checked -Onone -D SWIFT_PACKAGE -D DEBUG -D SWIFT_MODULE_RESOURCE_BUNDLE_UNAVAILABLE -D Xcode -serialize-debugging-options -const-gather-protocols-file /Users/admin/builder/spi-builder-workspace/.derivedData/Build/Intermediates.noindex/swift-configuration-aws.build/Debug-watchos/ConfigurationAWS.build/Objects-normal/arm64/ConfigurationAWS_const_extract_protocols.json -enable-experimental-feature DebugDescriptionMacro -empty-abi-descriptor -validate-clang-modules-once -clang-build-session-file /Users/admin/builder/spi-builder-workspace/.derivedData/ModuleCache.noindex/Session.modulevalidation -Xcc -working-directory -Xcc /Users/admin/builder/spi-builder-workspace/.swiftpm/xcode -enable-anonymous-context-mangled-names -file-compilation-dir /Users/admin/builder/spi-builder-workspace/.swiftpm/xcode -Xcc -D_LIBCPP_HARDENING_MODE\=_LIBCPP_HARDENING_MODE_DEBUG -Xcc -ivfsstatcache -Xcc /Users/admin/builder/spi-builder-workspace/.derivedData/SDKStatCaches.noindex/watchos26.2-23S303-dc75598d0054f22ec865fa860f139d721753b489057de6bda919edfa1c59a62b.sdkstatcache -Xcc -I/Users/admin/builder/spi-builder-workspace/.derivedData/Build/Intermediates.noindex/swift-configuration-aws.build/Debug-watchos/ConfigurationAWS.build/swift-overrides.hmap -Xcc -I/Users/admin/builder/spi-builder-workspace/.dependencies/checkouts/swift-system/Sources/CSystem/include -Xcc -I/Users/admin/builder/spi-builder-workspace/.derivedData/Build/Products/Debug-watchos/include -Xcc -I/Users/admin/builder/spi-builder-workspace/.derivedData/Build/Intermediates.noindex/swift-configuration-aws.build/Debug-watchos/ConfigurationAWS.build/DerivedSources-normal/arm64 -Xcc -I/Users/admin/builder/spi-builder-workspace/.derivedData/Build/Intermediates.noindex/swift-configuration-aws.build/Debug-watchos/ConfigurationAWS.build/DerivedSources/arm64 -Xcc -I/Users/admin/builder/spi-builder-workspace/.derivedData/Build/Intermediates.noindex/swift-configuration-aws.build/Debug-watchos/ConfigurationAWS.build/DerivedSources -Xcc -DSWIFT_PACKAGE -Xcc -DDEBUG\=1 -no-auto-bridging-header-chaining -module-name ConfigurationAWS -package-name spi_builder_workspace -frontend-parseable-output -disable-clang-spi -target-sdk-version 26.2 -target-sdk-name watchos26.2 -clang-target arm64-apple-watchos26.2 -in-process-plugin-server-path /Applications/Xcode-26.3.0.app/Contents/Developer/Toolchains/XcodeDefault.xctoolchain/usr/lib/swift/host/libSwiftInProcPluginServer.dylib -o /Users/admin/builder/spi-builder-workspace/.derivedData/Build/Intermediates.noindex/swift-configuration-aws.build/Debug-watchos/ConfigurationAWS.build/Objects-normal/arm64/AWSSecretsManagerProvider+ServiceLifecycle.o -index-unit-output-path /swift-configuration-aws.build/Debug-watchos/ConfigurationAWS.build/Objects-normal/arm64/AWSSecretsManagerProvider+ServiceLifecycle.o -index-store-path /Users/admin/builder/spi-builder-workspace/.derivedData/Index.noindex/DataStore -index-system-modules
SwiftEmitModule normal arm64 Emitting\ module\ for\ ConfigurationAWS (in target 'ConfigurationAWS' from project 'swift-configuration-aws')
EmitSwiftModule normal arm64 (in target 'ConfigurationAWS' from project 'swift-configuration-aws')
cd /Users/admin/builder/spi-builder-workspace/.swiftpm/xcode
/Users/admin/builder/spi-builder-workspace/Sources/ConfigurationAWS/AWSSecretsManagerProvider+ConfigProvider.swift:19:35: error: 'AbsoluteConfigKey' is only available in watchOS 11.0 or newer
public func value(forKey key: AbsoluteConfigKey, type: ConfigType) throws -> LookupResult {
^
/Users/admin/builder/spi-builder-workspace/Sources/ConfigurationAWS/AWSSecretsManagerProvider+ConfigProvider.swift:19:17: note: add '@available' attribute to enclosing instance method
public func value(forKey key: AbsoluteConfigKey, type: ConfigType) throws -> LookupResult {
^
/Users/admin/builder/spi-builder-workspace/Sources/ConfigurationAWS/AWSSecretsManagerProvider+ConfigProvider.swift:18:1: note: add '@available' attribute to enclosing extension
extension _AWSSecretsManagerProvider: ConfigProvider {
^
/Users/admin/builder/spi-builder-workspace/Sources/ConfigurationAWS/AWSSecretsManagerProvider+ConfigProvider.swift:19:60: error: 'ConfigType' is only available in watchOS 11.0 or newer
public func value(forKey key: AbsoluteConfigKey, type: ConfigType) throws -> LookupResult {
^
/Users/admin/builder/spi-builder-workspace/Sources/ConfigurationAWS/AWSSecretsManagerProvider+ConfigProvider.swift:19:17: note: add '@available' attribute to enclosing instance method
public func value(forKey key: AbsoluteConfigKey, type: ConfigType) throws -> LookupResult {
^
/Users/admin/builder/spi-builder-workspace/Sources/ConfigurationAWS/AWSSecretsManagerProvider+ConfigProvider.swift:18:1: note: add '@available' attribute to enclosing extension
extension _AWSSecretsManagerProvider: ConfigProvider {
^
/Users/admin/builder/spi-builder-workspace/Sources/ConfigurationAWS/AWSSecretsManagerProvider+ConfigProvider.swift:19:82: error: 'LookupResult' is only available in watchOS 11.0 or newer
public func value(forKey key: AbsoluteConfigKey, type: ConfigType) throws -> LookupResult {
^
/Users/admin/builder/spi-builder-workspace/Sources/ConfigurationAWS/AWSSecretsManagerProvider+ConfigProvider.swift:19:17: note: add '@available' attribute to enclosing instance method
public func value(forKey key: AbsoluteConfigKey, type: ConfigType) throws -> LookupResult {
^
/Users/admin/builder/spi-builder-workspace/Sources/ConfigurationAWS/AWSSecretsManagerProvider+ConfigProvider.swift:18:1: note: add '@available' attribute to enclosing extension
extension _AWSSecretsManagerProvider: ConfigProvider {
^
/Users/admin/builder/spi-builder-workspace/Sources/ConfigurationAWS/AWSSecretsManagerProvider+ConfigProvider.swift:26:21: error: 'AbsoluteConfigKey' is only available in watchOS 11.0 or newer
forKey key: AbsoluteConfigKey,
^
/Users/admin/builder/spi-builder-workspace/Sources/ConfigurationAWS/AWSSecretsManagerProvider+ConfigProvider.swift:25:17: note: add '@available' attribute to enclosing instance method
public func fetchValue(
^
/Users/admin/builder/spi-builder-workspace/Sources/ConfigurationAWS/AWSSecretsManagerProvider+ConfigProvider.swift:18:1: note: add '@available' attribute to enclosing extension
extension _AWSSecretsManagerProvider: ConfigProvider {
^
/Users/admin/builder/spi-builder-workspace/Sources/ConfigurationAWS/AWSSecretsManagerProvider+ConfigProvider.swift:27:15: error: 'ConfigType' is only available in watchOS 11.0 or newer
type: ConfigType
^
/Users/admin/builder/spi-builder-workspace/Sources/ConfigurationAWS/AWSSecretsManagerProvider+ConfigProvider.swift:25:17: note: add '@available' attribute to enclosing instance method
public func fetchValue(
^
/Users/admin/builder/spi-builder-workspace/Sources/ConfigurationAWS/AWSSecretsManagerProvider+ConfigProvider.swift:18:1: note: add '@available' attribute to enclosing extension
extension _AWSSecretsManagerProvider: ConfigProvider {
^
/Users/admin/builder/spi-builder-workspace/Sources/ConfigurationAWS/AWSSecretsManagerProvider+ConfigProvider.swift:28:23: error: 'LookupResult' is only available in watchOS 11.0 or newer
) async throws -> LookupResult {
^
/Users/admin/builder/spi-builder-workspace/Sources/ConfigurationAWS/AWSSecretsManagerProvider+ConfigProvider.swift:25:17: note: add '@available' attribute to enclosing instance method
public func fetchValue(
^
/Users/admin/builder/spi-builder-workspace/Sources/ConfigurationAWS/AWSSecretsManagerProvider+ConfigProvider.swift:18:1: note: add '@available' attribute to enclosing extension
extension _AWSSecretsManagerProvider: ConfigProvider {
^
/Users/admin/builder/spi-builder-workspace/Sources/ConfigurationAWS/AWSSecretsManagerProvider+ConfigProvider.swift:33:35: error: 'ConfigSnapshot' is only available in watchOS 11.0 or newer
public func snapshot() -> any ConfigSnapshot {
^
/Users/admin/builder/spi-builder-workspace/Sources/ConfigurationAWS/AWSSecretsManagerProvider+ConfigProvider.swift:33:17: note: add '@available' attribute to enclosing instance method
public func snapshot() -> any ConfigSnapshot {
^
/Users/admin/builder/spi-builder-workspace/Sources/ConfigurationAWS/AWSSecretsManagerProvider+ConfigProvider.swift:18:1: note: add '@available' attribute to enclosing extension
extension _AWSSecretsManagerProvider: ConfigProvider {
^
/Users/admin/builder/spi-builder-workspace/Sources/ConfigurationAWS/AWSSecretsManagerProvider+ConfigProvider.swift:40:21: error: 'AbsoluteConfigKey' is only available in watchOS 11.0 or newer
forKey key: AbsoluteConfigKey,
^
/Users/admin/builder/spi-builder-workspace/Sources/ConfigurationAWS/AWSSecretsManagerProvider+ConfigProvider.swift:39:17: note: add '@available' attribute to enclosing instance method
public func watchValue<Return: ~Copyable>(
^
/Users/admin/builder/spi-builder-workspace/Sources/ConfigurationAWS/AWSSecretsManagerProvider+ConfigProvider.swift:18:1: note: add '@available' attribute to enclosing extension
extension _AWSSecretsManagerProvider: ConfigProvider {
^
/Users/admin/builder/spi-builder-workspace/Sources/ConfigurationAWS/AWSSecretsManagerProvider+ConfigProvider.swift:41:15: error: 'ConfigType' is only available in watchOS 11.0 or newer
type: ConfigType,
^
/Users/admin/builder/spi-builder-workspace/Sources/ConfigurationAWS/AWSSecretsManagerProvider+ConfigProvider.swift:39:17: note: add '@available' attribute to enclosing instance method
public func watchValue<Return: ~Copyable>(
^
/Users/admin/builder/spi-builder-workspace/Sources/ConfigurationAWS/AWSSecretsManagerProvider+ConfigProvider.swift:18:1: note: add '@available' attribute to enclosing extension
extension _AWSSecretsManagerProvider: ConfigProvider {
^
/Users/admin/builder/spi-builder-workspace/Sources/ConfigurationAWS/AWSSecretsManagerProvider+ConfigProvider.swift:42:49: error: 'ConfigUpdatesAsyncSequence' is only available in watchOS 11.0 or newer
updatesHandler: nonisolated(nonsending)(ConfigUpdatesAsyncSequence<
^
/Users/admin/builder/spi-builder-workspace/Sources/ConfigurationAWS/AWSSecretsManagerProvider+ConfigProvider.swift:39:17: note: add '@available' attribute to enclosing instance method
public func watchValue<Return: ~Copyable>(
^
/Users/admin/builder/spi-builder-workspace/Sources/ConfigurationAWS/AWSSecretsManagerProvider+ConfigProvider.swift:18:1: note: add '@available' attribute to enclosing extension
extension _AWSSecretsManagerProvider: ConfigProvider {
^
/Users/admin/builder/spi-builder-workspace/Sources/ConfigurationAWS/AWSSecretsManagerProvider+ConfigProvider.swift:58:49: error: 'ConfigUpdatesAsyncSequence' is only available in watchOS 11.0 or newer
updatesHandler: nonisolated(nonsending)(ConfigUpdatesAsyncSequence<
^
/Users/admin/builder/spi-builder-workspace/Sources/ConfigurationAWS/AWSSecretsManagerProvider+ConfigProvider.swift:57:17: note: add '@available' attribute to enclosing instance method
public func watchSnapshot<Return: ~Copyable>(
^
/Users/admin/builder/spi-builder-workspace/Sources/ConfigurationAWS/AWSSecretsManagerProvider+ConfigProvider.swift:18:1: note: add '@available' attribute to enclosing extension
extension _AWSSecretsManagerProvider: ConfigProvider {
^
/Users/admin/builder/spi-builder-workspace/Sources/ConfigurationAWS/AWSSecretsManagerProvider+ConfigProvider.swift:75:14: error: 'AbsoluteConfigKey' is only available in watchOS 11.0 or newer
key: AbsoluteConfigKey,
^
/Users/admin/builder/spi-builder-workspace/Sources/ConfigurationAWS/AWSSecretsManagerProvider+ConfigProvider.swift:73:18: note: add '@available' attribute to enclosing instance method
private func startObservingSecretKey(
^
/Users/admin/builder/spi-builder-workspace/Sources/ConfigurationAWS/AWSSecretsManagerProvider+ConfigProvider.swift:18:1: note: add '@available' attribute to enclosing extension
extension _AWSSecretsManagerProvider: ConfigProvider {
^
/Users/admin/builder/spi-builder-workspace/Sources/ConfigurationAWS/AWSSecretsManagerProvider+ConfigProvider.swift:76:15: error: 'ConfigType' is only available in watchOS 11.0 or newer
type: ConfigType
^
/Users/admin/builder/spi-builder-workspace/Sources/ConfigurationAWS/AWSSecretsManagerProvider+ConfigProvider.swift:73:18: note: add '@available' attribute to enclosing instance method
private func startObservingSecretKey(
^
/Users/admin/builder/spi-builder-workspace/Sources/ConfigurationAWS/AWSSecretsManagerProvider+ConfigProvider.swift:18:1: note: add '@available' attribute to enclosing extension
extension _AWSSecretsManagerProvider: ConfigProvider {
^
/Users/admin/builder/spi-builder-workspace/Sources/ConfigurationAWS/AWSSecretsManagerProvider+ConfigProvider.swift:77:10: error: 'AsyncStream' is only available in watchOS 6.0 or newer
) -> AsyncStream<Result<
^
/Users/admin/builder/spi-builder-workspace/Sources/ConfigurationAWS/AWSSecretsManagerProvider+ConfigProvider.swift:73:18: note: add '@available' attribute to enclosing instance method
private func startObservingSecretKey(
^
/Users/admin/builder/spi-builder-workspace/Sources/ConfigurationAWS/AWSSecretsManagerProvider+ConfigProvider.swift:18:1: note: add '@available' attribute to enclosing extension
extension _AWSSecretsManagerProvider: ConfigProvider {
^
/Users/admin/builder/spi-builder-workspace/Sources/ConfigurationAWS/AWSSecretsManagerProvider+ConfigProvider.swift:92:64: error: 'AbsoluteConfigKey' is only available in watchOS 11.0 or newer
private func stopObservingSecretKey(observerID: UUID, key: AbsoluteConfigKey) {
^
/Users/admin/builder/spi-builder-workspace/Sources/ConfigurationAWS/AWSSecretsManagerProvider+ConfigProvider.swift:92:18: note: add '@available' attribute to enclosing instance method
private func stopObservingSecretKey(observerID: UUID, key: AbsoluteConfigKey) {
^
/Users/admin/builder/spi-builder-workspace/Sources/ConfigurationAWS/AWSSecretsManagerProvider+ConfigProvider.swift:18:1: note: add '@available' attribute to enclosing extension
extension _AWSSecretsManagerProvider: ConfigProvider {
^
/Users/admin/builder/spi-builder-workspace/Sources/ConfigurationAWS/AWSSecretsManagerProvider+ConfigProvider.swift:102:12: error: 'AsyncStream' is only available in watchOS 6.0 or newer
-> AsyncStream<AWSSecretsManagerProviderSnapshot> {
^
/Users/admin/builder/spi-builder-workspace/Sources/ConfigurationAWS/AWSSecretsManagerProvider+ConfigProvider.swift:101:18: note: add '@available' attribute to enclosing instance method
private func startObservingSecrets(observerID: UUID)
^
/Users/admin/builder/spi-builder-workspace/Sources/ConfigurationAWS/AWSSecretsManagerProvider+ConfigProvider.swift:18:1: note: add '@available' attribute to enclosing extension
extension _AWSSecretsManagerProvider: ConfigProvider {
^
/Users/admin/builder/spi-builder-workspace/Sources/ConfigurationAWS/AWSSecretsManagerProvider.swift:12:73: error: 'ContinuousClock' is only available in watchOS 9.0 or newer
public typealias AWSSecretsManagerProvider = _AWSSecretsManagerProvider<ContinuousClock>
^
/Users/admin/builder/spi-builder-workspace/Sources/ConfigurationAWS/AWSSecretsManagerProvider.swift:12:18: note: add '@available' attribute to enclosing type alias
public typealias AWSSecretsManagerProvider = _AWSSecretsManagerProvider<ContinuousClock>
^
/Users/admin/builder/spi-builder-workspace/Sources/ConfigurationAWS/AWSSecretsManagerProvider.swift:18:19: error: 'Duration' is only available in watchOS 9.0 or newer
let cacheTTL: Duration
^
/Users/admin/builder/spi-builder-workspace/Sources/ConfigurationAWS/AWSSecretsManagerProvider.swift:14:20: note: add '@available' attribute to enclosing generic class
public final class _AWSSecretsManagerProvider<C: Clock & Sendable>: Sendable
^
/Users/admin/builder/spi-builder-workspace/Sources/ConfigurationAWS/AWSSecretsManagerProvider.swift:22:34: error: 'AbsoluteConfigKey' is only available in watchOS 11.0 or newer
var secretKeyObservers: [AbsoluteConfigKey: [UUID: AsyncStream<Result<
^
/Users/admin/builder/spi-builder-workspace/Sources/ConfigurationAWS/AWSSecretsManagerProvider.swift:20:12: note: add '@available' attribute to enclosing struct
struct Storage {
^
/Users/admin/builder/spi-builder-workspace/Sources/ConfigurationAWS/AWSSecretsManagerProvider.swift:22:60: error: 'AsyncStream' is only available in watchOS 6.0 or newer
var secretKeyObservers: [AbsoluteConfigKey: [UUID: AsyncStream<Result<
^
/Users/admin/builder/spi-builder-workspace/Sources/ConfigurationAWS/AWSSecretsManagerProvider.swift:20:12: note: add '@available' attribute to enclosing struct
struct Storage {
^
/Users/admin/builder/spi-builder-workspace/Sources/ConfigurationAWS/AWSSecretsManagerProvider.swift:26:45: error: 'AsyncStream' is only available in watchOS 6.0 or newer
var secretSnapshotObservers: [UUID: AsyncStream<AWSSecretsManagerProviderSnapshot>
^
/Users/admin/builder/spi-builder-workspace/Sources/ConfigurationAWS/AWSSecretsManagerProvider.swift:20:12: note: add '@available' attribute to enclosing struct
struct Storage {
^
/Users/admin/builder/spi-builder-workspace/Sources/ConfigurationAWS/AWSSecretsManagerProvider.swift:31:18: error: 'Mutex' is only available in watchOS 11.0 or newer
let storage: Mutex<Storage>
^
/Users/admin/builder/spi-builder-workspace/Sources/ConfigurationAWS/AWSSecretsManagerProvider.swift:14:20: note: add '@available' attribute to enclosing generic class
public final class _AWSSecretsManagerProvider<C: Clock & Sendable>: Sendable
^
/Users/admin/builder/spi-builder-workspace/Sources/ConfigurationAWS/AWSSecretsManagerProvider.swift:33:27: error: 'Duration' is only available in watchOS 9.0 or newer
let _pollingInterval: Duration?
^
/Users/admin/builder/spi-builder-workspace/Sources/ConfigurationAWS/AWSSecretsManagerProvider.swift:14:20: note: add '@available' attribute to enclosing generic class
public final class _AWSSecretsManagerProvider<C: Clock & Sendable>: Sendable
^
/Users/admin/builder/spi-builder-workspace/Sources/ConfigurationAWS/AWSSecretsManagerProvider.swift:41:20: error: 'ContinuousClock' is only available in watchOS 9.0 or newer
where C == ContinuousClock {
^
/Users/admin/builder/spi-builder-workspace/Sources/ConfigurationAWS/AWSSecretsManagerProvider.swift:40:12: note: add '@available' attribute to enclosing initializer
public init(vendor: AWSSecretsManagerVendor, cacheTTL: Duration = .seconds(300))
^
/Users/admin/builder/spi-builder-workspace/Sources/ConfigurationAWS/AWSSecretsManagerProvider.swift:14:20: note: add '@available' attribute to enclosing generic class
public final class _AWSSecretsManagerProvider<C: Clock & Sendable>: Sendable
^
/Users/admin/builder/spi-builder-workspace/Sources/ConfigurationAWS/AWSSecretsManagerProvider.swift:40:60: error: 'Duration' is only available in watchOS 9.0 or newer
public init(vendor: AWSSecretsManagerVendor, cacheTTL: Duration = .seconds(300))
^
/Users/admin/builder/spi-builder-workspace/Sources/ConfigurationAWS/AWSSecretsManagerProvider.swift:40:12: note: add '@available' attribute to enclosing initializer
public init(vendor: AWSSecretsManagerVendor, cacheTTL: Duration = .seconds(300))
^
/Users/admin/builder/spi-builder-workspace/Sources/ConfigurationAWS/AWSSecretsManagerProvider.swift:14:20: note: add '@available' attribute to enclosing generic class
public final class _AWSSecretsManagerProvider<C: Clock & Sendable>: Sendable
^
/Users/admin/builder/spi-builder-workspace/Sources/ConfigurationAWS/AWSSecretsManagerProvider.swift:40:72: error: 'seconds' is only available in watchOS 9.0 or newer
public init(vendor: AWSSecretsManagerVendor, cacheTTL: Duration = .seconds(300))
^
/Users/admin/builder/spi-builder-workspace/Sources/ConfigurationAWS/AWSSecretsManagerProvider.swift:40:12: note: add '@available' attribute to enclosing initializer
public init(vendor: AWSSecretsManagerVendor, cacheTTL: Duration = .seconds(300))
^
/Users/admin/builder/spi-builder-workspace/Sources/ConfigurationAWS/AWSSecretsManagerProvider.swift:14:20: note: add '@available' attribute to enclosing generic class
public final class _AWSSecretsManagerProvider<C: Clock & Sendable>: Sendable
^
/Users/admin/builder/spi-builder-workspace/Sources/ConfigurationAWS/AWSSecretsManagerProvider.swift:60:31: error: 'ContinuousClock' is only available in watchOS 9.0 or newer
) async throws where C == ContinuousClock {
^
/Users/admin/builder/spi-builder-workspace/Sources/ConfigurationAWS/AWSSecretsManagerProvider.swift:55:12: note: add '@available' attribute to enclosing initializer
public init(
^
/Users/admin/builder/spi-builder-workspace/Sources/ConfigurationAWS/AWSSecretsManagerProvider.swift:14:20: note: add '@available' attribute to enclosing generic class
public final class _AWSSecretsManagerProvider<C: Clock & Sendable>: Sendable
^
/Users/admin/builder/spi-builder-workspace/Sources/ConfigurationAWS/AWSSecretsManagerProvider.swift:58:26: error: 'Duration' is only available in watchOS 9.0 or newer
pollingInterval: Duration? = nil,
^
/Users/admin/builder/spi-builder-workspace/Sources/ConfigurationAWS/AWSSecretsManagerProvider.swift:55:12: note: add '@available' attribute to enclosing initializer
public init(
^
/Users/admin/builder/spi-builder-workspace/Sources/ConfigurationAWS/AWSSecretsManagerProvider.swift:14:20: note: add '@available' attribute to enclosing generic class
public final class _AWSSecretsManagerProvider<C: Clock & Sendable>: Sendable
^
/Users/admin/builder/spi-builder-workspace/Sources/ConfigurationAWS/AWSSecretsManagerProvider.swift:59:19: error: 'Duration' is only available in watchOS 9.0 or newer
cacheTTL: Duration = .seconds(300)
^
/Users/admin/builder/spi-builder-workspace/Sources/ConfigurationAWS/AWSSecretsManagerProvider.swift:55:12: note: add '@available' attribute to enclosing initializer
public init(
^
/Users/admin/builder/spi-builder-workspace/Sources/ConfigurationAWS/AWSSecretsManagerProvider.swift:14:20: note: add '@available' attribute to enclosing generic class
public final class _AWSSecretsManagerProvider<C: Clock & Sendable>: Sendable
^
/Users/admin/builder/spi-builder-workspace/Sources/ConfigurationAWS/AWSSecretsManagerProvider.swift:59:31: error: 'seconds' is only available in watchOS 9.0 or newer
cacheTTL: Duration = .seconds(300)
^
/Users/admin/builder/spi-builder-workspace/Sources/ConfigurationAWS/AWSSecretsManagerProvider.swift:55:12: note: add '@available' attribute to enclosing initializer
public init(
^
/Users/admin/builder/spi-builder-workspace/Sources/ConfigurationAWS/AWSSecretsManagerProvider.swift:14:20: note: add '@available' attribute to enclosing generic class
public final class _AWSSecretsManagerProvider<C: Clock & Sendable>: Sendable
^
/Users/admin/builder/spi-builder-workspace/Sources/ConfigurationAWS/AWSSecretsManagerProvider.swift:84:26: error: 'Duration' is only available in watchOS 9.0 or newer
pollingInterval: Duration? = nil,
^
/Users/admin/builder/spi-builder-workspace/Sources/ConfigurationAWS/AWSSecretsManagerProvider.swift:80:5: note: add '@available' attribute to enclosing initializer
init(
^
/Users/admin/builder/spi-builder-workspace/Sources/ConfigurationAWS/AWSSecretsManagerProvider.swift:14:20: note: add '@available' attribute to enclosing generic class
public final class _AWSSecretsManagerProvider<C: Clock & Sendable>: Sendable
^
/Users/admin/builder/spi-builder-workspace/Sources/ConfigurationAWS/AWSSecretsManagerProvider.swift:85:19: error: 'Duration' is only available in watchOS 9.0 or newer
cacheTTL: Duration = .seconds(300)
^
/Users/admin/builder/spi-builder-workspace/Sources/ConfigurationAWS/AWSSecretsManagerProvider.swift:80:5: note: add '@available' attribute to enclosing initializer
init(
^
/Users/admin/builder/spi-builder-workspace/Sources/ConfigurationAWS/AWSSecretsManagerProvider.swift:14:20: note: add '@available' attribute to enclosing generic class
public final class _AWSSecretsManagerProvider<C: Clock & Sendable>: Sendable
^
/Users/admin/builder/spi-builder-workspace/Sources/ConfigurationAWS/AWSSecretsManagerProvider.swift:85:31: error: 'seconds' is only available in watchOS 9.0 or newer
cacheTTL: Duration = .seconds(300)
^
/Users/admin/builder/spi-builder-workspace/Sources/ConfigurationAWS/AWSSecretsManagerProvider.swift:80:5: note: add '@available' attribute to enclosing initializer
init(
^
/Users/admin/builder/spi-builder-workspace/Sources/ConfigurationAWS/AWSSecretsManagerProvider.swift:14:20: note: add '@available' attribute to enclosing generic class
public final class _AWSSecretsManagerProvider<C: Clock & Sendable>: Sendable
^
/Users/admin/builder/spi-builder-workspace/Sources/ConfigurationAWS/AWSSecretsManagerProvider.swift:14:50: error: 'Clock' is only available in watchOS 9.0 or newer
public final class _AWSSecretsManagerProvider<C: Clock & Sendable>: Sendable
^
/Users/admin/builder/spi-builder-workspace/Sources/ConfigurationAWS/AWSSecretsManagerProvider.swift:14:20: note: add '@available' attribute to enclosing generic class
public final class _AWSSecretsManagerProvider<C: Clock & Sendable>: Sendable
^
/Users/admin/builder/spi-builder-workspace/Sources/ConfigurationAWS/AWSSecretsManagerProvider.swift:15:25: error: 'Duration' is only available in watchOS 9.0 or newer
where C.Duration == Duration {
^
/Users/admin/builder/spi-builder-workspace/Sources/ConfigurationAWS/AWSSecretsManagerProvider.swift:14:20: note: add '@available' attribute to enclosing generic class
public final class _AWSSecretsManagerProvider<C: Clock & Sendable>: Sendable
^
/Users/admin/builder/spi-builder-workspace/Sources/ConfigurationAWS/AWSSecretsManagerProviderSnapshot.swift:20:35: error: 'AbsoluteConfigKey' is only available in watchOS 11.0 or newer
forKey key: Configuration.AbsoluteConfigKey,
^
/Users/admin/builder/spi-builder-workspace/Sources/ConfigurationAWS/AWSSecretsManagerProviderSnapshot.swift:19:17: note: add '@available' attribute to enclosing instance method
public func value(
^
/Users/admin/builder/spi-builder-workspace/Sources/ConfigurationAWS/AWSSecretsManagerProviderSnapshot.swift:10:15: note: add '@available' attribute to enclosing struct
public struct AWSSecretsManagerProviderSnapshot: ConfigSnapshot {
^
/Users/admin/builder/spi-builder-workspace/Sources/ConfigurationAWS/AWSSecretsManagerProviderSnapshot.swift:21:29: error: 'ConfigType' is only available in watchOS 11.0 or newer
type: Configuration.ConfigType
^
/Users/admin/builder/spi-builder-workspace/Sources/ConfigurationAWS/AWSSecretsManagerProviderSnapshot.swift:19:17: note: add '@available' attribute to enclosing instance method
public func value(
^
/Users/admin/builder/spi-builder-workspace/Sources/ConfigurationAWS/AWSSecretsManagerProviderSnapshot.swift:10:15: note: add '@available' attribute to enclosing struct
public struct AWSSecretsManagerProviderSnapshot: ConfigSnapshot {
^
/Users/admin/builder/spi-builder-workspace/Sources/ConfigurationAWS/AWSSecretsManagerProviderSnapshot.swift:22:31: error: 'LookupResult' is only available in watchOS 11.0 or newer
) throws -> Configuration.LookupResult {
^
/Users/admin/builder/spi-builder-workspace/Sources/ConfigurationAWS/AWSSecretsManagerProviderSnapshot.swift:19:17: note: add '@available' attribute to enclosing instance method
public func value(
^
/Users/admin/builder/spi-builder-workspace/Sources/ConfigurationAWS/AWSSecretsManagerProviderSnapshot.swift:10:15: note: add '@available' attribute to enclosing struct
public struct AWSSecretsManagerProviderSnapshot: ConfigSnapshot {
^
/Users/admin/builder/spi-builder-workspace/Sources/ConfigurationAWS/AWSSecretsManagerProviderSnapshot.swift:70:66: error: 'ConfigType' is only available in watchOS 11.0 or newer
private func convertToConfigContent(_ value: Sendable, type: ConfigType) -> ConfigContent? {
^
/Users/admin/builder/spi-builder-workspace/Sources/ConfigurationAWS/AWSSecretsManagerProviderSnapshot.swift:70:18: note: add '@available' attribute to enclosing instance method
private func convertToConfigContent(_ value: Sendable, type: ConfigType) -> ConfigContent? {
^
/Users/admin/builder/spi-builder-workspace/Sources/ConfigurationAWS/AWSSecretsManagerProviderSnapshot.swift:10:15: note: add '@available' attribute to enclosing struct
public struct AWSSecretsManagerProviderSnapshot: ConfigSnapshot {
^
/Users/admin/builder/spi-builder-workspace/Sources/ConfigurationAWS/AWSSecretsManagerProviderSnapshot.swift:70:81: error: 'ConfigContent' is only available in watchOS 11.0 or newer
private func convertToConfigContent(_ value: Sendable, type: ConfigType) -> ConfigContent? {
^
/Users/admin/builder/spi-builder-workspace/Sources/ConfigurationAWS/AWSSecretsManagerProviderSnapshot.swift:70:18: note: add '@available' attribute to enclosing instance method
private func convertToConfigContent(_ value: Sendable, type: ConfigType) -> ConfigContent? {
^
/Users/admin/builder/spi-builder-workspace/Sources/ConfigurationAWS/AWSSecretsManagerProviderSnapshot.swift:10:15: note: add '@available' attribute to enclosing struct
public struct AWSSecretsManagerProviderSnapshot: ConfigSnapshot {
^
/Users/admin/builder/spi-builder-workspace/Sources/ConfigurationAWS/AWSSecretsManagerProviderSnapshot.swift:113:15: error: 'ConfigType' is only available in watchOS 11.0 or newer
type: ConfigType
^
/Users/admin/builder/spi-builder-workspace/Sources/ConfigurationAWS/AWSSecretsManagerProviderSnapshot.swift:110:18: note: add '@available' attribute to enclosing instance method
private func extractConfigContent(
^
/Users/admin/builder/spi-builder-workspace/Sources/ConfigurationAWS/AWSSecretsManagerProviderSnapshot.swift:10:15: note: add '@available' attribute to enclosing struct
public struct AWSSecretsManagerProviderSnapshot: ConfigSnapshot {
^
/Users/admin/builder/spi-builder-workspace/Sources/ConfigurationAWS/AWSSecretsManagerProviderSnapshot.swift:114:10: error: 'ConfigContent' is only available in watchOS 11.0 or newer
) -> ConfigContent? {
^
/Users/admin/builder/spi-builder-workspace/Sources/ConfigurationAWS/AWSSecretsManagerProviderSnapshot.swift:110:18: note: add '@available' attribute to enclosing instance method
private func extractConfigContent(
^
/Users/admin/builder/spi-builder-workspace/Sources/ConfigurationAWS/AWSSecretsManagerProviderSnapshot.swift:10:15: note: add '@available' attribute to enclosing struct
public struct AWSSecretsManagerProviderSnapshot: ConfigSnapshot {
^
Failed frontend command:
/Applications/Xcode-26.3.0.app/Contents/Developer/Toolchains/XcodeDefault.xctoolchain/usr/bin/swift-frontend -frontend -emit-module -experimental-skip-non-inlinable-function-bodies-without-types /Users/admin/builder/spi-builder-workspace/Sources/ConfigurationAWS/AWSSecretsManagerProvider+ConfigProvider.swift /Users/admin/builder/spi-builder-workspace/Sources/ConfigurationAWS/AWSSecretsManagerProvider+ServiceLifecycle.swift /Users/admin/builder/spi-builder-workspace/Sources/ConfigurationAWS/AWSSecretsManagerProvider+Soto.swift /Users/admin/builder/spi-builder-workspace/Sources/ConfigurationAWS/AWSSecretsManagerProvider+Watching.swift /Users/admin/builder/spi-builder-workspace/Sources/ConfigurationAWS/AWSSecretsManagerProvider.swift /Users/admin/builder/spi-builder-workspace/Sources/ConfigurationAWS/AWSSecretsManagerProviderSnapshot.swift /Users/admin/builder/spi-builder-workspace/Sources/ConfigurationAWS/AWSSecretsManagerVendor.swift -target arm64-apple-watchos5.0 -load-resolved-plugin /Applications/Xcode-26.3.0.app/Contents/Developer/Platforms/WatchOS.platform/Developer/usr/lib/swift/host/plugins/libFoundationMacros.dylib\#/Applications/Xcode-26.3.0.app/Contents/Developer/Platforms/WatchOS.platform/Developer/usr/bin/swift-plugin-server\#FoundationMacros -load-resolved-plugin /Applications/Xcode-26.3.0.app/Contents/Developer/Platforms/WatchOS.platform/Developer/usr/lib/swift/host/plugins/libObservationMacros.dylib\#/Applications/Xcode-26.3.0.app/Contents/Developer/Platforms/WatchOS.platform/Developer/usr/bin/swift-plugin-server\#ObservationMacros -load-resolved-plugin /Applications/Xcode-26.3.0.app/Contents/Developer/Platforms/WatchOS.platform/Developer/usr/lib/swift/host/plugins/libSwiftMacros.dylib\#/Applications/Xcode-26.3.0.app/Contents/Developer/Platforms/WatchOS.platform/Developer/usr/bin/swift-plugin-server\#SwiftMacros -disable-implicit-swift-modules -Xcc -fno-implicit-modules -Xcc -fno-implicit-module-maps -explicit-swift-module-map-file /Users/admin/builder/spi-builder-workspace/.derivedData/Build/Intermediates.noindex/swift-configuration-aws.build/Debug-watchos/ConfigurationAWS.build/Objects-normal/arm64/ConfigurationAWS-dependencies-2.json -Xllvm -aarch64-use-tbi -enable-objc-interop -sdk /Applications/Xcode-26.3.0.app/Contents/Developer/Platforms/WatchOS.platform/Developer/SDKs/WatchOS26.2.sdk -I /Users/admin/builder/spi-builder-workspace/.derivedData/Build/Products/Debug-watchos -Isystem /Applications/Xcode-26.3.0.app/Contents/Developer/Platforms/WatchOS.platform/Developer/usr/lib -F /Users/admin/builder/spi-builder-workspace/.derivedData/Build/Products/Debug-watchos/PackageFrameworks -F /Users/admin/builder/spi-builder-workspace/.derivedData/Build/Products/Debug-watchos/PackageFrameworks -F /Users/admin/builder/spi-builder-workspace/.derivedData/Build/Products/Debug-watchos/PackageFrameworks -F /Users/admin/builder/spi-builder-workspace/.derivedData/Build/Products/Debug-watchos/PackageFrameworks -F /Users/admin/builder/spi-builder-workspace/.derivedData/Build/Products/Debug-watchos/PackageFrameworks -F /Users/admin/builder/spi-builder-workspace/.derivedData/Build/Products/Debug-watchos/PackageFrameworks -F /Users/admin/builder/spi-builder-workspace/.derivedData/Build/Products/Debug-watchos/PackageFrameworks -F /Users/admin/builder/spi-builder-workspace/.derivedData/Build/Products/Debug-watchos/PackageFrameworks -F /Users/admin/builder/spi-builder-workspace/.derivedData/Build/Products/Debug-watchos/PackageFrameworks -F /Users/admin/builder/spi-builder-workspace/.derivedData/Build/Products/Debug-watchos/PackageFrameworks -F /Users/admin/builder/spi-builder-workspace/.derivedData/Build/Products/Debug-watchos/PackageFrameworks -F /Users/admin/builder/spi-builder-workspace/.derivedData/Build/Products/Debug-watchos/PackageFrameworks -F /Users/admin/builder/spi-builder-workspace/.derivedData/Build/Products/Debug-watchos -F /Applications/Xcode-26.3.0.app/Contents/Developer/Platforms/WatchOS.platform/Developer/Library/Frameworks -F /Applications/Xcode-26.3.0.app/Contents/Developer/Platforms/WatchOS.platform/Developer/SDKs/WatchOS26.2.sdk/Developer/Library/Frameworks -no-color-diagnostics -Xcc -fno-color-diagnostics -enable-testing -g -debug-info-format\=dwarf -dwarf-version\=4 -module-cache-path /Users/admin/builder/spi-builder-workspace/.derivedData/Build/Intermediates.noindex/SwiftExplicitPrecompiledModules -profile-generate -profile-coverage-mapping -swift-version 6 -enforce-exclusivity\=checked -Onone -D SWIFT_PACKAGE -D DEBUG -D SWIFT_MODULE_RESOURCE_BUNDLE_UNAVAILABLE -D Xcode -serialize-debugging-options -const-gather-protocols-file /Users/admin/builder/spi-builder-workspace/.derivedData/Build/Intermediates.noindex/swift-configuration-aws.build/Debug-watchos/ConfigurationAWS.build/Objects-normal/arm64/ConfigurationAWS_const_extract_protocols.json -enable-experimental-feature DebugDescriptionMacro -empty-abi-descriptor -validate-clang-modules-once -clang-build-session-file /Users/admin/builder/spi-builder-workspace/.derivedData/ModuleCache.noindex/Session.modulevalidation -Xcc -working-directory -Xcc /Users/admin/builder/spi-builder-workspace/.swiftpm/xcode -enable-anonymous-context-mangled-names -file-compilation-dir /Users/admin/builder/spi-builder-workspace/.swiftpm/xcode -Xcc -D_LIBCPP_HARDENING_MODE\=_LIBCPP_HARDENING_MODE_DEBUG -Xcc -ivfsstatcache -Xcc /Users/admin/builder/spi-builder-workspace/.derivedData/SDKStatCaches.noindex/watchos26.2-23S303-dc75598d0054f22ec865fa860f139d721753b489057de6bda919edfa1c59a62b.sdkstatcache -Xcc -I/Users/admin/builder/spi-builder-workspace/.derivedData/Build/Intermediates.noindex/swift-configuration-aws.build/Debug-watchos/ConfigurationAWS.build/swift-overrides.hmap -Xcc -I/Users/admin/builder/spi-builder-workspace/.dependencies/checkouts/swift-system/Sources/CSystem/include -Xcc -I/Users/admin/builder/spi-builder-workspace/.derivedData/Build/Products/Debug-watchos/include -Xcc -I/Users/admin/builder/spi-builder-workspace/.derivedData/Build/Intermediates.noindex/swift-configuration-aws.build/Debug-watchos/ConfigurationAWS.build/DerivedSources-normal/arm64 -Xcc -I/Users/admin/builder/spi-builder-workspace/.derivedData/Build/Intermediates.noindex/swift-configuration-aws.build/Debug-watchos/ConfigurationAWS.build/DerivedSources/arm64 -Xcc -I/Users/admin/builder/spi-builder-workspace/.derivedData/Build/Intermediates.noindex/swift-configuration-aws.build/Debug-watchos/ConfigurationAWS.build/DerivedSources -Xcc -DSWIFT_PACKAGE -Xcc -DDEBUG\=1 -no-auto-bridging-header-chaining -module-name ConfigurationAWS -package-name spi_builder_workspace -frontend-parseable-output -disable-clang-spi -target-sdk-version 26.2 -target-sdk-name watchos26.2 -clang-target arm64-apple-watchos26.2 -in-process-plugin-server-path /Applications/Xcode-26.3.0.app/Contents/Developer/Toolchains/XcodeDefault.xctoolchain/usr/lib/swift/host/libSwiftInProcPluginServer.dylib -emit-module-doc-path /Users/admin/builder/spi-builder-workspace/.derivedData/Build/Intermediates.noindex/swift-configuration-aws.build/Debug-watchos/ConfigurationAWS.build/Objects-normal/arm64/ConfigurationAWS.swiftdoc -emit-module-source-info-path /Users/admin/builder/spi-builder-workspace/.derivedData/Build/Intermediates.noindex/swift-configuration-aws.build/Debug-watchos/ConfigurationAWS.build/Objects-normal/arm64/ConfigurationAWS.swiftsourceinfo -emit-objc-header-path /Users/admin/builder/spi-builder-workspace/.derivedData/Build/Intermediates.noindex/swift-configuration-aws.build/Debug-watchos/ConfigurationAWS.build/Objects-normal/arm64/ConfigurationAWS-Swift.h -serialize-diagnostics-path /Users/admin/builder/spi-builder-workspace/.derivedData/Build/Intermediates.noindex/swift-configuration-aws.build/Debug-watchos/ConfigurationAWS.build/Objects-normal/arm64/ConfigurationAWS-primary-emit-module.dia -emit-dependencies-path /Users/admin/builder/spi-builder-workspace/.derivedData/Build/Intermediates.noindex/swift-configuration-aws.build/Debug-watchos/ConfigurationAWS.build/Objects-normal/arm64/ConfigurationAWS-primary-emit-module.d -o /Users/admin/builder/spi-builder-workspace/.derivedData/Build/Intermediates.noindex/swift-configuration-aws.build/Debug-watchos/ConfigurationAWS.build/Objects-normal/arm64/ConfigurationAWS.swiftmodule -emit-abi-descriptor-path /Users/admin/builder/spi-builder-workspace/.derivedData/Build/Intermediates.noindex/swift-configuration-aws.build/Debug-watchos/ConfigurationAWS.build/Objects-normal/arm64/ConfigurationAWS.abi.json
SwiftCompile normal arm64 Compiling\ AWSSecretsManagerProviderSnapshot.swift /Users/admin/builder/spi-builder-workspace/Sources/ConfigurationAWS/AWSSecretsManagerProviderSnapshot.swift (in target 'ConfigurationAWS' from project 'swift-configuration-aws')
SwiftCompile normal arm64 /Users/admin/builder/spi-builder-workspace/Sources/ConfigurationAWS/AWSSecretsManagerProviderSnapshot.swift (in target 'ConfigurationAWS' from project 'swift-configuration-aws')
cd /Users/admin/builder/spi-builder-workspace/.swiftpm/xcode
SwiftCompile normal arm64 Compiling\ AWSSecretsManagerProvider+ConfigProvider.swift /Users/admin/builder/spi-builder-workspace/Sources/ConfigurationAWS/AWSSecretsManagerProvider+ConfigProvider.swift (in target 'ConfigurationAWS' from project 'swift-configuration-aws')
SwiftCompile normal arm64 /Users/admin/builder/spi-builder-workspace/Sources/ConfigurationAWS/AWSSecretsManagerProvider+ConfigProvider.swift (in target 'ConfigurationAWS' from project 'swift-configuration-aws')
cd /Users/admin/builder/spi-builder-workspace/.swiftpm/xcode
SwiftCompile normal arm64 Compiling\ AWSSecretsManagerVendor.swift /Users/admin/builder/spi-builder-workspace/Sources/ConfigurationAWS/AWSSecretsManagerVendor.swift (in target 'ConfigurationAWS' from project 'swift-configuration-aws')
SwiftCompile normal arm64 /Users/admin/builder/spi-builder-workspace/Sources/ConfigurationAWS/AWSSecretsManagerVendor.swift (in target 'ConfigurationAWS' from project 'swift-configuration-aws')
cd /Users/admin/builder/spi-builder-workspace/.swiftpm/xcode
SwiftCompile normal arm64 Compiling\ AWSSecretsManagerProvider+Soto.swift /Users/admin/builder/spi-builder-workspace/Sources/ConfigurationAWS/AWSSecretsManagerProvider+Soto.swift (in target 'ConfigurationAWS' from project 'swift-configuration-aws')
SwiftCompile normal arm64 /Users/admin/builder/spi-builder-workspace/Sources/ConfigurationAWS/AWSSecretsManagerProvider+Soto.swift (in target 'ConfigurationAWS' from project 'swift-configuration-aws')
cd /Users/admin/builder/spi-builder-workspace/.swiftpm/xcode
SwiftCompile normal arm64 Compiling\ AWSSecretsManagerProvider.swift /Users/admin/builder/spi-builder-workspace/Sources/ConfigurationAWS/AWSSecretsManagerProvider.swift (in target 'ConfigurationAWS' from project 'swift-configuration-aws')
SwiftCompile normal arm64 /Users/admin/builder/spi-builder-workspace/Sources/ConfigurationAWS/AWSSecretsManagerProvider.swift (in target 'ConfigurationAWS' from project 'swift-configuration-aws')
cd /Users/admin/builder/spi-builder-workspace/.swiftpm/xcode
SwiftCompile normal arm64 Compiling\ AWSSecretsManagerProvider+Watching.swift /Users/admin/builder/spi-builder-workspace/Sources/ConfigurationAWS/AWSSecretsManagerProvider+Watching.swift (in target 'ConfigurationAWS' from project 'swift-configuration-aws')
SwiftCompile normal arm64 /Users/admin/builder/spi-builder-workspace/Sources/ConfigurationAWS/AWSSecretsManagerProvider+Watching.swift (in target 'ConfigurationAWS' from project 'swift-configuration-aws')
cd /Users/admin/builder/spi-builder-workspace/.swiftpm/xcode
SwiftEmitModule normal arm64_32 Emitting\ module\ for\ ConfigurationAWS (in target 'ConfigurationAWS' from project 'swift-configuration-aws')
EmitSwiftModule normal arm64_32 (in target 'ConfigurationAWS' from project 'swift-configuration-aws')
cd /Users/admin/builder/spi-builder-workspace/.swiftpm/xcode
SwiftEmitModule normal armv7k Emitting\ module\ for\ ConfigurationAWS (in target 'ConfigurationAWS' from project 'swift-configuration-aws')
EmitSwiftModule normal armv7k (in target 'ConfigurationAWS' from project 'swift-configuration-aws')
cd /Users/admin/builder/spi-builder-workspace/.swiftpm/xcode
SwiftCompile normal armv7k Compiling\ AWSSecretsManagerProvider+Soto.swift /Users/admin/builder/spi-builder-workspace/Sources/ConfigurationAWS/AWSSecretsManagerProvider+Soto.swift (in target 'ConfigurationAWS' from project 'swift-configuration-aws')
CreateUniversalBinary /Users/admin/builder/spi-builder-workspace/.derivedData/Build/Products/Debug-watchos/ServiceLifecycle.o normal arm64\ armv7k\ arm64_32 (in target 'ServiceLifecycle' from project 'swift-service-lifecycle')
cd /Users/admin/builder/spi-builder-workspace/.dependencies/checkouts/swift-service-lifecycle
/Applications/Xcode-26.3.0.app/Contents/Developer/Toolchains/XcodeDefault.xctoolchain/usr/bin/lipo -create /Users/admin/builder/spi-builder-workspace/.derivedData/Build/Intermediates.noindex/swift-service-lifecycle.build/Debug-watchos/ServiceLifecycle.build/Objects-normal/arm64/Binary/ServiceLifecycle.o /Users/admin/builder/spi-builder-workspace/.derivedData/Build/Intermediates.noindex/swift-service-lifecycle.build/Debug-watchos/ServiceLifecycle.build/Objects-normal/armv7k/Binary/ServiceLifecycle.o /Users/admin/builder/spi-builder-workspace/.derivedData/Build/Intermediates.noindex/swift-service-lifecycle.build/Debug-watchos/ServiceLifecycle.build/Objects-normal/arm64_32/Binary/ServiceLifecycle.o -output /Users/admin/builder/spi-builder-workspace/.derivedData/Build/Products/Debug-watchos/ServiceLifecycle.o
SwiftDriverJobDiscovery normal arm64 Compiling AWSSecretsManagerVendor.swift (in target 'ConfigurationAWS' from project 'swift-configuration-aws')
SwiftCompile normal armv7k Compiling\ AWSSecretsManagerProviderSnapshot.swift /Users/admin/builder/spi-builder-workspace/Sources/ConfigurationAWS/AWSSecretsManagerProviderSnapshot.swift (in target 'ConfigurationAWS' from project 'swift-configuration-aws')
SwiftDriverJobDiscovery normal arm64 Compiling AWSSecretsManagerProvider+Soto.swift (in target 'ConfigurationAWS' from project 'swift-configuration-aws')
2026-06-29 12:13:07.120 xcodebuild[1626:9185] [MT] IDERunDestination: Supported platforms for the buildables in the current scheme is empty.
** BUILD FAILED **
The following build commands failed:
SwiftCompile normal arm64 /Users/admin/builder/spi-builder-workspace/Sources/ConfigurationAWS/AWSSecretsManagerProvider+ServiceLifecycle.swift (in target 'ConfigurationAWS' from project 'swift-configuration-aws')
SwiftCompile normal arm64 Compiling\ AWSSecretsManagerProvider+ServiceLifecycle.swift /Users/admin/builder/spi-builder-workspace/Sources/ConfigurationAWS/AWSSecretsManagerProvider+ServiceLifecycle.swift (in target 'ConfigurationAWS' from project 'swift-configuration-aws')
EmitSwiftModule normal arm64 (in target 'ConfigurationAWS' from project 'swift-configuration-aws')
SwiftEmitModule normal arm64 Emitting\ module\ for\ ConfigurationAWS (in target 'ConfigurationAWS' from project 'swift-configuration-aws')
Building workspace spi-builder-workspace with scheme swift-configuration-aws
(5 failures)
BUILD FAILURE 6.2 watchOS