Build Information
Failed to build swift-zip-archive, reference main (e3f1bc), with Swift 6.4 for watchOS using Xcode 27.0 on 10 Oct 2026 04:56:27 UTC.
Build Command
env DEVELOPER_DIR=/Applications/Xcode-27.0.0-Release.Candidate.app xcrun xcodebuild -IDEClonedSourcePackagesDirPathOverride=$PWD/.dependencies -skipMacroValidation -skipPackagePluginValidation -derivedDataPath $PWD/.derivedData build -scheme swift-zip-archive -destination generic/platform=watchOSBuild Log
SwiftCompile normal arm64 /Users/admin/builder/spi-builder-workspace/.dependencies/checkouts/swift-system/Sources/System/FilePath/FilePathTempPosix.swift (in target 'SystemPackage' from project 'swift-system')
cd /Users/admin/builder/spi-builder-workspace/.swiftpm/xcode
builtin-SwiftPerFileCompile FilePathTempPosix.swift
SwiftCompile normal arm64 /Users/admin/builder/spi-builder-workspace/.dependencies/checkouts/swift-system/Sources/System/FilePath/FilePathTempWindows.swift (in target 'SystemPackage' from project 'swift-system')
cd /Users/admin/builder/spi-builder-workspace/.swiftpm/xcode
builtin-SwiftPerFileCompile FilePathTempWindows.swift
SwiftCompile normal arm64 /Users/admin/builder/spi-builder-workspace/.dependencies/checkouts/swift-system/Sources/System/FilePath/FilePathWindows.swift (in target 'SystemPackage' from project 'swift-system')
cd /Users/admin/builder/spi-builder-workspace/.swiftpm/xcode
builtin-SwiftPerFileCompile FilePathWindows.swift
SwiftCompile normal arm64 /Users/admin/builder/spi-builder-workspace/.dependencies/checkouts/swift-system/Sources/System/FilePermissions.swift (in target 'SystemPackage' from project 'swift-system')
cd /Users/admin/builder/spi-builder-workspace/.swiftpm/xcode
builtin-SwiftPerFileCompile FilePermissions.swift
SwiftCompile normal arm64 Compiling\ FileFlags.swift,\ FileMode.swift,\ FileType.swift,\ Identifiers.swift /Users/admin/builder/spi-builder-workspace/.dependencies/checkouts/swift-system/Sources/System/FileSystem/FileFlags.swift /Users/admin/builder/spi-builder-workspace/.dependencies/checkouts/swift-system/Sources/System/FileSystem/FileMode.swift /Users/admin/builder/spi-builder-workspace/.dependencies/checkouts/swift-system/Sources/System/FileSystem/FileType.swift /Users/admin/builder/spi-builder-workspace/.dependencies/checkouts/swift-system/Sources/System/FileSystem/Identifiers.swift (in target 'SystemPackage' from project 'swift-system')
SwiftCompile normal arm64 /Users/admin/builder/spi-builder-workspace/.dependencies/checkouts/swift-system/Sources/System/FileSystem/FileFlags.swift (in target 'SystemPackage' from project 'swift-system')
cd /Users/admin/builder/spi-builder-workspace/.swiftpm/xcode
builtin-SwiftPerFileCompile FileFlags.swift
SwiftCompile normal arm64 /Users/admin/builder/spi-builder-workspace/.dependencies/checkouts/swift-system/Sources/System/FileSystem/FileMode.swift (in target 'SystemPackage' from project 'swift-system')
cd /Users/admin/builder/spi-builder-workspace/.swiftpm/xcode
builtin-SwiftPerFileCompile FileMode.swift
SwiftCompile normal arm64 /Users/admin/builder/spi-builder-workspace/.dependencies/checkouts/swift-system/Sources/System/FileSystem/FileType.swift (in target 'SystemPackage' from project 'swift-system')
cd /Users/admin/builder/spi-builder-workspace/.swiftpm/xcode
builtin-SwiftPerFileCompile FileType.swift
SwiftCompile normal arm64 /Users/admin/builder/spi-builder-workspace/.dependencies/checkouts/swift-system/Sources/System/FileSystem/Identifiers.swift (in target 'SystemPackage' from project 'swift-system')
cd /Users/admin/builder/spi-builder-workspace/.swiftpm/xcode
builtin-SwiftPerFileCompile Identifiers.swift
SwiftCompile normal arm64 Compiling\ FileOperations.swift,\ FilePath.swift,\ FilePathComponentView.swift,\ FilePathComponents.swift /Users/admin/builder/spi-builder-workspace/.dependencies/checkouts/swift-system/Sources/System/FileOperations.swift /Users/admin/builder/spi-builder-workspace/.dependencies/checkouts/swift-system/Sources/System/FilePath/FilePath.swift /Users/admin/builder/spi-builder-workspace/.dependencies/checkouts/swift-system/Sources/System/FilePath/FilePathComponentView.swift /Users/admin/builder/spi-builder-workspace/.dependencies/checkouts/swift-system/Sources/System/FilePath/FilePathComponents.swift (in target 'SystemPackage' from project 'swift-system')
SwiftCompile normal arm64 /Users/admin/builder/spi-builder-workspace/.dependencies/checkouts/swift-system/Sources/System/FileOperations.swift (in target 'SystemPackage' from project 'swift-system')
cd /Users/admin/builder/spi-builder-workspace/.swiftpm/xcode
builtin-SwiftPerFileCompile FileOperations.swift
SwiftCompile normal arm64 /Users/admin/builder/spi-builder-workspace/.dependencies/checkouts/swift-system/Sources/System/FilePath/FilePath.swift (in target 'SystemPackage' from project 'swift-system')
cd /Users/admin/builder/spi-builder-workspace/.swiftpm/xcode
builtin-SwiftPerFileCompile FilePath.swift
SwiftCompile normal arm64 /Users/admin/builder/spi-builder-workspace/.dependencies/checkouts/swift-system/Sources/System/FilePath/FilePathComponentView.swift (in target 'SystemPackage' from project 'swift-system')
cd /Users/admin/builder/spi-builder-workspace/.swiftpm/xcode
builtin-SwiftPerFileCompile FilePathComponentView.swift
SwiftCompile normal arm64 /Users/admin/builder/spi-builder-workspace/.dependencies/checkouts/swift-system/Sources/System/FilePath/FilePathComponents.swift (in target 'SystemPackage' from project 'swift-system')
cd /Users/admin/builder/spi-builder-workspace/.swiftpm/xcode
builtin-SwiftPerFileCompile FilePathComponents.swift
SwiftCompile normal arm64 Compiling\ Errno.swift,\ ErrnoWindows.swift,\ FileDescriptor.swift,\ FileHelpers.swift /Users/admin/builder/spi-builder-workspace/.dependencies/checkouts/swift-system/Sources/System/Errno.swift /Users/admin/builder/spi-builder-workspace/.dependencies/checkouts/swift-system/Sources/System/ErrnoWindows.swift /Users/admin/builder/spi-builder-workspace/.dependencies/checkouts/swift-system/Sources/System/FileDescriptor.swift /Users/admin/builder/spi-builder-workspace/.dependencies/checkouts/swift-system/Sources/System/FileHelpers.swift (in target 'SystemPackage' from project 'swift-system')
SwiftCompile normal arm64 /Users/admin/builder/spi-builder-workspace/.dependencies/checkouts/swift-system/Sources/System/Errno.swift (in target 'SystemPackage' from project 'swift-system')
cd /Users/admin/builder/spi-builder-workspace/.swiftpm/xcode
builtin-SwiftPerFileCompile Errno.swift
SwiftCompile normal arm64 /Users/admin/builder/spi-builder-workspace/.dependencies/checkouts/swift-system/Sources/System/ErrnoWindows.swift (in target 'SystemPackage' from project 'swift-system')
cd /Users/admin/builder/spi-builder-workspace/.swiftpm/xcode
builtin-SwiftPerFileCompile ErrnoWindows.swift
SwiftCompile normal arm64 /Users/admin/builder/spi-builder-workspace/.dependencies/checkouts/swift-system/Sources/System/FileDescriptor.swift (in target 'SystemPackage' from project 'swift-system')
cd /Users/admin/builder/spi-builder-workspace/.swiftpm/xcode
builtin-SwiftPerFileCompile FileDescriptor.swift
SwiftCompile normal arm64 /Users/admin/builder/spi-builder-workspace/.dependencies/checkouts/swift-system/Sources/System/FileHelpers.swift (in target 'SystemPackage' from project 'swift-system')
cd /Users/admin/builder/spi-builder-workspace/.swiftpm/xcode
builtin-SwiftPerFileCompile FileHelpers.swift
SwiftEmitModule normal arm64_32 Emitting\ module\ for\ SystemPackage (in target 'SystemPackage' from project 'swift-system')
SwiftCompile normal arm64_32 (in target 'SystemPackage' from project 'swift-system')
cd /Users/admin/builder/spi-builder-workspace/.swiftpm/xcode
SwiftDriverJobDiscovery normal arm64 Compiling FileFlags.swift, FileMode.swift, FileType.swift, Identifiers.swift (in target 'SystemPackage' from project 'swift-system')
SwiftCompile normal arm64_32 Compiling\ FilePathTempPosix.swift,\ FilePathTempWindows.swift,\ FilePathWindows.swift,\ FilePermissions.swift /Users/admin/builder/spi-builder-workspace/.dependencies/checkouts/swift-system/Sources/System/FilePath/FilePathTempPosix.swift /Users/admin/builder/spi-builder-workspace/.dependencies/checkouts/swift-system/Sources/System/FilePath/FilePathTempWindows.swift /Users/admin/builder/spi-builder-workspace/.dependencies/checkouts/swift-system/Sources/System/FilePath/FilePathWindows.swift /Users/admin/builder/spi-builder-workspace/.dependencies/checkouts/swift-system/Sources/System/FilePermissions.swift (in target 'SystemPackage' from project 'swift-system')
SwiftCompile normal arm64_32 /Users/admin/builder/spi-builder-workspace/.dependencies/checkouts/swift-system/Sources/System/FilePath/FilePathTempPosix.swift (in target 'SystemPackage' from project 'swift-system')
cd /Users/admin/builder/spi-builder-workspace/.swiftpm/xcode
builtin-SwiftPerFileCompile FilePathTempPosix.swift
SwiftCompile normal arm64_32 /Users/admin/builder/spi-builder-workspace/.dependencies/checkouts/swift-system/Sources/System/FilePath/FilePathTempWindows.swift (in target 'SystemPackage' from project 'swift-system')
cd /Users/admin/builder/spi-builder-workspace/.swiftpm/xcode
builtin-SwiftPerFileCompile FilePathTempWindows.swift
SwiftCompile normal arm64_32 /Users/admin/builder/spi-builder-workspace/.dependencies/checkouts/swift-system/Sources/System/FilePath/FilePathWindows.swift (in target 'SystemPackage' from project 'swift-system')
cd /Users/admin/builder/spi-builder-workspace/.swiftpm/xcode
builtin-SwiftPerFileCompile FilePathWindows.swift
SwiftCompile normal arm64_32 /Users/admin/builder/spi-builder-workspace/.dependencies/checkouts/swift-system/Sources/System/FilePermissions.swift (in target 'SystemPackage' from project 'swift-system')
cd /Users/admin/builder/spi-builder-workspace/.swiftpm/xcode
builtin-SwiftPerFileCompile FilePermissions.swift
SwiftDriverJobDiscovery normal arm64 Compiling Util.swift, UtilConsumers.swift, WinSDK+Overlay.swift (in target 'SystemPackage' from project 'swift-system')
SwiftCompile normal arm64_32 Compiling\ FileOperations.swift,\ FilePath.swift,\ FilePathComponentView.swift,\ FilePathComponents.swift /Users/admin/builder/spi-builder-workspace/.dependencies/checkouts/swift-system/Sources/System/FileOperations.swift /Users/admin/builder/spi-builder-workspace/.dependencies/checkouts/swift-system/Sources/System/FilePath/FilePath.swift /Users/admin/builder/spi-builder-workspace/.dependencies/checkouts/swift-system/Sources/System/FilePath/FilePathComponentView.swift /Users/admin/builder/spi-builder-workspace/.dependencies/checkouts/swift-system/Sources/System/FilePath/FilePathComponents.swift (in target 'SystemPackage' from project 'swift-system')
SwiftCompile normal arm64_32 /Users/admin/builder/spi-builder-workspace/.dependencies/checkouts/swift-system/Sources/System/FileOperations.swift (in target 'SystemPackage' from project 'swift-system')
cd /Users/admin/builder/spi-builder-workspace/.swiftpm/xcode
builtin-SwiftPerFileCompile FileOperations.swift
SwiftCompile normal arm64_32 /Users/admin/builder/spi-builder-workspace/.dependencies/checkouts/swift-system/Sources/System/FilePath/FilePath.swift (in target 'SystemPackage' from project 'swift-system')
cd /Users/admin/builder/spi-builder-workspace/.swiftpm/xcode
builtin-SwiftPerFileCompile FilePath.swift
SwiftCompile normal arm64_32 /Users/admin/builder/spi-builder-workspace/.dependencies/checkouts/swift-system/Sources/System/FilePath/FilePathComponentView.swift (in target 'SystemPackage' from project 'swift-system')
cd /Users/admin/builder/spi-builder-workspace/.swiftpm/xcode
builtin-SwiftPerFileCompile FilePathComponentView.swift
SwiftCompile normal arm64_32 /Users/admin/builder/spi-builder-workspace/.dependencies/checkouts/swift-system/Sources/System/FilePath/FilePathComponents.swift (in target 'SystemPackage' from project 'swift-system')
cd /Users/admin/builder/spi-builder-workspace/.swiftpm/xcode
builtin-SwiftPerFileCompile FilePathComponents.swift
SwiftDriverJobDiscovery normal arm64 Emitting module for SystemPackage (in target 'SystemPackage' from project 'swift-system')
SwiftDriver\ Compilation\ Requirements SystemPackage normal arm64 com.apple.xcode.tools.swift.compiler (in target 'SystemPackage' from project 'swift-system')
cd /Users/admin/builder/spi-builder-workspace/.swiftpm/xcode
builtin-Swift-Compilation-Requirements -- /Applications/Xcode-27.0.0.app/Contents/Developer/Toolchains/XcodeDefault.xctoolchain/usr/bin/swiftc -parse-as-library -module-name SystemPackage -Onone @/Users/admin/builder/spi-builder-workspace/.derivedData/Build/Intermediates.noindex/swift-system.build/Debug-watchos/SystemPackage-t.build/Objects-normal/arm64/SystemPackage.SwiftFileList -DSWIFT_PACKAGE -DDEBUG -DSWIFT_MODULE_RESOURCE_BUNDLE_UNAVAILABLE -DSYSTEM_PACKAGE -DENABLE_MOCKING -DSYSTEM_PACKAGE_DARWIN -Xcc -fmodule-map-file\=/Users/admin/builder/spi-builder-workspace/.dependencies/checkouts/swift-system/Sources/CSystem/include/module.modulemap -DXcode -enable-experimental-feature AvailabilityMacro\=System\ 0.0.1:macOS\ 10.10,\ iOS\ 8.0,\ watchOS\ 2.0,\ tvOS\ 9.0,\ visionOS\ 1.0 -enable-experimental-feature AvailabilityMacro\=System\ 0.0.2:macOS\ 10.10,\ iOS\ 8.0,\ watchOS\ 2.0,\ tvOS\ 9.0,\ visionOS\ 1.0 -enable-experimental-feature AvailabilityMacro\=System\ 0.0.3:macOS\ 10.10,\ iOS\ 8.0,\ watchOS\ 2.0,\ tvOS\ 9.0,\ visionOS\ 1.0 -enable-experimental-feature AvailabilityMacro\=System\ 1.1.0:macOS\ 10.10,\ iOS\ 8.0,\ watchOS\ 2.0,\ tvOS\ 9.0,\ visionOS\ 1.0 -enable-experimental-feature AvailabilityMacro\=System\ 1.1.1:macOS\ 10.10,\ iOS\ 8.0,\ watchOS\ 2.0,\ tvOS\ 9.0,\ visionOS\ 1.0 -enable-experimental-feature AvailabilityMacro\=System\ 1.2.0:macOS\ 10.10,\ iOS\ 8.0,\ watchOS\ 2.0,\ tvOS\ 9.0,\ visionOS\ 1.0 -enable-experimental-feature AvailabilityMacro\=System\ 1.2.1:macOS\ 10.10,\ iOS\ 8.0,\ watchOS\ 2.0,\ tvOS\ 9.0,\ visionOS\ 1.0 -enable-experimental-feature AvailabilityMacro\=System\ 1.3.0:macOS\ 10.10,\ iOS\ 8.0,\ watchOS\ 2.0,\ tvOS\ 9.0,\ visionOS\ 1.0 -enable-experimental-feature AvailabilityMacro\=System\ 1.3.1:macOS\ 10.10,\ iOS\ 8.0,\ watchOS\ 2.0,\ tvOS\ 9.0,\ visionOS\ 1.0 -enable-experimental-feature AvailabilityMacro\=System\ 1.3.2:macOS\ 10.10,\ iOS\ 8.0,\ watchOS\ 2.0,\ tvOS\ 9.0,\ visionOS\ 1.0 -enable-experimental-feature AvailabilityMacro\=System\ 1.4.0:macOS\ 10.10,\ iOS\ 8.0,\ watchOS\ 2.0,\ tvOS\ 9.0,\ visionOS\ 1.0 -enable-experimental-feature AvailabilityMacro\=System\ 1.7.0:macOS\ 10.10,\ iOS\ 8.0,\ watchOS\ 2.0,\ tvOS\ 9.0,\ visionOS\ 1.0 -enable-experimental-feature AvailabilityMacro\=System\ 199:macOS\ 10.10,\ iOS\ 8.0,\ watchOS\ 2.0,\ tvOS\ 9.0,\ visionOS\ 1.0 -enable-experimental-feature Lifetimes -plugin-path /Applications/Xcode-27.0.0.app/Contents/Developer/Toolchains/XcodeDefault.xctoolchain/usr/lib/swift/host/plugins/testing -enable-experimental-feature DebugDescriptionMacro -sdk /Applications/Xcode-27.0.0.app/Contents/Developer/Platforms/WatchOS.platform/Developer/SDKs/WatchOS27.0.sdk -target arm64-apple-watchos9.0 -g -module-cache-path /Users/admin/builder/spi-builder-workspace/.derivedData/ModuleCache.noindex -Xfrontend -serialize-debugging-options -profile-coverage-mapping -profile-generate -enable-testing -suppress-warnings -index-store-path /Users/admin/builder/spi-builder-workspace/.derivedData/Index.noindex/DataStore -Xcc -D_LIBCPP_HARDENING_MODE\=_LIBCPP_HARDENING_MODE_DEBUG -swift-version 6 -I /Users/admin/builder/spi-builder-workspace/.derivedData/Build/Products/Debug-watchos -Isystem /Applications/Xcode-27.0.0.app/Contents/Developer/Platforms/WatchOS.platform/Developer/usr/lib -F /Users/admin/builder/spi-builder-workspace/.derivedData/Build/Products/Debug-watchos/PackageFrameworks -F /Users/admin/builder/spi-builder-workspace/.derivedData/Build/Products/Debug-watchos -F /Applications/Xcode-27.0.0.app/Contents/Developer/Platforms/WatchOS.platform/Developer/Library/Frameworks -F /Applications/Xcode-27.0.0.app/Contents/Developer/Platforms/WatchOS.platform/Developer/SDKs/WatchOS27.0.sdk/Developer/Library/Frameworks -c -j10 -enable-batch-mode -incremental -Xcc -ivfsstatcache -Xcc /Users/admin/builder/spi-builder-workspace/.derivedData/SDKStatCaches.noindex/watchos27.0-24R360-e829b21a6f8c9b70876ba0858053c044b9db9bc9c079ee3c7b5f3373b13d10bc.sdkstatcache -output-file-map /Users/admin/builder/spi-builder-workspace/.derivedData/Build/Intermediates.noindex/swift-system.build/Debug-watchos/SystemPackage-t.build/Objects-normal/arm64/SystemPackage-OutputFileMap.json -save-temps -no-color-diagnostics -explicit-module-build -module-cache-path /Users/admin/builder/spi-builder-workspace/.derivedData/Build/Intermediates.noindex/SwiftExplicitPrecompiledModules -clang-scanner-module-cache-path /Users/admin/builder/spi-builder-workspace/.derivedData/ModuleCache.noindex -sdk-module-cache-path /Users/admin/builder/spi-builder-workspace/.derivedData/SDKExplicitPrecompiledModules -emit-dependencies -emit-module -emit-module-path /Users/admin/builder/spi-builder-workspace/.derivedData/Build/Intermediates.noindex/swift-system.build/Debug-watchos/SystemPackage-t.build/Objects-normal/arm64/SystemPackage.swiftmodule -serialize-diagnostics -dependency-scan-serialize-diagnostics-path /Users/admin/builder/spi-builder-workspace/.derivedData/Build/Intermediates.noindex/swift-system.build/Debug-watchos/SystemPackage-t.build/Objects-normal/arm64/SystemPackage-dependency-scan.dia -user-module-version 1.8.1 -validate-clang-modules-once -clang-build-session-file /Users/admin/builder/spi-builder-workspace/.derivedData/ModuleCache.noindex/Session.modulevalidation -Xcc -fmodules-prune-interval\=86400 -Xcc -fmodules-prune-after\=345600 -package-name swift_system -emit-const-values -const-gather-protocols-list /Users/admin/builder/spi-builder-workspace/.derivedData/Build/Intermediates.noindex/swift-system.build/Debug-watchos/SystemPackage-t.build/Objects-normal/arm64/SystemPackage_const_extract_protocols.json -Xcc -I/Users/admin/builder/spi-builder-workspace/.dependencies/checkouts/swift-system/Sources/CSystem/include -Xcc -I/Users/admin/builder/spi-builder-workspace/.derivedData/Build/Products/Debug-watchos/include -Xcc -I/Users/admin/builder/spi-builder-workspace/.derivedData/Build/Intermediates.noindex/swift-system.build/Debug-watchos/SystemPackage-t.build/DerivedSources-normal/arm64 -Xcc -I/Users/admin/builder/spi-builder-workspace/.derivedData/Build/Intermediates.noindex/swift-system.build/Debug-watchos/SystemPackage-t.build/DerivedSources/arm64 -Xcc -I/Users/admin/builder/spi-builder-workspace/.derivedData/Build/Intermediates.noindex/swift-system.build/Debug-watchos/SystemPackage-t.build/DerivedSources -Xcc -DSWIFT_PACKAGE -Xcc -DDEBUG\=1 -emit-objc-header -emit-objc-header-path /Users/admin/builder/spi-builder-workspace/.derivedData/Build/Intermediates.noindex/swift-system.build/Debug-watchos/SystemPackage-t.build/Objects-normal/arm64/SystemPackage-Swift.h -working-directory /Users/admin/builder/spi-builder-workspace/.swiftpm/xcode -experimental-emit-module-separately -disable-cmo
SwiftDriverJobDiscovery normal arm64 Compiling FileOperations.swift, FilePath.swift, FilePathComponentView.swift, FilePathComponents.swift (in target 'SystemPackage' from project 'swift-system')
SwiftCompile normal arm64_32 Compiling\ Stat.swift,\ Backcompat.swift,\ CInterop.swift,\ Constants.swift /Users/admin/builder/spi-builder-workspace/.dependencies/checkouts/swift-system/Sources/System/FileSystem/Stat.swift /Users/admin/builder/spi-builder-workspace/.dependencies/checkouts/swift-system/Sources/System/Internals/Backcompat.swift /Users/admin/builder/spi-builder-workspace/.dependencies/checkouts/swift-system/Sources/System/Internals/CInterop.swift /Users/admin/builder/spi-builder-workspace/.dependencies/checkouts/swift-system/Sources/System/Internals/Constants.swift (in target 'SystemPackage' from project 'swift-system')
SwiftCompile normal arm64_32 /Users/admin/builder/spi-builder-workspace/.dependencies/checkouts/swift-system/Sources/System/FileSystem/Stat.swift (in target 'SystemPackage' from project 'swift-system')
cd /Users/admin/builder/spi-builder-workspace/.swiftpm/xcode
builtin-SwiftPerFileCompile Stat.swift
SwiftCompile normal arm64_32 /Users/admin/builder/spi-builder-workspace/.dependencies/checkouts/swift-system/Sources/System/Internals/Backcompat.swift (in target 'SystemPackage' from project 'swift-system')
cd /Users/admin/builder/spi-builder-workspace/.swiftpm/xcode
builtin-SwiftPerFileCompile Backcompat.swift
SwiftCompile normal arm64_32 /Users/admin/builder/spi-builder-workspace/.dependencies/checkouts/swift-system/Sources/System/Internals/CInterop.swift (in target 'SystemPackage' from project 'swift-system')
cd /Users/admin/builder/spi-builder-workspace/.swiftpm/xcode
builtin-SwiftPerFileCompile CInterop.swift
SwiftCompile normal arm64_32 /Users/admin/builder/spi-builder-workspace/.dependencies/checkouts/swift-system/Sources/System/Internals/Constants.swift (in target 'SystemPackage' from project 'swift-system')
cd /Users/admin/builder/spi-builder-workspace/.swiftpm/xcode
builtin-SwiftPerFileCompile Constants.swift
Copy /Users/admin/builder/spi-builder-workspace/.derivedData/Build/Products/Debug-watchos/SystemPackage.swiftmodule/arm64-apple-watchos.swiftmodule /Users/admin/builder/spi-builder-workspace/.derivedData/Build/Intermediates.noindex/swift-system.build/Debug-watchos/SystemPackage-t.build/Objects-normal/arm64/SystemPackage.swiftmodule (in target 'SystemPackage' from project 'swift-system')
cd /Users/admin/builder/spi-builder-workspace/.dependencies/checkouts/swift-system
builtin-copy -exclude .DS_Store -exclude CVS -exclude .svn -exclude .git -exclude .hg -resolve-src-symlinks -rename /Users/admin/builder/spi-builder-workspace/.derivedData/Build/Intermediates.noindex/swift-system.build/Debug-watchos/SystemPackage-t.build/Objects-normal/arm64/SystemPackage.swiftmodule /Users/admin/builder/spi-builder-workspace/.derivedData/Build/Products/Debug-watchos/SystemPackage.swiftmodule/arm64-apple-watchos.swiftmodule
SwiftDriverJobDiscovery normal arm64 Compiling PlatformString.swift, SystemString.swift, Util+StringArray.swift (in target 'SystemPackage' from project 'swift-system')
Copy /Users/admin/builder/spi-builder-workspace/.derivedData/Build/Products/Debug-watchos/SystemPackage.swiftmodule/arm64-apple-watchos.swiftdoc /Users/admin/builder/spi-builder-workspace/.derivedData/Build/Intermediates.noindex/swift-system.build/Debug-watchos/SystemPackage-t.build/Objects-normal/arm64/SystemPackage.swiftdoc (in target 'SystemPackage' from project 'swift-system')
cd /Users/admin/builder/spi-builder-workspace/.dependencies/checkouts/swift-system
builtin-copy -exclude .DS_Store -exclude CVS -exclude .svn -exclude .git -exclude .hg -resolve-src-symlinks -rename /Users/admin/builder/spi-builder-workspace/.derivedData/Build/Intermediates.noindex/swift-system.build/Debug-watchos/SystemPackage-t.build/Objects-normal/arm64/SystemPackage.swiftdoc /Users/admin/builder/spi-builder-workspace/.derivedData/Build/Products/Debug-watchos/SystemPackage.swiftmodule/arm64-apple-watchos.swiftdoc
Copy /Users/admin/builder/spi-builder-workspace/.derivedData/Build/Products/Debug-watchos/SystemPackage.swiftmodule/arm64-apple-watchos.abi.json /Users/admin/builder/spi-builder-workspace/.derivedData/Build/Intermediates.noindex/swift-system.build/Debug-watchos/SystemPackage-t.build/Objects-normal/arm64/SystemPackage.abi.json (in target 'SystemPackage' from project 'swift-system')
cd /Users/admin/builder/spi-builder-workspace/.dependencies/checkouts/swift-system
builtin-copy -exclude .DS_Store -exclude CVS -exclude .svn -exclude .git -exclude .hg -resolve-src-symlinks -rename /Users/admin/builder/spi-builder-workspace/.derivedData/Build/Intermediates.noindex/swift-system.build/Debug-watchos/SystemPackage-t.build/Objects-normal/arm64/SystemPackage.abi.json /Users/admin/builder/spi-builder-workspace/.derivedData/Build/Products/Debug-watchos/SystemPackage.swiftmodule/arm64-apple-watchos.abi.json
Copy /Users/admin/builder/spi-builder-workspace/.derivedData/Build/Products/Debug-watchos/SystemPackage.swiftmodule/Project/arm64-apple-watchos.swiftsourceinfo /Users/admin/builder/spi-builder-workspace/.derivedData/Build/Intermediates.noindex/swift-system.build/Debug-watchos/SystemPackage-t.build/Objects-normal/arm64/SystemPackage.swiftsourceinfo (in target 'SystemPackage' from project 'swift-system')
cd /Users/admin/builder/spi-builder-workspace/.dependencies/checkouts/swift-system
builtin-copy -exclude .DS_Store -exclude CVS -exclude .svn -exclude .git -exclude .hg -resolve-src-symlinks -rename /Users/admin/builder/spi-builder-workspace/.derivedData/Build/Intermediates.noindex/swift-system.build/Debug-watchos/SystemPackage-t.build/Objects-normal/arm64/SystemPackage.swiftsourceinfo /Users/admin/builder/spi-builder-workspace/.derivedData/Build/Products/Debug-watchos/SystemPackage.swiftmodule/Project/arm64-apple-watchos.swiftsourceinfo
SwiftCompile normal arm64_32 Compiling\ FilePathParsing.swift,\ FilePathString.swift,\ FilePathSyntax.swift,\ FilePathTemp.swift /Users/admin/builder/spi-builder-workspace/.dependencies/checkouts/swift-system/Sources/System/FilePath/FilePathParsing.swift /Users/admin/builder/spi-builder-workspace/.dependencies/checkouts/swift-system/Sources/System/FilePath/FilePathString.swift /Users/admin/builder/spi-builder-workspace/.dependencies/checkouts/swift-system/Sources/System/FilePath/FilePathSyntax.swift /Users/admin/builder/spi-builder-workspace/.dependencies/checkouts/swift-system/Sources/System/FilePath/FilePathTemp.swift (in target 'SystemPackage' from project 'swift-system')
SwiftCompile normal arm64_32 /Users/admin/builder/spi-builder-workspace/.dependencies/checkouts/swift-system/Sources/System/FilePath/FilePathParsing.swift (in target 'SystemPackage' from project 'swift-system')
cd /Users/admin/builder/spi-builder-workspace/.swiftpm/xcode
builtin-SwiftPerFileCompile FilePathParsing.swift
SwiftCompile normal arm64_32 /Users/admin/builder/spi-builder-workspace/.dependencies/checkouts/swift-system/Sources/System/FilePath/FilePathString.swift (in target 'SystemPackage' from project 'swift-system')
cd /Users/admin/builder/spi-builder-workspace/.swiftpm/xcode
builtin-SwiftPerFileCompile FilePathString.swift
SwiftCompile normal arm64_32 /Users/admin/builder/spi-builder-workspace/.dependencies/checkouts/swift-system/Sources/System/FilePath/FilePathSyntax.swift (in target 'SystemPackage' from project 'swift-system')
cd /Users/admin/builder/spi-builder-workspace/.swiftpm/xcode
builtin-SwiftPerFileCompile FilePathSyntax.swift
SwiftCompile normal arm64_32 /Users/admin/builder/spi-builder-workspace/.dependencies/checkouts/swift-system/Sources/System/FilePath/FilePathTemp.swift (in target 'SystemPackage' from project 'swift-system')
cd /Users/admin/builder/spi-builder-workspace/.swiftpm/xcode
builtin-SwiftPerFileCompile FilePathTemp.swift
SwiftDriverJobDiscovery normal arm64 Compiling Errno.swift, ErrnoWindows.swift, FileDescriptor.swift, FileHelpers.swift (in target 'SystemPackage' from project 'swift-system')
SwiftCompile normal arm64_32 Compiling\ PlatformString.swift,\ SystemString.swift,\ Util+StringArray.swift /Users/admin/builder/spi-builder-workspace/.dependencies/checkouts/swift-system/Sources/System/PlatformString.swift /Users/admin/builder/spi-builder-workspace/.dependencies/checkouts/swift-system/Sources/System/SystemString.swift /Users/admin/builder/spi-builder-workspace/.dependencies/checkouts/swift-system/Sources/System/Util+StringArray.swift (in target 'SystemPackage' from project 'swift-system')
SwiftCompile normal arm64_32 /Users/admin/builder/spi-builder-workspace/.dependencies/checkouts/swift-system/Sources/System/PlatformString.swift (in target 'SystemPackage' from project 'swift-system')
cd /Users/admin/builder/spi-builder-workspace/.swiftpm/xcode
builtin-SwiftPerFileCompile PlatformString.swift
SwiftCompile normal arm64_32 /Users/admin/builder/spi-builder-workspace/.dependencies/checkouts/swift-system/Sources/System/SystemString.swift (in target 'SystemPackage' from project 'swift-system')
cd /Users/admin/builder/spi-builder-workspace/.swiftpm/xcode
builtin-SwiftPerFileCompile SystemString.swift
SwiftCompile normal arm64_32 /Users/admin/builder/spi-builder-workspace/.dependencies/checkouts/swift-system/Sources/System/Util+StringArray.swift (in target 'SystemPackage' from project 'swift-system')
cd /Users/admin/builder/spi-builder-workspace/.swiftpm/xcode
builtin-SwiftPerFileCompile Util+StringArray.swift
SwiftCompile normal arm64_32 Compiling\ Syscalls.swift,\ WindowsSyscallAdapters.swift,\ MachPort.swift /Users/admin/builder/spi-builder-workspace/.dependencies/checkouts/swift-system/Sources/System/Internals/Syscalls.swift /Users/admin/builder/spi-builder-workspace/.dependencies/checkouts/swift-system/Sources/System/Internals/WindowsSyscallAdapters.swift /Users/admin/builder/spi-builder-workspace/.dependencies/checkouts/swift-system/Sources/System/MachPort.swift (in target 'SystemPackage' from project 'swift-system')
SwiftCompile normal arm64_32 /Users/admin/builder/spi-builder-workspace/.dependencies/checkouts/swift-system/Sources/System/Internals/Syscalls.swift (in target 'SystemPackage' from project 'swift-system')
cd /Users/admin/builder/spi-builder-workspace/.swiftpm/xcode
builtin-SwiftPerFileCompile Syscalls.swift
SwiftCompile normal arm64_32 /Users/admin/builder/spi-builder-workspace/.dependencies/checkouts/swift-system/Sources/System/Internals/WindowsSyscallAdapters.swift (in target 'SystemPackage' from project 'swift-system')
cd /Users/admin/builder/spi-builder-workspace/.swiftpm/xcode
builtin-SwiftPerFileCompile WindowsSyscallAdapters.swift
SwiftCompile normal arm64_32 /Users/admin/builder/spi-builder-workspace/.dependencies/checkouts/swift-system/Sources/System/MachPort.swift (in target 'SystemPackage' from project 'swift-system')
cd /Users/admin/builder/spi-builder-workspace/.swiftpm/xcode
builtin-SwiftPerFileCompile MachPort.swift
SwiftDriverJobDiscovery normal arm64 Compiling Exports.swift, Mocking.swift, RawBuffer.swift (in target 'SystemPackage' from project 'swift-system')
SwiftCompile normal arm64_32 Compiling\ Errno.swift,\ ErrnoWindows.swift,\ FileDescriptor.swift,\ FileHelpers.swift /Users/admin/builder/spi-builder-workspace/.dependencies/checkouts/swift-system/Sources/System/Errno.swift /Users/admin/builder/spi-builder-workspace/.dependencies/checkouts/swift-system/Sources/System/ErrnoWindows.swift /Users/admin/builder/spi-builder-workspace/.dependencies/checkouts/swift-system/Sources/System/FileDescriptor.swift /Users/admin/builder/spi-builder-workspace/.dependencies/checkouts/swift-system/Sources/System/FileHelpers.swift (in target 'SystemPackage' from project 'swift-system')
SwiftCompile normal arm64_32 /Users/admin/builder/spi-builder-workspace/.dependencies/checkouts/swift-system/Sources/System/Errno.swift (in target 'SystemPackage' from project 'swift-system')
cd /Users/admin/builder/spi-builder-workspace/.swiftpm/xcode
builtin-SwiftPerFileCompile Errno.swift
SwiftCompile normal arm64_32 /Users/admin/builder/spi-builder-workspace/.dependencies/checkouts/swift-system/Sources/System/ErrnoWindows.swift (in target 'SystemPackage' from project 'swift-system')
cd /Users/admin/builder/spi-builder-workspace/.swiftpm/xcode
builtin-SwiftPerFileCompile ErrnoWindows.swift
SwiftCompile normal arm64_32 /Users/admin/builder/spi-builder-workspace/.dependencies/checkouts/swift-system/Sources/System/FileDescriptor.swift (in target 'SystemPackage' from project 'swift-system')
cd /Users/admin/builder/spi-builder-workspace/.swiftpm/xcode
builtin-SwiftPerFileCompile FileDescriptor.swift
SwiftCompile normal arm64_32 /Users/admin/builder/spi-builder-workspace/.dependencies/checkouts/swift-system/Sources/System/FileHelpers.swift (in target 'SystemPackage' from project 'swift-system')
cd /Users/admin/builder/spi-builder-workspace/.swiftpm/xcode
builtin-SwiftPerFileCompile FileHelpers.swift
SwiftDriverJobDiscovery normal arm64 Compiling FilePathParsing.swift, FilePathString.swift, FilePathSyntax.swift, FilePathTemp.swift (in target 'SystemPackage' from project 'swift-system')
SwiftCompile normal arm64_32 Compiling\ FileFlags.swift,\ FileMode.swift,\ FileType.swift,\ Identifiers.swift /Users/admin/builder/spi-builder-workspace/.dependencies/checkouts/swift-system/Sources/System/FileSystem/FileFlags.swift /Users/admin/builder/spi-builder-workspace/.dependencies/checkouts/swift-system/Sources/System/FileSystem/FileMode.swift /Users/admin/builder/spi-builder-workspace/.dependencies/checkouts/swift-system/Sources/System/FileSystem/FileType.swift /Users/admin/builder/spi-builder-workspace/.dependencies/checkouts/swift-system/Sources/System/FileSystem/Identifiers.swift (in target 'SystemPackage' from project 'swift-system')
SwiftCompile normal arm64_32 /Users/admin/builder/spi-builder-workspace/.dependencies/checkouts/swift-system/Sources/System/FileSystem/FileFlags.swift (in target 'SystemPackage' from project 'swift-system')
cd /Users/admin/builder/spi-builder-workspace/.swiftpm/xcode
builtin-SwiftPerFileCompile FileFlags.swift
SwiftCompile normal arm64_32 /Users/admin/builder/spi-builder-workspace/.dependencies/checkouts/swift-system/Sources/System/FileSystem/FileMode.swift (in target 'SystemPackage' from project 'swift-system')
cd /Users/admin/builder/spi-builder-workspace/.swiftpm/xcode
builtin-SwiftPerFileCompile FileMode.swift
SwiftCompile normal arm64_32 /Users/admin/builder/spi-builder-workspace/.dependencies/checkouts/swift-system/Sources/System/FileSystem/FileType.swift (in target 'SystemPackage' from project 'swift-system')
cd /Users/admin/builder/spi-builder-workspace/.swiftpm/xcode
builtin-SwiftPerFileCompile FileType.swift
SwiftCompile normal arm64_32 /Users/admin/builder/spi-builder-workspace/.dependencies/checkouts/swift-system/Sources/System/FileSystem/Identifiers.swift (in target 'SystemPackage' from project 'swift-system')
cd /Users/admin/builder/spi-builder-workspace/.swiftpm/xcode
builtin-SwiftPerFileCompile Identifiers.swift
SwiftDriverJobDiscovery normal arm64 Compiling Stat.swift, Backcompat.swift, CInterop.swift, Constants.swift (in target 'SystemPackage' from project 'swift-system')
SwiftCompile normal arm64 Compiling\ Syscalls.swift,\ WindowsSyscallAdapters.swift,\ MachPort.swift /Users/admin/builder/spi-builder-workspace/.dependencies/checkouts/swift-system/Sources/System/Internals/Syscalls.swift /Users/admin/builder/spi-builder-workspace/.dependencies/checkouts/swift-system/Sources/System/Internals/WindowsSyscallAdapters.swift /Users/admin/builder/spi-builder-workspace/.dependencies/checkouts/swift-system/Sources/System/MachPort.swift (in target 'SystemPackage' from project 'swift-system')
SwiftCompile normal arm64 /Users/admin/builder/spi-builder-workspace/.dependencies/checkouts/swift-system/Sources/System/Internals/Syscalls.swift (in target 'SystemPackage' from project 'swift-system')
cd /Users/admin/builder/spi-builder-workspace/.swiftpm/xcode
builtin-SwiftPerFileCompile Syscalls.swift
SwiftCompile normal arm64 /Users/admin/builder/spi-builder-workspace/.dependencies/checkouts/swift-system/Sources/System/Internals/WindowsSyscallAdapters.swift (in target 'SystemPackage' from project 'swift-system')
cd /Users/admin/builder/spi-builder-workspace/.swiftpm/xcode
builtin-SwiftPerFileCompile WindowsSyscallAdapters.swift
SwiftCompile normal arm64 /Users/admin/builder/spi-builder-workspace/.dependencies/checkouts/swift-system/Sources/System/MachPort.swift (in target 'SystemPackage' from project 'swift-system')
cd /Users/admin/builder/spi-builder-workspace/.swiftpm/xcode
builtin-SwiftPerFileCompile MachPort.swift
SwiftDriverJobDiscovery normal arm64_32 Emitting module for SystemPackage (in target 'SystemPackage' from project 'swift-system')
SwiftDriver\ Compilation\ Requirements SystemPackage normal arm64_32 com.apple.xcode.tools.swift.compiler (in target 'SystemPackage' from project 'swift-system')
cd /Users/admin/builder/spi-builder-workspace/.swiftpm/xcode
builtin-Swift-Compilation-Requirements -- /Applications/Xcode-27.0.0.app/Contents/Developer/Toolchains/XcodeDefault.xctoolchain/usr/bin/swiftc -parse-as-library -module-name SystemPackage -Onone @/Users/admin/builder/spi-builder-workspace/.derivedData/Build/Intermediates.noindex/swift-system.build/Debug-watchos/SystemPackage-t.build/Objects-normal/arm64_32/SystemPackage.SwiftFileList -DSWIFT_PACKAGE -DDEBUG -DSWIFT_MODULE_RESOURCE_BUNDLE_UNAVAILABLE -DSYSTEM_PACKAGE -DENABLE_MOCKING -DSYSTEM_PACKAGE_DARWIN -Xcc -fmodule-map-file\=/Users/admin/builder/spi-builder-workspace/.dependencies/checkouts/swift-system/Sources/CSystem/include/module.modulemap -DXcode -enable-experimental-feature AvailabilityMacro\=System\ 0.0.1:macOS\ 10.10,\ iOS\ 8.0,\ watchOS\ 2.0,\ tvOS\ 9.0,\ visionOS\ 1.0 -enable-experimental-feature AvailabilityMacro\=System\ 0.0.2:macOS\ 10.10,\ iOS\ 8.0,\ watchOS\ 2.0,\ tvOS\ 9.0,\ visionOS\ 1.0 -enable-experimental-feature AvailabilityMacro\=System\ 0.0.3:macOS\ 10.10,\ iOS\ 8.0,\ watchOS\ 2.0,\ tvOS\ 9.0,\ visionOS\ 1.0 -enable-experimental-feature AvailabilityMacro\=System\ 1.1.0:macOS\ 10.10,\ iOS\ 8.0,\ watchOS\ 2.0,\ tvOS\ 9.0,\ visionOS\ 1.0 -enable-experimental-feature AvailabilityMacro\=System\ 1.1.1:macOS\ 10.10,\ iOS\ 8.0,\ watchOS\ 2.0,\ tvOS\ 9.0,\ visionOS\ 1.0 -enable-experimental-feature AvailabilityMacro\=System\ 1.2.0:macOS\ 10.10,\ iOS\ 8.0,\ watchOS\ 2.0,\ tvOS\ 9.0,\ visionOS\ 1.0 -enable-experimental-feature AvailabilityMacro\=System\ 1.2.1:macOS\ 10.10,\ iOS\ 8.0,\ watchOS\ 2.0,\ tvOS\ 9.0,\ visionOS\ 1.0 -enable-experimental-feature AvailabilityMacro\=System\ 1.3.0:macOS\ 10.10,\ iOS\ 8.0,\ watchOS\ 2.0,\ tvOS\ 9.0,\ visionOS\ 1.0 -enable-experimental-feature AvailabilityMacro\=System\ 1.3.1:macOS\ 10.10,\ iOS\ 8.0,\ watchOS\ 2.0,\ tvOS\ 9.0,\ visionOS\ 1.0 -enable-experimental-feature AvailabilityMacro\=System\ 1.3.2:macOS\ 10.10,\ iOS\ 8.0,\ watchOS\ 2.0,\ tvOS\ 9.0,\ visionOS\ 1.0 -enable-experimental-feature AvailabilityMacro\=System\ 1.4.0:macOS\ 10.10,\ iOS\ 8.0,\ watchOS\ 2.0,\ tvOS\ 9.0,\ visionOS\ 1.0 -enable-experimental-feature AvailabilityMacro\=System\ 1.7.0:macOS\ 10.10,\ iOS\ 8.0,\ watchOS\ 2.0,\ tvOS\ 9.0,\ visionOS\ 1.0 -enable-experimental-feature AvailabilityMacro\=System\ 199:macOS\ 10.10,\ iOS\ 8.0,\ watchOS\ 2.0,\ tvOS\ 9.0,\ visionOS\ 1.0 -enable-experimental-feature Lifetimes -plugin-path /Applications/Xcode-27.0.0.app/Contents/Developer/Toolchains/XcodeDefault.xctoolchain/usr/lib/swift/host/plugins/testing -enable-experimental-feature DebugDescriptionMacro -sdk /Applications/Xcode-27.0.0.app/Contents/Developer/Platforms/WatchOS.platform/Developer/SDKs/WatchOS27.0.sdk -target arm64_32-apple-watchos9.0 -g -module-cache-path /Users/admin/builder/spi-builder-workspace/.derivedData/ModuleCache.noindex -Xfrontend -serialize-debugging-options -profile-coverage-mapping -profile-generate -enable-testing -suppress-warnings -index-store-path /Users/admin/builder/spi-builder-workspace/.derivedData/Index.noindex/DataStore -Xcc -D_LIBCPP_HARDENING_MODE\=_LIBCPP_HARDENING_MODE_DEBUG -swift-version 6 -I /Users/admin/builder/spi-builder-workspace/.derivedData/Build/Products/Debug-watchos -Isystem /Applications/Xcode-27.0.0.app/Contents/Developer/Platforms/WatchOS.platform/Developer/usr/lib -F /Users/admin/builder/spi-builder-workspace/.derivedData/Build/Products/Debug-watchos/PackageFrameworks -F /Users/admin/builder/spi-builder-workspace/.derivedData/Build/Products/Debug-watchos -F /Applications/Xcode-27.0.0.app/Contents/Developer/Platforms/WatchOS.platform/Developer/Library/Frameworks -F /Applications/Xcode-27.0.0.app/Contents/Developer/Platforms/WatchOS.platform/Developer/SDKs/WatchOS27.0.sdk/Developer/Library/Frameworks -c -j10 -enable-batch-mode -incremental -Xcc -ivfsstatcache -Xcc /Users/admin/builder/spi-builder-workspace/.derivedData/SDKStatCaches.noindex/watchos27.0-24R360-e829b21a6f8c9b70876ba0858053c044b9db9bc9c079ee3c7b5f3373b13d10bc.sdkstatcache -output-file-map /Users/admin/builder/spi-builder-workspace/.derivedData/Build/Intermediates.noindex/swift-system.build/Debug-watchos/SystemPackage-t.build/Objects-normal/arm64_32/SystemPackage-OutputFileMap.json -save-temps -no-color-diagnostics -explicit-module-build -module-cache-path /Users/admin/builder/spi-builder-workspace/.derivedData/Build/Intermediates.noindex/SwiftExplicitPrecompiledModules -clang-scanner-module-cache-path /Users/admin/builder/spi-builder-workspace/.derivedData/ModuleCache.noindex -sdk-module-cache-path /Users/admin/builder/spi-builder-workspace/.derivedData/SDKExplicitPrecompiledModules -emit-dependencies -emit-module -emit-module-path /Users/admin/builder/spi-builder-workspace/.derivedData/Build/Intermediates.noindex/swift-system.build/Debug-watchos/SystemPackage-t.build/Objects-normal/arm64_32/SystemPackage.swiftmodule -serialize-diagnostics -dependency-scan-serialize-diagnostics-path /Users/admin/builder/spi-builder-workspace/.derivedData/Build/Intermediates.noindex/swift-system.build/Debug-watchos/SystemPackage-t.build/Objects-normal/arm64_32/SystemPackage-dependency-scan.dia -user-module-version 1.8.1 -validate-clang-modules-once -clang-build-session-file /Users/admin/builder/spi-builder-workspace/.derivedData/ModuleCache.noindex/Session.modulevalidation -Xcc -fmodules-prune-interval\=86400 -Xcc -fmodules-prune-after\=345600 -package-name swift_system -emit-const-values -const-gather-protocols-list /Users/admin/builder/spi-builder-workspace/.derivedData/Build/Intermediates.noindex/swift-system.build/Debug-watchos/SystemPackage-t.build/Objects-normal/arm64_32/SystemPackage_const_extract_protocols.json -Xcc -I/Users/admin/builder/spi-builder-workspace/.dependencies/checkouts/swift-system/Sources/CSystem/include -Xcc -I/Users/admin/builder/spi-builder-workspace/.derivedData/Build/Products/Debug-watchos/include -Xcc -I/Users/admin/builder/spi-builder-workspace/.derivedData/Build/Intermediates.noindex/swift-system.build/Debug-watchos/SystemPackage-t.build/DerivedSources-normal/arm64_32 -Xcc -I/Users/admin/builder/spi-builder-workspace/.derivedData/Build/Intermediates.noindex/swift-system.build/Debug-watchos/SystemPackage-t.build/DerivedSources/arm64_32 -Xcc -I/Users/admin/builder/spi-builder-workspace/.derivedData/Build/Intermediates.noindex/swift-system.build/Debug-watchos/SystemPackage-t.build/DerivedSources -Xcc -DSWIFT_PACKAGE -Xcc -DDEBUG\=1 -emit-objc-header -emit-objc-header-path /Users/admin/builder/spi-builder-workspace/.derivedData/Build/Intermediates.noindex/swift-system.build/Debug-watchos/SystemPackage-t.build/Objects-normal/arm64_32/SystemPackage-Swift.h -working-directory /Users/admin/builder/spi-builder-workspace/.swiftpm/xcode -experimental-emit-module-separately -disable-cmo
SwiftDriverJobDiscovery normal arm64_32 Compiling FileFlags.swift, FileMode.swift, FileType.swift, Identifiers.swift (in target 'SystemPackage' from project 'swift-system')
SwiftCompile normal arm64_32 Compiling\ Util.swift,\ UtilConsumers.swift,\ WinSDK+Overlay.swift /Users/admin/builder/spi-builder-workspace/.dependencies/checkouts/swift-system/Sources/System/Util.swift /Users/admin/builder/spi-builder-workspace/.dependencies/checkouts/swift-system/Sources/System/UtilConsumers.swift /Users/admin/builder/spi-builder-workspace/.dependencies/checkouts/swift-system/Sources/System/WinSDK+Overlay.swift (in target 'SystemPackage' from project 'swift-system')
SwiftCompile normal arm64_32 /Users/admin/builder/spi-builder-workspace/.dependencies/checkouts/swift-system/Sources/System/Util.swift (in target 'SystemPackage' from project 'swift-system')
cd /Users/admin/builder/spi-builder-workspace/.swiftpm/xcode
builtin-SwiftPerFileCompile Util.swift
SwiftCompile normal arm64_32 /Users/admin/builder/spi-builder-workspace/.dependencies/checkouts/swift-system/Sources/System/UtilConsumers.swift (in target 'SystemPackage' from project 'swift-system')
cd /Users/admin/builder/spi-builder-workspace/.swiftpm/xcode
builtin-SwiftPerFileCompile UtilConsumers.swift
SwiftCompile normal arm64_32 /Users/admin/builder/spi-builder-workspace/.dependencies/checkouts/swift-system/Sources/System/WinSDK+Overlay.swift (in target 'SystemPackage' from project 'swift-system')
cd /Users/admin/builder/spi-builder-workspace/.swiftpm/xcode
builtin-SwiftPerFileCompile WinSDK+Overlay.swift
SwiftMergeGeneratedHeaders /Users/admin/builder/spi-builder-workspace/.derivedData/Build/Intermediates.noindex/GeneratedModuleMaps-watchos/SystemPackage-Swift.h /Users/admin/builder/spi-builder-workspace/.derivedData/Build/Intermediates.noindex/swift-system.build/Debug-watchos/SystemPackage-t.build/Objects-normal/arm64/SystemPackage-Swift.h /Users/admin/builder/spi-builder-workspace/.derivedData/Build/Intermediates.noindex/swift-system.build/Debug-watchos/SystemPackage-t.build/Objects-normal/arm64_32/SystemPackage-Swift.h (in target 'SystemPackage' from project 'swift-system')
cd /Users/admin/builder/spi-builder-workspace/.dependencies/checkouts/swift-system
builtin-swiftHeaderTool -arch arm64 /Users/admin/builder/spi-builder-workspace/.derivedData/Build/Intermediates.noindex/swift-system.build/Debug-watchos/SystemPackage-t.build/Objects-normal/arm64/SystemPackage-Swift.h -arch arm64_32 /Users/admin/builder/spi-builder-workspace/.derivedData/Build/Intermediates.noindex/swift-system.build/Debug-watchos/SystemPackage-t.build/Objects-normal/arm64_32/SystemPackage-Swift.h -o /Users/admin/builder/spi-builder-workspace/.derivedData/Build/Intermediates.noindex/GeneratedModuleMaps-watchos/SystemPackage-Swift.h
SwiftDriverJobDiscovery normal arm64_32 Compiling PlatformString.swift, SystemString.swift, Util+StringArray.swift (in target 'SystemPackage' from project 'swift-system')
Copy /Users/admin/builder/spi-builder-workspace/.derivedData/Build/Products/Debug-watchos/SystemPackage.swiftmodule/arm64_32-apple-watchos.swiftmodule /Users/admin/builder/spi-builder-workspace/.derivedData/Build/Intermediates.noindex/swift-system.build/Debug-watchos/SystemPackage-t.build/Objects-normal/arm64_32/SystemPackage.swiftmodule (in target 'SystemPackage' from project 'swift-system')
cd /Users/admin/builder/spi-builder-workspace/.dependencies/checkouts/swift-system
builtin-copy -exclude .DS_Store -exclude CVS -exclude .svn -exclude .git -exclude .hg -resolve-src-symlinks -rename /Users/admin/builder/spi-builder-workspace/.derivedData/Build/Intermediates.noindex/swift-system.build/Debug-watchos/SystemPackage-t.build/Objects-normal/arm64_32/SystemPackage.swiftmodule /Users/admin/builder/spi-builder-workspace/.derivedData/Build/Products/Debug-watchos/SystemPackage.swiftmodule/arm64_32-apple-watchos.swiftmodule
Copy /Users/admin/builder/spi-builder-workspace/.derivedData/Build/Products/Debug-watchos/SystemPackage.swiftmodule/arm64_32-apple-watchos.swiftdoc /Users/admin/builder/spi-builder-workspace/.derivedData/Build/Intermediates.noindex/swift-system.build/Debug-watchos/SystemPackage-t.build/Objects-normal/arm64_32/SystemPackage.swiftdoc (in target 'SystemPackage' from project 'swift-system')
cd /Users/admin/builder/spi-builder-workspace/.dependencies/checkouts/swift-system
builtin-copy -exclude .DS_Store -exclude CVS -exclude .svn -exclude .git -exclude .hg -resolve-src-symlinks -rename /Users/admin/builder/spi-builder-workspace/.derivedData/Build/Intermediates.noindex/swift-system.build/Debug-watchos/SystemPackage-t.build/Objects-normal/arm64_32/SystemPackage.swiftdoc /Users/admin/builder/spi-builder-workspace/.derivedData/Build/Products/Debug-watchos/SystemPackage.swiftmodule/arm64_32-apple-watchos.swiftdoc
Copy /Users/admin/builder/spi-builder-workspace/.derivedData/Build/Products/Debug-watchos/SystemPackage.swiftmodule/arm64_32-apple-watchos.abi.json /Users/admin/builder/spi-builder-workspace/.derivedData/Build/Intermediates.noindex/swift-system.build/Debug-watchos/SystemPackage-t.build/Objects-normal/arm64_32/SystemPackage.abi.json (in target 'SystemPackage' from project 'swift-system')
cd /Users/admin/builder/spi-builder-workspace/.dependencies/checkouts/swift-system
builtin-copy -exclude .DS_Store -exclude CVS -exclude .svn -exclude .git -exclude .hg -resolve-src-symlinks -rename /Users/admin/builder/spi-builder-workspace/.derivedData/Build/Intermediates.noindex/swift-system.build/Debug-watchos/SystemPackage-t.build/Objects-normal/arm64_32/SystemPackage.abi.json /Users/admin/builder/spi-builder-workspace/.derivedData/Build/Products/Debug-watchos/SystemPackage.swiftmodule/arm64_32-apple-watchos.abi.json
SwiftDriverJobDiscovery normal arm64_32 Compiling Syscalls.swift, WindowsSyscallAdapters.swift, MachPort.swift (in target 'SystemPackage' from project 'swift-system')
Copy /Users/admin/builder/spi-builder-workspace/.derivedData/Build/Products/Debug-watchos/SystemPackage.swiftmodule/Project/arm64_32-apple-watchos.swiftsourceinfo /Users/admin/builder/spi-builder-workspace/.derivedData/Build/Intermediates.noindex/swift-system.build/Debug-watchos/SystemPackage-t.build/Objects-normal/arm64_32/SystemPackage.swiftsourceinfo (in target 'SystemPackage' from project 'swift-system')
cd /Users/admin/builder/spi-builder-workspace/.dependencies/checkouts/swift-system
builtin-copy -exclude .DS_Store -exclude CVS -exclude .svn -exclude .git -exclude .hg -resolve-src-symlinks -rename /Users/admin/builder/spi-builder-workspace/.derivedData/Build/Intermediates.noindex/swift-system.build/Debug-watchos/SystemPackage-t.build/Objects-normal/arm64_32/SystemPackage.swiftsourceinfo /Users/admin/builder/spi-builder-workspace/.derivedData/Build/Products/Debug-watchos/SystemPackage.swiftmodule/Project/arm64_32-apple-watchos.swiftsourceinfo
SwiftCompile normal arm64_32 Compiling\ Exports.swift,\ Mocking.swift,\ RawBuffer.swift /Users/admin/builder/spi-builder-workspace/.dependencies/checkouts/swift-system/Sources/System/Internals/Exports.swift /Users/admin/builder/spi-builder-workspace/.dependencies/checkouts/swift-system/Sources/System/Internals/Mocking.swift /Users/admin/builder/spi-builder-workspace/.dependencies/checkouts/swift-system/Sources/System/Internals/RawBuffer.swift (in target 'SystemPackage' from project 'swift-system')
SwiftCompile normal arm64_32 /Users/admin/builder/spi-builder-workspace/.dependencies/checkouts/swift-system/Sources/System/Internals/Exports.swift (in target 'SystemPackage' from project 'swift-system')
cd /Users/admin/builder/spi-builder-workspace/.swiftpm/xcode
builtin-SwiftPerFileCompile Exports.swift
SwiftCompile normal arm64_32 /Users/admin/builder/spi-builder-workspace/.dependencies/checkouts/swift-system/Sources/System/Internals/Mocking.swift (in target 'SystemPackage' from project 'swift-system')
cd /Users/admin/builder/spi-builder-workspace/.swiftpm/xcode
builtin-SwiftPerFileCompile Mocking.swift
SwiftCompile normal arm64_32 /Users/admin/builder/spi-builder-workspace/.dependencies/checkouts/swift-system/Sources/System/Internals/RawBuffer.swift (in target 'SystemPackage' from project 'swift-system')
cd /Users/admin/builder/spi-builder-workspace/.swiftpm/xcode
builtin-SwiftPerFileCompile RawBuffer.swift
SwiftDriverJobDiscovery normal arm64_32 Compiling Stat.swift, Backcompat.swift, CInterop.swift, Constants.swift (in target 'SystemPackage' from project 'swift-system')
SwiftDriver ZipArchive normal arm64_32 com.apple.xcode.tools.swift.compiler (in target 'ZipArchive' from project 'swift-zip-archive')
cd /Users/admin/builder/spi-builder-workspace/.swiftpm/xcode
builtin-SwiftDriver -- /Applications/Xcode-27.0.0.app/Contents/Developer/Toolchains/XcodeDefault.xctoolchain/usr/bin/swiftc -parse-as-library -module-name ZipArchive -Onone @/Users/admin/builder/spi-builder-workspace/.derivedData/Build/Intermediates.noindex/swift-zip-archive.build/Debug-watchos/ZipArchive-t.build/Objects-normal/arm64_32/ZipArchive.SwiftFileList -DSWIFT_PACKAGE -DDEBUG -DSWIFT_MODULE_RESOURCE_BUNDLE_UNAVAILABLE -Xcc -fmodule-map-file\=/Users/admin/builder/spi-builder-workspace/.dependencies/checkouts/swift-system/Sources/CSystem/include/module.modulemap -Xcc -fmodule-map-file\=/Users/admin/builder/spi-builder-workspace/.derivedData/Build/Intermediates.noindex/GeneratedModuleMaps-watchos/CZipArchiveZlib.modulemap -DXcode -enable-upcoming-feature ExistentialAny -enable-upcoming-feature InternalImportsByDefault -enable-upcoming-feature MemberImportVisibility -plugin-path /Applications/Xcode-27.0.0.app/Contents/Developer/Toolchains/XcodeDefault.xctoolchain/usr/lib/swift/host/plugins/testing -enable-experimental-feature DebugDescriptionMacro -sdk /Applications/Xcode-27.0.0.app/Contents/Developer/Platforms/WatchOS.platform/Developer/SDKs/WatchOS27.0.sdk -target arm64_32-apple-watchos9.0 -g -module-cache-path /Users/admin/builder/spi-builder-workspace/.derivedData/ModuleCache.noindex -Xfrontend -serialize-debugging-options -profile-coverage-mapping -profile-generate -enable-testing -index-store-path /Users/admin/builder/spi-builder-workspace/.derivedData/Index.noindex/DataStore -Xcc -D_LIBCPP_HARDENING_MODE\=_LIBCPP_HARDENING_MODE_DEBUG -swift-version 6 -I /Users/admin/builder/spi-builder-workspace/.derivedData/Build/Products/Debug-watchos -Isystem /Applications/Xcode-27.0.0.app/Contents/Developer/Platforms/WatchOS.platform/Developer/usr/lib -F /Users/admin/builder/spi-builder-workspace/.derivedData/Build/Products/Debug-watchos/PackageFrameworks -F /Users/admin/builder/spi-builder-workspace/.derivedData/Build/Products/Debug-watchos -F /Applications/Xcode-27.0.0.app/Contents/Developer/Platforms/WatchOS.platform/Developer/Library/Frameworks -F /Applications/Xcode-27.0.0.app/Contents/Developer/Platforms/WatchOS.platform/Developer/SDKs/WatchOS27.0.sdk/Developer/Library/Frameworks -c -j10 -enable-batch-mode -incremental -Xcc -ivfsstatcache -Xcc /Users/admin/builder/spi-builder-workspace/.derivedData/SDKStatCaches.noindex/watchos27.0-24R360-e829b21a6f8c9b70876ba0858053c044b9db9bc9c079ee3c7b5f3373b13d10bc.sdkstatcache -output-file-map /Users/admin/builder/spi-builder-workspace/.derivedData/Build/Intermediates.noindex/swift-zip-archive.build/Debug-watchos/ZipArchive-t.build/Objects-normal/arm64_32/ZipArchive-OutputFileMap.json -save-temps -no-color-diagnostics -explicit-module-build -module-cache-path /Users/admin/builder/spi-builder-workspace/.derivedData/Build/Intermediates.noindex/SwiftExplicitPrecompiledModules -clang-scanner-module-cache-path /Users/admin/builder/spi-builder-workspace/.derivedData/ModuleCache.noindex -sdk-module-cache-path /Users/admin/builder/spi-builder-workspace/.derivedData/SDKExplicitPrecompiledModules -emit-dependencies -emit-module -emit-module-path /Users/admin/builder/spi-builder-workspace/.derivedData/Build/Intermediates.noindex/swift-zip-archive.build/Debug-watchos/ZipArchive-t.build/Objects-normal/arm64_32/ZipArchive.swiftmodule -serialize-diagnostics -dependency-scan-serialize-diagnostics-path /Users/admin/builder/spi-builder-workspace/.derivedData/Build/Intermediates.noindex/swift-zip-archive.build/Debug-watchos/ZipArchive-t.build/Objects-normal/arm64_32/ZipArchive-dependency-scan.dia -validate-clang-modules-once -clang-build-session-file /Users/admin/builder/spi-builder-workspace/.derivedData/ModuleCache.noindex/Session.modulevalidation -Xcc -fmodules-prune-interval\=86400 -Xcc -fmodules-prune-after\=345600 -package-name spi_builder_workspace -emit-const-values -const-gather-protocols-list /Users/admin/builder/spi-builder-workspace/.derivedData/Build/Intermediates.noindex/swift-zip-archive.build/Debug-watchos/ZipArchive-t.build/Objects-normal/arm64_32/ZipArchive_const_extract_protocols.json -Xcc -I/Users/admin/builder/spi-builder-workspace/.dependencies/checkouts/swift-system/Sources/CSystem/include -Xcc -I/Users/admin/builder/spi-builder-workspace/Sources/CZipArchiveZlib/include -Xcc -I/Users/admin/builder/spi-builder-workspace/.derivedData/Build/Products/Debug-watchos/include -Xcc -I/Users/admin/builder/spi-builder-workspace/.derivedData/Build/Intermediates.noindex/swift-zip-archive.build/Debug-watchos/ZipArchive-t.build/DerivedSources-normal/arm64_32 -Xcc -I/Users/admin/builder/spi-builder-workspace/.derivedData/Build/Intermediates.noindex/swift-zip-archive.build/Debug-watchos/ZipArchive-t.build/DerivedSources/arm64_32 -Xcc -I/Users/admin/builder/spi-builder-workspace/.derivedData/Build/Intermediates.noindex/swift-zip-archive.build/Debug-watchos/ZipArchive-t.build/DerivedSources -Xcc -DSWIFT_PACKAGE -Xcc -DDEBUG\=1 -emit-objc-header -emit-objc-header-path /Users/admin/builder/spi-builder-workspace/.derivedData/Build/Intermediates.noindex/swift-zip-archive.build/Debug-watchos/ZipArchive-t.build/Objects-normal/arm64_32/ZipArchive-Swift.h -working-directory /Users/admin/builder/spi-builder-workspace/.swiftpm/xcode -experimental-emit-module-separately -disable-cmo
SwiftDriver ZipArchive normal arm64 com.apple.xcode.tools.swift.compiler (in target 'ZipArchive' from project 'swift-zip-archive')
cd /Users/admin/builder/spi-builder-workspace/.swiftpm/xcode
builtin-SwiftDriver -- /Applications/Xcode-27.0.0.app/Contents/Developer/Toolchains/XcodeDefault.xctoolchain/usr/bin/swiftc -parse-as-library -module-name ZipArchive -Onone @/Users/admin/builder/spi-builder-workspace/.derivedData/Build/Intermediates.noindex/swift-zip-archive.build/Debug-watchos/ZipArchive-t.build/Objects-normal/arm64/ZipArchive.SwiftFileList -DSWIFT_PACKAGE -DDEBUG -DSWIFT_MODULE_RESOURCE_BUNDLE_UNAVAILABLE -Xcc -fmodule-map-file\=/Users/admin/builder/spi-builder-workspace/.dependencies/checkouts/swift-system/Sources/CSystem/include/module.modulemap -Xcc -fmodule-map-file\=/Users/admin/builder/spi-builder-workspace/.derivedData/Build/Intermediates.noindex/GeneratedModuleMaps-watchos/CZipArchiveZlib.modulemap -DXcode -enable-upcoming-feature ExistentialAny -enable-upcoming-feature InternalImportsByDefault -enable-upcoming-feature MemberImportVisibility -plugin-path /Applications/Xcode-27.0.0.app/Contents/Developer/Toolchains/XcodeDefault.xctoolchain/usr/lib/swift/host/plugins/testing -enable-experimental-feature DebugDescriptionMacro -sdk /Applications/Xcode-27.0.0.app/Contents/Developer/Platforms/WatchOS.platform/Developer/SDKs/WatchOS27.0.sdk -target arm64-apple-watchos9.0 -g -module-cache-path /Users/admin/builder/spi-builder-workspace/.derivedData/ModuleCache.noindex -Xfrontend -serialize-debugging-options -profile-coverage-mapping -profile-generate -enable-testing -index-store-path /Users/admin/builder/spi-builder-workspace/.derivedData/Index.noindex/DataStore -Xcc -D_LIBCPP_HARDENING_MODE\=_LIBCPP_HARDENING_MODE_DEBUG -swift-version 6 -I /Users/admin/builder/spi-builder-workspace/.derivedData/Build/Products/Debug-watchos -Isystem /Applications/Xcode-27.0.0.app/Contents/Developer/Platforms/WatchOS.platform/Developer/usr/lib -F /Users/admin/builder/spi-builder-workspace/.derivedData/Build/Products/Debug-watchos/PackageFrameworks -F /Users/admin/builder/spi-builder-workspace/.derivedData/Build/Products/Debug-watchos -F /Applications/Xcode-27.0.0.app/Contents/Developer/Platforms/WatchOS.platform/Developer/Library/Frameworks -F /Applications/Xcode-27.0.0.app/Contents/Developer/Platforms/WatchOS.platform/Developer/SDKs/WatchOS27.0.sdk/Developer/Library/Frameworks -c -j10 -enable-batch-mode -incremental -Xcc -ivfsstatcache -Xcc /Users/admin/builder/spi-builder-workspace/.derivedData/SDKStatCaches.noindex/watchos27.0-24R360-e829b21a6f8c9b70876ba0858053c044b9db9bc9c079ee3c7b5f3373b13d10bc.sdkstatcache -output-file-map /Users/admin/builder/spi-builder-workspace/.derivedData/Build/Intermediates.noindex/swift-zip-archive.build/Debug-watchos/ZipArchive-t.build/Objects-normal/arm64/ZipArchive-OutputFileMap.json -save-temps -no-color-diagnostics -explicit-module-build -module-cache-path /Users/admin/builder/spi-builder-workspace/.derivedData/Build/Intermediates.noindex/SwiftExplicitPrecompiledModules -clang-scanner-module-cache-path /Users/admin/builder/spi-builder-workspace/.derivedData/ModuleCache.noindex -sdk-module-cache-path /Users/admin/builder/spi-builder-workspace/.derivedData/SDKExplicitPrecompiledModules -emit-dependencies -emit-module -emit-module-path /Users/admin/builder/spi-builder-workspace/.derivedData/Build/Intermediates.noindex/swift-zip-archive.build/Debug-watchos/ZipArchive-t.build/Objects-normal/arm64/ZipArchive.swiftmodule -serialize-diagnostics -dependency-scan-serialize-diagnostics-path /Users/admin/builder/spi-builder-workspace/.derivedData/Build/Intermediates.noindex/swift-zip-archive.build/Debug-watchos/ZipArchive-t.build/Objects-normal/arm64/ZipArchive-dependency-scan.dia -validate-clang-modules-once -clang-build-session-file /Users/admin/builder/spi-builder-workspace/.derivedData/ModuleCache.noindex/Session.modulevalidation -Xcc -fmodules-prune-interval\=86400 -Xcc -fmodules-prune-after\=345600 -package-name spi_builder_workspace -emit-const-values -const-gather-protocols-list /Users/admin/builder/spi-builder-workspace/.derivedData/Build/Intermediates.noindex/swift-zip-archive.build/Debug-watchos/ZipArchive-t.build/Objects-normal/arm64/ZipArchive_const_extract_protocols.json -Xcc -I/Users/admin/builder/spi-builder-workspace/.dependencies/checkouts/swift-system/Sources/CSystem/include -Xcc -I/Users/admin/builder/spi-builder-workspace/Sources/CZipArchiveZlib/include -Xcc -I/Users/admin/builder/spi-builder-workspace/.derivedData/Build/Products/Debug-watchos/include -Xcc -I/Users/admin/builder/spi-builder-workspace/.derivedData/Build/Intermediates.noindex/swift-zip-archive.build/Debug-watchos/ZipArchive-t.build/DerivedSources-normal/arm64 -Xcc -I/Users/admin/builder/spi-builder-workspace/.derivedData/Build/Intermediates.noindex/swift-zip-archive.build/Debug-watchos/ZipArchive-t.build/DerivedSources/arm64 -Xcc -I/Users/admin/builder/spi-builder-workspace/.derivedData/Build/Intermediates.noindex/swift-zip-archive.build/Debug-watchos/ZipArchive-t.build/DerivedSources -Xcc -DSWIFT_PACKAGE -Xcc -DDEBUG\=1 -emit-objc-header -emit-objc-header-path /Users/admin/builder/spi-builder-workspace/.derivedData/Build/Intermediates.noindex/swift-zip-archive.build/Debug-watchos/ZipArchive-t.build/Objects-normal/arm64/ZipArchive-Swift.h -working-directory /Users/admin/builder/spi-builder-workspace/.swiftpm/xcode -experimental-emit-module-separately -disable-cmo
SwiftDriverJobDiscovery normal arm64_32 Compiling FileOperations.swift, FilePath.swift, FilePathComponentView.swift, FilePathComponents.swift (in target 'SystemPackage' from project 'swift-system')
SwiftDriverJobDiscovery normal arm64_32 Compiling Errno.swift, ErrnoWindows.swift, FileDescriptor.swift, FileHelpers.swift (in target 'SystemPackage' from project 'swift-system')
SwiftDriverJobDiscovery normal arm64_32 Compiling FilePathParsing.swift, FilePathString.swift, FilePathSyntax.swift, FilePathTemp.swift (in target 'SystemPackage' from project 'swift-system')
SwiftDriverJobDiscovery normal arm64 Compiling Syscalls.swift, WindowsSyscallAdapters.swift, MachPort.swift (in target 'SystemPackage' from project 'swift-system')
SwiftDriverJobDiscovery normal arm64 Compiling FilePathTempPosix.swift, FilePathTempWindows.swift, FilePathWindows.swift, FilePermissions.swift (in target 'SystemPackage' from project 'swift-system')
SwiftDriver\ Compilation SystemPackage normal arm64 com.apple.xcode.tools.swift.compiler (in target 'SystemPackage' from project 'swift-system')
cd /Users/admin/builder/spi-builder-workspace/.swiftpm/xcode
builtin-Swift-Compilation -- /Applications/Xcode-27.0.0.app/Contents/Developer/Toolchains/XcodeDefault.xctoolchain/usr/bin/swiftc -parse-as-library -module-name SystemPackage -Onone @/Users/admin/builder/spi-builder-workspace/.derivedData/Build/Intermediates.noindex/swift-system.build/Debug-watchos/SystemPackage-t.build/Objects-normal/arm64/SystemPackage.SwiftFileList -DSWIFT_PACKAGE -DDEBUG -DSWIFT_MODULE_RESOURCE_BUNDLE_UNAVAILABLE -DSYSTEM_PACKAGE -DENABLE_MOCKING -DSYSTEM_PACKAGE_DARWIN -Xcc -fmodule-map-file\=/Users/admin/builder/spi-builder-workspace/.dependencies/checkouts/swift-system/Sources/CSystem/include/module.modulemap -DXcode -enable-experimental-feature AvailabilityMacro\=System\ 0.0.1:macOS\ 10.10,\ iOS\ 8.0,\ watchOS\ 2.0,\ tvOS\ 9.0,\ visionOS\ 1.0 -enable-experimental-feature AvailabilityMacro\=System\ 0.0.2:macOS\ 10.10,\ iOS\ 8.0,\ watchOS\ 2.0,\ tvOS\ 9.0,\ visionOS\ 1.0 -enable-experimental-feature AvailabilityMacro\=System\ 0.0.3:macOS\ 10.10,\ iOS\ 8.0,\ watchOS\ 2.0,\ tvOS\ 9.0,\ visionOS\ 1.0 -enable-experimental-feature AvailabilityMacro\=System\ 1.1.0:macOS\ 10.10,\ iOS\ 8.0,\ watchOS\ 2.0,\ tvOS\ 9.0,\ visionOS\ 1.0 -enable-experimental-feature AvailabilityMacro\=System\ 1.1.1:macOS\ 10.10,\ iOS\ 8.0,\ watchOS\ 2.0,\ tvOS\ 9.0,\ visionOS\ 1.0 -enable-experimental-feature AvailabilityMacro\=System\ 1.2.0:macOS\ 10.10,\ iOS\ 8.0,\ watchOS\ 2.0,\ tvOS\ 9.0,\ visionOS\ 1.0 -enable-experimental-feature AvailabilityMacro\=System\ 1.2.1:macOS\ 10.10,\ iOS\ 8.0,\ watchOS\ 2.0,\ tvOS\ 9.0,\ visionOS\ 1.0 -enable-experimental-feature AvailabilityMacro\=System\ 1.3.0:macOS\ 10.10,\ iOS\ 8.0,\ watchOS\ 2.0,\ tvOS\ 9.0,\ visionOS\ 1.0 -enable-experimental-feature AvailabilityMacro\=System\ 1.3.1:macOS\ 10.10,\ iOS\ 8.0,\ watchOS\ 2.0,\ tvOS\ 9.0,\ visionOS\ 1.0 -enable-experimental-feature AvailabilityMacro\=System\ 1.3.2:macOS\ 10.10,\ iOS\ 8.0,\ watchOS\ 2.0,\ tvOS\ 9.0,\ visionOS\ 1.0 -enable-experimental-feature AvailabilityMacro\=System\ 1.4.0:macOS\ 10.10,\ iOS\ 8.0,\ watchOS\ 2.0,\ tvOS\ 9.0,\ visionOS\ 1.0 -enable-experimental-feature AvailabilityMacro\=System\ 1.7.0:macOS\ 10.10,\ iOS\ 8.0,\ watchOS\ 2.0,\ tvOS\ 9.0,\ visionOS\ 1.0 -enable-experimental-feature AvailabilityMacro\=System\ 199:macOS\ 10.10,\ iOS\ 8.0,\ watchOS\ 2.0,\ tvOS\ 9.0,\ visionOS\ 1.0 -enable-experimental-feature Lifetimes -plugin-path /Applications/Xcode-27.0.0.app/Contents/Developer/Toolchains/XcodeDefault.xctoolchain/usr/lib/swift/host/plugins/testing -enable-experimental-feature DebugDescriptionMacro -sdk /Applications/Xcode-27.0.0.app/Contents/Developer/Platforms/WatchOS.platform/Developer/SDKs/WatchOS27.0.sdk -target arm64-apple-watchos9.0 -g -module-cache-path /Users/admin/builder/spi-builder-workspace/.derivedData/ModuleCache.noindex -Xfrontend -serialize-debugging-options -profile-coverage-mapping -profile-generate -enable-testing -suppress-warnings -index-store-path /Users/admin/builder/spi-builder-workspace/.derivedData/Index.noindex/DataStore -Xcc -D_LIBCPP_HARDENING_MODE\=_LIBCPP_HARDENING_MODE_DEBUG -swift-version 6 -I /Users/admin/builder/spi-builder-workspace/.derivedData/Build/Products/Debug-watchos -Isystem /Applications/Xcode-27.0.0.app/Contents/Developer/Platforms/WatchOS.platform/Developer/usr/lib -F /Users/admin/builder/spi-builder-workspace/.derivedData/Build/Products/Debug-watchos/PackageFrameworks -F /Users/admin/builder/spi-builder-workspace/.derivedData/Build/Products/Debug-watchos -F /Applications/Xcode-27.0.0.app/Contents/Developer/Platforms/WatchOS.platform/Developer/Library/Frameworks -F /Applications/Xcode-27.0.0.app/Contents/Developer/Platforms/WatchOS.platform/Developer/SDKs/WatchOS27.0.sdk/Developer/Library/Frameworks -c -j10 -enable-batch-mode -incremental -Xcc -ivfsstatcache -Xcc /Users/admin/builder/spi-builder-workspace/.derivedData/SDKStatCaches.noindex/watchos27.0-24R360-e829b21a6f8c9b70876ba0858053c044b9db9bc9c079ee3c7b5f3373b13d10bc.sdkstatcache -output-file-map /Users/admin/builder/spi-builder-workspace/.derivedData/Build/Intermediates.noindex/swift-system.build/Debug-watchos/SystemPackage-t.build/Objects-normal/arm64/SystemPackage-OutputFileMap.json -save-temps -no-color-diagnostics -explicit-module-build -module-cache-path /Users/admin/builder/spi-builder-workspace/.derivedData/Build/Intermediates.noindex/SwiftExplicitPrecompiledModules -clang-scanner-module-cache-path /Users/admin/builder/spi-builder-workspace/.derivedData/ModuleCache.noindex -sdk-module-cache-path /Users/admin/builder/spi-builder-workspace/.derivedData/SDKExplicitPrecompiledModules -emit-dependencies -emit-module -emit-module-path /Users/admin/builder/spi-builder-workspace/.derivedData/Build/Intermediates.noindex/swift-system.build/Debug-watchos/SystemPackage-t.build/Objects-normal/arm64/SystemPackage.swiftmodule -serialize-diagnostics -dependency-scan-serialize-diagnostics-path /Users/admin/builder/spi-builder-workspace/.derivedData/Build/Intermediates.noindex/swift-system.build/Debug-watchos/SystemPackage-t.build/Objects-normal/arm64/SystemPackage-dependency-scan.dia -user-module-version 1.8.1 -validate-clang-modules-once -clang-build-session-file /Users/admin/builder/spi-builder-workspace/.derivedData/ModuleCache.noindex/Session.modulevalidation -Xcc -fmodules-prune-interval\=86400 -Xcc -fmodules-prune-after\=345600 -package-name swift_system -emit-const-values -const-gather-protocols-list /Users/admin/builder/spi-builder-workspace/.derivedData/Build/Intermediates.noindex/swift-system.build/Debug-watchos/SystemPackage-t.build/Objects-normal/arm64/SystemPackage_const_extract_protocols.json -Xcc -I/Users/admin/builder/spi-builder-workspace/.dependencies/checkouts/swift-system/Sources/CSystem/include -Xcc -I/Users/admin/builder/spi-builder-workspace/.derivedData/Build/Products/Debug-watchos/include -Xcc -I/Users/admin/builder/spi-builder-workspace/.derivedData/Build/Intermediates.noindex/swift-system.build/Debug-watchos/SystemPackage-t.build/DerivedSources-normal/arm64 -Xcc -I/Users/admin/builder/spi-builder-workspace/.derivedData/Build/Intermediates.noindex/swift-system.build/Debug-watchos/SystemPackage-t.build/DerivedSources/arm64 -Xcc -I/Users/admin/builder/spi-builder-workspace/.derivedData/Build/Intermediates.noindex/swift-system.build/Debug-watchos/SystemPackage-t.build/DerivedSources -Xcc -DSWIFT_PACKAGE -Xcc -DDEBUG\=1 -emit-objc-header -emit-objc-header-path /Users/admin/builder/spi-builder-workspace/.derivedData/Build/Intermediates.noindex/swift-system.build/Debug-watchos/SystemPackage-t.build/Objects-normal/arm64/SystemPackage-Swift.h -working-directory /Users/admin/builder/spi-builder-workspace/.swiftpm/xcode -experimental-emit-module-separately -disable-cmo
Ld /Users/admin/builder/spi-builder-workspace/.derivedData/Build/Intermediates.noindex/swift-system.build/Debug-watchos/SystemPackage-t.build/Objects-normal/arm64/Binary/SystemPackage.o normal arm64 (in target 'SystemPackage' from project 'swift-system')
cd /Users/admin/builder/spi-builder-workspace/.dependencies/checkouts/swift-system
/Applications/Xcode-27.0.0.app/Contents/Developer/Toolchains/XcodeDefault.xctoolchain/usr/bin/clang -Xlinker -reproducible -target arm64-apple-watchos9.0 -r -isysroot /Applications/Xcode-27.0.0.app/Contents/Developer/Platforms/WatchOS.platform/Developer/SDKs/WatchOS27.0.sdk -O0 -w -Xlinker -no_warn_duplicate_libraries -F/Users/admin/builder/spi-builder-workspace/.derivedData/Build/Intermediates.noindex/EagerLinkingTBDs/Debug-watchos -F/Users/admin/builder/spi-builder-workspace/.derivedData/Build/Products/Debug-watchos/PackageFrameworks -F/Users/admin/builder/spi-builder-workspace/.derivedData/Build/Products/Debug-watchos -iframework /Applications/Xcode-27.0.0.app/Contents/Developer/Platforms/WatchOS.platform/Developer/Library/Frameworks -iframework /Applications/Xcode-27.0.0.app/Contents/Developer/Platforms/WatchOS.platform/Developer/SDKs/WatchOS27.0.sdk/Developer/Library/Frameworks -filelist /Users/admin/builder/spi-builder-workspace/.derivedData/Build/Intermediates.noindex/swift-system.build/Debug-watchos/SystemPackage-t.build/Objects-normal/arm64/SystemPackage.LinkFileList -nostdlib -Xlinker -object_path_lto -Xlinker /Users/admin/builder/spi-builder-workspace/.derivedData/Build/Intermediates.noindex/swift-system.build/Debug-watchos/SystemPackage-t.build/Objects-normal/arm64/SystemPackage_lto.o -Xlinker -no_deduplicate -Xlinker -debug_variant -Xlinker -dependency_info -Xlinker /Users/admin/builder/spi-builder-workspace/.derivedData/Build/Intermediates.noindex/swift-system.build/Debug-watchos/SystemPackage-t.build/Objects-normal/arm64/SystemPackage_dependency_info.dat -fobjc-link-runtime -L/Applications/Xcode-27.0.0.app/Contents/Developer/Toolchains/XcodeDefault.xctoolchain/usr/lib/swift/watchos -L/usr/lib/swift -Xlinker -add_ast_path -Xlinker /Users/admin/builder/spi-builder-workspace/.derivedData/Build/Intermediates.noindex/swift-system.build/Debug-watchos/SystemPackage-t.build/Objects-normal/arm64/SystemPackage.swiftmodule -o /Users/admin/builder/spi-builder-workspace/.derivedData/Build/Intermediates.noindex/swift-system.build/Debug-watchos/SystemPackage-t.build/Objects-normal/arm64/Binary/SystemPackage.o
SwiftDriverJobDiscovery normal arm64_32 Compiling Util.swift, UtilConsumers.swift, WinSDK+Overlay.swift (in target 'SystemPackage' from project 'swift-system')
SwiftExplicitDependencyGeneratePcm arm64 /Users/admin/builder/spi-builder-workspace/.derivedData/SDKExplicitPrecompiledModules/ptrauth-75D2Q69SEU6TW661FC9T39G5T.pcm
SwiftExplicitDependencyGeneratePcm arm64 /Users/admin/builder/spi-builder-workspace/.derivedData/SDKExplicitPrecompiledModules/ObjectiveC-DV0JE3OUNWO3O3UE1N347RY55.pcm
SwiftExplicitDependencyGeneratePcm arm64 /Users/admin/builder/spi-builder-workspace/.derivedData/Build/Intermediates.noindex/SwiftExplicitPrecompiledModules/CZipArchiveZlib-2ZDWKBZNW3X882O3T99BO1LG1.pcm
SwiftExplicitDependencyGeneratePcm arm64 /Users/admin/builder/spi-builder-workspace/.derivedData/SDKExplicitPrecompiledModules/string_h-4CSQOUX7AGTYYYGKC8M276OI9.pcm
SwiftExplicitDependencyGeneratePcm arm64_32 /Users/admin/builder/spi-builder-workspace/.derivedData/SDKExplicitPrecompiledModules/string_h-5JIQF7F6QR5PADS6CIIQIXRFW.pcm
SwiftExplicitDependencyGeneratePcm arm64_32 /Users/admin/builder/spi-builder-workspace/.derivedData/SDKExplicitPrecompiledModules/ObjectiveC-AJI1K6ZMESMAXDSQ8OKHJ72H7.pcm
SwiftExplicitDependencyGeneratePcm arm64_32 /Users/admin/builder/spi-builder-workspace/.derivedData/SDKExplicitPrecompiledModules/ptrauth-88RK1G9DAGJXQFP1AN1WL17RR.pcm
SwiftExplicitDependencyGeneratePcm arm64_32 /Users/admin/builder/spi-builder-workspace/.derivedData/Build/Intermediates.noindex/SwiftExplicitPrecompiledModules/CZipArchiveZlib-A0RJ5DZIJ12OGJFJ9VCNGWTR2.pcm
SwiftDriverJobDiscovery normal arm64_32 Compiling Exports.swift, Mocking.swift, RawBuffer.swift (in target 'SystemPackage' from project 'swift-system')
SwiftExplicitDependencyGeneratePcm arm64 /Users/admin/builder/spi-builder-workspace/.derivedData/SDKExplicitPrecompiledModules/os_object-1JFESJBLQUD4RS3VL4N1KYEDU.pcm
SwiftExplicitDependencyGeneratePcm arm64_32 /Users/admin/builder/spi-builder-workspace/.derivedData/SDKExplicitPrecompiledModules/os_object-5TY9JM8WCIDWZD1H148JEBV2F.pcm
SwiftExplicitDependencyGeneratePcm arm64_32 /Users/admin/builder/spi-builder-workspace/.derivedData/SDKExplicitPrecompiledModules/os_workgroup-LKX7LZYC1IUZO27QQLWUANJE.pcm
SwiftExplicitDependencyGeneratePcm arm64 /Users/admin/builder/spi-builder-workspace/.derivedData/SDKExplicitPrecompiledModules/os_workgroup-65XNBX18CBCXC0KTSN0M6UNVT.pcm
SwiftExplicitDependencyGeneratePcm arm64_32 /Users/admin/builder/spi-builder-workspace/.derivedData/SDKExplicitPrecompiledModules/Dispatch-7K60THHWK3C851QMSWUUEEC2Q.pcm
SwiftExplicitDependencyGeneratePcm arm64 /Users/admin/builder/spi-builder-workspace/.derivedData/SDKExplicitPrecompiledModules/Dispatch-6D65D6EIW4AHX08JGF4J74MV9.pcm
SwiftExplicitDependencyGeneratePcm arm64 /Users/admin/builder/spi-builder-workspace/.derivedData/SDKExplicitPrecompiledModules/CoreFoundation-8MLEPC68IRDBIK6YTJL7DNZH.pcm
SwiftExplicitDependencyGeneratePcm arm64_32 /Users/admin/builder/spi-builder-workspace/.derivedData/SDKExplicitPrecompiledModules/XPC-CZIZYD8A7DCOUWGZRQ4DKZKSL.pcm
SwiftExplicitDependencyGeneratePcm arm64 /Users/admin/builder/spi-builder-workspace/.derivedData/SDKExplicitPrecompiledModules/XPC-46U120GB61ZMOBIJJ669AYIXF.pcm
SwiftExplicitDependencyGeneratePcm arm64_32 /Users/admin/builder/spi-builder-workspace/.derivedData/SDKExplicitPrecompiledModules/CoreFoundation-89G5WX03B78NXYKER48PGSMVI.pcm
SwiftExplicitDependencyGeneratePcm arm64 /Users/admin/builder/spi-builder-workspace/.derivedData/SDKExplicitPrecompiledModules/Security-B8EWSEMP4Z3IE155A3ILBKM2V.pcm
SwiftExplicitDependencyGeneratePcm arm64_32 /Users/admin/builder/spi-builder-workspace/.derivedData/SDKExplicitPrecompiledModules/Security-C9W0029I4749M0FMG9UVPZUKU.pcm
SwiftDriverJobDiscovery normal arm64_32 Compiling FilePathTempPosix.swift, FilePathTempWindows.swift, FilePathWindows.swift, FilePermissions.swift (in target 'SystemPackage' from project 'swift-system')
SwiftDriver\ Compilation SystemPackage normal arm64_32 com.apple.xcode.tools.swift.compiler (in target 'SystemPackage' from project 'swift-system')
cd /Users/admin/builder/spi-builder-workspace/.swiftpm/xcode
builtin-Swift-Compilation -- /Applications/Xcode-27.0.0.app/Contents/Developer/Toolchains/XcodeDefault.xctoolchain/usr/bin/swiftc -parse-as-library -module-name SystemPackage -Onone @/Users/admin/builder/spi-builder-workspace/.derivedData/Build/Intermediates.noindex/swift-system.build/Debug-watchos/SystemPackage-t.build/Objects-normal/arm64_32/SystemPackage.SwiftFileList -DSWIFT_PACKAGE -DDEBUG -DSWIFT_MODULE_RESOURCE_BUNDLE_UNAVAILABLE -DSYSTEM_PACKAGE -DENABLE_MOCKING -DSYSTEM_PACKAGE_DARWIN -Xcc -fmodule-map-file\=/Users/admin/builder/spi-builder-workspace/.dependencies/checkouts/swift-system/Sources/CSystem/include/module.modulemap -DXcode -enable-experimental-feature AvailabilityMacro\=System\ 0.0.1:macOS\ 10.10,\ iOS\ 8.0,\ watchOS\ 2.0,\ tvOS\ 9.0,\ visionOS\ 1.0 -enable-experimental-feature AvailabilityMacro\=System\ 0.0.2:macOS\ 10.10,\ iOS\ 8.0,\ watchOS\ 2.0,\ tvOS\ 9.0,\ visionOS\ 1.0 -enable-experimental-feature AvailabilityMacro\=System\ 0.0.3:macOS\ 10.10,\ iOS\ 8.0,\ watchOS\ 2.0,\ tvOS\ 9.0,\ visionOS\ 1.0 -enable-experimental-feature AvailabilityMacro\=System\ 1.1.0:macOS\ 10.10,\ iOS\ 8.0,\ watchOS\ 2.0,\ tvOS\ 9.0,\ visionOS\ 1.0 -enable-experimental-feature AvailabilityMacro\=System\ 1.1.1:macOS\ 10.10,\ iOS\ 8.0,\ watchOS\ 2.0,\ tvOS\ 9.0,\ visionOS\ 1.0 -enable-experimental-feature AvailabilityMacro\=System\ 1.2.0:macOS\ 10.10,\ iOS\ 8.0,\ watchOS\ 2.0,\ tvOS\ 9.0,\ visionOS\ 1.0 -enable-experimental-feature AvailabilityMacro\=System\ 1.2.1:macOS\ 10.10,\ iOS\ 8.0,\ watchOS\ 2.0,\ tvOS\ 9.0,\ visionOS\ 1.0 -enable-experimental-feature AvailabilityMacro\=System\ 1.3.0:macOS\ 10.10,\ iOS\ 8.0,\ watchOS\ 2.0,\ tvOS\ 9.0,\ visionOS\ 1.0 -enable-experimental-feature AvailabilityMacro\=System\ 1.3.1:macOS\ 10.10,\ iOS\ 8.0,\ watchOS\ 2.0,\ tvOS\ 9.0,\ visionOS\ 1.0 -enable-experimental-feature AvailabilityMacro\=System\ 1.3.2:macOS\ 10.10,\ iOS\ 8.0,\ watchOS\ 2.0,\ tvOS\ 9.0,\ visionOS\ 1.0 -enable-experimental-feature AvailabilityMacro\=System\ 1.4.0:macOS\ 10.10,\ iOS\ 8.0,\ watchOS\ 2.0,\ tvOS\ 9.0,\ visionOS\ 1.0 -enable-experimental-feature AvailabilityMacro\=System\ 1.7.0:macOS\ 10.10,\ iOS\ 8.0,\ watchOS\ 2.0,\ tvOS\ 9.0,\ visionOS\ 1.0 -enable-experimental-feature AvailabilityMacro\=System\ 199:macOS\ 10.10,\ iOS\ 8.0,\ watchOS\ 2.0,\ tvOS\ 9.0,\ visionOS\ 1.0 -enable-experimental-feature Lifetimes -plugin-path /Applications/Xcode-27.0.0.app/Contents/Developer/Toolchains/XcodeDefault.xctoolchain/usr/lib/swift/host/plugins/testing -enable-experimental-feature DebugDescriptionMacro -sdk /Applications/Xcode-27.0.0.app/Contents/Developer/Platforms/WatchOS.platform/Developer/SDKs/WatchOS27.0.sdk -target arm64_32-apple-watchos9.0 -g -module-cache-path /Users/admin/builder/spi-builder-workspace/.derivedData/ModuleCache.noindex -Xfrontend -serialize-debugging-options -profile-coverage-mapping -profile-generate -enable-testing -suppress-warnings -index-store-path /Users/admin/builder/spi-builder-workspace/.derivedData/Index.noindex/DataStore -Xcc -D_LIBCPP_HARDENING_MODE\=_LIBCPP_HARDENING_MODE_DEBUG -swift-version 6 -I /Users/admin/builder/spi-builder-workspace/.derivedData/Build/Products/Debug-watchos -Isystem /Applications/Xcode-27.0.0.app/Contents/Developer/Platforms/WatchOS.platform/Developer/usr/lib -F /Users/admin/builder/spi-builder-workspace/.derivedData/Build/Products/Debug-watchos/PackageFrameworks -F /Users/admin/builder/spi-builder-workspace/.derivedData/Build/Products/Debug-watchos -F /Applications/Xcode-27.0.0.app/Contents/Developer/Platforms/WatchOS.platform/Developer/Library/Frameworks -F /Applications/Xcode-27.0.0.app/Contents/Developer/Platforms/WatchOS.platform/Developer/SDKs/WatchOS27.0.sdk/Developer/Library/Frameworks -c -j10 -enable-batch-mode -incremental -Xcc -ivfsstatcache -Xcc /Users/admin/builder/spi-builder-workspace/.derivedData/SDKStatCaches.noindex/watchos27.0-24R360-e829b21a6f8c9b70876ba0858053c044b9db9bc9c079ee3c7b5f3373b13d10bc.sdkstatcache -output-file-map /Users/admin/builder/spi-builder-workspace/.derivedData/Build/Intermediates.noindex/swift-system.build/Debug-watchos/SystemPackage-t.build/Objects-normal/arm64_32/SystemPackage-OutputFileMap.json -save-temps -no-color-diagnostics -explicit-module-build -module-cache-path /Users/admin/builder/spi-builder-workspace/.derivedData/Build/Intermediates.noindex/SwiftExplicitPrecompiledModules -clang-scanner-module-cache-path /Users/admin/builder/spi-builder-workspace/.derivedData/ModuleCache.noindex -sdk-module-cache-path /Users/admin/builder/spi-builder-workspace/.derivedData/SDKExplicitPrecompiledModules -emit-dependencies -emit-module -emit-module-path /Users/admin/builder/spi-builder-workspace/.derivedData/Build/Intermediates.noindex/swift-system.build/Debug-watchos/SystemPackage-t.build/Objects-normal/arm64_32/SystemPackage.swiftmodule -serialize-diagnostics -dependency-scan-serialize-diagnostics-path /Users/admin/builder/spi-builder-workspace/.derivedData/Build/Intermediates.noindex/swift-system.build/Debug-watchos/SystemPackage-t.build/Objects-normal/arm64_32/SystemPackage-dependency-scan.dia -user-module-version 1.8.1 -validate-clang-modules-once -clang-build-session-file /Users/admin/builder/spi-builder-workspace/.derivedData/ModuleCache.noindex/Session.modulevalidation -Xcc -fmodules-prune-interval\=86400 -Xcc -fmodules-prune-after\=345600 -package-name swift_system -emit-const-values -const-gather-protocols-list /Users/admin/builder/spi-builder-workspace/.derivedData/Build/Intermediates.noindex/swift-system.build/Debug-watchos/SystemPackage-t.build/Objects-normal/arm64_32/SystemPackage_const_extract_protocols.json -Xcc -I/Users/admin/builder/spi-builder-workspace/.dependencies/checkouts/swift-system/Sources/CSystem/include -Xcc -I/Users/admin/builder/spi-builder-workspace/.derivedData/Build/Products/Debug-watchos/include -Xcc -I/Users/admin/builder/spi-builder-workspace/.derivedData/Build/Intermediates.noindex/swift-system.build/Debug-watchos/SystemPackage-t.build/DerivedSources-normal/arm64_32 -Xcc -I/Users/admin/builder/spi-builder-workspace/.derivedData/Build/Intermediates.noindex/swift-system.build/Debug-watchos/SystemPackage-t.build/DerivedSources/arm64_32 -Xcc -I/Users/admin/builder/spi-builder-workspace/.derivedData/Build/Intermediates.noindex/swift-system.build/Debug-watchos/SystemPackage-t.build/DerivedSources -Xcc -DSWIFT_PACKAGE -Xcc -DDEBUG\=1 -emit-objc-header -emit-objc-header-path /Users/admin/builder/spi-builder-workspace/.derivedData/Build/Intermediates.noindex/swift-system.build/Debug-watchos/SystemPackage-t.build/Objects-normal/arm64_32/SystemPackage-Swift.h -working-directory /Users/admin/builder/spi-builder-workspace/.swiftpm/xcode -experimental-emit-module-separately -disable-cmo
Ld /Users/admin/builder/spi-builder-workspace/.derivedData/Build/Intermediates.noindex/swift-system.build/Debug-watchos/SystemPackage-t.build/Objects-normal/arm64_32/Binary/SystemPackage.o normal arm64_32 (in target 'SystemPackage' from project 'swift-system')
cd /Users/admin/builder/spi-builder-workspace/.dependencies/checkouts/swift-system
/Applications/Xcode-27.0.0.app/Contents/Developer/Toolchains/XcodeDefault.xctoolchain/usr/bin/clang -Xlinker -reproducible -target arm64_32-apple-watchos9.0 -r -isysroot /Applications/Xcode-27.0.0.app/Contents/Developer/Platforms/WatchOS.platform/Developer/SDKs/WatchOS27.0.sdk -O0 -w -Xlinker -no_warn_duplicate_libraries -F/Users/admin/builder/spi-builder-workspace/.derivedData/Build/Intermediates.noindex/EagerLinkingTBDs/Debug-watchos -F/Users/admin/builder/spi-builder-workspace/.derivedData/Build/Products/Debug-watchos/PackageFrameworks -F/Users/admin/builder/spi-builder-workspace/.derivedData/Build/Products/Debug-watchos -iframework /Applications/Xcode-27.0.0.app/Contents/Developer/Platforms/WatchOS.platform/Developer/Library/Frameworks -iframework /Applications/Xcode-27.0.0.app/Contents/Developer/Platforms/WatchOS.platform/Developer/SDKs/WatchOS27.0.sdk/Developer/Library/Frameworks -filelist /Users/admin/builder/spi-builder-workspace/.derivedData/Build/Intermediates.noindex/swift-system.build/Debug-watchos/SystemPackage-t.build/Objects-normal/arm64_32/SystemPackage.LinkFileList -nostdlib -Xlinker -object_path_lto -Xlinker /Users/admin/builder/spi-builder-workspace/.derivedData/Build/Intermediates.noindex/swift-system.build/Debug-watchos/SystemPackage-t.build/Objects-normal/arm64_32/SystemPackage_lto.o -Xlinker -no_deduplicate -Xlinker -debug_variant -Xlinker -dependency_info -Xlinker /Users/admin/builder/spi-builder-workspace/.derivedData/Build/Intermediates.noindex/swift-system.build/Debug-watchos/SystemPackage-t.build/Objects-normal/arm64_32/SystemPackage_dependency_info.dat -fobjc-link-runtime -L/Applications/Xcode-27.0.0.app/Contents/Developer/Toolchains/XcodeDefault.xctoolchain/usr/lib/swift/watchos -L/usr/lib/swift -Xlinker -add_ast_path -Xlinker /Users/admin/builder/spi-builder-workspace/.derivedData/Build/Intermediates.noindex/swift-system.build/Debug-watchos/SystemPackage-t.build/Objects-normal/arm64_32/SystemPackage.swiftmodule -o /Users/admin/builder/spi-builder-workspace/.derivedData/Build/Intermediates.noindex/swift-system.build/Debug-watchos/SystemPackage-t.build/Objects-normal/arm64_32/Binary/SystemPackage.o
CreateUniversalBinary /Users/admin/builder/spi-builder-workspace/.derivedData/Build/Products/Debug-watchos/SystemPackage.o normal arm64\ arm64_32 (in target 'SystemPackage' from project 'swift-system')
cd /Users/admin/builder/spi-builder-workspace/.dependencies/checkouts/swift-system
/Applications/Xcode-27.0.0.app/Contents/Developer/Toolchains/XcodeDefault.xctoolchain/usr/bin/lipo -create /Users/admin/builder/spi-builder-workspace/.derivedData/Build/Intermediates.noindex/swift-system.build/Debug-watchos/SystemPackage-t.build/Objects-normal/arm64/Binary/SystemPackage.o /Users/admin/builder/spi-builder-workspace/.derivedData/Build/Intermediates.noindex/swift-system.build/Debug-watchos/SystemPackage-t.build/Objects-normal/arm64_32/Binary/SystemPackage.o -output /Users/admin/builder/spi-builder-workspace/.derivedData/Build/Products/Debug-watchos/SystemPackage.o
ExtractAppIntentsMetadata (in target 'SystemPackage' from project 'swift-system')
cd /Users/admin/builder/spi-builder-workspace/.dependencies/checkouts/swift-system
/Applications/Xcode-27.0.0.app/Contents/Developer/Toolchains/XcodeDefault.xctoolchain/usr/bin/appintentsmetadataprocessor --toolchain-dir /var/run/com.apple.security.cryptexd/mnt/com.apple.MobileAsset.MetalToolchain-v27.1.266.1.jAkxOB/Metal.xctoolchain --module-name SystemPackage --sdk-root /Applications/Xcode-27.0.0.app/Contents/Developer/Platforms/WatchOS.platform/Developer/SDKs/WatchOS27.0.sdk --xcode-version 27A266a --platform-family watchOS --deployment-target 9.0 --bundle-identifier swift-system.SystemPackage --output /Users/admin/builder/spi-builder-workspace/.derivedData/Build/Products/Debug-watchos/SystemPackage.appintents --target-triple arm64-apple-watchos9.0 --target-triple arm64_32-apple-watchos9.0 --binary-file /Users/admin/builder/spi-builder-workspace/.derivedData/Build/Products/Debug-watchos/SystemPackage.o --dependency-file /Users/admin/builder/spi-builder-workspace/.derivedData/Build/Intermediates.noindex/swift-system.build/Debug-watchos/SystemPackage-t.build/Objects-normal/arm64/SystemPackage_dependency_info.dat --dependency-file /Users/admin/builder/spi-builder-workspace/.derivedData/Build/Intermediates.noindex/swift-system.build/Debug-watchos/SystemPackage-t.build/Objects-normal/arm64_32/SystemPackage_dependency_info.dat --stringsdata-file /Users/admin/builder/spi-builder-workspace/.derivedData/Build/Intermediates.noindex/swift-system.build/Debug-watchos/SystemPackage-t.build/Objects-normal/arm64/ExtractedAppShortcutsMetadata.stringsdata --stringsdata-file /Users/admin/builder/spi-builder-workspace/.derivedData/Build/Intermediates.noindex/swift-system.build/Debug-watchos/SystemPackage-t.build/Objects-normal/arm64_32/ExtractedAppShortcutsMetadata.stringsdata --source-file-list /Users/admin/builder/spi-builder-workspace/.derivedData/Build/Intermediates.noindex/swift-system.build/Debug-watchos/SystemPackage-t.build/Objects-normal/arm64/SystemPackage.SwiftFileList --source-file-list /Users/admin/builder/spi-builder-workspace/.derivedData/Build/Intermediates.noindex/swift-system.build/Debug-watchos/SystemPackage-t.build/Objects-normal/arm64_32/SystemPackage.SwiftFileList --metadata-file-list /Users/admin/builder/spi-builder-workspace/.derivedData/Build/Intermediates.noindex/swift-system.build/Debug-watchos/SystemPackage-t.build/SystemPackage.DependencyMetadataFileList --static-metadata-file-list /Users/admin/builder/spi-builder-workspace/.derivedData/Build/Intermediates.noindex/swift-system.build/Debug-watchos/SystemPackage-t.build/SystemPackage.DependencyStaticMetadataFileList --swift-const-vals-list /Users/admin/builder/spi-builder-workspace/.derivedData/Build/Intermediates.noindex/swift-system.build/Debug-watchos/SystemPackage-t.build/Objects-normal/arm64/SystemPackage.SwiftConstValuesFileList --swift-const-vals-list /Users/admin/builder/spi-builder-workspace/.derivedData/Build/Intermediates.noindex/swift-system.build/Debug-watchos/SystemPackage-t.build/Objects-normal/arm64_32/SystemPackage.SwiftConstValuesFileList --force --compile-time-extraction --deployment-aware-processing --no-app-shortcuts-localization
2026-10-10 00:56:21.142 appintentsmetadataprocessor[871:5158] Starting appintentsmetadataprocessor export
2026-10-10 00:56:21.228 appintentsmetadataprocessor[871:5158] Extracted no relevant App Intents symbols, skipping writing output
SwiftExplicitDependencyGeneratePcm arm64 /Users/admin/builder/spi-builder-workspace/.derivedData/SDKExplicitPrecompiledModules/Foundation-93OAIR4R5IDN1SU1A5KNY63PA.pcm
SwiftExplicitDependencyGeneratePcm arm64_32 /Users/admin/builder/spi-builder-workspace/.derivedData/SDKExplicitPrecompiledModules/Foundation-63KC4JQT5I8XAZ72WSG0A8C35.pcm
SwiftCompile normal arm64_32 Compiling\ ZipWriteableStorage.swift /Users/admin/builder/spi-builder-workspace/Sources/ZipArchive/ZipWriteableStorage.swift (in target 'ZipArchive' from project 'swift-zip-archive')
SwiftCompile normal arm64_32 /Users/admin/builder/spi-builder-workspace/Sources/ZipArchive/ZipWriteableStorage.swift (in target 'ZipArchive' from project 'swift-zip-archive')
cd /Users/admin/builder/spi-builder-workspace/.swiftpm/xcode
builtin-SwiftPerFileCompile ZipWriteableStorage.swift
SwiftCompile normal arm64_32 Compiling\ ZipTypes.swift /Users/admin/builder/spi-builder-workspace/Sources/ZipArchive/ZipTypes.swift (in target 'ZipArchive' from project 'swift-zip-archive')
SwiftCompile normal arm64_32 /Users/admin/builder/spi-builder-workspace/Sources/ZipArchive/ZipTypes.swift (in target 'ZipArchive' from project 'swift-zip-archive')
cd /Users/admin/builder/spi-builder-workspace/.swiftpm/xcode
builtin-SwiftPerFileCompile ZipTypes.swift
SwiftCompile normal arm64_32 Compiling\ ZipReadableStorage.swift,\ ZipStorage.swift /Users/admin/builder/spi-builder-workspace/Sources/ZipArchive/ZipReadableStorage.swift /Users/admin/builder/spi-builder-workspace/Sources/ZipArchive/ZipStorage.swift (in target 'ZipArchive' from project 'swift-zip-archive')
SwiftCompile normal arm64_32 /Users/admin/builder/spi-builder-workspace/Sources/ZipArchive/ZipReadableStorage.swift (in target 'ZipArchive' from project 'swift-zip-archive')
cd /Users/admin/builder/spi-builder-workspace/.swiftpm/xcode
builtin-SwiftPerFileCompile ZipReadableStorage.swift
SwiftCompile normal arm64_32 /Users/admin/builder/spi-builder-workspace/Sources/ZipArchive/ZipStorage.swift (in target 'ZipArchive' from project 'swift-zip-archive')
cd /Users/admin/builder/spi-builder-workspace/.swiftpm/xcode
builtin-SwiftPerFileCompile ZipStorage.swift
SwiftCompile normal arm64_32 Compiling\ crc32.swift /Users/admin/builder/spi-builder-workspace/Sources/ZipArchive/crc32.swift (in target 'ZipArchive' from project 'swift-zip-archive')
SwiftCompile normal arm64_32 /Users/admin/builder/spi-builder-workspace/Sources/ZipArchive/crc32.swift (in target 'ZipArchive' from project 'swift-zip-archive')
cd /Users/admin/builder/spi-builder-workspace/.swiftpm/xcode
builtin-SwiftPerFileCompile crc32.swift
SwiftCompile normal arm64_32 Compiling\ ZipArchiveWriter.swift,\ ZipCompression.swift /Users/admin/builder/spi-builder-workspace/Sources/ZipArchive/ZipArchiveWriter.swift /Users/admin/builder/spi-builder-workspace/Sources/ZipArchive/ZipCompression.swift (in target 'ZipArchive' from project 'swift-zip-archive')
/Users/admin/builder/spi-builder-workspace/Sources/ZipArchive/ZipArchiveWriter.swift:407:41: error: integer literal '4294967295' overflows when stored into 'Int'
405 | memoryBuffer.writeInteger(fileHeader.compressedSize)
406 | }
407 | if offsetOfLocalHeader32 == 0xffff_ffff {
| `- error: integer literal '4294967295' overflows when stored into 'Int'
408 | memoryBuffer.writeInteger(fileHeader.offsetOfLocalHeader)
409 | }
/Users/admin/builder/spi-builder-workspace/Sources/ZipArchive/ZipArchiveWriter.swift:404:36: error: integer literal '4294967295' overflows when stored into 'Int'
402 | memoryBuffer.writeInteger(fileHeader.uncompressedSize)
403 | }
404 | if compressedSize32 == 0xffff_ffff {
| `- error: integer literal '4294967295' overflows when stored into 'Int'
405 | memoryBuffer.writeInteger(fileHeader.compressedSize)
406 | }
/Users/admin/builder/spi-builder-workspace/Sources/ZipArchive/ZipArchiveWriter.swift:401:38: error: integer literal '4294967295' overflows when stored into 'Int'
399 | if includeZip64 {
400 | memoryBuffer.writeIntegers(Zip.ExtraFieldHeader.zip64.rawValue, UInt16(zip64ExtraFieldSize - 4))
401 | if uncompressedSize32 == 0xffff_ffff {
| `- error: integer literal '4294967295' overflows when stored into 'Int'
402 | memoryBuffer.writeInteger(fileHeader.uncompressedSize)
403 | }
/Users/admin/builder/spi-builder-workspace/Sources/ZipArchive/ZipArchiveWriter.swift:377:41: error: integer literal '4294967295' overflows when stored into 'Int'
375 | if compressedSize32 == 0xffff_ffff { zip64ExtraFieldSize += 8 }
376 | if uncompressedSize32 == 0xffff_ffff { zip64ExtraFieldSize += 8 }
377 | if offsetOfLocalHeader32 == 0xffff_ffff { zip64ExtraFieldSize += 8 }
| `- error: integer literal '4294967295' overflows when stored into 'Int'
378 | } else {
379 | zip64ExtraFieldSize = 0
/Users/admin/builder/spi-builder-workspace/Sources/ZipArchive/ZipArchiveWriter.swift:376:38: error: integer literal '4294967295' overflows when stored into 'Int'
374 | zip64ExtraFieldSize = 4
375 | if compressedSize32 == 0xffff_ffff { zip64ExtraFieldSize += 8 }
376 | if uncompressedSize32 == 0xffff_ffff { zip64ExtraFieldSize += 8 }
| `- error: integer literal '4294967295' overflows when stored into 'Int'
377 | if offsetOfLocalHeader32 == 0xffff_ffff { zip64ExtraFieldSize += 8 }
378 | } else {
/Users/admin/builder/spi-builder-workspace/Sources/ZipArchive/ZipArchiveWriter.swift:375:36: error: integer literal '4294967295' overflows when stored into 'Int'
373 | if includeZip64 {
374 | zip64ExtraFieldSize = 4
375 | if compressedSize32 == 0xffff_ffff { zip64ExtraFieldSize += 8 }
| `- error: integer literal '4294967295' overflows when stored into 'Int'
376 | if uncompressedSize32 == 0xffff_ffff { zip64ExtraFieldSize += 8 }
377 | if offsetOfLocalHeader32 == 0xffff_ffff { zip64ExtraFieldSize += 8 }
/Users/admin/builder/spi-builder-workspace/Sources/ZipArchive/ZipArchiveWriter.swift:370:97: error: integer literal '4294967295' overflows when stored into signed 'Builtin.Int32'
368 | let offsetOfLocalHeader32 = fileHeader.offsetOfLocalHeader > 0xffff_ffff ? 0xffff_ffff : numericCast(fileHeader.offsetOfLocalHeader)
369 |
370 | let includeZip64 = compressedSize32 == 0xffff_ffff || uncompressedSize32 == 0xffff_ffff || offsetOfLocalHeader32 == 0xffff_ffff
| `- error: integer literal '4294967295' overflows when stored into signed 'Builtin.Int32'
371 |
372 | var zip64ExtraFieldSize: Int
/Users/admin/builder/spi-builder-workspace/Sources/ZipArchive/ZipArchiveWriter.swift:370:60: error: integer literal '4294967295' overflows when stored into signed 'Builtin.Int32'
368 | let offsetOfLocalHeader32 = fileHeader.offsetOfLocalHeader > 0xffff_ffff ? 0xffff_ffff : numericCast(fileHeader.offsetOfLocalHeader)
369 |
370 | let includeZip64 = compressedSize32 == 0xffff_ffff || uncompressedSize32 == 0xffff_ffff || offsetOfLocalHeader32 == 0xffff_ffff
| `- error: integer literal '4294967295' overflows when stored into signed 'Builtin.Int32'
371 |
372 | var zip64ExtraFieldSize: Int
/Users/admin/builder/spi-builder-workspace/Sources/ZipArchive/ZipArchiveWriter.swift:370:48: error: integer literal '4294967295' overflows when stored into 'Int'
368 | let offsetOfLocalHeader32 = fileHeader.offsetOfLocalHeader > 0xffff_ffff ? 0xffff_ffff : numericCast(fileHeader.offsetOfLocalHeader)
369 |
370 | let includeZip64 = compressedSize32 == 0xffff_ffff || uncompressedSize32 == 0xffff_ffff || offsetOfLocalHeader32 == 0xffff_ffff
| `- error: integer literal '4294967295' overflows when stored into 'Int'
371 |
372 | var zip64ExtraFieldSize: Int
/Users/admin/builder/spi-builder-workspace/Sources/ZipArchive/ZipArchiveWriter.swift:368:84: error: integer literal '4294967295' overflows when stored into 'Int'
366 | let compressedSize32 = fileHeader.compressedSize > 0xffff_ffff ? 0xffff_ffff : numericCast(fileHeader.compressedSize)
367 | let uncompressedSize32 = fileHeader.uncompressedSize > 0xffff_ffff ? 0xffff_ffff : numericCast(fileHeader.uncompressedSize)
368 | let offsetOfLocalHeader32 = fileHeader.offsetOfLocalHeader > 0xffff_ffff ? 0xffff_ffff : numericCast(fileHeader.offsetOfLocalHeader)
| `- error: integer literal '4294967295' overflows when stored into 'Int'
369 |
370 | let includeZip64 = compressedSize32 == 0xffff_ffff || uncompressedSize32 == 0xffff_ffff || offsetOfLocalHeader32 == 0xffff_ffff
/Users/admin/builder/spi-builder-workspace/Sources/ZipArchive/ZipArchiveWriter.swift:367:78: error: integer literal '4294967295' overflows when stored into 'Int'
365 | // Zip64 extra field
366 | let compressedSize32 = fileHeader.compressedSize > 0xffff_ffff ? 0xffff_ffff : numericCast(fileHeader.compressedSize)
367 | let uncompressedSize32 = fileHeader.uncompressedSize > 0xffff_ffff ? 0xffff_ffff : numericCast(fileHeader.uncompressedSize)
| `- error: integer literal '4294967295' overflows when stored into 'Int'
368 | let offsetOfLocalHeader32 = fileHeader.offsetOfLocalHeader > 0xffff_ffff ? 0xffff_ffff : numericCast(fileHeader.offsetOfLocalHeader)
369 |
/Users/admin/builder/spi-builder-workspace/Sources/ZipArchive/ZipArchiveWriter.swift:366:74: error: integer literal '4294967295' overflows when stored into 'Int'
364 | let extendedTimestampExtraFieldSize = localFileHeader ? 4 + 9 : 4 + 5
365 | // Zip64 extra field
366 | let compressedSize32 = fileHeader.compressedSize > 0xffff_ffff ? 0xffff_ffff : numericCast(fileHeader.compressedSize)
| `- error: integer literal '4294967295' overflows when stored into 'Int'
367 | let uncompressedSize32 = fileHeader.uncompressedSize > 0xffff_ffff ? 0xffff_ffff : numericCast(fileHeader.uncompressedSize)
368 | let offsetOfLocalHeader32 = fileHeader.offsetOfLocalHeader > 0xffff_ffff ? 0xffff_ffff : numericCast(fileHeader.offsetOfLocalHeader)
/Users/admin/builder/spi-builder-workspace/Sources/ZipArchive/ZipArchiveWriter.swift:370:85: error: integer literal '4294967295' overflows when stored into 'Int'
368 | let offsetOfLocalHeader32 = fileHeader.offsetOfLocalHeader > 0xffff_ffff ? 0xffff_ffff : numericCast(fileHeader.offsetOfLocalHeader)
369 |
370 | let includeZip64 = compressedSize32 == 0xffff_ffff || uncompressedSize32 == 0xffff_ffff || offsetOfLocalHeader32 == 0xffff_ffff
| `- error: integer literal '4294967295' overflows when stored into 'Int'
371 |
372 | var zip64ExtraFieldSize: Int
/Users/admin/builder/spi-builder-workspace/Sources/ZipArchive/ZipArchiveWriter.swift:370:125: error: integer literal '4294967295' overflows when stored into 'Int'
368 | let offsetOfLocalHeader32 = fileHeader.offsetOfLocalHeader > 0xffff_ffff ? 0xffff_ffff : numericCast(fileHeader.offsetOfLocalHeader)
369 |
370 | let includeZip64 = compressedSize32 == 0xffff_ffff || uncompressedSize32 == 0xffff_ffff || offsetOfLocalHeader32 == 0xffff_ffff
| `- error: integer literal '4294967295' overflows when stored into 'Int'
371 |
372 | var zip64ExtraFieldSize: Int
Failed frontend command:
/Applications/Xcode-27.0.0.app/Contents/Developer/Toolchains/XcodeDefault.xctoolchain/usr/bin/swift-frontend -frontend -c /Users/admin/builder/spi-builder-workspace/Sources/ZipArchive/CryptKey.swift /Users/admin/builder/spi-builder-workspace/Sources/ZipArchive/Date.swift /Users/admin/builder/spi-builder-workspace/Sources/ZipArchive/DirectoryDescriptor.swift /Users/admin/builder/spi-builder-workspace/Sources/ZipArchive/MemoryBuffer.swift /Users/admin/builder/spi-builder-workspace/Sources/ZipArchive/System+directory.swift /Users/admin/builder/spi-builder-workspace/Sources/ZipArchive/ZipArchiveReader+extract.swift /Users/admin/builder/spi-builder-workspace/Sources/ZipArchive/ZipArchiveReader.swift /Users/admin/builder/spi-builder-workspace/Sources/ZipArchive/ZipArchiveWriter+writeFolderContents.swift -primary-file /Users/admin/builder/spi-builder-workspace/Sources/ZipArchive/ZipArchiveWriter.swift -primary-file /Users/admin/builder/spi-builder-workspace/Sources/ZipArchive/ZipCompression.swift /Users/admin/builder/spi-builder-workspace/Sources/ZipArchive/ZipFileStorage.swift /Users/admin/builder/spi-builder-workspace/Sources/ZipArchive/ZipMemoryStorage.swift /Users/admin/builder/spi-builder-workspace/Sources/ZipArchive/ZipReadableStorage.swift /Users/admin/builder/spi-builder-workspace/Sources/ZipArchive/ZipStorage.swift /Users/admin/builder/spi-builder-workspace/Sources/ZipArchive/ZipTypes.swift /Users/admin/builder/spi-builder-workspace/Sources/ZipArchive/ZipWriteableStorage.swift /Users/admin/builder/spi-builder-workspace/Sources/ZipArchive/crc32.swift -emit-dependencies-path /Users/admin/builder/spi-builder-workspace/.derivedData/Build/Intermediates.noindex/swift-zip-archive.build/Debug-watchos/ZipArchive-t.build/Objects-normal/arm64_32/ZipArchiveWriter.d -emit-const-values-path /Users/admin/builder/spi-builder-workspace/.derivedData/Build/Intermediates.noindex/swift-zip-archive.build/Debug-watchos/ZipArchive-t.build/Objects-normal/arm64_32/ZipArchiveWriter.swiftconstvalues -emit-reference-dependencies-path /Users/admin/builder/spi-builder-workspace/.derivedData/Build/Intermediates.noindex/swift-zip-archive.build/Debug-watchos/ZipArchive-t.build/Objects-normal/arm64_32/ZipArchiveWriter.swiftdeps -serialize-diagnostics-path /Users/admin/builder/spi-builder-workspace/.derivedData/Build/Intermediates.noindex/swift-zip-archive.build/Debug-watchos/ZipArchive-t.build/Objects-normal/arm64_32/ZipArchiveWriter.dia -emit-dependencies-path /Users/admin/builder/spi-builder-workspace/.derivedData/Build/Intermediates.noindex/swift-zip-archive.build/Debug-watchos/ZipArchive-t.build/Objects-normal/arm64_32/ZipCompression.d -emit-const-values-path /Users/admin/builder/spi-builder-workspace/.derivedData/Build/Intermediates.noindex/swift-zip-archive.build/Debug-watchos/ZipArchive-t.build/Objects-normal/arm64_32/ZipCompression.swiftconstvalues -emit-reference-dependencies-path /Users/admin/builder/spi-builder-workspace/.derivedData/Build/Intermediates.noindex/swift-zip-archive.build/Debug-watchos/ZipArchive-t.build/Objects-normal/arm64_32/ZipCompression.swiftdeps -serialize-diagnostics-path /Users/admin/builder/spi-builder-workspace/.derivedData/Build/Intermediates.noindex/swift-zip-archive.build/Debug-watchos/ZipArchive-t.build/Objects-normal/arm64_32/ZipCompression.dia -target arm64_32-apple-watchos9.0 -module-can-import-version Darwin 428.0.10 0 -disable-cross-import-overlay-search -swift-module-cross-import Darwin /Applications/Xcode-27.0.0.app/Contents/Developer/Platforms/WatchOS.platform/Developer/SDKs/WatchOS.sdk/usr/include/Darwin.swiftcrossimport/xlocale.swiftoverlay -load-resolved-plugin /Applications/Xcode-27.0.0.app/Contents/Developer/Platforms/WatchOS.platform/Developer/usr/lib/swift/host/plugins/libFoundationMacros.dylib\#/Applications/Xcode-27.0.0.app/Contents/Developer/Platforms/WatchOS.platform/Developer/usr/bin/swift-plugin-server\#FoundationMacros -load-resolved-plugin /Applications/Xcode-27.0.0.app/Contents/Developer/Platforms/WatchOS.platform/Developer/usr/lib/swift/host/plugins/libObservationMacros.dylib\#/Applications/Xcode-27.0.0.app/Contents/Developer/Platforms/WatchOS.platform/Developer/usr/bin/swift-plugin-server\#ObservationMacros -load-resolved-plugin /Applications/Xcode-27.0.0.app/Contents/Developer/Platforms/WatchOS.platform/Developer/usr/lib/swift/host/plugins/libSwiftMacros.dylib\#/Applications/Xcode-27.0.0.app/Contents/Developer/Platforms/WatchOS.platform/Developer/usr/bin/swift-plugin-server\#SwiftMacros -disable-implicit-swift-modules -Xcc -fno-implicit-modules -Xcc -fno-implicit-module-maps -explicit-swift-module-map-file /Users/admin/builder/spi-builder-workspace/.derivedData/Build/Intermediates.noindex/swift-zip-archive.build/Debug-watchos/ZipArchive-t.build/Objects-normal/arm64_32/ZipArchive-dependencies-2.json -enable-objc-interop -sdk /Applications/Xcode-27.0.0.app/Contents/Developer/Platforms/WatchOS.platform/Developer/SDKs/WatchOS27.0.sdk -I /Users/admin/builder/spi-builder-workspace/.derivedData/Build/Products/Debug-watchos -Isystem /Applications/Xcode-27.0.0.app/Contents/Developer/Platforms/WatchOS.platform/Developer/usr/lib -F /Users/admin/builder/spi-builder-workspace/.derivedData/Build/Products/Debug-watchos/PackageFrameworks -F /Users/admin/builder/spi-builder-workspace/.derivedData/Build/Products/Debug-watchos -F /Applications/Xcode-27.0.0.app/Contents/Developer/Platforms/WatchOS.platform/Developer/Library/Frameworks -F /Applications/Xcode-27.0.0.app/Contents/Developer/Platforms/WatchOS.platform/Developer/SDKs/WatchOS27.0.sdk/Developer/Library/Frameworks -module-cache-path /Users/admin/builder/spi-builder-workspace/.derivedData/Build/Intermediates.noindex/SwiftExplicitPrecompiledModules -no-color-diagnostics -Xcc -fno-color-diagnostics -enable-testing -g -debug-info-format\=dwarf -dwarf-version\=4 -profile-generate -profile-coverage-mapping -swift-version 6 -Onone -D SWIFT_PACKAGE -D DEBUG -D SWIFT_MODULE_RESOURCE_BUNDLE_UNAVAILABLE -D Xcode -serialize-debugging-options -enable-upcoming-feature ExistentialAny -enable-upcoming-feature InternalImportsByDefault -enable-upcoming-feature MemberImportVisibility -enable-experimental-feature DebugDescriptionMacro -empty-abi-descriptor -validate-clang-modules-once -clang-build-session-file /Users/admin/builder/spi-builder-workspace/.derivedData/ModuleCache.noindex/Session.modulevalidation -Xcc -working-directory -Xcc /Users/admin/builder/spi-builder-workspace/.swiftpm/xcode -enable-anonymous-context-mangled-names -file-compilation-dir /Users/admin/builder/spi-builder-workspace/.swiftpm/xcode -Xcc -fmodule-map-file\=/Users/admin/builder/spi-builder-workspace/.dependencies/checkouts/swift-system/Sources/CSystem/include/module.modulemap -Xcc -fmodule-map-file\=/Users/admin/builder/spi-builder-workspace/.derivedData/Build/Intermediates.noindex/GeneratedModuleMaps-watchos/CZipArchiveZlib.modulemap -Xcc -D_LIBCPP_HARDENING_MODE\=_LIBCPP_HARDENING_MODE_DEBUG -Xcc -ivfsstatcache -Xcc /Users/admin/builder/spi-builder-workspace/.derivedData/SDKStatCaches.noindex/watchos27.0-24R360-e829b21a6f8c9b70876ba0858053c044b9db9bc9c079ee3c7b5f3373b13d10bc.sdkstatcache -Xcc -fmodules-prune-interval\=86400 -Xcc -fmodules-prune-after\=345600 -Xcc -I/Users/admin/builder/spi-builder-workspace/.dependencies/checkouts/swift-system/Sources/CSystem/include -Xcc -I/Users/admin/builder/spi-builder-workspace/Sources/CZipArchiveZlib/include -Xcc -I/Users/admin/builder/spi-builder-workspace/.derivedData/Build/Products/Debug-watchos/include -Xcc -I/Users/admin/builder/spi-builder-workspace/.derivedData/Build/Intermediates.noindex/swift-zip-archive.build/Debug-watchos/ZipArchive-t.build/DerivedSources-normal/arm64_32 -Xcc -I/Users/admin/builder/spi-builder-workspace/.derivedData/Build/Intermediates.noindex/swift-zip-archive.build/Debug-watchos/ZipArchive-t.build/DerivedSources/arm64_32 -Xcc -I/Users/admin/builder/spi-builder-workspace/.derivedData/Build/Intermediates.noindex/swift-zip-archive.build/Debug-watchos/ZipArchive-t.build/DerivedSources -Xcc -DSWIFT_PACKAGE -Xcc -DDEBUG\=1 -no-auto-bridging-header-chaining -module-name ZipArchive -package-name spi_builder_workspace -const-gather-protocols-file /Users/admin/builder/spi-builder-workspace/.derivedData/Build/Intermediates.noindex/swift-zip-archive.build/Debug-watchos/ZipArchive-t.build/Objects-normal/arm64_32/ZipArchive_const_extract_protocols.json -disable-clang-spi -clang-target arm64_32-apple-watchos27.0 -target-sdk-version 27.0 -target-sdk-name watchos27.0 -in-process-plugin-server-path /Applications/Xcode-27.0.0.app/Contents/Developer/Toolchains/XcodeDefault.xctoolchain/usr/lib/swift/host/libSwiftInProcPluginServer.dylib -parse-as-library -o /Users/admin/builder/spi-builder-workspace/.derivedData/Build/Intermediates.noindex/swift-zip-archive.build/Debug-watchos/ZipArchive-t.build/Objects-normal/arm64_32/ZipArchiveWriter.o -o /Users/admin/builder/spi-builder-workspace/.derivedData/Build/Intermediates.noindex/swift-zip-archive.build/Debug-watchos/ZipArchive-t.build/Objects-normal/arm64_32/ZipCompression.o -debug-module-path /Users/admin/builder/spi-builder-workspace/.derivedData/Build/Intermediates.noindex/swift-zip-archive.build/Debug-watchos/ZipArchive-t.build/Objects-normal/arm64_32/ZipArchive.swiftmodule -index-unit-output-path /swift-zip-archive.build/Debug-watchos/ZipArchive-t.build/Objects-normal/arm64_32/ZipArchiveWriter.o -index-unit-output-path /swift-zip-archive.build/Debug-watchos/ZipArchive-t.build/Objects-normal/arm64_32/ZipCompression.o -index-store-path /Users/admin/builder/spi-builder-workspace/.derivedData/Index.noindex/DataStore -index-system-modules
SwiftCompile normal arm64_32 /Users/admin/builder/spi-builder-workspace/Sources/ZipArchive/ZipArchiveWriter.swift (in target 'ZipArchive' from project 'swift-zip-archive')
cd /Users/admin/builder/spi-builder-workspace/.swiftpm/xcode
builtin-SwiftPerFileCompile ZipArchiveWriter.swift
SwiftCompile normal arm64_32 /Users/admin/builder/spi-builder-workspace/Sources/ZipArchive/ZipCompression.swift (in target 'ZipArchive' from project 'swift-zip-archive')
cd /Users/admin/builder/spi-builder-workspace/.swiftpm/xcode
builtin-SwiftPerFileCompile ZipCompression.swift
SwiftCompile normal arm64_32 Compiling\ ZipArchiveReader.swift,\ ZipArchiveWriter+writeFolderContents.swift /Users/admin/builder/spi-builder-workspace/Sources/ZipArchive/ZipArchiveReader.swift /Users/admin/builder/spi-builder-workspace/Sources/ZipArchive/ZipArchiveWriter+writeFolderContents.swift (in target 'ZipArchive' from project 'swift-zip-archive')
SwiftCompile normal arm64_32 /Users/admin/builder/spi-builder-workspace/Sources/ZipArchive/ZipArchiveReader.swift (in target 'ZipArchive' from project 'swift-zip-archive')
cd /Users/admin/builder/spi-builder-workspace/.swiftpm/xcode
builtin-SwiftPerFileCompile ZipArchiveReader.swift
SwiftCompile normal arm64_32 /Users/admin/builder/spi-builder-workspace/Sources/ZipArchive/ZipArchiveWriter+writeFolderContents.swift (in target 'ZipArchive' from project 'swift-zip-archive')
cd /Users/admin/builder/spi-builder-workspace/.swiftpm/xcode
builtin-SwiftPerFileCompile ZipArchiveWriter+writeFolderContents.swift
SwiftCompile normal arm64_32 Compiling\ ZipFileStorage.swift,\ ZipMemoryStorage.swift /Users/admin/builder/spi-builder-workspace/Sources/ZipArchive/ZipFileStorage.swift /Users/admin/builder/spi-builder-workspace/Sources/ZipArchive/ZipMemoryStorage.swift (in target 'ZipArchive' from project 'swift-zip-archive')
SwiftCompile normal arm64_32 /Users/admin/builder/spi-builder-workspace/Sources/ZipArchive/ZipFileStorage.swift (in target 'ZipArchive' from project 'swift-zip-archive')
cd /Users/admin/builder/spi-builder-workspace/.swiftpm/xcode
builtin-SwiftPerFileCompile ZipFileStorage.swift
SwiftCompile normal arm64_32 /Users/admin/builder/spi-builder-workspace/Sources/ZipArchive/ZipMemoryStorage.swift (in target 'ZipArchive' from project 'swift-zip-archive')
cd /Users/admin/builder/spi-builder-workspace/.swiftpm/xcode
builtin-SwiftPerFileCompile ZipMemoryStorage.swift
SwiftCompile normal arm64_32 Compiling\ System+directory.swift,\ ZipArchiveReader+extract.swift /Users/admin/builder/spi-builder-workspace/Sources/ZipArchive/System+directory.swift /Users/admin/builder/spi-builder-workspace/Sources/ZipArchive/ZipArchiveReader+extract.swift (in target 'ZipArchive' from project 'swift-zip-archive')
SwiftCompile normal arm64_32 /Users/admin/builder/spi-builder-workspace/Sources/ZipArchive/System+directory.swift (in target 'ZipArchive' from project 'swift-zip-archive')
cd /Users/admin/builder/spi-builder-workspace/.swiftpm/xcode
builtin-SwiftPerFileCompile System+directory.swift
SwiftCompile normal arm64_32 /Users/admin/builder/spi-builder-workspace/Sources/ZipArchive/ZipArchiveReader+extract.swift (in target 'ZipArchive' from project 'swift-zip-archive')
cd /Users/admin/builder/spi-builder-workspace/.swiftpm/xcode
builtin-SwiftPerFileCompile ZipArchiveReader+extract.swift
SwiftCompile normal arm64_32 Compiling\ CryptKey.swift,\ Date.swift /Users/admin/builder/spi-builder-workspace/Sources/ZipArchive/CryptKey.swift /Users/admin/builder/spi-builder-workspace/Sources/ZipArchive/Date.swift (in target 'ZipArchive' from project 'swift-zip-archive')
SwiftCompile normal arm64_32 /Users/admin/builder/spi-builder-workspace/Sources/ZipArchive/CryptKey.swift (in target 'ZipArchive' from project 'swift-zip-archive')
cd /Users/admin/builder/spi-builder-workspace/.swiftpm/xcode
builtin-SwiftPerFileCompile CryptKey.swift
SwiftCompile normal arm64_32 /Users/admin/builder/spi-builder-workspace/Sources/ZipArchive/Date.swift (in target 'ZipArchive' from project 'swift-zip-archive')
cd /Users/admin/builder/spi-builder-workspace/.swiftpm/xcode
builtin-SwiftPerFileCompile Date.swift
SwiftCompile normal arm64_32 Compiling\ DirectoryDescriptor.swift,\ MemoryBuffer.swift /Users/admin/builder/spi-builder-workspace/Sources/ZipArchive/DirectoryDescriptor.swift /Users/admin/builder/spi-builder-workspace/Sources/ZipArchive/MemoryBuffer.swift (in target 'ZipArchive' from project 'swift-zip-archive')
SwiftCompile normal arm64_32 /Users/admin/builder/spi-builder-workspace/Sources/ZipArchive/DirectoryDescriptor.swift (in target 'ZipArchive' from project 'swift-zip-archive')
cd /Users/admin/builder/spi-builder-workspace/.swiftpm/xcode
builtin-SwiftPerFileCompile DirectoryDescriptor.swift
SwiftCompile normal arm64_32 /Users/admin/builder/spi-builder-workspace/Sources/ZipArchive/MemoryBuffer.swift (in target 'ZipArchive' from project 'swift-zip-archive')
cd /Users/admin/builder/spi-builder-workspace/.swiftpm/xcode
builtin-SwiftPerFileCompile MemoryBuffer.swift
SwiftEmitModule normal arm64_32 Emitting\ module\ for\ ZipArchive (in target 'ZipArchive' from project 'swift-zip-archive')
SwiftCompile normal arm64_32 (in target 'ZipArchive' from project 'swift-zip-archive')
cd /Users/admin/builder/spi-builder-workspace/.swiftpm/xcode
SwiftDriverJobDiscovery normal arm64_32 Compiling ZipWriteableStorage.swift (in target 'ZipArchive' from project 'swift-zip-archive')
SwiftEmitModule normal arm64 Emitting\ module\ for\ ZipArchive (in target 'ZipArchive' from project 'swift-zip-archive')
SwiftCompile normal arm64 (in target 'ZipArchive' from project 'swift-zip-archive')
cd /Users/admin/builder/spi-builder-workspace/.swiftpm/xcode
SwiftDriverJobDiscovery normal arm64_32 Compiling ZipReadableStorage.swift, ZipStorage.swift (in target 'ZipArchive' from project 'swift-zip-archive')
SwiftCompile normal arm64 Compiling\ ZipTypes.swift /Users/admin/builder/spi-builder-workspace/Sources/ZipArchive/ZipTypes.swift (in target 'ZipArchive' from project 'swift-zip-archive')
SwiftCompile normal arm64 /Users/admin/builder/spi-builder-workspace/Sources/ZipArchive/ZipTypes.swift (in target 'ZipArchive' from project 'swift-zip-archive')
cd /Users/admin/builder/spi-builder-workspace/.swiftpm/xcode
builtin-SwiftPerFileCompile ZipTypes.swift
SwiftDriverJobDiscovery normal arm64_32 Compiling System+directory.swift, ZipArchiveReader+extract.swift (in target 'ZipArchive' from project 'swift-zip-archive')
SwiftCompile normal arm64 Compiling\ crc32.swift /Users/admin/builder/spi-builder-workspace/Sources/ZipArchive/crc32.swift (in target 'ZipArchive' from project 'swift-zip-archive')
SwiftCompile normal arm64 /Users/admin/builder/spi-builder-workspace/Sources/ZipArchive/crc32.swift (in target 'ZipArchive' from project 'swift-zip-archive')
cd /Users/admin/builder/spi-builder-workspace/.swiftpm/xcode
builtin-SwiftPerFileCompile crc32.swift
SwiftDriverJobDiscovery normal arm64_32 Compiling ZipFileStorage.swift, ZipMemoryStorage.swift (in target 'ZipArchive' from project 'swift-zip-archive')
SwiftCompile normal arm64 Compiling\ ZipArchiveReader.swift,\ ZipArchiveWriter+writeFolderContents.swift /Users/admin/builder/spi-builder-workspace/Sources/ZipArchive/ZipArchiveReader.swift /Users/admin/builder/spi-builder-workspace/Sources/ZipArchive/ZipArchiveWriter+writeFolderContents.swift (in target 'ZipArchive' from project 'swift-zip-archive')
SwiftCompile normal arm64 /Users/admin/builder/spi-builder-workspace/Sources/ZipArchive/ZipArchiveReader.swift (in target 'ZipArchive' from project 'swift-zip-archive')
cd /Users/admin/builder/spi-builder-workspace/.swiftpm/xcode
builtin-SwiftPerFileCompile ZipArchiveReader.swift
SwiftCompile normal arm64 /Users/admin/builder/spi-builder-workspace/Sources/ZipArchive/ZipArchiveWriter+writeFolderContents.swift (in target 'ZipArchive' from project 'swift-zip-archive')
cd /Users/admin/builder/spi-builder-workspace/.swiftpm/xcode
builtin-SwiftPerFileCompile ZipArchiveWriter+writeFolderContents.swift
SwiftDriverJobDiscovery normal arm64_32 Compiling crc32.swift (in target 'ZipArchive' from project 'swift-zip-archive')
SwiftCompile normal arm64 Compiling\ CryptKey.swift,\ Date.swift /Users/admin/builder/spi-builder-workspace/Sources/ZipArchive/CryptKey.swift /Users/admin/builder/spi-builder-workspace/Sources/ZipArchive/Date.swift (in target 'ZipArchive' from project 'swift-zip-archive')
SwiftCompile normal arm64 /Users/admin/builder/spi-builder-workspace/Sources/ZipArchive/CryptKey.swift (in target 'ZipArchive' from project 'swift-zip-archive')
cd /Users/admin/builder/spi-builder-workspace/.swiftpm/xcode
builtin-SwiftPerFileCompile CryptKey.swift
SwiftCompile normal arm64 /Users/admin/builder/spi-builder-workspace/Sources/ZipArchive/Date.swift (in target 'ZipArchive' from project 'swift-zip-archive')
cd /Users/admin/builder/spi-builder-workspace/.swiftpm/xcode
builtin-SwiftPerFileCompile Date.swift
SwiftDriverJobDiscovery normal arm64 Compiling crc32.swift (in target 'ZipArchive' from project 'swift-zip-archive')
SwiftCompile normal arm64 Compiling\ System+directory.swift,\ ZipArchiveReader+extract.swift /Users/admin/builder/spi-builder-workspace/Sources/ZipArchive/System+directory.swift /Users/admin/builder/spi-builder-workspace/Sources/ZipArchive/ZipArchiveReader+extract.swift (in target 'ZipArchive' from project 'swift-zip-archive')
SwiftCompile normal arm64 /Users/admin/builder/spi-builder-workspace/Sources/ZipArchive/System+directory.swift (in target 'ZipArchive' from project 'swift-zip-archive')
cd /Users/admin/builder/spi-builder-workspace/.swiftpm/xcode
builtin-SwiftPerFileCompile System+directory.swift
SwiftCompile normal arm64 /Users/admin/builder/spi-builder-workspace/Sources/ZipArchive/ZipArchiveReader+extract.swift (in target 'ZipArchive' from project 'swift-zip-archive')
cd /Users/admin/builder/spi-builder-workspace/.swiftpm/xcode
builtin-SwiftPerFileCompile ZipArchiveReader+extract.swift
SwiftDriverJobDiscovery normal arm64_32 Emitting module for ZipArchive (in target 'ZipArchive' from project 'swift-zip-archive')
SwiftDriver\ Compilation\ Requirements ZipArchive normal arm64_32 com.apple.xcode.tools.swift.compiler (in target 'ZipArchive' from project 'swift-zip-archive')
cd /Users/admin/builder/spi-builder-workspace/.swiftpm/xcode
builtin-Swift-Compilation-Requirements -- /Applications/Xcode-27.0.0.app/Contents/Developer/Toolchains/XcodeDefault.xctoolchain/usr/bin/swiftc -parse-as-library -module-name ZipArchive -Onone @/Users/admin/builder/spi-builder-workspace/.derivedData/Build/Intermediates.noindex/swift-zip-archive.build/Debug-watchos/ZipArchive-t.build/Objects-normal/arm64_32/ZipArchive.SwiftFileList -DSWIFT_PACKAGE -DDEBUG -DSWIFT_MODULE_RESOURCE_BUNDLE_UNAVAILABLE -Xcc -fmodule-map-file\=/Users/admin/builder/spi-builder-workspace/.dependencies/checkouts/swift-system/Sources/CSystem/include/module.modulemap -Xcc -fmodule-map-file\=/Users/admin/builder/spi-builder-workspace/.derivedData/Build/Intermediates.noindex/GeneratedModuleMaps-watchos/CZipArchiveZlib.modulemap -DXcode -enable-upcoming-feature ExistentialAny -enable-upcoming-feature InternalImportsByDefault -enable-upcoming-feature MemberImportVisibility -plugin-path /Applications/Xcode-27.0.0.app/Contents/Developer/Toolchains/XcodeDefault.xctoolchain/usr/lib/swift/host/plugins/testing -enable-experimental-feature DebugDescriptionMacro -sdk /Applications/Xcode-27.0.0.app/Contents/Developer/Platforms/WatchOS.platform/Developer/SDKs/WatchOS27.0.sdk -target arm64_32-apple-watchos9.0 -g -module-cache-path /Users/admin/builder/spi-builder-workspace/.derivedData/ModuleCache.noindex -Xfrontend -serialize-debugging-options -profile-coverage-mapping -profile-generate -enable-testing -index-store-path /Users/admin/builder/spi-builder-workspace/.derivedData/Index.noindex/DataStore -Xcc -D_LIBCPP_HARDENING_MODE\=_LIBCPP_HARDENING_MODE_DEBUG -swift-version 6 -I /Users/admin/builder/spi-builder-workspace/.derivedData/Build/Products/Debug-watchos -Isystem /Applications/Xcode-27.0.0.app/Contents/Developer/Platforms/WatchOS.platform/Developer/usr/lib -F /Users/admin/builder/spi-builder-workspace/.derivedData/Build/Products/Debug-watchos/PackageFrameworks -F /Users/admin/builder/spi-builder-workspace/.derivedData/Build/Products/Debug-watchos -F /Applications/Xcode-27.0.0.app/Contents/Developer/Platforms/WatchOS.platform/Developer/Library/Frameworks -F /Applications/Xcode-27.0.0.app/Contents/Developer/Platforms/WatchOS.platform/Developer/SDKs/WatchOS27.0.sdk/Developer/Library/Frameworks -c -j10 -enable-batch-mode -incremental -Xcc -ivfsstatcache -Xcc /Users/admin/builder/spi-builder-workspace/.derivedData/SDKStatCaches.noindex/watchos27.0-24R360-e829b21a6f8c9b70876ba0858053c044b9db9bc9c079ee3c7b5f3373b13d10bc.sdkstatcache -output-file-map /Users/admin/builder/spi-builder-workspace/.derivedData/Build/Intermediates.noindex/swift-zip-archive.build/Debug-watchos/ZipArchive-t.build/Objects-normal/arm64_32/ZipArchive-OutputFileMap.json -save-temps -no-color-diagnostics -explicit-module-build -module-cache-path /Users/admin/builder/spi-builder-workspace/.derivedData/Build/Intermediates.noindex/SwiftExplicitPrecompiledModules -clang-scanner-module-cache-path /Users/admin/builder/spi-builder-workspace/.derivedData/ModuleCache.noindex -sdk-module-cache-path /Users/admin/builder/spi-builder-workspace/.derivedData/SDKExplicitPrecompiledModules -emit-dependencies -emit-module -emit-module-path /Users/admin/builder/spi-builder-workspace/.derivedData/Build/Intermediates.noindex/swift-zip-archive.build/Debug-watchos/ZipArchive-t.build/Objects-normal/arm64_32/ZipArchive.swiftmodule -serialize-diagnostics -dependency-scan-serialize-diagnostics-path /Users/admin/builder/spi-builder-workspace/.derivedData/Build/Intermediates.noindex/swift-zip-archive.build/Debug-watchos/ZipArchive-t.build/Objects-normal/arm64_32/ZipArchive-dependency-scan.dia -validate-clang-modules-once -clang-build-session-file /Users/admin/builder/spi-builder-workspace/.derivedData/ModuleCache.noindex/Session.modulevalidation -Xcc -fmodules-prune-interval\=86400 -Xcc -fmodules-prune-after\=345600 -package-name spi_builder_workspace -emit-const-values -const-gather-protocols-list /Users/admin/builder/spi-builder-workspace/.derivedData/Build/Intermediates.noindex/swift-zip-archive.build/Debug-watchos/ZipArchive-t.build/Objects-normal/arm64_32/ZipArchive_const_extract_protocols.json -Xcc -I/Users/admin/builder/spi-builder-workspace/.dependencies/checkouts/swift-system/Sources/CSystem/include -Xcc -I/Users/admin/builder/spi-builder-workspace/Sources/CZipArchiveZlib/include -Xcc -I/Users/admin/builder/spi-builder-workspace/.derivedData/Build/Products/Debug-watchos/include -Xcc -I/Users/admin/builder/spi-builder-workspace/.derivedData/Build/Intermediates.noindex/swift-zip-archive.build/Debug-watchos/ZipArchive-t.build/DerivedSources-normal/arm64_32 -Xcc -I/Users/admin/builder/spi-builder-workspace/.derivedData/Build/Intermediates.noindex/swift-zip-archive.build/Debug-watchos/ZipArchive-t.build/DerivedSources/arm64_32 -Xcc -I/Users/admin/builder/spi-builder-workspace/.derivedData/Build/Intermediates.noindex/swift-zip-archive.build/Debug-watchos/ZipArchive-t.build/DerivedSources -Xcc -DSWIFT_PACKAGE -Xcc -DDEBUG\=1 -emit-objc-header -emit-objc-header-path /Users/admin/builder/spi-builder-workspace/.derivedData/Build/Intermediates.noindex/swift-zip-archive.build/Debug-watchos/ZipArchive-t.build/Objects-normal/arm64_32/ZipArchive-Swift.h -working-directory /Users/admin/builder/spi-builder-workspace/.swiftpm/xcode -experimental-emit-module-separately -disable-cmo
SwiftDriverJobDiscovery normal arm64 Emitting module for ZipArchive (in target 'ZipArchive' from project 'swift-zip-archive')
SwiftDriver\ Compilation\ Requirements ZipArchive normal arm64 com.apple.xcode.tools.swift.compiler (in target 'ZipArchive' from project 'swift-zip-archive')
cd /Users/admin/builder/spi-builder-workspace/.swiftpm/xcode
builtin-Swift-Compilation-Requirements -- /Applications/Xcode-27.0.0.app/Contents/Developer/Toolchains/XcodeDefault.xctoolchain/usr/bin/swiftc -parse-as-library -module-name ZipArchive -Onone @/Users/admin/builder/spi-builder-workspace/.derivedData/Build/Intermediates.noindex/swift-zip-archive.build/Debug-watchos/ZipArchive-t.build/Objects-normal/arm64/ZipArchive.SwiftFileList -DSWIFT_PACKAGE -DDEBUG -DSWIFT_MODULE_RESOURCE_BUNDLE_UNAVAILABLE -Xcc -fmodule-map-file\=/Users/admin/builder/spi-builder-workspace/.dependencies/checkouts/swift-system/Sources/CSystem/include/module.modulemap -Xcc -fmodule-map-file\=/Users/admin/builder/spi-builder-workspace/.derivedData/Build/Intermediates.noindex/GeneratedModuleMaps-watchos/CZipArchiveZlib.modulemap -DXcode -enable-upcoming-feature ExistentialAny -enable-upcoming-feature InternalImportsByDefault -enable-upcoming-feature MemberImportVisibility -plugin-path /Applications/Xcode-27.0.0.app/Contents/Developer/Toolchains/XcodeDefault.xctoolchain/usr/lib/swift/host/plugins/testing -enable-experimental-feature DebugDescriptionMacro -sdk /Applications/Xcode-27.0.0.app/Contents/Developer/Platforms/WatchOS.platform/Developer/SDKs/WatchOS27.0.sdk -target arm64-apple-watchos9.0 -g -module-cache-path /Users/admin/builder/spi-builder-workspace/.derivedData/ModuleCache.noindex -Xfrontend -serialize-debugging-options -profile-coverage-mapping -profile-generate -enable-testing -index-store-path /Users/admin/builder/spi-builder-workspace/.derivedData/Index.noindex/DataStore -Xcc -D_LIBCPP_HARDENING_MODE\=_LIBCPP_HARDENING_MODE_DEBUG -swift-version 6 -I /Users/admin/builder/spi-builder-workspace/.derivedData/Build/Products/Debug-watchos -Isystem /Applications/Xcode-27.0.0.app/Contents/Developer/Platforms/WatchOS.platform/Developer/usr/lib -F /Users/admin/builder/spi-builder-workspace/.derivedData/Build/Products/Debug-watchos/PackageFrameworks -F /Users/admin/builder/spi-builder-workspace/.derivedData/Build/Products/Debug-watchos -F /Applications/Xcode-27.0.0.app/Contents/Developer/Platforms/WatchOS.platform/Developer/Library/Frameworks -F /Applications/Xcode-27.0.0.app/Contents/Developer/Platforms/WatchOS.platform/Developer/SDKs/WatchOS27.0.sdk/Developer/Library/Frameworks -c -j10 -enable-batch-mode -incremental -Xcc -ivfsstatcache -Xcc /Users/admin/builder/spi-builder-workspace/.derivedData/SDKStatCaches.noindex/watchos27.0-24R360-e829b21a6f8c9b70876ba0858053c044b9db9bc9c079ee3c7b5f3373b13d10bc.sdkstatcache -output-file-map /Users/admin/builder/spi-builder-workspace/.derivedData/Build/Intermediates.noindex/swift-zip-archive.build/Debug-watchos/ZipArchive-t.build/Objects-normal/arm64/ZipArchive-OutputFileMap.json -save-temps -no-color-diagnostics -explicit-module-build -module-cache-path /Users/admin/builder/spi-builder-workspace/.derivedData/Build/Intermediates.noindex/SwiftExplicitPrecompiledModules -clang-scanner-module-cache-path /Users/admin/builder/spi-builder-workspace/.derivedData/ModuleCache.noindex -sdk-module-cache-path /Users/admin/builder/spi-builder-workspace/.derivedData/SDKExplicitPrecompiledModules -emit-dependencies -emit-module -emit-module-path /Users/admin/builder/spi-builder-workspace/.derivedData/Build/Intermediates.noindex/swift-zip-archive.build/Debug-watchos/ZipArchive-t.build/Objects-normal/arm64/ZipArchive.swiftmodule -serialize-diagnostics -dependency-scan-serialize-diagnostics-path /Users/admin/builder/spi-builder-workspace/.derivedData/Build/Intermediates.noindex/swift-zip-archive.build/Debug-watchos/ZipArchive-t.build/Objects-normal/arm64/ZipArchive-dependency-scan.dia -validate-clang-modules-once -clang-build-session-file /Users/admin/builder/spi-builder-workspace/.derivedData/ModuleCache.noindex/Session.modulevalidation -Xcc -fmodules-prune-interval\=86400 -Xcc -fmodules-prune-after\=345600 -package-name spi_builder_workspace -emit-const-values -const-gather-protocols-list /Users/admin/builder/spi-builder-workspace/.derivedData/Build/Intermediates.noindex/swift-zip-archive.build/Debug-watchos/ZipArchive-t.build/Objects-normal/arm64/ZipArchive_const_extract_protocols.json -Xcc -I/Users/admin/builder/spi-builder-workspace/.dependencies/checkouts/swift-system/Sources/CSystem/include -Xcc -I/Users/admin/builder/spi-builder-workspace/Sources/CZipArchiveZlib/include -Xcc -I/Users/admin/builder/spi-builder-workspace/.derivedData/Build/Products/Debug-watchos/include -Xcc -I/Users/admin/builder/spi-builder-workspace/.derivedData/Build/Intermediates.noindex/swift-zip-archive.build/Debug-watchos/ZipArchive-t.build/DerivedSources-normal/arm64 -Xcc -I/Users/admin/builder/spi-builder-workspace/.derivedData/Build/Intermediates.noindex/swift-zip-archive.build/Debug-watchos/ZipArchive-t.build/DerivedSources/arm64 -Xcc -I/Users/admin/builder/spi-builder-workspace/.derivedData/Build/Intermediates.noindex/swift-zip-archive.build/Debug-watchos/ZipArchive-t.build/DerivedSources -Xcc -DSWIFT_PACKAGE -Xcc -DDEBUG\=1 -emit-objc-header -emit-objc-header-path /Users/admin/builder/spi-builder-workspace/.derivedData/Build/Intermediates.noindex/swift-zip-archive.build/Debug-watchos/ZipArchive-t.build/Objects-normal/arm64/ZipArchive-Swift.h -working-directory /Users/admin/builder/spi-builder-workspace/.swiftpm/xcode -experimental-emit-module-separately -disable-cmo
Copy /Users/admin/builder/spi-builder-workspace/.derivedData/Build/Products/Debug-watchos/ZipArchive.swiftmodule/arm64_32-apple-watchos.swiftmodule /Users/admin/builder/spi-builder-workspace/.derivedData/Build/Intermediates.noindex/swift-zip-archive.build/Debug-watchos/ZipArchive-t.build/Objects-normal/arm64_32/ZipArchive.swiftmodule (in target 'ZipArchive' from project 'swift-zip-archive')
cd /Users/admin/builder/spi-builder-workspace
builtin-copy -exclude .DS_Store -exclude CVS -exclude .svn -exclude .git -exclude .hg -resolve-src-symlinks -rename /Users/admin/builder/spi-builder-workspace/.derivedData/Build/Intermediates.noindex/swift-zip-archive.build/Debug-watchos/ZipArchive-t.build/Objects-normal/arm64_32/ZipArchive.swiftmodule /Users/admin/builder/spi-builder-workspace/.derivedData/Build/Products/Debug-watchos/ZipArchive.swiftmodule/arm64_32-apple-watchos.swiftmodule
SwiftMergeGeneratedHeaders /Users/admin/builder/spi-builder-workspace/.derivedData/Build/Intermediates.noindex/GeneratedModuleMaps-watchos/ZipArchive-Swift.h /Users/admin/builder/spi-builder-workspace/.derivedData/Build/Intermediates.noindex/swift-zip-archive.build/Debug-watchos/ZipArchive-t.build/Objects-normal/arm64/ZipArchive-Swift.h /Users/admin/builder/spi-builder-workspace/.derivedData/Build/Intermediates.noindex/swift-zip-archive.build/Debug-watchos/ZipArchive-t.build/Objects-normal/arm64_32/ZipArchive-Swift.h (in target 'ZipArchive' from project 'swift-zip-archive')
cd /Users/admin/builder/spi-builder-workspace
builtin-swiftHeaderTool -arch arm64 /Users/admin/builder/spi-builder-workspace/.derivedData/Build/Intermediates.noindex/swift-zip-archive.build/Debug-watchos/ZipArchive-t.build/Objects-normal/arm64/ZipArchive-Swift.h -arch arm64_32 /Users/admin/builder/spi-builder-workspace/.derivedData/Build/Intermediates.noindex/swift-zip-archive.build/Debug-watchos/ZipArchive-t.build/Objects-normal/arm64_32/ZipArchive-Swift.h -o /Users/admin/builder/spi-builder-workspace/.derivedData/Build/Intermediates.noindex/GeneratedModuleMaps-watchos/ZipArchive-Swift.h
Copy /Users/admin/builder/spi-builder-workspace/.derivedData/Build/Products/Debug-watchos/ZipArchive.swiftmodule/arm64_32-apple-watchos.swiftdoc /Users/admin/builder/spi-builder-workspace/.derivedData/Build/Intermediates.noindex/swift-zip-archive.build/Debug-watchos/ZipArchive-t.build/Objects-normal/arm64_32/ZipArchive.swiftdoc (in target 'ZipArchive' from project 'swift-zip-archive')
cd /Users/admin/builder/spi-builder-workspace
builtin-copy -exclude .DS_Store -exclude CVS -exclude .svn -exclude .git -exclude .hg -resolve-src-symlinks -rename /Users/admin/builder/spi-builder-workspace/.derivedData/Build/Intermediates.noindex/swift-zip-archive.build/Debug-watchos/ZipArchive-t.build/Objects-normal/arm64_32/ZipArchive.swiftdoc /Users/admin/builder/spi-builder-workspace/.derivedData/Build/Products/Debug-watchos/ZipArchive.swiftmodule/arm64_32-apple-watchos.swiftdoc
Copy /Users/admin/builder/spi-builder-workspace/.derivedData/Build/Products/Debug-watchos/ZipArchive.swiftmodule/arm64_32-apple-watchos.abi.json /Users/admin/builder/spi-builder-workspace/.derivedData/Build/Intermediates.noindex/swift-zip-archive.build/Debug-watchos/ZipArchive-t.build/Objects-normal/arm64_32/ZipArchive.abi.json (in target 'ZipArchive' from project 'swift-zip-archive')
cd /Users/admin/builder/spi-builder-workspace
builtin-copy -exclude .DS_Store -exclude CVS -exclude .svn -exclude .git -exclude .hg -resolve-src-symlinks -rename /Users/admin/builder/spi-builder-workspace/.derivedData/Build/Intermediates.noindex/swift-zip-archive.build/Debug-watchos/ZipArchive-t.build/Objects-normal/arm64_32/ZipArchive.abi.json /Users/admin/builder/spi-builder-workspace/.derivedData/Build/Products/Debug-watchos/ZipArchive.swiftmodule/arm64_32-apple-watchos.abi.json
Copy /Users/admin/builder/spi-builder-workspace/.derivedData/Build/Products/Debug-watchos/ZipArchive.swiftmodule/arm64-apple-watchos.swiftmodule /Users/admin/builder/spi-builder-workspace/.derivedData/Build/Intermediates.noindex/swift-zip-archive.build/Debug-watchos/ZipArchive-t.build/Objects-normal/arm64/ZipArchive.swiftmodule (in target 'ZipArchive' from project 'swift-zip-archive')
cd /Users/admin/builder/spi-builder-workspace
builtin-copy -exclude .DS_Store -exclude CVS -exclude .svn -exclude .git -exclude .hg -resolve-src-symlinks -rename /Users/admin/builder/spi-builder-workspace/.derivedData/Build/Intermediates.noindex/swift-zip-archive.build/Debug-watchos/ZipArchive-t.build/Objects-normal/arm64/ZipArchive.swiftmodule /Users/admin/builder/spi-builder-workspace/.derivedData/Build/Products/Debug-watchos/ZipArchive.swiftmodule/arm64-apple-watchos.swiftmodule
Copy /Users/admin/builder/spi-builder-workspace/.derivedData/Build/Products/Debug-watchos/ZipArchive.swiftmodule/arm64-apple-watchos.swiftdoc /Users/admin/builder/spi-builder-workspace/.derivedData/Build/Intermediates.noindex/swift-zip-archive.build/Debug-watchos/ZipArchive-t.build/Objects-normal/arm64/ZipArchive.swiftdoc (in target 'ZipArchive' from project 'swift-zip-archive')
cd /Users/admin/builder/spi-builder-workspace
builtin-copy -exclude .DS_Store -exclude CVS -exclude .svn -exclude .git -exclude .hg -resolve-src-symlinks -rename /Users/admin/builder/spi-builder-workspace/.derivedData/Build/Intermediates.noindex/swift-zip-archive.build/Debug-watchos/ZipArchive-t.build/Objects-normal/arm64/ZipArchive.swiftdoc /Users/admin/builder/spi-builder-workspace/.derivedData/Build/Products/Debug-watchos/ZipArchive.swiftmodule/arm64-apple-watchos.swiftdoc
Copy /Users/admin/builder/spi-builder-workspace/.derivedData/Build/Products/Debug-watchos/ZipArchive.swiftmodule/arm64-apple-watchos.abi.json /Users/admin/builder/spi-builder-workspace/.derivedData/Build/Intermediates.noindex/swift-zip-archive.build/Debug-watchos/ZipArchive-t.build/Objects-normal/arm64/ZipArchive.abi.json (in target 'ZipArchive' from project 'swift-zip-archive')
cd /Users/admin/builder/spi-builder-workspace
builtin-copy -exclude .DS_Store -exclude CVS -exclude .svn -exclude .git -exclude .hg -resolve-src-symlinks -rename /Users/admin/builder/spi-builder-workspace/.derivedData/Build/Intermediates.noindex/swift-zip-archive.build/Debug-watchos/ZipArchive-t.build/Objects-normal/arm64/ZipArchive.abi.json /Users/admin/builder/spi-builder-workspace/.derivedData/Build/Products/Debug-watchos/ZipArchive.swiftmodule/arm64-apple-watchos.abi.json
Copy /Users/admin/builder/spi-builder-workspace/.derivedData/Build/Products/Debug-watchos/ZipArchive.swiftmodule/Project/arm64_32-apple-watchos.swiftsourceinfo /Users/admin/builder/spi-builder-workspace/.derivedData/Build/Intermediates.noindex/swift-zip-archive.build/Debug-watchos/ZipArchive-t.build/Objects-normal/arm64_32/ZipArchive.swiftsourceinfo (in target 'ZipArchive' from project 'swift-zip-archive')
cd /Users/admin/builder/spi-builder-workspace
builtin-copy -exclude .DS_Store -exclude CVS -exclude .svn -exclude .git -exclude .hg -resolve-src-symlinks -rename /Users/admin/builder/spi-builder-workspace/.derivedData/Build/Intermediates.noindex/swift-zip-archive.build/Debug-watchos/ZipArchive-t.build/Objects-normal/arm64_32/ZipArchive.swiftsourceinfo /Users/admin/builder/spi-builder-workspace/.derivedData/Build/Products/Debug-watchos/ZipArchive.swiftmodule/Project/arm64_32-apple-watchos.swiftsourceinfo
Copy /Users/admin/builder/spi-builder-workspace/.derivedData/Build/Products/Debug-watchos/ZipArchive.swiftmodule/Project/arm64-apple-watchos.swiftsourceinfo /Users/admin/builder/spi-builder-workspace/.derivedData/Build/Intermediates.noindex/swift-zip-archive.build/Debug-watchos/ZipArchive-t.build/Objects-normal/arm64/ZipArchive.swiftsourceinfo (in target 'ZipArchive' from project 'swift-zip-archive')
cd /Users/admin/builder/spi-builder-workspace
builtin-copy -exclude .DS_Store -exclude CVS -exclude .svn -exclude .git -exclude .hg -resolve-src-symlinks -rename /Users/admin/builder/spi-builder-workspace/.derivedData/Build/Intermediates.noindex/swift-zip-archive.build/Debug-watchos/ZipArchive-t.build/Objects-normal/arm64/ZipArchive.swiftsourceinfo /Users/admin/builder/spi-builder-workspace/.derivedData/Build/Products/Debug-watchos/ZipArchive.swiftmodule/Project/arm64-apple-watchos.swiftsourceinfo
SwiftCompile normal arm64 Compiling\ DirectoryDescriptor.swift,\ MemoryBuffer.swift /Users/admin/builder/spi-builder-workspace/Sources/ZipArchive/DirectoryDescriptor.swift /Users/admin/builder/spi-builder-workspace/Sources/ZipArchive/MemoryBuffer.swift (in target 'ZipArchive' from project 'swift-zip-archive')
SwiftCompile normal arm64 /Users/admin/builder/spi-builder-workspace/Sources/ZipArchive/DirectoryDescriptor.swift (in target 'ZipArchive' from project 'swift-zip-archive')
cd /Users/admin/builder/spi-builder-workspace/.swiftpm/xcode
builtin-SwiftPerFileCompile DirectoryDescriptor.swift
SwiftCompile normal arm64 /Users/admin/builder/spi-builder-workspace/Sources/ZipArchive/MemoryBuffer.swift (in target 'ZipArchive' from project 'swift-zip-archive')
cd /Users/admin/builder/spi-builder-workspace/.swiftpm/xcode
builtin-SwiftPerFileCompile MemoryBuffer.swift
SwiftDriverJobDiscovery normal arm64 Compiling System+directory.swift, ZipArchiveReader+extract.swift (in target 'ZipArchive' from project 'swift-zip-archive')
SwiftCompile normal arm64 Compiling\ ZipArchiveWriter.swift,\ ZipCompression.swift /Users/admin/builder/spi-builder-workspace/Sources/ZipArchive/ZipArchiveWriter.swift /Users/admin/builder/spi-builder-workspace/Sources/ZipArchive/ZipCompression.swift (in target 'ZipArchive' from project 'swift-zip-archive')
SwiftCompile normal arm64 /Users/admin/builder/spi-builder-workspace/Sources/ZipArchive/ZipArchiveWriter.swift (in target 'ZipArchive' from project 'swift-zip-archive')
cd /Users/admin/builder/spi-builder-workspace/.swiftpm/xcode
builtin-SwiftPerFileCompile ZipArchiveWriter.swift
SwiftCompile normal arm64 /Users/admin/builder/spi-builder-workspace/Sources/ZipArchive/ZipCompression.swift (in target 'ZipArchive' from project 'swift-zip-archive')
cd /Users/admin/builder/spi-builder-workspace/.swiftpm/xcode
builtin-SwiftPerFileCompile ZipCompression.swift
PruneExplicitPrecompiledModules /Users/admin/builder/spi-builder-workspace/.derivedData/Build/Intermediates.noindex/ExplicitPrecompiledModules
PruneExplicitPrecompiledModules /Users/admin/builder/spi-builder-workspace/.derivedData/Build/Intermediates.noindex/SwiftExplicitPrecompiledModules
PruneExplicitPrecompiledModules /Users/admin/builder/spi-builder-workspace/.derivedData/SDKExplicitPrecompiledModules
2026-10-10 00:56:15.759 xcodebuild[691:4405] [MT] IDERunDestination: Supported platforms for the buildables in the current scheme is empty.
** BUILD FAILED **
The following build commands failed:
SwiftCompile normal arm64_32 Compiling\ ZipArchiveWriter.swift,\ ZipCompression.swift /Users/admin/builder/spi-builder-workspace/Sources/ZipArchive/ZipArchiveWriter.swift /Users/admin/builder/spi-builder-workspace/Sources/ZipArchive/ZipCompression.swift (in target 'ZipArchive' from project 'swift-zip-archive')
SwiftCompile normal arm64_32 /Users/admin/builder/spi-builder-workspace/Sources/ZipArchive/ZipArchiveWriter.swift (in target 'ZipArchive' from project 'swift-zip-archive')
Building workspace swift-zip-archive with scheme swift-zip-archive
(3 failures)
Command line invocation:
/Applications/Xcode-27.0.0.app/Contents/Developer/usr/bin/xcodebuild -IDEClonedSourcePackagesDirPathOverride=/Users/admin/builder/spi-builder-workspace/.dependencies -resolvePackageDependencies
Resolve Package Graph
Resolved source packages:
swift-system: https://github.com/apple/swift-system.git @ 1.8.1
swift-zip-archive: /Users/admin/builder/spi-builder-workspace
resolved source packages: swift-system, swift-zip-archive
2026-10-10 00:56:23.472 xcodebuild[893:5255] [MT] IDERunDestination: Supported platforms for the buildables in the current scheme is empty.
{
"dependencies" : [
{
"identity" : "swift-system",
"requirement" : {
"range" : [
{
"lower_bound" : "1.4.0",
"upper_bound" : "2.0.0"
}
]
},
"type" : "sourceControl",
"url" : "https://github.com/apple/swift-system.git"
}
],
"manifest_display_name" : "swift-zip-archive",
"name" : "swift-zip-archive",
"path" : "/Users/admin/builder/spi-builder-workspace",
"platforms" : [
{
"name" : "macos",
"version" : "12.0"
},
{
"name" : "ios",
"version" : "15.0"
},
{
"name" : "tvos",
"version" : "15.0"
}
],
"products" : [
{
"name" : "ZipArchive",
"targets" : [
"ZipArchive"
],
"type" : {
"library" : [
"automatic"
]
}
}
],
"targets" : [
{
"c99name" : "ZipArchiveTests",
"module_type" : "SwiftTarget",
"name" : "ZipArchiveTests",
"path" : "Tests/ZipArchiveTests",
"resources" : [
{
"path" : "/Users/admin/builder/spi-builder-workspace/Tests/ZipArchiveTests/resources/encoding.zip",
"rule" : {
"process" : {
}
}
},
{
"path" : "/Users/admin/builder/spi-builder-workspace/Tests/ZipArchiveTests/resources/encrypted.zip",
"rule" : {
"process" : {
}
}
},
{
"path" : "/Users/admin/builder/spi-builder-workspace/Tests/ZipArchiveTests/resources/hello64.zip",
"rule" : {
"process" : {
}
}
},
{
"path" : "/Users/admin/builder/spi-builder-workspace/Tests/ZipArchiveTests/resources/linux.zip",
"rule" : {
"process" : {
}
}
},
{
"path" : "/Users/admin/builder/spi-builder-workspace/Tests/ZipArchiveTests/resources/macos.zip",
"rule" : {
"process" : {
}
}
},
{
"path" : "/Users/admin/builder/spi-builder-workspace/Tests/ZipArchiveTests/resources/source.zip",
"rule" : {
"process" : {
}
}
},
{
"path" : "/Users/admin/builder/spi-builder-workspace/Tests/ZipArchiveTests/resources/test.bin",
"rule" : {
"process" : {
}
}
}
],
"sources" : [
"EncryptionTests.swift",
"FileDescriptor+remove.swift",
"FileStorageTests.swift",
"MemoryStorageTests.swift",
"ZipArchiveReaderTests.swift",
"ZipArchiveWriterTests.swift",
"ZipCompressionTests.swift"
],
"target_dependencies" : [
"ZipArchive"
],
"type" : "test"
},
{
"c99name" : "ZipArchive",
"module_type" : "SwiftTarget",
"name" : "ZipArchive",
"path" : "Sources/ZipArchive",
"product_dependencies" : [
"SystemPackage"
],
"product_memberships" : [
"ZipArchive"
],
"sources" : [
"CryptKey.swift",
"Date.swift",
"DirectoryDescriptor.swift",
"MemoryBuffer.swift",
"System+directory.swift",
"ZipArchiveReader+extract.swift",
"ZipArchiveReader.swift",
"ZipArchiveWriter+writeFolderContents.swift",
"ZipArchiveWriter.swift",
"ZipCompression.swift",
"ZipFileStorage.swift",
"ZipMemoryStorage.swift",
"ZipReadableStorage.swift",
"ZipStorage.swift",
"ZipTypes.swift",
"ZipWriteableStorage.swift",
"crc32.swift"
],
"target_dependencies" : [
"CZipArchiveZlib"
],
"type" : "library"
},
{
"c99name" : "CZipArchiveZlib",
"module_type" : "ClangTarget",
"name" : "CZipArchiveZlib",
"path" : "Sources/CZipArchiveZlib",
"product_memberships" : [
"ZipArchive"
],
"sources" : [
"adler32.c",
"crc32.c",
"deflate.c",
"inffast.c",
"inflate.c",
"inftrees.c",
"trees.c",
"zutil.c"
],
"type" : "library"
}
],
"tools_version" : "6.2"
}
{
"workspace" : {
"name" : "swift-zip-archive",
"schemes" : [
"swift-zip-archive"
]
}
}
2026-10-10 00:56:24.772 xcodebuild[901:5320] [MT] IDERunDestination: Supported platforms for the buildables in the current scheme is empty.
Running build ...
env DEVELOPER_DIR=/Applications/Xcode-27.0.0-Release.Candidate.app xcrun xcodebuild -IDEClonedSourcePackagesDirPathOverride=$PWD/.dependencies -skipMacroValidation -skipPackagePluginValidation -derivedDataPath $PWD/.derivedData build -scheme swift-zip-archive -destination generic/platform=watchOS
Command line invocation:
/Applications/Xcode-27.0.0.app/Contents/Developer/usr/bin/xcodebuild -IDEClonedSourcePackagesDirPathOverride=/Users/admin/builder/spi-builder-workspace/.dependencies -skipMacroValidation -skipPackagePluginValidation -derivedDataPath /Users/admin/builder/spi-builder-workspace/.derivedData build -scheme swift-zip-archive -destination generic/platform=watchOS
Resolve Package Graph
Resolved source packages:
swift-system: https://github.com/apple/swift-system.git @ 1.8.1
swift-zip-archive: /Users/admin/builder/spi-builder-workspace
ComputePackagePrebuildTargetDependencyGraph
Prepare packages
CreateBuildRequest
SendProjectDescription
CreateBuildOperation
ComputeTargetDependencyGraph
note: Building targets in dependency order
note: Target dependency graph (6 targets)
Target 'ZipArchive-product' in project 'swift-zip-archive'
➜ Explicit dependency on target 'ZipArchive' in project 'swift-zip-archive'
➜ Explicit dependency on target 'CZipArchiveZlib' in project 'swift-zip-archive'
➜ Explicit dependency on target 'SystemPackage-product' in project 'swift-system'
Target 'ZipArchive' in project 'swift-zip-archive'
➜ Explicit dependency on target 'CZipArchiveZlib' in project 'swift-zip-archive'
➜ Explicit dependency on target 'SystemPackage-product' in project 'swift-system'
Target 'SystemPackage-product' in project 'swift-system'
➜ Explicit dependency on target 'SystemPackage' in project 'swift-system'
➜ Explicit dependency on target 'CSystem' in project 'swift-system'
Target 'SystemPackage' in project 'swift-system'
➜ Explicit dependency on target 'CSystem' in project 'swift-system'
Target 'CSystem' in project 'swift-system' (no dependencies)
Target 'CZipArchiveZlib' in project 'swift-zip-archive' (no dependencies)
GatherProvisioningInputs
CreateBuildDescription
ClangStatCache /Applications/Xcode-27.0.0.app/Contents/Developer/Toolchains/XcodeDefault.xctoolchain/usr/bin/clang-stat-cache /Applications/Xcode-27.0.0.app/Contents/Developer/Platforms/WatchOS.platform/Developer/SDKs/WatchOS27.0.sdk /Users/admin/builder/spi-builder-workspace/.derivedData/SDKStatCaches.noindex/watchos27.0-24R360-e829b21a6f8c9b70876ba0858053c044b9db9bc9c079ee3c7b5f3373b13d10bc.sdkstatcache
cd /Users/admin/builder/spi-builder-workspace/.swiftpm/xcode
/Applications/Xcode-27.0.0.app/Contents/Developer/Toolchains/XcodeDefault.xctoolchain/usr/bin/clang-stat-cache /Applications/Xcode-27.0.0.app/Contents/Developer/Platforms/WatchOS.platform/Developer/SDKs/WatchOS27.0.sdk -o /Users/admin/builder/spi-builder-workspace/.derivedData/SDKStatCaches.noindex/watchos27.0-24R360-e829b21a6f8c9b70876ba0858053c044b9db9bc9c079ee3c7b5f3373b13d10bc.sdkstatcache
SwiftDriver ZipArchive normal arm64_32 com.apple.xcode.tools.swift.compiler (in target 'ZipArchive' from project 'swift-zip-archive')
cd /Users/admin/builder/spi-builder-workspace/.swiftpm/xcode
builtin-SwiftDriver -- /Applications/Xcode-27.0.0.app/Contents/Developer/Toolchains/XcodeDefault.xctoolchain/usr/bin/swiftc -parse-as-library -module-name ZipArchive -Onone @/Users/admin/builder/spi-builder-workspace/.derivedData/Build/Intermediates.noindex/swift-zip-archive.build/Debug-watchos/ZipArchive-t.build/Objects-normal/arm64_32/ZipArchive.SwiftFileList -DSWIFT_PACKAGE -DDEBUG -DSWIFT_MODULE_RESOURCE_BUNDLE_UNAVAILABLE -Xcc -fmodule-map-file\=/Users/admin/builder/spi-builder-workspace/.dependencies/checkouts/swift-system/Sources/CSystem/include/module.modulemap -Xcc -fmodule-map-file\=/Users/admin/builder/spi-builder-workspace/.derivedData/Build/Intermediates.noindex/GeneratedModuleMaps-watchos/CZipArchiveZlib.modulemap -DXcode -enable-upcoming-feature ExistentialAny -enable-upcoming-feature InternalImportsByDefault -enable-upcoming-feature MemberImportVisibility -plugin-path /Applications/Xcode-27.0.0.app/Contents/Developer/Toolchains/XcodeDefault.xctoolchain/usr/lib/swift/host/plugins/testing -enable-experimental-feature DebugDescriptionMacro -sdk /Applications/Xcode-27.0.0.app/Contents/Developer/Platforms/WatchOS.platform/Developer/SDKs/WatchOS27.0.sdk -target arm64_32-apple-watchos9.0 -g -module-cache-path /Users/admin/builder/spi-builder-workspace/.derivedData/ModuleCache.noindex -Xfrontend -serialize-debugging-options -profile-coverage-mapping -profile-generate -enable-testing -index-store-path /Users/admin/builder/spi-builder-workspace/.derivedData/Index.noindex/DataStore -Xcc -D_LIBCPP_HARDENING_MODE\=_LIBCPP_HARDENING_MODE_DEBUG -swift-version 6 -I /Users/admin/builder/spi-builder-workspace/.derivedData/Build/Products/Debug-watchos -Isystem /Applications/Xcode-27.0.0.app/Contents/Developer/Platforms/WatchOS.platform/Developer/usr/lib -F /Users/admin/builder/spi-builder-workspace/.derivedData/Build/Products/Debug-watchos/PackageFrameworks -F /Users/admin/builder/spi-builder-workspace/.derivedData/Build/Products/Debug-watchos -F /Applications/Xcode-27.0.0.app/Contents/Developer/Platforms/WatchOS.platform/Developer/Library/Frameworks -F /Applications/Xcode-27.0.0.app/Contents/Developer/Platforms/WatchOS.platform/Developer/SDKs/WatchOS27.0.sdk/Developer/Library/Frameworks -c -j10 -enable-batch-mode -incremental -Xcc -ivfsstatcache -Xcc /Users/admin/builder/spi-builder-workspace/.derivedData/SDKStatCaches.noindex/watchos27.0-24R360-e829b21a6f8c9b70876ba0858053c044b9db9bc9c079ee3c7b5f3373b13d10bc.sdkstatcache -output-file-map /Users/admin/builder/spi-builder-workspace/.derivedData/Build/Intermediates.noindex/swift-zip-archive.build/Debug-watchos/ZipArchive-t.build/Objects-normal/arm64_32/ZipArchive-OutputFileMap.json -save-temps -no-color-diagnostics -explicit-module-build -module-cache-path /Users/admin/builder/spi-builder-workspace/.derivedData/Build/Intermediates.noindex/SwiftExplicitPrecompiledModules -clang-scanner-module-cache-path /Users/admin/builder/spi-builder-workspace/.derivedData/ModuleCache.noindex -sdk-module-cache-path /Users/admin/builder/spi-builder-workspace/.derivedData/SDKExplicitPrecompiledModules -emit-dependencies -emit-module -emit-module-path /Users/admin/builder/spi-builder-workspace/.derivedData/Build/Intermediates.noindex/swift-zip-archive.build/Debug-watchos/ZipArchive-t.build/Objects-normal/arm64_32/ZipArchive.swiftmodule -serialize-diagnostics -dependency-scan-serialize-diagnostics-path /Users/admin/builder/spi-builder-workspace/.derivedData/Build/Intermediates.noindex/swift-zip-archive.build/Debug-watchos/ZipArchive-t.build/Objects-normal/arm64_32/ZipArchive-dependency-scan.dia -validate-clang-modules-once -clang-build-session-file /Users/admin/builder/spi-builder-workspace/.derivedData/ModuleCache.noindex/Session.modulevalidation -Xcc -fmodules-prune-interval\=86400 -Xcc -fmodules-prune-after\=345600 -package-name spi_builder_workspace -emit-const-values -const-gather-protocols-list /Users/admin/builder/spi-builder-workspace/.derivedData/Build/Intermediates.noindex/swift-zip-archive.build/Debug-watchos/ZipArchive-t.build/Objects-normal/arm64_32/ZipArchive_const_extract_protocols.json -Xcc -I/Users/admin/builder/spi-builder-workspace/.dependencies/checkouts/swift-system/Sources/CSystem/include -Xcc -I/Users/admin/builder/spi-builder-workspace/Sources/CZipArchiveZlib/include -Xcc -I/Users/admin/builder/spi-builder-workspace/.derivedData/Build/Products/Debug-watchos/include -Xcc -I/Users/admin/builder/spi-builder-workspace/.derivedData/Build/Intermediates.noindex/swift-zip-archive.build/Debug-watchos/ZipArchive-t.build/DerivedSources-normal/arm64_32 -Xcc -I/Users/admin/builder/spi-builder-workspace/.derivedData/Build/Intermediates.noindex/swift-zip-archive.build/Debug-watchos/ZipArchive-t.build/DerivedSources/arm64_32 -Xcc -I/Users/admin/builder/spi-builder-workspace/.derivedData/Build/Intermediates.noindex/swift-zip-archive.build/Debug-watchos/ZipArchive-t.build/DerivedSources -Xcc -DSWIFT_PACKAGE -Xcc -DDEBUG\=1 -emit-objc-header -emit-objc-header-path /Users/admin/builder/spi-builder-workspace/.derivedData/Build/Intermediates.noindex/swift-zip-archive.build/Debug-watchos/ZipArchive-t.build/Objects-normal/arm64_32/ZipArchive-Swift.h -working-directory /Users/admin/builder/spi-builder-workspace/.swiftpm/xcode -experimental-emit-module-separately -disable-cmo
SwiftDriver ZipArchive normal arm64 com.apple.xcode.tools.swift.compiler (in target 'ZipArchive' from project 'swift-zip-archive')
cd /Users/admin/builder/spi-builder-workspace/.swiftpm/xcode
builtin-SwiftDriver -- /Applications/Xcode-27.0.0.app/Contents/Developer/Toolchains/XcodeDefault.xctoolchain/usr/bin/swiftc -parse-as-library -module-name ZipArchive -Onone @/Users/admin/builder/spi-builder-workspace/.derivedData/Build/Intermediates.noindex/swift-zip-archive.build/Debug-watchos/ZipArchive-t.build/Objects-normal/arm64/ZipArchive.SwiftFileList -DSWIFT_PACKAGE -DDEBUG -DSWIFT_MODULE_RESOURCE_BUNDLE_UNAVAILABLE -Xcc -fmodule-map-file\=/Users/admin/builder/spi-builder-workspace/.dependencies/checkouts/swift-system/Sources/CSystem/include/module.modulemap -Xcc -fmodule-map-file\=/Users/admin/builder/spi-builder-workspace/.derivedData/Build/Intermediates.noindex/GeneratedModuleMaps-watchos/CZipArchiveZlib.modulemap -DXcode -enable-upcoming-feature ExistentialAny -enable-upcoming-feature InternalImportsByDefault -enable-upcoming-feature MemberImportVisibility -plugin-path /Applications/Xcode-27.0.0.app/Contents/Developer/Toolchains/XcodeDefault.xctoolchain/usr/lib/swift/host/plugins/testing -enable-experimental-feature DebugDescriptionMacro -sdk /Applications/Xcode-27.0.0.app/Contents/Developer/Platforms/WatchOS.platform/Developer/SDKs/WatchOS27.0.sdk -target arm64-apple-watchos9.0 -g -module-cache-path /Users/admin/builder/spi-builder-workspace/.derivedData/ModuleCache.noindex -Xfrontend -serialize-debugging-options -profile-coverage-mapping -profile-generate -enable-testing -index-store-path /Users/admin/builder/spi-builder-workspace/.derivedData/Index.noindex/DataStore -Xcc -D_LIBCPP_HARDENING_MODE\=_LIBCPP_HARDENING_MODE_DEBUG -swift-version 6 -I /Users/admin/builder/spi-builder-workspace/.derivedData/Build/Products/Debug-watchos -Isystem /Applications/Xcode-27.0.0.app/Contents/Developer/Platforms/WatchOS.platform/Developer/usr/lib -F /Users/admin/builder/spi-builder-workspace/.derivedData/Build/Products/Debug-watchos/PackageFrameworks -F /Users/admin/builder/spi-builder-workspace/.derivedData/Build/Products/Debug-watchos -F /Applications/Xcode-27.0.0.app/Contents/Developer/Platforms/WatchOS.platform/Developer/Library/Frameworks -F /Applications/Xcode-27.0.0.app/Contents/Developer/Platforms/WatchOS.platform/Developer/SDKs/WatchOS27.0.sdk/Developer/Library/Frameworks -c -j10 -enable-batch-mode -incremental -Xcc -ivfsstatcache -Xcc /Users/admin/builder/spi-builder-workspace/.derivedData/SDKStatCaches.noindex/watchos27.0-24R360-e829b21a6f8c9b70876ba0858053c044b9db9bc9c079ee3c7b5f3373b13d10bc.sdkstatcache -output-file-map /Users/admin/builder/spi-builder-workspace/.derivedData/Build/Intermediates.noindex/swift-zip-archive.build/Debug-watchos/ZipArchive-t.build/Objects-normal/arm64/ZipArchive-OutputFileMap.json -save-temps -no-color-diagnostics -explicit-module-build -module-cache-path /Users/admin/builder/spi-builder-workspace/.derivedData/Build/Intermediates.noindex/SwiftExplicitPrecompiledModules -clang-scanner-module-cache-path /Users/admin/builder/spi-builder-workspace/.derivedData/ModuleCache.noindex -sdk-module-cache-path /Users/admin/builder/spi-builder-workspace/.derivedData/SDKExplicitPrecompiledModules -emit-dependencies -emit-module -emit-module-path /Users/admin/builder/spi-builder-workspace/.derivedData/Build/Intermediates.noindex/swift-zip-archive.build/Debug-watchos/ZipArchive-t.build/Objects-normal/arm64/ZipArchive.swiftmodule -serialize-diagnostics -dependency-scan-serialize-diagnostics-path /Users/admin/builder/spi-builder-workspace/.derivedData/Build/Intermediates.noindex/swift-zip-archive.build/Debug-watchos/ZipArchive-t.build/Objects-normal/arm64/ZipArchive-dependency-scan.dia -validate-clang-modules-once -clang-build-session-file /Users/admin/builder/spi-builder-workspace/.derivedData/ModuleCache.noindex/Session.modulevalidation -Xcc -fmodules-prune-interval\=86400 -Xcc -fmodules-prune-after\=345600 -package-name spi_builder_workspace -emit-const-values -const-gather-protocols-list /Users/admin/builder/spi-builder-workspace/.derivedData/Build/Intermediates.noindex/swift-zip-archive.build/Debug-watchos/ZipArchive-t.build/Objects-normal/arm64/ZipArchive_const_extract_protocols.json -Xcc -I/Users/admin/builder/spi-builder-workspace/.dependencies/checkouts/swift-system/Sources/CSystem/include -Xcc -I/Users/admin/builder/spi-builder-workspace/Sources/CZipArchiveZlib/include -Xcc -I/Users/admin/builder/spi-builder-workspace/.derivedData/Build/Products/Debug-watchos/include -Xcc -I/Users/admin/builder/spi-builder-workspace/.derivedData/Build/Intermediates.noindex/swift-zip-archive.build/Debug-watchos/ZipArchive-t.build/DerivedSources-normal/arm64 -Xcc -I/Users/admin/builder/spi-builder-workspace/.derivedData/Build/Intermediates.noindex/swift-zip-archive.build/Debug-watchos/ZipArchive-t.build/DerivedSources/arm64 -Xcc -I/Users/admin/builder/spi-builder-workspace/.derivedData/Build/Intermediates.noindex/swift-zip-archive.build/Debug-watchos/ZipArchive-t.build/DerivedSources -Xcc -DSWIFT_PACKAGE -Xcc -DDEBUG\=1 -emit-objc-header -emit-objc-header-path /Users/admin/builder/spi-builder-workspace/.derivedData/Build/Intermediates.noindex/swift-zip-archive.build/Debug-watchos/ZipArchive-t.build/Objects-normal/arm64/ZipArchive-Swift.h -working-directory /Users/admin/builder/spi-builder-workspace/.swiftpm/xcode -experimental-emit-module-separately -disable-cmo
SwiftCompile normal arm64 Compiling\ DirectoryDescriptor.swift,\ MemoryBuffer.swift /Users/admin/builder/spi-builder-workspace/Sources/ZipArchive/DirectoryDescriptor.swift /Users/admin/builder/spi-builder-workspace/Sources/ZipArchive/MemoryBuffer.swift (in target 'ZipArchive' from project 'swift-zip-archive')
SwiftCompile normal arm64 /Users/admin/builder/spi-builder-workspace/Sources/ZipArchive/DirectoryDescriptor.swift (in target 'ZipArchive' from project 'swift-zip-archive')
cd /Users/admin/builder/spi-builder-workspace/.swiftpm/xcode
builtin-SwiftPerFileCompile DirectoryDescriptor.swift
SwiftCompile normal arm64 /Users/admin/builder/spi-builder-workspace/Sources/ZipArchive/MemoryBuffer.swift (in target 'ZipArchive' from project 'swift-zip-archive')
cd /Users/admin/builder/spi-builder-workspace/.swiftpm/xcode
builtin-SwiftPerFileCompile MemoryBuffer.swift
SwiftCompile normal arm64 Compiling\ ZipTypes.swift /Users/admin/builder/spi-builder-workspace/Sources/ZipArchive/ZipTypes.swift (in target 'ZipArchive' from project 'swift-zip-archive')
SwiftCompile normal arm64 /Users/admin/builder/spi-builder-workspace/Sources/ZipArchive/ZipTypes.swift (in target 'ZipArchive' from project 'swift-zip-archive')
cd /Users/admin/builder/spi-builder-workspace/.swiftpm/xcode
builtin-SwiftPerFileCompile ZipTypes.swift
SwiftEmitModule normal arm64 Emitting\ module\ for\ ZipArchive (in target 'ZipArchive' from project 'swift-zip-archive')
SwiftCompile normal arm64 (in target 'ZipArchive' from project 'swift-zip-archive')
cd /Users/admin/builder/spi-builder-workspace/.swiftpm/xcode
SwiftCompile normal arm64 Compiling\ CryptKey.swift,\ Date.swift /Users/admin/builder/spi-builder-workspace/Sources/ZipArchive/CryptKey.swift /Users/admin/builder/spi-builder-workspace/Sources/ZipArchive/Date.swift (in target 'ZipArchive' from project 'swift-zip-archive')
SwiftCompile normal arm64 /Users/admin/builder/spi-builder-workspace/Sources/ZipArchive/CryptKey.swift (in target 'ZipArchive' from project 'swift-zip-archive')
cd /Users/admin/builder/spi-builder-workspace/.swiftpm/xcode
builtin-SwiftPerFileCompile CryptKey.swift
SwiftCompile normal arm64 /Users/admin/builder/spi-builder-workspace/Sources/ZipArchive/Date.swift (in target 'ZipArchive' from project 'swift-zip-archive')
cd /Users/admin/builder/spi-builder-workspace/.swiftpm/xcode
builtin-SwiftPerFileCompile Date.swift
SwiftCompile normal arm64 Compiling\ ZipFileStorage.swift /Users/admin/builder/spi-builder-workspace/Sources/ZipArchive/ZipFileStorage.swift (in target 'ZipArchive' from project 'swift-zip-archive')
SwiftCompile normal arm64 /Users/admin/builder/spi-builder-workspace/Sources/ZipArchive/ZipFileStorage.swift (in target 'ZipArchive' from project 'swift-zip-archive')
cd /Users/admin/builder/spi-builder-workspace/.swiftpm/xcode
builtin-SwiftPerFileCompile ZipFileStorage.swift
SwiftCompile normal arm64 Compiling\ ZipStorage.swift /Users/admin/builder/spi-builder-workspace/Sources/ZipArchive/ZipStorage.swift (in target 'ZipArchive' from project 'swift-zip-archive')
SwiftCompile normal arm64 /Users/admin/builder/spi-builder-workspace/Sources/ZipArchive/ZipStorage.swift (in target 'ZipArchive' from project 'swift-zip-archive')
cd /Users/admin/builder/spi-builder-workspace/.swiftpm/xcode
builtin-SwiftPerFileCompile ZipStorage.swift
SwiftCompile normal arm64 Compiling\ ZipMemoryStorage.swift /Users/admin/builder/spi-builder-workspace/Sources/ZipArchive/ZipMemoryStorage.swift (in target 'ZipArchive' from project 'swift-zip-archive')
SwiftCompile normal arm64 /Users/admin/builder/spi-builder-workspace/Sources/ZipArchive/ZipMemoryStorage.swift (in target 'ZipArchive' from project 'swift-zip-archive')
cd /Users/admin/builder/spi-builder-workspace/.swiftpm/xcode
builtin-SwiftPerFileCompile ZipMemoryStorage.swift
SwiftCompile normal arm64 Compiling\ ZipReadableStorage.swift /Users/admin/builder/spi-builder-workspace/Sources/ZipArchive/ZipReadableStorage.swift (in target 'ZipArchive' from project 'swift-zip-archive')
SwiftCompile normal arm64 /Users/admin/builder/spi-builder-workspace/Sources/ZipArchive/ZipReadableStorage.swift (in target 'ZipArchive' from project 'swift-zip-archive')
cd /Users/admin/builder/spi-builder-workspace/.swiftpm/xcode
builtin-SwiftPerFileCompile ZipReadableStorage.swift
SwiftCompile normal arm64 Compiling\ ZipArchiveReader.swift,\ ZipArchiveWriter+writeFolderContents.swift /Users/admin/builder/spi-builder-workspace/Sources/ZipArchive/ZipArchiveReader.swift /Users/admin/builder/spi-builder-workspace/Sources/ZipArchive/ZipArchiveWriter+writeFolderContents.swift (in target 'ZipArchive' from project 'swift-zip-archive')
SwiftCompile normal arm64 /Users/admin/builder/spi-builder-workspace/Sources/ZipArchive/ZipArchiveReader.swift (in target 'ZipArchive' from project 'swift-zip-archive')
cd /Users/admin/builder/spi-builder-workspace/.swiftpm/xcode
builtin-SwiftPerFileCompile ZipArchiveReader.swift
SwiftCompile normal arm64 /Users/admin/builder/spi-builder-workspace/Sources/ZipArchive/ZipArchiveWriter+writeFolderContents.swift (in target 'ZipArchive' from project 'swift-zip-archive')
cd /Users/admin/builder/spi-builder-workspace/.swiftpm/xcode
builtin-SwiftPerFileCompile ZipArchiveWriter+writeFolderContents.swift
SwiftEmitModule normal arm64_32 Emitting\ module\ for\ ZipArchive (in target 'ZipArchive' from project 'swift-zip-archive')
SwiftCompile normal arm64_32 (in target 'ZipArchive' from project 'swift-zip-archive')
cd /Users/admin/builder/spi-builder-workspace/.swiftpm/xcode
SwiftCompile normal arm64_32 Compiling\ ZipArchiveReader.swift /Users/admin/builder/spi-builder-workspace/Sources/ZipArchive/ZipArchiveReader.swift (in target 'ZipArchive' from project 'swift-zip-archive')
SwiftCompile normal arm64_32 /Users/admin/builder/spi-builder-workspace/Sources/ZipArchive/ZipArchiveReader.swift (in target 'ZipArchive' from project 'swift-zip-archive')
cd /Users/admin/builder/spi-builder-workspace/.swiftpm/xcode
builtin-SwiftPerFileCompile ZipArchiveReader.swift
SwiftDriverJobDiscovery normal arm64 Compiling ZipStorage.swift (in target 'ZipArchive' from project 'swift-zip-archive')
SwiftCompile normal arm64_32 Compiling\ MemoryBuffer.swift /Users/admin/builder/spi-builder-workspace/Sources/ZipArchive/MemoryBuffer.swift (in target 'ZipArchive' from project 'swift-zip-archive')
SwiftCompile normal arm64_32 /Users/admin/builder/spi-builder-workspace/Sources/ZipArchive/MemoryBuffer.swift (in target 'ZipArchive' from project 'swift-zip-archive')
cd /Users/admin/builder/spi-builder-workspace/.swiftpm/xcode
builtin-SwiftPerFileCompile MemoryBuffer.swift
SwiftDriverJobDiscovery normal arm64 Compiling ZipMemoryStorage.swift (in target 'ZipArchive' from project 'swift-zip-archive')
SwiftCompile normal arm64_32 Compiling\ ZipTypes.swift /Users/admin/builder/spi-builder-workspace/Sources/ZipArchive/ZipTypes.swift (in target 'ZipArchive' from project 'swift-zip-archive')
SwiftCompile normal arm64_32 /Users/admin/builder/spi-builder-workspace/Sources/ZipArchive/ZipTypes.swift (in target 'ZipArchive' from project 'swift-zip-archive')
cd /Users/admin/builder/spi-builder-workspace/.swiftpm/xcode
builtin-SwiftPerFileCompile ZipTypes.swift
SwiftDriverJobDiscovery normal arm64 Compiling ZipReadableStorage.swift (in target 'ZipArchive' from project 'swift-zip-archive')
SwiftCompile normal arm64_32 Compiling\ CryptKey.swift /Users/admin/builder/spi-builder-workspace/Sources/ZipArchive/CryptKey.swift (in target 'ZipArchive' from project 'swift-zip-archive')
SwiftCompile normal arm64_32 /Users/admin/builder/spi-builder-workspace/Sources/ZipArchive/CryptKey.swift (in target 'ZipArchive' from project 'swift-zip-archive')
cd /Users/admin/builder/spi-builder-workspace/.swiftpm/xcode
builtin-SwiftPerFileCompile CryptKey.swift
SwiftDriverJobDiscovery normal arm64 Compiling ZipFileStorage.swift (in target 'ZipArchive' from project 'swift-zip-archive')
SwiftCompile normal arm64_32 Compiling\ ZipCompression.swift /Users/admin/builder/spi-builder-workspace/Sources/ZipArchive/ZipCompression.swift (in target 'ZipArchive' from project 'swift-zip-archive')
SwiftCompile normal arm64_32 /Users/admin/builder/spi-builder-workspace/Sources/ZipArchive/ZipCompression.swift (in target 'ZipArchive' from project 'swift-zip-archive')
cd /Users/admin/builder/spi-builder-workspace/.swiftpm/xcode
builtin-SwiftPerFileCompile ZipCompression.swift
SwiftCompile normal arm64 Compiling\ ZipArchiveReader+extract.swift /Users/admin/builder/spi-builder-workspace/Sources/ZipArchive/ZipArchiveReader+extract.swift (in target 'ZipArchive' from project 'swift-zip-archive')
SwiftCompile normal arm64 /Users/admin/builder/spi-builder-workspace/Sources/ZipArchive/ZipArchiveReader+extract.swift (in target 'ZipArchive' from project 'swift-zip-archive')
cd /Users/admin/builder/spi-builder-workspace/.swiftpm/xcode
builtin-SwiftPerFileCompile ZipArchiveReader+extract.swift
SwiftCompile normal arm64_32 Compiling\ ZipArchiveWriter.swift /Users/admin/builder/spi-builder-workspace/Sources/ZipArchive/ZipArchiveWriter.swift (in target 'ZipArchive' from project 'swift-zip-archive')
/Users/admin/builder/spi-builder-workspace/Sources/ZipArchive/ZipArchiveWriter.swift:407:41: error: integer literal '4294967295' overflows when stored into 'Int'
405 | memoryBuffer.writeInteger(fileHeader.compressedSize)
406 | }
407 | if offsetOfLocalHeader32 == 0xffff_ffff {
| `- error: integer literal '4294967295' overflows when stored into 'Int'
408 | memoryBuffer.writeInteger(fileHeader.offsetOfLocalHeader)
409 | }
/Users/admin/builder/spi-builder-workspace/Sources/ZipArchive/ZipArchiveWriter.swift:404:36: error: integer literal '4294967295' overflows when stored into 'Int'
402 | memoryBuffer.writeInteger(fileHeader.uncompressedSize)
403 | }
404 | if compressedSize32 == 0xffff_ffff {
| `- error: integer literal '4294967295' overflows when stored into 'Int'
405 | memoryBuffer.writeInteger(fileHeader.compressedSize)
406 | }
/Users/admin/builder/spi-builder-workspace/Sources/ZipArchive/ZipArchiveWriter.swift:401:38: error: integer literal '4294967295' overflows when stored into 'Int'
399 | if includeZip64 {
400 | memoryBuffer.writeIntegers(Zip.ExtraFieldHeader.zip64.rawValue, UInt16(zip64ExtraFieldSize - 4))
401 | if uncompressedSize32 == 0xffff_ffff {
| `- error: integer literal '4294967295' overflows when stored into 'Int'
402 | memoryBuffer.writeInteger(fileHeader.uncompressedSize)
403 | }
/Users/admin/builder/spi-builder-workspace/Sources/ZipArchive/ZipArchiveWriter.swift:377:41: error: integer literal '4294967295' overflows when stored into 'Int'
375 | if compressedSize32 == 0xffff_ffff { zip64ExtraFieldSize += 8 }
376 | if uncompressedSize32 == 0xffff_ffff { zip64ExtraFieldSize += 8 }
377 | if offsetOfLocalHeader32 == 0xffff_ffff { zip64ExtraFieldSize += 8 }
| `- error: integer literal '4294967295' overflows when stored into 'Int'
378 | } else {
379 | zip64ExtraFieldSize = 0
/Users/admin/builder/spi-builder-workspace/Sources/ZipArchive/ZipArchiveWriter.swift:376:38: error: integer literal '4294967295' overflows when stored into 'Int'
374 | zip64ExtraFieldSize = 4
375 | if compressedSize32 == 0xffff_ffff { zip64ExtraFieldSize += 8 }
376 | if uncompressedSize32 == 0xffff_ffff { zip64ExtraFieldSize += 8 }
| `- error: integer literal '4294967295' overflows when stored into 'Int'
377 | if offsetOfLocalHeader32 == 0xffff_ffff { zip64ExtraFieldSize += 8 }
378 | } else {
/Users/admin/builder/spi-builder-workspace/Sources/ZipArchive/ZipArchiveWriter.swift:375:36: error: integer literal '4294967295' overflows when stored into 'Int'
373 | if includeZip64 {
374 | zip64ExtraFieldSize = 4
375 | if compressedSize32 == 0xffff_ffff { zip64ExtraFieldSize += 8 }
| `- error: integer literal '4294967295' overflows when stored into 'Int'
376 | if uncompressedSize32 == 0xffff_ffff { zip64ExtraFieldSize += 8 }
377 | if offsetOfLocalHeader32 == 0xffff_ffff { zip64ExtraFieldSize += 8 }
/Users/admin/builder/spi-builder-workspace/Sources/ZipArchive/ZipArchiveWriter.swift:370:97: error: integer literal '4294967295' overflows when stored into signed 'Builtin.Int32'
368 | let offsetOfLocalHeader32 = fileHeader.offsetOfLocalHeader > 0xffff_ffff ? 0xffff_ffff : numericCast(fileHeader.offsetOfLocalHeader)
369 |
370 | let includeZip64 = compressedSize32 == 0xffff_ffff || uncompressedSize32 == 0xffff_ffff || offsetOfLocalHeader32 == 0xffff_ffff
| `- error: integer literal '4294967295' overflows when stored into signed 'Builtin.Int32'
371 |
372 | var zip64ExtraFieldSize: Int
/Users/admin/builder/spi-builder-workspace/Sources/ZipArchive/ZipArchiveWriter.swift:370:60: error: integer literal '4294967295' overflows when stored into signed 'Builtin.Int32'
368 | let offsetOfLocalHeader32 = fileHeader.offsetOfLocalHeader > 0xffff_ffff ? 0xffff_ffff : numericCast(fileHeader.offsetOfLocalHeader)
369 |
370 | let includeZip64 = compressedSize32 == 0xffff_ffff || uncompressedSize32 == 0xffff_ffff || offsetOfLocalHeader32 == 0xffff_ffff
| `- error: integer literal '4294967295' overflows when stored into signed 'Builtin.Int32'
371 |
372 | var zip64ExtraFieldSize: Int
/Users/admin/builder/spi-builder-workspace/Sources/ZipArchive/ZipArchiveWriter.swift:370:48: error: integer literal '4294967295' overflows when stored into 'Int'
368 | let offsetOfLocalHeader32 = fileHeader.offsetOfLocalHeader > 0xffff_ffff ? 0xffff_ffff : numericCast(fileHeader.offsetOfLocalHeader)
369 |
370 | let includeZip64 = compressedSize32 == 0xffff_ffff || uncompressedSize32 == 0xffff_ffff || offsetOfLocalHeader32 == 0xffff_ffff
| `- error: integer literal '4294967295' overflows when stored into 'Int'
371 |
372 | var zip64ExtraFieldSize: Int
/Users/admin/builder/spi-builder-workspace/Sources/ZipArchive/ZipArchiveWriter.swift:368:84: error: integer literal '4294967295' overflows when stored into 'Int'
366 | let compressedSize32 = fileHeader.compressedSize > 0xffff_ffff ? 0xffff_ffff : numericCast(fileHeader.compressedSize)
367 | let uncompressedSize32 = fileHeader.uncompressedSize > 0xffff_ffff ? 0xffff_ffff : numericCast(fileHeader.uncompressedSize)
368 | let offsetOfLocalHeader32 = fileHeader.offsetOfLocalHeader > 0xffff_ffff ? 0xffff_ffff : numericCast(fileHeader.offsetOfLocalHeader)
| `- error: integer literal '4294967295' overflows when stored into 'Int'
369 |
370 | let includeZip64 = compressedSize32 == 0xffff_ffff || uncompressedSize32 == 0xffff_ffff || offsetOfLocalHeader32 == 0xffff_ffff
/Users/admin/builder/spi-builder-workspace/Sources/ZipArchive/ZipArchiveWriter.swift:367:78: error: integer literal '4294967295' overflows when stored into 'Int'
365 | // Zip64 extra field
366 | let compressedSize32 = fileHeader.compressedSize > 0xffff_ffff ? 0xffff_ffff : numericCast(fileHeader.compressedSize)
367 | let uncompressedSize32 = fileHeader.uncompressedSize > 0xffff_ffff ? 0xffff_ffff : numericCast(fileHeader.uncompressedSize)
| `- error: integer literal '4294967295' overflows when stored into 'Int'
368 | let offsetOfLocalHeader32 = fileHeader.offsetOfLocalHeader > 0xffff_ffff ? 0xffff_ffff : numericCast(fileHeader.offsetOfLocalHeader)
369 |
/Users/admin/builder/spi-builder-workspace/Sources/ZipArchive/ZipArchiveWriter.swift:366:74: error: integer literal '4294967295' overflows when stored into 'Int'
364 | let extendedTimestampExtraFieldSize = localFileHeader ? 4 + 9 : 4 + 5
365 | // Zip64 extra field
366 | let compressedSize32 = fileHeader.compressedSize > 0xffff_ffff ? 0xffff_ffff : numericCast(fileHeader.compressedSize)
| `- error: integer literal '4294967295' overflows when stored into 'Int'
367 | let uncompressedSize32 = fileHeader.uncompressedSize > 0xffff_ffff ? 0xffff_ffff : numericCast(fileHeader.uncompressedSize)
368 | let offsetOfLocalHeader32 = fileHeader.offsetOfLocalHeader > 0xffff_ffff ? 0xffff_ffff : numericCast(fileHeader.offsetOfLocalHeader)
/Users/admin/builder/spi-builder-workspace/Sources/ZipArchive/ZipArchiveWriter.swift:370:85: error: integer literal '4294967295' overflows when stored into 'Int'
368 | let offsetOfLocalHeader32 = fileHeader.offsetOfLocalHeader > 0xffff_ffff ? 0xffff_ffff : numericCast(fileHeader.offsetOfLocalHeader)
369 |
370 | let includeZip64 = compressedSize32 == 0xffff_ffff || uncompressedSize32 == 0xffff_ffff || offsetOfLocalHeader32 == 0xffff_ffff
| `- error: integer literal '4294967295' overflows when stored into 'Int'
371 |
372 | var zip64ExtraFieldSize: Int
/Users/admin/builder/spi-builder-workspace/Sources/ZipArchive/ZipArchiveWriter.swift:370:125: error: integer literal '4294967295' overflows when stored into 'Int'
368 | let offsetOfLocalHeader32 = fileHeader.offsetOfLocalHeader > 0xffff_ffff ? 0xffff_ffff : numericCast(fileHeader.offsetOfLocalHeader)
369 |
370 | let includeZip64 = compressedSize32 == 0xffff_ffff || uncompressedSize32 == 0xffff_ffff || offsetOfLocalHeader32 == 0xffff_ffff
| `- error: integer literal '4294967295' overflows when stored into 'Int'
371 |
372 | var zip64ExtraFieldSize: Int
Failed frontend command:
/Applications/Xcode-27.0.0.app/Contents/Developer/Toolchains/XcodeDefault.xctoolchain/usr/bin/swift-frontend -frontend -c /Users/admin/builder/spi-builder-workspace/Sources/ZipArchive/CryptKey.swift /Users/admin/builder/spi-builder-workspace/Sources/ZipArchive/Date.swift /Users/admin/builder/spi-builder-workspace/Sources/ZipArchive/DirectoryDescriptor.swift /Users/admin/builder/spi-builder-workspace/Sources/ZipArchive/MemoryBuffer.swift /Users/admin/builder/spi-builder-workspace/Sources/ZipArchive/System+directory.swift /Users/admin/builder/spi-builder-workspace/Sources/ZipArchive/ZipArchiveReader+extract.swift /Users/admin/builder/spi-builder-workspace/Sources/ZipArchive/ZipArchiveReader.swift /Users/admin/builder/spi-builder-workspace/Sources/ZipArchive/ZipArchiveWriter+writeFolderContents.swift -primary-file /Users/admin/builder/spi-builder-workspace/Sources/ZipArchive/ZipArchiveWriter.swift /Users/admin/builder/spi-builder-workspace/Sources/ZipArchive/ZipCompression.swift /Users/admin/builder/spi-builder-workspace/Sources/ZipArchive/ZipFileStorage.swift /Users/admin/builder/spi-builder-workspace/Sources/ZipArchive/ZipMemoryStorage.swift /Users/admin/builder/spi-builder-workspace/Sources/ZipArchive/ZipReadableStorage.swift /Users/admin/builder/spi-builder-workspace/Sources/ZipArchive/ZipStorage.swift /Users/admin/builder/spi-builder-workspace/Sources/ZipArchive/ZipTypes.swift /Users/admin/builder/spi-builder-workspace/Sources/ZipArchive/ZipWriteableStorage.swift /Users/admin/builder/spi-builder-workspace/Sources/ZipArchive/crc32.swift -emit-dependencies-path /Users/admin/builder/spi-builder-workspace/.derivedData/Build/Intermediates.noindex/swift-zip-archive.build/Debug-watchos/ZipArchive-t.build/Objects-normal/arm64_32/ZipArchiveWriter.d -emit-const-values-path /Users/admin/builder/spi-builder-workspace/.derivedData/Build/Intermediates.noindex/swift-zip-archive.build/Debug-watchos/ZipArchive-t.build/Objects-normal/arm64_32/ZipArchiveWriter.swiftconstvalues -emit-reference-dependencies-path /Users/admin/builder/spi-builder-workspace/.derivedData/Build/Intermediates.noindex/swift-zip-archive.build/Debug-watchos/ZipArchive-t.build/Objects-normal/arm64_32/ZipArchiveWriter.swiftdeps -serialize-diagnostics-path /Users/admin/builder/spi-builder-workspace/.derivedData/Build/Intermediates.noindex/swift-zip-archive.build/Debug-watchos/ZipArchive-t.build/Objects-normal/arm64_32/ZipArchiveWriter.dia -target arm64_32-apple-watchos9.0 -module-can-import-version Darwin 428.0.10 0 -disable-cross-import-overlay-search -swift-module-cross-import Darwin /Applications/Xcode-27.0.0.app/Contents/Developer/Platforms/WatchOS.platform/Developer/SDKs/WatchOS.sdk/usr/include/Darwin.swiftcrossimport/xlocale.swiftoverlay -load-resolved-plugin /Applications/Xcode-27.0.0.app/Contents/Developer/Platforms/WatchOS.platform/Developer/usr/lib/swift/host/plugins/libFoundationMacros.dylib\#/Applications/Xcode-27.0.0.app/Contents/Developer/Platforms/WatchOS.platform/Developer/usr/bin/swift-plugin-server\#FoundationMacros -load-resolved-plugin /Applications/Xcode-27.0.0.app/Contents/Developer/Platforms/WatchOS.platform/Developer/usr/lib/swift/host/plugins/libObservationMacros.dylib\#/Applications/Xcode-27.0.0.app/Contents/Developer/Platforms/WatchOS.platform/Developer/usr/bin/swift-plugin-server\#ObservationMacros -load-resolved-plugin /Applications/Xcode-27.0.0.app/Contents/Developer/Platforms/WatchOS.platform/Developer/usr/lib/swift/host/plugins/libSwiftMacros.dylib\#/Applications/Xcode-27.0.0.app/Contents/Developer/Platforms/WatchOS.platform/Developer/usr/bin/swift-plugin-server\#SwiftMacros -disable-implicit-swift-modules -Xcc -fno-implicit-modules -Xcc -fno-implicit-module-maps -explicit-swift-module-map-file /Users/admin/builder/spi-builder-workspace/.derivedData/Build/Intermediates.noindex/swift-zip-archive.build/Debug-watchos/ZipArchive-t.build/Objects-normal/arm64_32/ZipArchive-dependencies-2.json -enable-objc-interop -sdk /Applications/Xcode-27.0.0.app/Contents/Developer/Platforms/WatchOS.platform/Developer/SDKs/WatchOS27.0.sdk -I /Users/admin/builder/spi-builder-workspace/.derivedData/Build/Products/Debug-watchos -Isystem /Applications/Xcode-27.0.0.app/Contents/Developer/Platforms/WatchOS.platform/Developer/usr/lib -F /Users/admin/builder/spi-builder-workspace/.derivedData/Build/Products/Debug-watchos/PackageFrameworks -F /Users/admin/builder/spi-builder-workspace/.derivedData/Build/Products/Debug-watchos -F /Applications/Xcode-27.0.0.app/Contents/Developer/Platforms/WatchOS.platform/Developer/Library/Frameworks -F /Applications/Xcode-27.0.0.app/Contents/Developer/Platforms/WatchOS.platform/Developer/SDKs/WatchOS27.0.sdk/Developer/Library/Frameworks -module-cache-path /Users/admin/builder/spi-builder-workspace/.derivedData/Build/Intermediates.noindex/SwiftExplicitPrecompiledModules -no-color-diagnostics -Xcc -fno-color-diagnostics -enable-testing -g -debug-info-format\=dwarf -dwarf-version\=4 -profile-generate -profile-coverage-mapping -swift-version 6 -Onone -D SWIFT_PACKAGE -D DEBUG -D SWIFT_MODULE_RESOURCE_BUNDLE_UNAVAILABLE -D Xcode -serialize-debugging-options -enable-upcoming-feature ExistentialAny -enable-upcoming-feature InternalImportsByDefault -enable-upcoming-feature MemberImportVisibility -enable-experimental-feature DebugDescriptionMacro -empty-abi-descriptor -validate-clang-modules-once -clang-build-session-file /Users/admin/builder/spi-builder-workspace/.derivedData/ModuleCache.noindex/Session.modulevalidation -Xcc -working-directory -Xcc /Users/admin/builder/spi-builder-workspace/.swiftpm/xcode -enable-anonymous-context-mangled-names -file-compilation-dir /Users/admin/builder/spi-builder-workspace/.swiftpm/xcode -Xcc -fmodule-map-file\=/Users/admin/builder/spi-builder-workspace/.dependencies/checkouts/swift-system/Sources/CSystem/include/module.modulemap -Xcc -fmodule-map-file\=/Users/admin/builder/spi-builder-workspace/.derivedData/Build/Intermediates.noindex/GeneratedModuleMaps-watchos/CZipArchiveZlib.modulemap -Xcc -D_LIBCPP_HARDENING_MODE\=_LIBCPP_HARDENING_MODE_DEBUG -Xcc -ivfsstatcache -Xcc /Users/admin/builder/spi-builder-workspace/.derivedData/SDKStatCaches.noindex/watchos27.0-24R360-e829b21a6f8c9b70876ba0858053c044b9db9bc9c079ee3c7b5f3373b13d10bc.sdkstatcache -Xcc -fmodules-prune-interval\=86400 -Xcc -fmodules-prune-after\=345600 -Xcc -I/Users/admin/builder/spi-builder-workspace/.dependencies/checkouts/swift-system/Sources/CSystem/include -Xcc -I/Users/admin/builder/spi-builder-workspace/Sources/CZipArchiveZlib/include -Xcc -I/Users/admin/builder/spi-builder-workspace/.derivedData/Build/Products/Debug-watchos/include -Xcc -I/Users/admin/builder/spi-builder-workspace/.derivedData/Build/Intermediates.noindex/swift-zip-archive.build/Debug-watchos/ZipArchive-t.build/DerivedSources-normal/arm64_32 -Xcc -I/Users/admin/builder/spi-builder-workspace/.derivedData/Build/Intermediates.noindex/swift-zip-archive.build/Debug-watchos/ZipArchive-t.build/DerivedSources/arm64_32 -Xcc -I/Users/admin/builder/spi-builder-workspace/.derivedData/Build/Intermediates.noindex/swift-zip-archive.build/Debug-watchos/ZipArchive-t.build/DerivedSources -Xcc -DSWIFT_PACKAGE -Xcc -DDEBUG\=1 -no-auto-bridging-header-chaining -module-name ZipArchive -package-name spi_builder_workspace -const-gather-protocols-file /Users/admin/builder/spi-builder-workspace/.derivedData/Build/Intermediates.noindex/swift-zip-archive.build/Debug-watchos/ZipArchive-t.build/Objects-normal/arm64_32/ZipArchive_const_extract_protocols.json -disable-clang-spi -clang-target arm64_32-apple-watchos27.0 -target-sdk-version 27.0 -target-sdk-name watchos27.0 -in-process-plugin-server-path /Applications/Xcode-27.0.0.app/Contents/Developer/Toolchains/XcodeDefault.xctoolchain/usr/lib/swift/host/libSwiftInProcPluginServer.dylib -parse-as-library -o /Users/admin/builder/spi-builder-workspace/.derivedData/Build/Intermediates.noindex/swift-zip-archive.build/Debug-watchos/ZipArchive-t.build/Objects-normal/arm64_32/ZipArchiveWriter.o -debug-module-path /Users/admin/builder/spi-builder-workspace/.derivedData/Build/Intermediates.noindex/swift-zip-archive.build/Debug-watchos/ZipArchive-t.build/Objects-normal/arm64_32/ZipArchive.swiftmodule -index-unit-output-path /swift-zip-archive.build/Debug-watchos/ZipArchive-t.build/Objects-normal/arm64_32/ZipArchiveWriter.o -index-store-path /Users/admin/builder/spi-builder-workspace/.derivedData/Index.noindex/DataStore -index-system-modules
SwiftCompile normal arm64_32 /Users/admin/builder/spi-builder-workspace/Sources/ZipArchive/ZipArchiveWriter.swift (in target 'ZipArchive' from project 'swift-zip-archive')
cd /Users/admin/builder/spi-builder-workspace/.swiftpm/xcode
builtin-SwiftPerFileCompile ZipArchiveWriter.swift
SwiftDriverJobDiscovery normal arm64_32 Compiling CryptKey.swift (in target 'ZipArchive' from project 'swift-zip-archive')
SwiftCompile normal arm64 Compiling\ ZipArchiveWriter.swift,\ ZipCompression.swift /Users/admin/builder/spi-builder-workspace/Sources/ZipArchive/ZipArchiveWriter.swift /Users/admin/builder/spi-builder-workspace/Sources/ZipArchive/ZipCompression.swift (in target 'ZipArchive' from project 'swift-zip-archive')
SwiftCompile normal arm64 /Users/admin/builder/spi-builder-workspace/Sources/ZipArchive/ZipArchiveWriter.swift (in target 'ZipArchive' from project 'swift-zip-archive')
cd /Users/admin/builder/spi-builder-workspace/.swiftpm/xcode
builtin-SwiftPerFileCompile ZipArchiveWriter.swift
SwiftCompile normal arm64 /Users/admin/builder/spi-builder-workspace/Sources/ZipArchive/ZipCompression.swift (in target 'ZipArchive' from project 'swift-zip-archive')
cd /Users/admin/builder/spi-builder-workspace/.swiftpm/xcode
builtin-SwiftPerFileCompile ZipCompression.swift
SwiftDriverJobDiscovery normal arm64_32 Compiling MemoryBuffer.swift (in target 'ZipArchive' from project 'swift-zip-archive')
SwiftCompile normal arm64_32 Compiling\ ZipStorage.swift /Users/admin/builder/spi-builder-workspace/Sources/ZipArchive/ZipStorage.swift (in target 'ZipArchive' from project 'swift-zip-archive')
SwiftCompile normal arm64_32 /Users/admin/builder/spi-builder-workspace/Sources/ZipArchive/ZipStorage.swift (in target 'ZipArchive' from project 'swift-zip-archive')
cd /Users/admin/builder/spi-builder-workspace/.swiftpm/xcode
builtin-SwiftPerFileCompile ZipStorage.swift
SwiftDriverJobDiscovery normal arm64_32 Compiling ZipArchiveReader.swift (in target 'ZipArchive' from project 'swift-zip-archive')
SwiftCompile normal arm64_32 Compiling\ ZipMemoryStorage.swift /Users/admin/builder/spi-builder-workspace/Sources/ZipArchive/ZipMemoryStorage.swift (in target 'ZipArchive' from project 'swift-zip-archive')
SwiftCompile normal arm64_32 /Users/admin/builder/spi-builder-workspace/Sources/ZipArchive/ZipMemoryStorage.swift (in target 'ZipArchive' from project 'swift-zip-archive')
cd /Users/admin/builder/spi-builder-workspace/.swiftpm/xcode
builtin-SwiftPerFileCompile ZipMemoryStorage.swift
SwiftDriverJobDiscovery normal arm64 Compiling ZipArchiveReader+extract.swift (in target 'ZipArchive' from project 'swift-zip-archive')
SwiftCompile normal arm64_32 Compiling\ ZipArchiveWriter+writeFolderContents.swift /Users/admin/builder/spi-builder-workspace/Sources/ZipArchive/ZipArchiveWriter+writeFolderContents.swift (in target 'ZipArchive' from project 'swift-zip-archive')
SwiftCompile normal arm64_32 /Users/admin/builder/spi-builder-workspace/Sources/ZipArchive/ZipArchiveWriter+writeFolderContents.swift (in target 'ZipArchive' from project 'swift-zip-archive')
cd /Users/admin/builder/spi-builder-workspace/.swiftpm/xcode
builtin-SwiftPerFileCompile ZipArchiveWriter+writeFolderContents.swift
SwiftDriverJobDiscovery normal arm64_32 Compiling ZipTypes.swift (in target 'ZipArchive' from project 'swift-zip-archive')
SwiftCompile normal arm64 Compiling\ ZipWriteableStorage.swift /Users/admin/builder/spi-builder-workspace/Sources/ZipArchive/ZipWriteableStorage.swift (in target 'ZipArchive' from project 'swift-zip-archive')
SwiftCompile normal arm64 /Users/admin/builder/spi-builder-workspace/Sources/ZipArchive/ZipWriteableStorage.swift (in target 'ZipArchive' from project 'swift-zip-archive')
cd /Users/admin/builder/spi-builder-workspace/.swiftpm/xcode
builtin-SwiftPerFileCompile ZipWriteableStorage.swift
SwiftDriverJobDiscovery normal arm64_32 Compiling ZipStorage.swift (in target 'ZipArchive' from project 'swift-zip-archive')
SwiftCompile normal arm64_32 Compiling\ ZipReadableStorage.swift /Users/admin/builder/spi-builder-workspace/Sources/ZipArchive/ZipReadableStorage.swift (in target 'ZipArchive' from project 'swift-zip-archive')
SwiftCompile normal arm64_32 /Users/admin/builder/spi-builder-workspace/Sources/ZipArchive/ZipReadableStorage.swift (in target 'ZipArchive' from project 'swift-zip-archive')
cd /Users/admin/builder/spi-builder-workspace/.swiftpm/xcode
builtin-SwiftPerFileCompile ZipReadableStorage.swift
SwiftDriverJobDiscovery normal arm64_32 Compiling ZipCompression.swift (in target 'ZipArchive' from project 'swift-zip-archive')
SwiftCompile normal arm64_32 Compiling\ DirectoryDescriptor.swift /Users/admin/builder/spi-builder-workspace/Sources/ZipArchive/DirectoryDescriptor.swift (in target 'ZipArchive' from project 'swift-zip-archive')
SwiftCompile normal arm64_32 /Users/admin/builder/spi-builder-workspace/Sources/ZipArchive/DirectoryDescriptor.swift (in target 'ZipArchive' from project 'swift-zip-archive')
cd /Users/admin/builder/spi-builder-workspace/.swiftpm/xcode
builtin-SwiftPerFileCompile DirectoryDescriptor.swift
SwiftDriverJobDiscovery normal arm64_32 Compiling ZipMemoryStorage.swift (in target 'ZipArchive' from project 'swift-zip-archive')
SwiftCompile normal arm64_32 Compiling\ ZipArchiveReader+extract.swift /Users/admin/builder/spi-builder-workspace/Sources/ZipArchive/ZipArchiveReader+extract.swift (in target 'ZipArchive' from project 'swift-zip-archive')
SwiftCompile normal arm64_32 /Users/admin/builder/spi-builder-workspace/Sources/ZipArchive/ZipArchiveReader+extract.swift (in target 'ZipArchive' from project 'swift-zip-archive')
cd /Users/admin/builder/spi-builder-workspace/.swiftpm/xcode
builtin-SwiftPerFileCompile ZipArchiveReader+extract.swift
SwiftDriverJobDiscovery normal arm64 Compiling ZipWriteableStorage.swift (in target 'ZipArchive' from project 'swift-zip-archive')
SwiftCompile normal arm64_32 Compiling\ Date.swift /Users/admin/builder/spi-builder-workspace/Sources/ZipArchive/Date.swift (in target 'ZipArchive' from project 'swift-zip-archive')
SwiftCompile normal arm64_32 /Users/admin/builder/spi-builder-workspace/Sources/ZipArchive/Date.swift (in target 'ZipArchive' from project 'swift-zip-archive')
cd /Users/admin/builder/spi-builder-workspace/.swiftpm/xcode
builtin-SwiftPerFileCompile Date.swift
SwiftDriverJobDiscovery normal arm64_32 Compiling ZipArchiveWriter+writeFolderContents.swift (in target 'ZipArchive' from project 'swift-zip-archive')
SwiftDriverJobDiscovery normal arm64 Compiling CryptKey.swift, Date.swift (in target 'ZipArchive' from project 'swift-zip-archive')
SwiftDriverJobDiscovery normal arm64_32 Compiling ZipReadableStorage.swift (in target 'ZipArchive' from project 'swift-zip-archive')
PruneExplicitPrecompiledModules /Users/admin/builder/spi-builder-workspace/.derivedData/SDKExplicitPrecompiledModules
PruneExplicitPrecompiledModules /Users/admin/builder/spi-builder-workspace/.derivedData/Build/Intermediates.noindex/ExplicitPrecompiledModules
PruneExplicitPrecompiledModules /Users/admin/builder/spi-builder-workspace/.derivedData/Build/Intermediates.noindex/SwiftExplicitPrecompiledModules
2026-10-10 00:56:25.776 xcodebuild[902:5344] [MT] IDERunDestination: Supported platforms for the buildables in the current scheme is empty.
** BUILD FAILED **
The following build commands failed:
SwiftCompile normal arm64_32 Compiling\ ZipArchiveWriter.swift /Users/admin/builder/spi-builder-workspace/Sources/ZipArchive/ZipArchiveWriter.swift (in target 'ZipArchive' from project 'swift-zip-archive')
SwiftCompile normal arm64_32 /Users/admin/builder/spi-builder-workspace/Sources/ZipArchive/ZipArchiveWriter.swift (in target 'ZipArchive' from project 'swift-zip-archive')
Building workspace swift-zip-archive with scheme swift-zip-archive
(3 failures)
BUILD FAILURE 6.4 watchOS