Build Information
Failed to build SwiftyUI, reference master (f71041), with Swift 6.1 for watchOS using Xcode 16.3 on 30 Sep 2026 21:02:14 UTC.
Build Command
env DEVELOPER_DIR=/Applications/Xcode-16.3.0.app xcrun xcodebuild -IDEClonedSourcePackagesDirPathOverride=$PWD/.dependencies -skipMacroValidation -skipPackagePluginValidation -derivedDataPath $PWD/.derivedData build -scheme SwiftyUI -destination generic/platform=watchOSBuild Log
========================================
RunAll
========================================
Builder version: 5.1.1
Interrupt handler set up.
========================================
Checkout
========================================
Clone URL: https://github.com/haoking/SwiftyUI.git
Reference: master
Initialized empty Git repository in /Users/admin/builder/spi-builder-workspace/.git/
From https://github.com/haoking/SwiftyUI
* branch master -> FETCH_HEAD
* [new branch] master -> origin/master
HEAD is now at f710419 docs: README、podspec 与脚本注释跟上本轮改动
Cloned https://github.com/haoking/SwiftyUI.git
Revision (git rev-parse @):
f71041951598955f08fc60ae07a0686e884ec696
SUCCESS checkout https://github.com/haoking/SwiftyUI.git at master
========================================
Build
========================================
Selected platform: watchOS
Swift version: 6.1
Building package at path: $PWD
https://github.com/haoking/SwiftyUI.git
https://github.com/haoking/SwiftyUI.git
{
"dependencies" : [
],
"manifest_display_name" : "SwiftyUI",
"name" : "SwiftyUI",
"path" : "/Users/admin/builder/spi-builder-workspace",
"platforms" : [
{
"name" : "ios",
"version" : "15.0"
}
],
"products" : [
{
"name" : "SwiftyUI",
"targets" : [
"SwiftyUI"
],
"type" : {
"library" : [
"automatic"
]
}
}
],
"targets" : [
{
"c99name" : "SwiftyUITests",
"module_type" : "SwiftTarget",
"name" : "SwiftyUITests",
"path" : "Tests/SwiftyUITests",
"sources" : [
"ImageCachePoolTests.swift",
"SmokeTests.swift",
"SwiftyAlertViewTests.swift",
"SwiftyButtonTests.swift",
"SwiftyColorTests.swift",
"SwiftyGlobalTests.swift",
"SwiftyImageTests.swift",
"SwiftyImageViewTests.swift",
"SwiftyLabelTests.swift",
"SwiftyPromiseTests.swift",
"SwiftyThreadPoolTests.swift",
"SwiftyTimerTests.swift",
"SwiftyToastTests.swift",
"SwiftyViewTests.swift",
"TestSupport.swift"
],
"target_dependencies" : [
"SwiftyUI"
],
"type" : "test"
},
{
"c99name" : "SwiftyUI",
"module_type" : "SwiftTarget",
"name" : "SwiftyUI",
"path" : "Sources",
"product_memberships" : [
"SwiftyUI"
],
"sources" : [
"ImageCacheable.swift",
"ImageSettable.swift",
"SwiftyAlertIcons.swift",
"SwiftyAlertStyle.swift",
"SwiftyAlertView.swift",
"SwiftyButton.swift",
"SwiftyColor.swift",
"SwiftyGlobal.swift",
"SwiftyImage.swift",
"SwiftyImageView.swift",
"SwiftyLabel.swift",
"SwiftyPromise.swift",
"SwiftyThreadPool.swift",
"SwiftyTimer.swift",
"SwiftyToast.swift",
"SwiftyView.swift",
"TextEditable.swift"
],
"type" : "library"
}
],
"tools_version" : "6.0"
}
Command line invocation:
/Applications/Xcode-16.3.0.app/Contents/Developer/usr/bin/xcodebuild -IDEClonedSourcePackagesDirPathOverride=/Users/admin/builder/spi-builder-workspace/.dependencies -resolvePackageDependencies
resolved source packages:
{
"dependencies" : [
],
"manifest_display_name" : "SwiftyUI",
"name" : "SwiftyUI",
"path" : "/Users/admin/builder/spi-builder-workspace",
"platforms" : [
{
"name" : "ios",
"version" : "15.0"
}
],
"products" : [
{
"name" : "SwiftyUI",
"targets" : [
"SwiftyUI"
],
"type" : {
"library" : [
"automatic"
]
}
}
],
"targets" : [
{
"c99name" : "SwiftyUITests",
"module_type" : "SwiftTarget",
"name" : "SwiftyUITests",
"path" : "Tests/SwiftyUITests",
"sources" : [
"ImageCachePoolTests.swift",
"SmokeTests.swift",
"SwiftyAlertViewTests.swift",
"SwiftyButtonTests.swift",
"SwiftyColorTests.swift",
"SwiftyGlobalTests.swift",
"SwiftyImageTests.swift",
"SwiftyImageViewTests.swift",
"SwiftyLabelTests.swift",
"SwiftyPromiseTests.swift",
"SwiftyThreadPoolTests.swift",
"SwiftyTimerTests.swift",
"SwiftyToastTests.swift",
"SwiftyViewTests.swift",
"TestSupport.swift"
],
"target_dependencies" : [
"SwiftyUI"
],
"type" : "test"
},
{
"c99name" : "SwiftyUI",
"module_type" : "SwiftTarget",
"name" : "SwiftyUI",
"path" : "Sources",
"product_memberships" : [
"SwiftyUI"
],
"sources" : [
"ImageCacheable.swift",
"ImageSettable.swift",
"SwiftyAlertIcons.swift",
"SwiftyAlertStyle.swift",
"SwiftyAlertView.swift",
"SwiftyButton.swift",
"SwiftyColor.swift",
"SwiftyGlobal.swift",
"SwiftyImage.swift",
"SwiftyImageView.swift",
"SwiftyLabel.swift",
"SwiftyPromise.swift",
"SwiftyThreadPool.swift",
"SwiftyTimer.swift",
"SwiftyToast.swift",
"SwiftyView.swift",
"TextEditable.swift"
],
"type" : "library"
}
],
"tools_version" : "6.0"
}
{
"project" : {
"configurations" : [
"Debug",
"Release"
],
"name" : "SwiftyUI",
"schemes" : [
"iOSExample",
"SwiftyUI"
],
"targets" : [
"SwiftyUI",
"iOSExample",
"iOSExampleTests",
"iOSExampleUITests"
]
}
}
{
"workspace" : {
"name" : "spi-builder-workspace",
"schemes" : [
"SwiftyUI"
]
}
}
Running build ...
env DEVELOPER_DIR=/Applications/Xcode-16.3.0.app xcrun xcodebuild -IDEClonedSourcePackagesDirPathOverride=$PWD/.dependencies -skipMacroValidation -skipPackagePluginValidation -derivedDataPath $PWD/.derivedData build -scheme SwiftyUI -destination generic/platform=watchOS OTHER_SWIFT_FLAGS=-stats-output-dir .stats
Command line invocation:
/Applications/Xcode-16.3.0.app/Contents/Developer/usr/bin/xcodebuild -IDEClonedSourcePackagesDirPathOverride=/Users/admin/builder/spi-builder-workspace/.dependencies -skipMacroValidation -skipPackagePluginValidation -derivedDataPath /Users/admin/builder/spi-builder-workspace/.derivedData build -scheme SwiftyUI -destination generic/platform=watchOS "OTHER_SWIFT_FLAGS=-stats-output-dir .stats"
Build settings from command line:
OTHER_SWIFT_FLAGS = -stats-output-dir .stats
Resolve Package Graph
Resolved source packages:
SwiftyUI: /Users/admin/builder/spi-builder-workspace
ComputePackagePrebuildTargetDependencyGraph
Prepare packages
CreateBuildRequest
SendProjectDescription
CreateBuildOperation
ComputeTargetDependencyGraph
note: Building targets in dependency order
note: Target dependency graph (2 targets)
Target 'SwiftyUI' in project 'SwiftyUI'
➜ Explicit dependency on target 'SwiftyUI' in project 'SwiftyUI'
Target 'SwiftyUI' in project 'SwiftyUI' (no dependencies)
GatherProvisioningInputs
CreateBuildDescription
ExecuteExternalTool /Applications/Xcode-16.3.0.app/Contents/Developer/Toolchains/XcodeDefault.xctoolchain/usr/bin/clang -v -E -dM -isysroot /Applications/Xcode-16.3.0.app/Contents/Developer/Platforms/WatchOS.platform/Developer/SDKs/WatchOS11.4.sdk -x c -c /dev/null
ExecuteExternalTool /Applications/Xcode-16.3.0.app/Contents/Developer/Toolchains/XcodeDefault.xctoolchain/usr/bin/swiftc --version
ExecuteExternalTool /Applications/Xcode-16.3.0.app/Contents/Developer/Toolchains/XcodeDefault.xctoolchain/usr/bin/ld -version_details
Build description signature: 4094d56db81ad2682590b75f97c5604d
Build description path: /Users/admin/builder/spi-builder-workspace/.derivedData/Build/Intermediates.noindex/XCBuildData/4094d56db81ad2682590b75f97c5604d.xcbuilddata
CreateBuildDirectory /Users/admin/builder/spi-builder-workspace/.derivedData/Build/Intermediates.noindex
cd /Users/admin/builder/spi-builder-workspace/.swiftpm/xcode
builtin-create-build-directory /Users/admin/builder/spi-builder-workspace/.derivedData/Build/Intermediates.noindex
CreateBuildDirectory /Users/admin/builder/spi-builder-workspace/.derivedData/Build/Products
cd /Users/admin/builder/spi-builder-workspace/.swiftpm/xcode
builtin-create-build-directory /Users/admin/builder/spi-builder-workspace/.derivedData/Build/Products
ClangStatCache /Applications/Xcode-16.3.0.app/Contents/Developer/Toolchains/XcodeDefault.xctoolchain/usr/bin/clang-stat-cache /Applications/Xcode-16.3.0.app/Contents/Developer/Platforms/WatchOS.platform/Developer/SDKs/WatchOS11.4.sdk /Users/admin/builder/spi-builder-workspace/.derivedData/SDKStatCaches.noindex/watchos11.4-22T246-43efb940ff07ba2497b70ec94253f576.sdkstatcache
cd /Users/admin/builder/spi-builder-workspace/.swiftpm/xcode
/Applications/Xcode-16.3.0.app/Contents/Developer/Toolchains/XcodeDefault.xctoolchain/usr/bin/clang-stat-cache /Applications/Xcode-16.3.0.app/Contents/Developer/Platforms/WatchOS.platform/Developer/SDKs/WatchOS11.4.sdk -o /Users/admin/builder/spi-builder-workspace/.derivedData/SDKStatCaches.noindex/watchos11.4-22T246-43efb940ff07ba2497b70ec94253f576.sdkstatcache
CreateBuildDirectory /Users/admin/builder/spi-builder-workspace/.derivedData/Build/Products/Debug-watchos
cd /Users/admin/builder/spi-builder-workspace/.swiftpm/xcode
builtin-create-build-directory /Users/admin/builder/spi-builder-workspace/.derivedData/Build/Products/Debug-watchos
CreateBuildDirectory /Users/admin/builder/spi-builder-workspace/.derivedData/Build/Intermediates.noindex/EagerLinkingTBDs/Debug-watchos
cd /Users/admin/builder/spi-builder-workspace/.swiftpm/xcode
builtin-create-build-directory /Users/admin/builder/spi-builder-workspace/.derivedData/Build/Intermediates.noindex/EagerLinkingTBDs/Debug-watchos
CreateBuildDirectory /Users/admin/builder/spi-builder-workspace/.derivedData/Build/Products/Debug-watchos/PackageFrameworks
cd /Users/admin/builder/spi-builder-workspace/.swiftpm/xcode
builtin-create-build-directory /Users/admin/builder/spi-builder-workspace/.derivedData/Build/Products/Debug-watchos/PackageFrameworks
WriteAuxiliaryFile /Users/admin/builder/spi-builder-workspace/.derivedData/Build/Intermediates.noindex/SwiftyUI.build/Debug-watchos/SwiftyUI.build/SwiftyUI.DependencyStaticMetadataFileList (in target 'SwiftyUI' from project 'SwiftyUI')
cd /Users/admin/builder/spi-builder-workspace
write-file /Users/admin/builder/spi-builder-workspace/.derivedData/Build/Intermediates.noindex/SwiftyUI.build/Debug-watchos/SwiftyUI.build/SwiftyUI.DependencyStaticMetadataFileList
WriteAuxiliaryFile /Users/admin/builder/spi-builder-workspace/.derivedData/Build/Intermediates.noindex/SwiftyUI.build/Debug-watchos/SwiftyUI.build/SwiftyUI.DependencyMetadataFileList (in target 'SwiftyUI' from project 'SwiftyUI')
cd /Users/admin/builder/spi-builder-workspace
write-file /Users/admin/builder/spi-builder-workspace/.derivedData/Build/Intermediates.noindex/SwiftyUI.build/Debug-watchos/SwiftyUI.build/SwiftyUI.DependencyMetadataFileList
WriteAuxiliaryFile /Users/admin/builder/spi-builder-workspace/.derivedData/Build/Intermediates.noindex/SwiftyUI.build/Debug-watchos/SwiftyUI.build/Objects-normal/armv7k/SwiftyUI-OutputFileMap.json (in target 'SwiftyUI' from project 'SwiftyUI')
cd /Users/admin/builder/spi-builder-workspace
write-file /Users/admin/builder/spi-builder-workspace/.derivedData/Build/Intermediates.noindex/SwiftyUI.build/Debug-watchos/SwiftyUI.build/Objects-normal/armv7k/SwiftyUI-OutputFileMap.json
WriteAuxiliaryFile /Users/admin/builder/spi-builder-workspace/.derivedData/Build/Intermediates.noindex/SwiftyUI.build/Debug-watchos/SwiftyUI.build/Objects-normal/armv7k/SwiftyUI.LinkFileList (in target 'SwiftyUI' from project 'SwiftyUI')
cd /Users/admin/builder/spi-builder-workspace
write-file /Users/admin/builder/spi-builder-workspace/.derivedData/Build/Intermediates.noindex/SwiftyUI.build/Debug-watchos/SwiftyUI.build/Objects-normal/armv7k/SwiftyUI.LinkFileList
WriteAuxiliaryFile /Users/admin/builder/spi-builder-workspace/.derivedData/Build/Intermediates.noindex/SwiftyUI.build/Debug-watchos/SwiftyUI.build/Objects-normal/armv7k/SwiftyUI.SwiftFileList (in target 'SwiftyUI' from project 'SwiftyUI')
cd /Users/admin/builder/spi-builder-workspace
write-file /Users/admin/builder/spi-builder-workspace/.derivedData/Build/Intermediates.noindex/SwiftyUI.build/Debug-watchos/SwiftyUI.build/Objects-normal/armv7k/SwiftyUI.SwiftFileList
WriteAuxiliaryFile /Users/admin/builder/spi-builder-workspace/.derivedData/Build/Intermediates.noindex/SwiftyUI.build/Debug-watchos/SwiftyUI.build/Objects-normal/armv7k/SwiftyUI_const_extract_protocols.json (in target 'SwiftyUI' from project 'SwiftyUI')
cd /Users/admin/builder/spi-builder-workspace
write-file /Users/admin/builder/spi-builder-workspace/.derivedData/Build/Intermediates.noindex/SwiftyUI.build/Debug-watchos/SwiftyUI.build/Objects-normal/armv7k/SwiftyUI_const_extract_protocols.json
WriteAuxiliaryFile /Users/admin/builder/spi-builder-workspace/.derivedData/Build/Intermediates.noindex/SwiftyUI.build/Debug-watchos/SwiftyUI.build/Objects-normal/armv7k/SwiftyUI.SwiftConstValuesFileList (in target 'SwiftyUI' from project 'SwiftyUI')
cd /Users/admin/builder/spi-builder-workspace
write-file /Users/admin/builder/spi-builder-workspace/.derivedData/Build/Intermediates.noindex/SwiftyUI.build/Debug-watchos/SwiftyUI.build/Objects-normal/armv7k/SwiftyUI.SwiftConstValuesFileList
WriteAuxiliaryFile /Users/admin/builder/spi-builder-workspace/.derivedData/Build/Intermediates.noindex/SwiftyUI.build/Debug-watchos/SwiftyUI.build/SwiftyUI.modulemap (in target 'SwiftyUI' from project 'SwiftyUI')
cd /Users/admin/builder/spi-builder-workspace
write-file /Users/admin/builder/spi-builder-workspace/.derivedData/Build/Intermediates.noindex/SwiftyUI.build/Debug-watchos/SwiftyUI.build/SwiftyUI.modulemap
WriteAuxiliaryFile /Users/admin/builder/spi-builder-workspace/.derivedData/Build/Intermediates.noindex/SwiftyUI.build/Debug-watchos/SwiftyUI.build/Objects-normal/arm64_32/SwiftyUI_const_extract_protocols.json (in target 'SwiftyUI' from project 'SwiftyUI')
cd /Users/admin/builder/spi-builder-workspace
write-file /Users/admin/builder/spi-builder-workspace/.derivedData/Build/Intermediates.noindex/SwiftyUI.build/Debug-watchos/SwiftyUI.build/Objects-normal/arm64_32/SwiftyUI_const_extract_protocols.json
WriteAuxiliaryFile /Users/admin/builder/spi-builder-workspace/.derivedData/Build/Intermediates.noindex/SwiftyUI.build/Debug-watchos/SwiftyUI.build/Objects-normal/arm64_32/SwiftyUI.SwiftFileList (in target 'SwiftyUI' from project 'SwiftyUI')
cd /Users/admin/builder/spi-builder-workspace
write-file /Users/admin/builder/spi-builder-workspace/.derivedData/Build/Intermediates.noindex/SwiftyUI.build/Debug-watchos/SwiftyUI.build/Objects-normal/arm64_32/SwiftyUI.SwiftFileList
WriteAuxiliaryFile /Users/admin/builder/spi-builder-workspace/.derivedData/Build/Intermediates.noindex/SwiftyUI.build/Debug-watchos/SwiftyUI.build/Objects-normal/arm64_32/SwiftyUI.SwiftConstValuesFileList (in target 'SwiftyUI' from project 'SwiftyUI')
cd /Users/admin/builder/spi-builder-workspace
write-file /Users/admin/builder/spi-builder-workspace/.derivedData/Build/Intermediates.noindex/SwiftyUI.build/Debug-watchos/SwiftyUI.build/Objects-normal/arm64_32/SwiftyUI.SwiftConstValuesFileList
WriteAuxiliaryFile /Users/admin/builder/spi-builder-workspace/.derivedData/Build/Intermediates.noindex/SwiftyUI.build/Debug-watchos/SwiftyUI.build/Objects-normal/arm64_32/SwiftyUI.LinkFileList (in target 'SwiftyUI' from project 'SwiftyUI')
cd /Users/admin/builder/spi-builder-workspace
write-file /Users/admin/builder/spi-builder-workspace/.derivedData/Build/Intermediates.noindex/SwiftyUI.build/Debug-watchos/SwiftyUI.build/Objects-normal/arm64_32/SwiftyUI.LinkFileList
WriteAuxiliaryFile /Users/admin/builder/spi-builder-workspace/.derivedData/Build/Intermediates.noindex/SwiftyUI.build/Debug-watchos/SwiftyUI.build/Objects-normal/arm64_32/SwiftyUI-OutputFileMap.json (in target 'SwiftyUI' from project 'SwiftyUI')
cd /Users/admin/builder/spi-builder-workspace
write-file /Users/admin/builder/spi-builder-workspace/.derivedData/Build/Intermediates.noindex/SwiftyUI.build/Debug-watchos/SwiftyUI.build/Objects-normal/arm64_32/SwiftyUI-OutputFileMap.json
WriteAuxiliaryFile /Users/admin/builder/spi-builder-workspace/.derivedData/Build/Intermediates.noindex/SwiftyUI.build/Debug-watchos/SwiftyUI.build/Objects-normal/arm64/SwiftyUI_const_extract_protocols.json (in target 'SwiftyUI' from project 'SwiftyUI')
cd /Users/admin/builder/spi-builder-workspace
write-file /Users/admin/builder/spi-builder-workspace/.derivedData/Build/Intermediates.noindex/SwiftyUI.build/Debug-watchos/SwiftyUI.build/Objects-normal/arm64/SwiftyUI_const_extract_protocols.json
WriteAuxiliaryFile /Users/admin/builder/spi-builder-workspace/.derivedData/Build/Intermediates.noindex/SwiftyUI.build/Debug-watchos/SwiftyUI.build/Objects-normal/arm64/SwiftyUI.SwiftConstValuesFileList (in target 'SwiftyUI' from project 'SwiftyUI')
cd /Users/admin/builder/spi-builder-workspace
write-file /Users/admin/builder/spi-builder-workspace/.derivedData/Build/Intermediates.noindex/SwiftyUI.build/Debug-watchos/SwiftyUI.build/Objects-normal/arm64/SwiftyUI.SwiftConstValuesFileList
WriteAuxiliaryFile /Users/admin/builder/spi-builder-workspace/.derivedData/Build/Intermediates.noindex/SwiftyUI.build/Debug-watchos/SwiftyUI.build/Objects-normal/arm64/SwiftyUI.SwiftFileList (in target 'SwiftyUI' from project 'SwiftyUI')
cd /Users/admin/builder/spi-builder-workspace
write-file /Users/admin/builder/spi-builder-workspace/.derivedData/Build/Intermediates.noindex/SwiftyUI.build/Debug-watchos/SwiftyUI.build/Objects-normal/arm64/SwiftyUI.SwiftFileList
WriteAuxiliaryFile /Users/admin/builder/spi-builder-workspace/.derivedData/Build/Intermediates.noindex/SwiftyUI.build/Debug-watchos/SwiftyUI.build/Objects-normal/arm64/SwiftyUI.LinkFileList (in target 'SwiftyUI' from project 'SwiftyUI')
cd /Users/admin/builder/spi-builder-workspace
write-file /Users/admin/builder/spi-builder-workspace/.derivedData/Build/Intermediates.noindex/SwiftyUI.build/Debug-watchos/SwiftyUI.build/Objects-normal/arm64/SwiftyUI.LinkFileList
WriteAuxiliaryFile /Users/admin/builder/spi-builder-workspace/.derivedData/Build/Intermediates.noindex/SwiftyUI.build/Debug-watchos/SwiftyUI.build/Objects-normal/arm64/SwiftyUI-OutputFileMap.json (in target 'SwiftyUI' from project 'SwiftyUI')
cd /Users/admin/builder/spi-builder-workspace
write-file /Users/admin/builder/spi-builder-workspace/.derivedData/Build/Intermediates.noindex/SwiftyUI.build/Debug-watchos/SwiftyUI.build/Objects-normal/arm64/SwiftyUI-OutputFileMap.json
Copy /Users/admin/builder/spi-builder-workspace/.derivedData/Build/Intermediates.noindex/GeneratedModuleMaps-watchos/SwiftyUI.modulemap /Users/admin/builder/spi-builder-workspace/.derivedData/Build/Intermediates.noindex/SwiftyUI.build/Debug-watchos/SwiftyUI.build/SwiftyUI.modulemap (in target 'SwiftyUI' from project 'SwiftyUI')
cd /Users/admin/builder/spi-builder-workspace
builtin-copy -exclude .DS_Store -exclude CVS -exclude .svn -exclude .git -exclude .hg -resolve-src-symlinks /Users/admin/builder/spi-builder-workspace/.derivedData/Build/Intermediates.noindex/SwiftyUI.build/Debug-watchos/SwiftyUI.build/SwiftyUI.modulemap /Users/admin/builder/spi-builder-workspace/.derivedData/Build/Intermediates.noindex/GeneratedModuleMaps-watchos
SwiftDriver SwiftyUI normal arm64_32 com.apple.xcode.tools.swift.compiler (in target 'SwiftyUI' from project 'SwiftyUI')
cd /Users/admin/builder/spi-builder-workspace/.swiftpm/xcode
builtin-SwiftDriver -- /Applications/Xcode-16.3.0.app/Contents/Developer/Toolchains/XcodeDefault.xctoolchain/usr/bin/swiftc -module-name SwiftyUI -Onone -enforce-exclusivity\=checked @/Users/admin/builder/spi-builder-workspace/.derivedData/Build/Intermediates.noindex/SwiftyUI.build/Debug-watchos/SwiftyUI.build/Objects-normal/arm64_32/SwiftyUI.SwiftFileList -DSWIFT_PACKAGE -DDEBUG -stats-output-dir .stats -plugin-path /Applications/Xcode-16.3.0.app/Contents/Developer/Toolchains/XcodeDefault.xctoolchain/usr/lib/swift/host/plugins/testing -enable-experimental-feature DebugDescriptionMacro -sdk /Applications/Xcode-16.3.0.app/Contents/Developer/Platforms/WatchOS.platform/Developer/SDKs/WatchOS11.4.sdk -target arm64_32-apple-watchos8.0 -g -module-cache-path /Users/admin/builder/spi-builder-workspace/.derivedData/ModuleCache.noindex -Xfrontend -serialize-debugging-options -profile-coverage-mapping -profile-generate -enable-testing -index-store-path /Users/admin/builder/spi-builder-workspace/.derivedData/Index.noindex/DataStore -swift-version 6 -I /Users/admin/builder/spi-builder-workspace/.derivedData/Build/Products/Debug-watchos -I /Applications/Xcode-16.3.0.app/Contents/Developer/Platforms/WatchOS.platform/Developer/usr/lib -F /Users/admin/builder/spi-builder-workspace/.derivedData/Build/Products/Debug-watchos -F /Applications/Xcode-16.3.0.app/Contents/Developer/Platforms/WatchOS.platform/Developer/Library/Frameworks -F /Applications/Xcode-16.3.0.app/Contents/Developer/Platforms/WatchOS.platform/Developer/SDKs/WatchOS11.4.sdk/Developer/Library/Frameworks -c -j10 -enable-batch-mode -incremental -Xcc -ivfsstatcache -Xcc /Users/admin/builder/spi-builder-workspace/.derivedData/SDKStatCaches.noindex/watchos11.4-22T246-43efb940ff07ba2497b70ec94253f576.sdkstatcache -output-file-map /Users/admin/builder/spi-builder-workspace/.derivedData/Build/Intermediates.noindex/SwiftyUI.build/Debug-watchos/SwiftyUI.build/Objects-normal/arm64_32/SwiftyUI-OutputFileMap.json -use-frontend-parseable-output -save-temps -no-color-diagnostics -serialize-diagnostics -emit-dependencies -emit-module -emit-module-path /Users/admin/builder/spi-builder-workspace/.derivedData/Build/Intermediates.noindex/SwiftyUI.build/Debug-watchos/SwiftyUI.build/Objects-normal/arm64_32/SwiftyUI.swiftmodule -validate-clang-modules-once -clang-build-session-file /Users/admin/builder/spi-builder-workspace/.derivedData/ModuleCache.noindex/Session.modulevalidation -package-name spi_builder_workspace -Xcc -I/Users/admin/builder/spi-builder-workspace/.derivedData/Build/Intermediates.noindex/SwiftyUI.build/Debug-watchos/SwiftyUI.build/swift-overrides.hmap -emit-const-values -Xfrontend -const-gather-protocols-file -Xfrontend /Users/admin/builder/spi-builder-workspace/.derivedData/Build/Intermediates.noindex/SwiftyUI.build/Debug-watchos/SwiftyUI.build/Objects-normal/arm64_32/SwiftyUI_const_extract_protocols.json -Xcc -I/Users/admin/builder/spi-builder-workspace/.derivedData/Build/Products/Debug-watchos/include -Xcc -I/Users/admin/builder/spi-builder-workspace/.derivedData/Build/Intermediates.noindex/SwiftyUI.build/Debug-watchos/SwiftyUI.build/DerivedSources-normal/arm64_32 -Xcc -I/Users/admin/builder/spi-builder-workspace/.derivedData/Build/Intermediates.noindex/SwiftyUI.build/Debug-watchos/SwiftyUI.build/DerivedSources/arm64_32 -Xcc -I/Users/admin/builder/spi-builder-workspace/.derivedData/Build/Intermediates.noindex/SwiftyUI.build/Debug-watchos/SwiftyUI.build/DerivedSources -Xcc -DSWIFT_PACKAGE -Xcc -DDEBUG\=1 -emit-objc-header -emit-objc-header-path /Users/admin/builder/spi-builder-workspace/.derivedData/Build/Intermediates.noindex/SwiftyUI.build/Debug-watchos/SwiftyUI.build/Objects-normal/arm64_32/SwiftyUI-Swift.h -working-directory /Users/admin/builder/spi-builder-workspace/.swiftpm/xcode -experimental-emit-module-separately -disable-cmo
SwiftDriver SwiftyUI normal armv7k com.apple.xcode.tools.swift.compiler (in target 'SwiftyUI' from project 'SwiftyUI')
cd /Users/admin/builder/spi-builder-workspace/.swiftpm/xcode
builtin-SwiftDriver -- /Applications/Xcode-16.3.0.app/Contents/Developer/Toolchains/XcodeDefault.xctoolchain/usr/bin/swiftc -module-name SwiftyUI -Onone -enforce-exclusivity\=checked @/Users/admin/builder/spi-builder-workspace/.derivedData/Build/Intermediates.noindex/SwiftyUI.build/Debug-watchos/SwiftyUI.build/Objects-normal/armv7k/SwiftyUI.SwiftFileList -DSWIFT_PACKAGE -DDEBUG -stats-output-dir .stats -plugin-path /Applications/Xcode-16.3.0.app/Contents/Developer/Toolchains/XcodeDefault.xctoolchain/usr/lib/swift/host/plugins/testing -enable-experimental-feature DebugDescriptionMacro -sdk /Applications/Xcode-16.3.0.app/Contents/Developer/Platforms/WatchOS.platform/Developer/SDKs/WatchOS11.4.sdk -target armv7k-apple-watchos8.0 -g -module-cache-path /Users/admin/builder/spi-builder-workspace/.derivedData/ModuleCache.noindex -Xfrontend -serialize-debugging-options -profile-coverage-mapping -profile-generate -enable-testing -index-store-path /Users/admin/builder/spi-builder-workspace/.derivedData/Index.noindex/DataStore -swift-version 6 -I /Users/admin/builder/spi-builder-workspace/.derivedData/Build/Products/Debug-watchos -I /Applications/Xcode-16.3.0.app/Contents/Developer/Platforms/WatchOS.platform/Developer/usr/lib -F /Users/admin/builder/spi-builder-workspace/.derivedData/Build/Products/Debug-watchos -F /Applications/Xcode-16.3.0.app/Contents/Developer/Platforms/WatchOS.platform/Developer/Library/Frameworks -F /Applications/Xcode-16.3.0.app/Contents/Developer/Platforms/WatchOS.platform/Developer/SDKs/WatchOS11.4.sdk/Developer/Library/Frameworks -c -j10 -enable-batch-mode -incremental -Xcc -ivfsstatcache -Xcc /Users/admin/builder/spi-builder-workspace/.derivedData/SDKStatCaches.noindex/watchos11.4-22T246-43efb940ff07ba2497b70ec94253f576.sdkstatcache -output-file-map /Users/admin/builder/spi-builder-workspace/.derivedData/Build/Intermediates.noindex/SwiftyUI.build/Debug-watchos/SwiftyUI.build/Objects-normal/armv7k/SwiftyUI-OutputFileMap.json -use-frontend-parseable-output -save-temps -no-color-diagnostics -serialize-diagnostics -emit-dependencies -emit-module -emit-module-path /Users/admin/builder/spi-builder-workspace/.derivedData/Build/Intermediates.noindex/SwiftyUI.build/Debug-watchos/SwiftyUI.build/Objects-normal/armv7k/SwiftyUI.swiftmodule -validate-clang-modules-once -clang-build-session-file /Users/admin/builder/spi-builder-workspace/.derivedData/ModuleCache.noindex/Session.modulevalidation -package-name spi_builder_workspace -Xcc -I/Users/admin/builder/spi-builder-workspace/.derivedData/Build/Intermediates.noindex/SwiftyUI.build/Debug-watchos/SwiftyUI.build/swift-overrides.hmap -emit-const-values -Xfrontend -const-gather-protocols-file -Xfrontend /Users/admin/builder/spi-builder-workspace/.derivedData/Build/Intermediates.noindex/SwiftyUI.build/Debug-watchos/SwiftyUI.build/Objects-normal/armv7k/SwiftyUI_const_extract_protocols.json -Xcc -I/Users/admin/builder/spi-builder-workspace/.derivedData/Build/Products/Debug-watchos/include -Xcc -I/Users/admin/builder/spi-builder-workspace/.derivedData/Build/Intermediates.noindex/SwiftyUI.build/Debug-watchos/SwiftyUI.build/DerivedSources-normal/armv7k -Xcc -I/Users/admin/builder/spi-builder-workspace/.derivedData/Build/Intermediates.noindex/SwiftyUI.build/Debug-watchos/SwiftyUI.build/DerivedSources/armv7k -Xcc -I/Users/admin/builder/spi-builder-workspace/.derivedData/Build/Intermediates.noindex/SwiftyUI.build/Debug-watchos/SwiftyUI.build/DerivedSources -Xcc -DSWIFT_PACKAGE -Xcc -DDEBUG\=1 -emit-objc-header -emit-objc-header-path /Users/admin/builder/spi-builder-workspace/.derivedData/Build/Intermediates.noindex/SwiftyUI.build/Debug-watchos/SwiftyUI.build/Objects-normal/armv7k/SwiftyUI-Swift.h -working-directory /Users/admin/builder/spi-builder-workspace/.swiftpm/xcode -experimental-emit-module-separately -disable-cmo
SwiftDriver SwiftyUI normal arm64 com.apple.xcode.tools.swift.compiler (in target 'SwiftyUI' from project 'SwiftyUI')
cd /Users/admin/builder/spi-builder-workspace/.swiftpm/xcode
builtin-SwiftDriver -- /Applications/Xcode-16.3.0.app/Contents/Developer/Toolchains/XcodeDefault.xctoolchain/usr/bin/swiftc -module-name SwiftyUI -Onone -enforce-exclusivity\=checked @/Users/admin/builder/spi-builder-workspace/.derivedData/Build/Intermediates.noindex/SwiftyUI.build/Debug-watchos/SwiftyUI.build/Objects-normal/arm64/SwiftyUI.SwiftFileList -DSWIFT_PACKAGE -DDEBUG -stats-output-dir .stats -plugin-path /Applications/Xcode-16.3.0.app/Contents/Developer/Toolchains/XcodeDefault.xctoolchain/usr/lib/swift/host/plugins/testing -enable-experimental-feature DebugDescriptionMacro -sdk /Applications/Xcode-16.3.0.app/Contents/Developer/Platforms/WatchOS.platform/Developer/SDKs/WatchOS11.4.sdk -target arm64-apple-watchos8.0 -g -module-cache-path /Users/admin/builder/spi-builder-workspace/.derivedData/ModuleCache.noindex -Xfrontend -serialize-debugging-options -profile-coverage-mapping -profile-generate -enable-testing -index-store-path /Users/admin/builder/spi-builder-workspace/.derivedData/Index.noindex/DataStore -swift-version 6 -I /Users/admin/builder/spi-builder-workspace/.derivedData/Build/Products/Debug-watchos -I /Applications/Xcode-16.3.0.app/Contents/Developer/Platforms/WatchOS.platform/Developer/usr/lib -F /Users/admin/builder/spi-builder-workspace/.derivedData/Build/Products/Debug-watchos -F /Applications/Xcode-16.3.0.app/Contents/Developer/Platforms/WatchOS.platform/Developer/Library/Frameworks -F /Applications/Xcode-16.3.0.app/Contents/Developer/Platforms/WatchOS.platform/Developer/SDKs/WatchOS11.4.sdk/Developer/Library/Frameworks -c -j10 -enable-batch-mode -incremental -Xcc -ivfsstatcache -Xcc /Users/admin/builder/spi-builder-workspace/.derivedData/SDKStatCaches.noindex/watchos11.4-22T246-43efb940ff07ba2497b70ec94253f576.sdkstatcache -output-file-map /Users/admin/builder/spi-builder-workspace/.derivedData/Build/Intermediates.noindex/SwiftyUI.build/Debug-watchos/SwiftyUI.build/Objects-normal/arm64/SwiftyUI-OutputFileMap.json -use-frontend-parseable-output -save-temps -no-color-diagnostics -serialize-diagnostics -emit-dependencies -emit-module -emit-module-path /Users/admin/builder/spi-builder-workspace/.derivedData/Build/Intermediates.noindex/SwiftyUI.build/Debug-watchos/SwiftyUI.build/Objects-normal/arm64/SwiftyUI.swiftmodule -validate-clang-modules-once -clang-build-session-file /Users/admin/builder/spi-builder-workspace/.derivedData/ModuleCache.noindex/Session.modulevalidation -package-name spi_builder_workspace -Xcc -I/Users/admin/builder/spi-builder-workspace/.derivedData/Build/Intermediates.noindex/SwiftyUI.build/Debug-watchos/SwiftyUI.build/swift-overrides.hmap -emit-const-values -Xfrontend -const-gather-protocols-file -Xfrontend /Users/admin/builder/spi-builder-workspace/.derivedData/Build/Intermediates.noindex/SwiftyUI.build/Debug-watchos/SwiftyUI.build/Objects-normal/arm64/SwiftyUI_const_extract_protocols.json -Xcc -I/Users/admin/builder/spi-builder-workspace/.derivedData/Build/Products/Debug-watchos/include -Xcc -I/Users/admin/builder/spi-builder-workspace/.derivedData/Build/Intermediates.noindex/SwiftyUI.build/Debug-watchos/SwiftyUI.build/DerivedSources-normal/arm64 -Xcc -I/Users/admin/builder/spi-builder-workspace/.derivedData/Build/Intermediates.noindex/SwiftyUI.build/Debug-watchos/SwiftyUI.build/DerivedSources/arm64 -Xcc -I/Users/admin/builder/spi-builder-workspace/.derivedData/Build/Intermediates.noindex/SwiftyUI.build/Debug-watchos/SwiftyUI.build/DerivedSources -Xcc -DSWIFT_PACKAGE -Xcc -DDEBUG\=1 -emit-objc-header -emit-objc-header-path /Users/admin/builder/spi-builder-workspace/.derivedData/Build/Intermediates.noindex/SwiftyUI.build/Debug-watchos/SwiftyUI.build/Objects-normal/arm64/SwiftyUI-Swift.h -working-directory /Users/admin/builder/spi-builder-workspace/.swiftpm/xcode -experimental-emit-module-separately -disable-cmo
SwiftCompile normal arm64 Compiling\ ImageCacheable.swift,\ ImageSettable.swift /Users/admin/builder/spi-builder-workspace/Sources/ImageCacheable.swift /Users/admin/builder/spi-builder-workspace/Sources/ImageSettable.swift (in target 'SwiftyUI' from project 'SwiftyUI')
SwiftCompile normal arm64 /Users/admin/builder/spi-builder-workspace/Sources/ImageCacheable.swift (in target 'SwiftyUI' from project 'SwiftyUI')
cd /Users/admin/builder/spi-builder-workspace/.swiftpm/xcode
SwiftCompile normal arm64 /Users/admin/builder/spi-builder-workspace/Sources/ImageSettable.swift (in target 'SwiftyUI' from project 'SwiftyUI')
cd /Users/admin/builder/spi-builder-workspace/.swiftpm/xcode
SwiftCompile normal arm64 Compiling\ SwiftyAlertIcons.swift,\ SwiftyAlertStyle.swift /Users/admin/builder/spi-builder-workspace/Sources/SwiftyAlertIcons.swift /Users/admin/builder/spi-builder-workspace/Sources/SwiftyAlertStyle.swift (in target 'SwiftyUI' from project 'SwiftyUI')
SwiftCompile normal arm64 /Users/admin/builder/spi-builder-workspace/Sources/SwiftyAlertIcons.swift (in target 'SwiftyUI' from project 'SwiftyUI')
cd /Users/admin/builder/spi-builder-workspace/.swiftpm/xcode
SwiftCompile normal arm64 /Users/admin/builder/spi-builder-workspace/Sources/SwiftyAlertStyle.swift (in target 'SwiftyUI' from project 'SwiftyUI')
cd /Users/admin/builder/spi-builder-workspace/.swiftpm/xcode
SwiftCompile normal arm64 Compiling\ SwiftyAlertView.swift,\ SwiftyButton.swift /Users/admin/builder/spi-builder-workspace/Sources/SwiftyAlertView.swift /Users/admin/builder/spi-builder-workspace/Sources/SwiftyButton.swift (in target 'SwiftyUI' from project 'SwiftyUI')
SwiftCompile normal arm64 /Users/admin/builder/spi-builder-workspace/Sources/SwiftyAlertView.swift (in target 'SwiftyUI' from project 'SwiftyUI')
cd /Users/admin/builder/spi-builder-workspace/.swiftpm/xcode
SwiftCompile normal arm64 /Users/admin/builder/spi-builder-workspace/Sources/SwiftyButton.swift (in target 'SwiftyUI' from project 'SwiftyUI')
cd /Users/admin/builder/spi-builder-workspace/.swiftpm/xcode
SwiftCompile normal arm64 Compiling\ SwiftyColor.swift,\ SwiftyGlobal.swift /Users/admin/builder/spi-builder-workspace/Sources/SwiftyColor.swift /Users/admin/builder/spi-builder-workspace/Sources/SwiftyGlobal.swift (in target 'SwiftyUI' from project 'SwiftyUI')
SwiftCompile normal arm64 /Users/admin/builder/spi-builder-workspace/Sources/SwiftyColor.swift (in target 'SwiftyUI' from project 'SwiftyUI')
cd /Users/admin/builder/spi-builder-workspace/.swiftpm/xcode
SwiftCompile normal arm64 /Users/admin/builder/spi-builder-workspace/Sources/SwiftyGlobal.swift (in target 'SwiftyUI' from project 'SwiftyUI')
cd /Users/admin/builder/spi-builder-workspace/.swiftpm/xcode
SwiftCompile normal arm64 Compiling\ SwiftyImage.swift,\ SwiftyImageView.swift /Users/admin/builder/spi-builder-workspace/Sources/SwiftyImage.swift /Users/admin/builder/spi-builder-workspace/Sources/SwiftyImageView.swift (in target 'SwiftyUI' from project 'SwiftyUI')
SwiftCompile normal arm64 /Users/admin/builder/spi-builder-workspace/Sources/SwiftyImage.swift (in target 'SwiftyUI' from project 'SwiftyUI')
cd /Users/admin/builder/spi-builder-workspace/.swiftpm/xcode
SwiftCompile normal arm64 /Users/admin/builder/spi-builder-workspace/Sources/SwiftyImageView.swift (in target 'SwiftyUI' from project 'SwiftyUI')
cd /Users/admin/builder/spi-builder-workspace/.swiftpm/xcode
SwiftCompile normal arm64 Compiling\ SwiftyThreadPool.swift,\ SwiftyTimer.swift /Users/admin/builder/spi-builder-workspace/Sources/SwiftyThreadPool.swift /Users/admin/builder/spi-builder-workspace/Sources/SwiftyTimer.swift (in target 'SwiftyUI' from project 'SwiftyUI')
SwiftCompile normal arm64 /Users/admin/builder/spi-builder-workspace/Sources/SwiftyThreadPool.swift (in target 'SwiftyUI' from project 'SwiftyUI')
cd /Users/admin/builder/spi-builder-workspace/.swiftpm/xcode
SwiftCompile normal arm64 /Users/admin/builder/spi-builder-workspace/Sources/SwiftyTimer.swift (in target 'SwiftyUI' from project 'SwiftyUI')
cd /Users/admin/builder/spi-builder-workspace/.swiftpm/xcode
SwiftCompile normal arm64 Compiling\ SwiftyLabel.swift,\ SwiftyPromise.swift /Users/admin/builder/spi-builder-workspace/Sources/SwiftyLabel.swift /Users/admin/builder/spi-builder-workspace/Sources/SwiftyPromise.swift (in target 'SwiftyUI' from project 'SwiftyUI')
SwiftCompile normal arm64 /Users/admin/builder/spi-builder-workspace/Sources/SwiftyLabel.swift (in target 'SwiftyUI' from project 'SwiftyUI')
cd /Users/admin/builder/spi-builder-workspace/.swiftpm/xcode
SwiftCompile normal arm64 /Users/admin/builder/spi-builder-workspace/Sources/SwiftyPromise.swift (in target 'SwiftyUI' from project 'SwiftyUI')
cd /Users/admin/builder/spi-builder-workspace/.swiftpm/xcode
SwiftEmitModule normal arm64 Emitting\ module\ for\ SwiftyUI (in target 'SwiftyUI' from project 'SwiftyUI')
Failed frontend command:
/Applications/Xcode-16.3.0.app/Contents/Developer/Toolchains/XcodeDefault.xctoolchain/usr/bin/swift-frontend -frontend -emit-module -experimental-skip-non-inlinable-function-bodies-without-types /Users/admin/builder/spi-builder-workspace/Sources/ImageCacheable.swift /Users/admin/builder/spi-builder-workspace/Sources/ImageSettable.swift /Users/admin/builder/spi-builder-workspace/Sources/SwiftyAlertIcons.swift /Users/admin/builder/spi-builder-workspace/Sources/SwiftyAlertStyle.swift /Users/admin/builder/spi-builder-workspace/Sources/SwiftyAlertView.swift /Users/admin/builder/spi-builder-workspace/Sources/SwiftyButton.swift /Users/admin/builder/spi-builder-workspace/Sources/SwiftyColor.swift /Users/admin/builder/spi-builder-workspace/Sources/SwiftyGlobal.swift /Users/admin/builder/spi-builder-workspace/Sources/SwiftyImage.swift /Users/admin/builder/spi-builder-workspace/Sources/SwiftyImageView.swift /Users/admin/builder/spi-builder-workspace/Sources/SwiftyLabel.swift /Users/admin/builder/spi-builder-workspace/Sources/SwiftyPromise.swift /Users/admin/builder/spi-builder-workspace/Sources/SwiftyThreadPool.swift /Users/admin/builder/spi-builder-workspace/Sources/SwiftyTimer.swift /Users/admin/builder/spi-builder-workspace/Sources/SwiftyToast.swift /Users/admin/builder/spi-builder-workspace/Sources/SwiftyView.swift /Users/admin/builder/spi-builder-workspace/Sources/TextEditable.swift -target arm64-apple-watchos8.0 -Xllvm -aarch64-use-tbi -enable-objc-interop -stack-check -sdk /Applications/Xcode-16.3.0.app/Contents/Developer/Platforms/WatchOS.platform/Developer/SDKs/WatchOS11.4.sdk -I /Users/admin/builder/spi-builder-workspace/.derivedData/Build/Products/Debug-watchos -I /Applications/Xcode-16.3.0.app/Contents/Developer/Platforms/WatchOS.platform/Developer/usr/lib -F /Users/admin/builder/spi-builder-workspace/.derivedData/Build/Products/Debug-watchos -F /Applications/Xcode-16.3.0.app/Contents/Developer/Platforms/WatchOS.platform/Developer/Library/Frameworks -F /Applications/Xcode-16.3.0.app/Contents/Developer/Platforms/WatchOS.platform/Developer/SDKs/WatchOS11.4.sdk/Developer/Library/Frameworks -no-color-diagnostics -enable-testing -g -debug-info-format\=dwarf -dwarf-version\=4 -module-cache-path /Users/admin/builder/spi-builder-workspace/.derivedData/ModuleCache.noindex -profile-generate -profile-coverage-mapping -swift-version 6 -enforce-exclusivity\=checked -stats-output-dir /Users/admin/builder/spi-builder-workspace/.swiftpm/xcode/.stats -Onone -D SWIFT_PACKAGE -D DEBUG -serialize-debugging-options -const-gather-protocols-file /Users/admin/builder/spi-builder-workspace/.derivedData/Build/Intermediates.noindex/SwiftyUI.build/Debug-watchos/SwiftyUI.build/Objects-normal/arm64/SwiftyUI_const_extract_protocols.json -enable-experimental-feature DebugDescriptionMacro -empty-abi-descriptor -plugin-path /Applications/Xcode-16.3.0.app/Contents/Developer/Toolchains/XcodeDefault.xctoolchain/usr/lib/swift/host/plugins/testing -validate-clang-modules-once -clang-build-session-file /Users/admin/builder/spi-builder-workspace/.derivedData/ModuleCache.noindex/Session.modulevalidation -Xcc -working-directory -Xcc /Users/admin/builder/spi-builder-workspace/.swiftpm/xcode -resource-dir /Applications/Xcode-16.3.0.app/Contents/Developer/Toolchains/XcodeDefault.xctoolchain/usr/lib/swift -enable-anonymous-context-mangled-names -file-compilation-dir /Users/admin/builder/spi-builder-workspace/.swiftpm/xcode -Xcc -ivfsstatcache -Xcc /Users/admin/builder/spi-builder-workspace/.derivedData/SDKStatCaches.noindex/watchos11.4-22T246-43efb940ff07ba2497b70ec94253f576.sdkstatcache -Xcc -I/Users/admin/builder/spi-builder-workspace/.derivedData/Build/Intermediates.noindex/SwiftyUI.build/Debug-watchos/SwiftyUI.build/swift-overrides.hmap -Xcc -I/Users/admin/builder/spi-builder-workspace/.derivedData/Build/Products/Debug-watchos/include -Xcc -I/Users/admin/builder/spi-builder-workspace/.derivedData/Build/Intermediates.noindex/SwiftyUI.build/Debug-watchos/SwiftyUI.build/DerivedSources-normal/arm64 -Xcc -I/Users/admin/builder/spi-builder-workspace/.derivedData/Build/Intermediates.noindex/SwiftyUI.build/Debug-watchos/SwiftyUI.build/DerivedSources/arm64 -Xcc -I/Users/admin/builder/spi-builder-workspace/.derivedData/Build/Intermediates.noindex/SwiftyUI.build/Debug-watchos/SwiftyUI.build/DerivedSources -Xcc -DSWIFT_PACKAGE -Xcc -DDEBUG\=1 -module-name SwiftyUI -package-name spi_builder_workspace -frontend-parseable-output -disable-clang-spi -target-sdk-version 11.4 -target-sdk-name watchos11.4 -external-plugin-path /Applications/Xcode-16.3.0.app/Contents/Developer/Platforms/WatchOS.platform/Developer/usr/lib/swift/host/plugins\#/Applications/Xcode-16.3.0.app/Contents/Developer/Platforms/WatchOS.platform/Developer/usr/bin/swift-plugin-server -external-plugin-path /Applications/Xcode-16.3.0.app/Contents/Developer/Platforms/WatchOS.platform/Developer/usr/local/lib/swift/host/plugins\#/Applications/Xcode-16.3.0.app/Contents/Developer/Platforms/WatchOS.platform/Developer/usr/bin/swift-plugin-server -in-process-plugin-server-path /Applications/Xcode-16.3.0.app/Contents/Developer/Toolchains/XcodeDefault.xctoolchain/usr/lib/swift/host/libSwiftInProcPluginServer.dylib -plugin-path /Applications/Xcode-16.3.0.app/Contents/Developer/Toolchains/XcodeDefault.xctoolchain/usr/lib/swift/host/plugins -plugin-path /Applications/Xcode-16.3.0.app/Contents/Developer/Toolchains/XcodeDefault.xctoolchain/usr/local/lib/swift/host/plugins -emit-module-doc-path /Users/admin/builder/spi-builder-workspace/.derivedData/Build/Intermediates.noindex/SwiftyUI.build/Debug-watchos/SwiftyUI.build/Objects-normal/arm64/SwiftyUI.swiftdoc -emit-module-source-info-path /Users/admin/builder/spi-builder-workspace/.derivedData/Build/Intermediates.noindex/SwiftyUI.build/Debug-watchos/SwiftyUI.build/Objects-normal/arm64/SwiftyUI.swiftsourceinfo -emit-objc-header-path /Users/admin/builder/spi-builder-workspace/.derivedData/Build/Intermediates.noindex/SwiftyUI.build/Debug-watchos/SwiftyUI.build/Objects-normal/arm64/SwiftyUI-Swift.h -serialize-diagnostics-path /Users/admin/builder/spi-builder-workspace/.derivedData/Build/Intermediates.noindex/SwiftyUI.build/Debug-watchos/SwiftyUI.build/Objects-normal/arm64/SwiftyUI-master-emit-module.dia -emit-dependencies-path /Users/admin/builder/spi-builder-workspace/.derivedData/Build/Intermediates.noindex/SwiftyUI.build/Debug-watchos/SwiftyUI.build/Objects-normal/arm64/SwiftyUI-master-emit-module.d -o /Users/admin/builder/spi-builder-workspace/.derivedData/Build/Intermediates.noindex/SwiftyUI.build/Debug-watchos/SwiftyUI.build/Objects-normal/arm64/SwiftyUI.swiftmodule -emit-abi-descriptor-path /Users/admin/builder/spi-builder-workspace/.derivedData/Build/Intermediates.noindex/SwiftyUI.build/Debug-watchos/SwiftyUI.build/Objects-normal/arm64/SwiftyUI.abi.json
EmitSwiftModule normal arm64 (in target 'SwiftyUI' from project 'SwiftyUI')
cd /Users/admin/builder/spi-builder-workspace/.swiftpm/xcode
/Users/admin/builder/spi-builder-workspace/Sources/ImageSettable.swift:15:32: error: 'UIView' is unavailable: This Objective-C class has only been forward-declared; import its owning module to use it
public protocol ImageSettable: UIView {
^~~~~~
UIKit.UIView:2:14: note: 'UIView' has been explicitly marked unavailable here
public class UIView {
^
/Users/admin/builder/spi-builder-workspace/Sources/SwiftyAlertView.swift:20:63: error: cannot find type 'UIEvent' in scope
open override func point(inside point: CGPoint, with event: UIEvent?) -> Bool {
^~~~~~~
/Users/admin/builder/spi-builder-workspace/Sources/SwiftyAlertView.swift:12:31: error: cannot find type 'UIButton' in scope
open class SwiftyAlertButton: UIButton {
^~~~~~~~
/Users/admin/builder/spi-builder-workspace/Sources/SwiftyAlertView.swift:27:35: error: cannot find type 'UITextField' in scope
final class SwiftyAlertTextField: UITextField {
^~~~~~~~~~~
/Users/admin/builder/spi-builder-workspace/Sources/SwiftyAlertView.swift:28:58: error: cannot find type 'UIEvent' in scope
override func point(inside point: CGPoint, with event: UIEvent?) -> Bool {
^~~~~~~
/Users/admin/builder/spi-builder-workspace/Sources/SwiftyAlertView.swift:33:11: error: 'UIView' is unavailable: This Objective-C class has only been forward-declared; import its owning module to use it
extension UIView {
^~~~~~
UIKit.UIView:2:14: note: 'UIView' has been explicitly marked unavailable here
public class UIView {
^
/Users/admin/builder/spi-builder-workspace/Sources/SwiftyAlertView.swift:92:18: error: 'UIView' cannot be constructed because it has no accessible initializers
var baseView = UIView()
^~~~~~
/Users/admin/builder/spi-builder-workspace/Sources/SwiftyAlertView.swift:93:20: error: cannot find 'UILabel' in scope
var labelTitle = UILabel()
^~~~~~~
/Users/admin/builder/spi-builder-workspace/Sources/SwiftyAlertView.swift:94:18: error: cannot find 'UITextView' in scope
var viewText = UITextView()
^~~~~~~~~~
/Users/admin/builder/spi-builder-workspace/Sources/SwiftyAlertView.swift:95:21: error: 'UIView' cannot be constructed because it has no accessible initializers
var contentView = UIView()
^~~~~~
/Users/admin/builder/spi-builder-workspace/Sources/SwiftyAlertView.swift:96:18: error: 'UIView' cannot be constructed because it has no accessible initializers
var circleBG = UIView(
^~~~~~
/Users/admin/builder/spi-builder-workspace/Sources/SwiftyAlertView.swift:98:20: error: 'UIView' cannot be constructed because it has no accessible initializers
var circleView = UIView()
^~~~~~
/Users/admin/builder/spi-builder-workspace/Sources/SwiftyAlertView.swift:99:23: error: 'UIView' is unavailable: This Objective-C class has only been forward-declared; import its owning module to use it
var circleIconView: UIView?
^~~~~~
UIKit.UIView:2:14: note: 'UIView' has been explicitly marked unavailable here
public class UIView {
^
/Users/admin/builder/spi-builder-workspace/Sources/SwiftyAlertView.swift:101:29: error: cannot find 'UITextField' in scope
fileprivate var inputs = [UITextField]()
^~~~~~~~~~~
/Users/admin/builder/spi-builder-workspace/Sources/SwiftyAlertView.swift:101:28: error: cannot call value of non-function type '[Any]'
fileprivate var inputs = [UITextField]()
^ ~~
/Users/admin/builder/spi-builder-workspace/Sources/SwiftyAlertView.swift:102:28: error: cannot find 'UITextView' in scope
fileprivate var input = [UITextView]()
^~~~~~~~~~
/Users/admin/builder/spi-builder-workspace/Sources/SwiftyAlertView.swift:102:27: error: cannot call value of non-function type '[Any]'
fileprivate var input = [UITextView]()
^ ~~
/Users/admin/builder/spi-builder-workspace/Sources/SwiftyAlertView.swift:197:24: error: method does not override any method from its superclass
override public func viewWillLayoutSubviews() {
~~~~~~~~ ^
/Users/admin/builder/spi-builder-workspace/Sources/SwiftyAlertView.swift:464:52: error: cannot find type 'UITouch' in scope
override public func touchesEnded(_ touches: Set<UITouch>, with event: UIEvent?) {
^~~~~~~
/Users/admin/builder/spi-builder-workspace/Sources/SwiftyAlertView.swift:464:74: error: cannot find type 'UIEvent' in scope
override public func touchesEnded(_ touches: Set<UITouch>, with event: UIEvent?) {
^~~~~~~
/Users/admin/builder/spi-builder-workspace/Sources/SwiftyAlertView.swift:471:55: error: cannot find type 'UITextField' in scope
public func addTextField(_ title: String? = nil) -> UITextField {
^~~~~~~~~~~
/Users/admin/builder/spi-builder-workspace/Sources/SwiftyAlertView.swift:486:32: error: cannot find type 'UITextView' in scope
public func addTextView() -> UITextView {
^~~~~~~~~~
/Users/admin/builder/spi-builder-workspace/Sources/SwiftyAlertView.swift:521:8: error: method cannot be marked @objc because the type of the parameter cannot be represented in Objective-C
func buttonTapped(_ btn: SwiftyAlertButton) {
^
/Users/admin/builder/spi-builder-workspace/Sources/SwiftyAlertView.swift:521:28: note: classes not annotated with @objc cannot be represented in Objective-C
func buttonTapped(_ btn: SwiftyAlertButton) {
^~~~~~~~~~~~~~~~~
/Users/admin/builder/spi-builder-workspace/Sources/SwiftyAlertView.swift:527:8: error: method cannot be marked @objc because the type of the parameter cannot be represented in Objective-C
func buttonTapDown(_ btn: SwiftyAlertButton) {
^
/Users/admin/builder/spi-builder-workspace/Sources/SwiftyAlertView.swift:527:29: note: classes not annotated with @objc cannot be represented in Objective-C
func buttonTapDown(_ btn: SwiftyAlertButton) {
^~~~~~~~~~~~~~~~~
/Users/admin/builder/spi-builder-workspace/Sources/SwiftyAlertView.swift:541:8: error: method cannot be marked @objc because the type of the parameter cannot be represented in Objective-C
func buttonRelease(_ btn: SwiftyAlertButton) {
^
/Users/admin/builder/spi-builder-workspace/Sources/SwiftyAlertView.swift:541:29: note: classes not annotated with @objc cannot be represented in Objective-C
func buttonRelease(_ btn: SwiftyAlertButton) {
^~~~~~~~~~~~~~~~~
/Users/admin/builder/spi-builder-workspace/Sources/SwiftyAlertView.swift:546:42: error: cannot find type 'UITapGestureRecognizer' in scope
@objc func tapped(_ gestureRecognizer: UITapGestureRecognizer) {
^~~~~~~~~~~~~~~~~~~~~~
/Users/admin/builder/spi-builder-workspace/Sources/SwiftyAlertView.swift:81:37: error: cannot find type 'UIViewController' in scope
public final class SwiftyAlertView: UIViewController {
^~~~~~~~~~~~~~~~
/Users/admin/builder/spi-builder-workspace/Sources/SwiftyButton.swift:15:22: error: cannot convert value of type 'SwiftyButton' to expected argument type 'UIView'
titleLabel.addTo(self)
^
/Users/admin/builder/spi-builder-workspace/Sources/SwiftyButton.swift:61:23: error: property does not override any property from its superclass
public override var accessibilityLabel: String? {
~~~~~~~~ ^
/Users/admin/builder/spi-builder-workspace/Sources/SwiftyButton.swift:82:8: error: method cannot be marked @objc because the type of the parameter cannot be represented in Objective-C
func btnTapped(_ sender: SwiftyButton) {
^
/Users/admin/builder/spi-builder-workspace/Sources/SwiftyButton.swift:82:28: note: classes not annotated with @objc cannot be represented in Objective-C
func btnTapped(_ sender: SwiftyButton) {
^~~~~~~~~~~~
/Users/admin/builder/spi-builder-workspace/Sources/SwiftyButton.swift:12:28: error: cannot find type 'UIControl' in scope
public class SwiftyButton: UIControl, ImageSettable {
^~~~~~~~~
/Users/admin/builder/spi-builder-workspace/Sources/SwiftyButton.swift:12:14: error: type 'SwiftyButton' does not conform to protocol 'ImageSettable'
public class SwiftyButton: UIControl, ImageSettable {
^
/Users/admin/builder/spi-builder-workspace/Sources/SwiftyButton.swift:12:14: error: 'ImageSettable' requires that 'SwiftyButton' inherit from 'UIView'
public class SwiftyButton: UIControl, ImageSettable {
^
/Users/admin/builder/spi-builder-workspace/Sources/SwiftyButton.swift:12:14: note: requirement specified as 'Self' : 'UIView' [with Self = SwiftyButton]
public class SwiftyButton: UIControl, ImageSettable {
^
/Users/admin/builder/spi-builder-workspace/Sources/SwiftyGlobal.swift:21:32: error: cannot find type 'UIWindow' in scope
public static var keyWindow: UIWindow? {
^~~~~~~~
/Users/admin/builder/spi-builder-workspace/Sources/SwiftyImageView.swift:12:14: error: cannot inherit from non-open class 'UIView' outside of its defining module
public class SwiftyImageView: UIView, ImageSettable {
^
/Users/admin/builder/spi-builder-workspace/Sources/SwiftyImageView.swift:12:31: error: 'UIView' is unavailable: This Objective-C class has only been forward-declared; import its owning module to use it
public class SwiftyImageView: UIView, ImageSettable {
^~~~~~
UIKit.UIView:2:14: note: 'UIView' has been explicitly marked unavailable here
public class UIView {
^
/Users/admin/builder/spi-builder-workspace/Sources/SwiftyImageView.swift:51:32: error: 'AnimationOptions' is not a member type of class 'UIKit.UIView'
animationOptions: UIView.AnimationOptions,
~~~~~~ ^
/Applications/Xcode-16.3.0.app/Contents/Developer/Platforms/WatchOS.platform/Developer/SDKs/WatchOS11.4.sdk/System/Library/Frameworks/UIKit.framework/Headers/NSTextAttachment.h:23:1: note: class 'UIView' will be imported as an opaque placeholder class and may be missing members; import the definition to access the complete interface
@class UIView;
^
/Applications/Xcode-16.3.0.app/Contents/Developer/Platforms/WatchOS.platform/Developer/SDKs/WatchOS11.4.sdk/System/Library/Frameworks/UIKit.framework/Headers/NSTextAttachment.h:23:1: note: interface 'UIView' forward declared here
@class UIView;
^
UIKit.UIView:2:14: note: 'UIView' declared here
public class UIView {
^
/Users/admin/builder/spi-builder-workspace/Sources/SwiftyImageView.swift:81:41: error: 'AnimationOptions' is not a member type of class 'UIKit.UIView'
public var animationOptions: UIView.AnimationOptions {
~~~~~~ ^
/Applications/Xcode-16.3.0.app/Contents/Developer/Platforms/WatchOS.platform/Developer/SDKs/WatchOS11.4.sdk/System/Library/Frameworks/UIKit.framework/Headers/NSTextAttachment.h:23:1: note: class 'UIView' will be imported as an opaque placeholder class and may be missing members; import the definition to access the complete interface
@class UIView;
^
/Applications/Xcode-16.3.0.app/Contents/Developer/Platforms/WatchOS.platform/Developer/SDKs/WatchOS11.4.sdk/System/Library/Frameworks/UIKit.framework/Headers/NSTextAttachment.h:23:1: note: interface 'UIView' forward declared here
@class UIView;
^
UIKit.UIView:2:14: note: 'UIView' declared here
public class UIView {
^
/Users/admin/builder/spi-builder-workspace/Sources/SwiftyLabel.swift:21:27: error: 'NSTextContainer' cannot be constructed because it has no accessible initializers
private let container = NSTextContainer()
^~~~~~~~~~~~~~~
/Users/admin/builder/spi-builder-workspace/Sources/SwiftyLabel.swift:22:31: error: 'NSLayoutManager' cannot be constructed because it has no accessible initializers
private let layoutManager = NSLayoutManager()
^~~~~~~~~~~~~~~
/Users/admin/builder/spi-builder-workspace/Sources/SwiftyLabel.swift:39:14: error: cannot find 'setNeedsDisplay' in scope
didSet { setNeedsDisplay() }
^~~~~~~~~~~~~~~
/Users/admin/builder/spi-builder-workspace/Sources/SwiftyLabel.swift:42:56: error: type 'UIFont' has no member 'systemFontSize'
public var font: UIFont = .systemFont(ofSize: UIFont.systemFontSize) {
~~~~~~ ^~~~~~~~~~~~~~
/Users/admin/builder/spi-builder-workspace/Sources/SwiftyLabel.swift:49:14: error: cannot find 'setNeedsDisplay' in scope
didSet { setNeedsDisplay() }
^~~~~~~~~~~~~~~
/Users/admin/builder/spi-builder-workspace/Sources/SwiftyLabel.swift:57:14: error: cannot find 'setNeedsDisplay' in scope
didSet { setNeedsDisplay() }
^~~~~~~~~~~~~~~
/Users/admin/builder/spi-builder-workspace/Sources/SwiftyLabel.swift:101:23: error: property does not override any property from its superclass
public override var accessibilityLabel: String? {
~~~~~~~~ ^
/Users/admin/builder/spi-builder-workspace/Sources/SwiftyLabel.swift:113:23: error: property does not override any property from its superclass
public override var backgroundColor: UIColor? {
~~~~~~~~ ^
/Users/admin/builder/spi-builder-workspace/Sources/SwiftyLabel.swift:117:23: error: property does not override any property from its superclass
public override var alpha: CGFloat {
~~~~~~~~ ^
/Users/admin/builder/spi-builder-workspace/Sources/SwiftyLabel.swift:180:22: error: method does not override any method from its superclass
open override func draw(_ rect: CGRect) {
~~~~~~~~ ^
/Users/admin/builder/spi-builder-workspace/Sources/SwiftyLabel.swift:200:21: error: property does not override any property from its superclass
open override var intrinsicContentSize: CGSize {
~~~~~~~~ ^
/Users/admin/builder/spi-builder-workspace/Sources/SwiftyLabel.swift:210:22: error: method does not override any method from its superclass
open override func sizeThatFits(_ size: CGSize) -> CGSize {
~~~~~~~~ ^
/Users/admin/builder/spi-builder-workspace/Sources/SwiftyLabel.swift:220:22: error: method does not override any method from its superclass
open override func sizeToFit() {
~~~~~~~~ ^
/Users/admin/builder/spi-builder-workspace/Sources/SwiftyLabel.swift:17:14: error: cannot inherit from non-open class 'UIView' outside of its defining module
public class SwiftyLabel: UIView, TextEditable {
^
/Users/admin/builder/spi-builder-workspace/Sources/SwiftyLabel.swift:17:27: error: 'UIView' is unavailable: This Objective-C class has only been forward-declared; import its owning module to use it
public class SwiftyLabel: UIView, TextEditable {
^~~~~~
UIKit.UIView:2:14: note: 'UIView' has been explicitly marked unavailable here
public class UIView {
^
/Users/admin/builder/spi-builder-workspace/Sources/SwiftyToast.swift:35:16: error: value of type 'SwiftyLabel' has no member 'layer'
toastLabel.layer.cornerRadius = 5
~~~~~~~~~~ ^~~~~
/Users/admin/builder/spi-builder-workspace/Sources/SwiftyToast.swift:83:38: error: cannot find type 'UIWindow' in scope
private func layoutView(in window: UIWindow) {
^~~~~~~~
/Users/admin/builder/spi-builder-workspace/Sources/SwiftyView.swift:26:23: error: property does not override any property from its superclass
public override var backgroundColor: UIColor? {
~~~~~~~~ ^
/Users/admin/builder/spi-builder-workspace/Sources/SwiftyView.swift:30:23: error: property does not override any property from its superclass
public override var alpha: CGFloat {
~~~~~~~~ ^
/Users/admin/builder/spi-builder-workspace/Sources/SwiftyView.swift:13:14: error: cannot inherit from non-open class 'UIView' outside of its defining module
public class SwiftyView: UIView {
^
/Users/admin/builder/spi-builder-workspace/Sources/SwiftyView.swift:13:26: error: 'UIView' is unavailable: This Objective-C class has only been forward-declared; import its owning module to use it
public class SwiftyView: UIView {
^~~~~~
UIKit.UIView:2:14: note: 'UIView' has been explicitly marked unavailable here
public class UIView {
^
/Users/admin/builder/spi-builder-workspace/Sources/SwiftyView.swift:41:35: error: 'UIView' is unavailable: This Objective-C class has only been forward-declared; import its owning module to use it
public final func addTo(_ view: UIView) -> Self {
^~~~~~
UIKit.UIView:2:14: note: 'UIView' has been explicitly marked unavailable here
public class UIView {
^
/Users/admin/builder/spi-builder-workspace/Sources/SwiftyView.swift:35:11: error: 'UIView' is unavailable: This Objective-C class has only been forward-declared; import its owning module to use it
extension UIView {
^~~~~~
UIKit.UIView:2:14: note: 'UIView' has been explicitly marked unavailable here
public class UIView {
^
/Users/admin/builder/spi-builder-workspace/Sources/SwiftyView.swift:92:11: error: 'UIView' is unavailable: This Objective-C class has only been forward-declared; import its owning module to use it
extension UIView {
^~~~~~
UIKit.UIView:2:14: note: 'UIView' has been explicitly marked unavailable here
public class UIView {
^
/Users/admin/builder/spi-builder-workspace/Sources/TextEditable.swift:56:31: error: 'UIView' is unavailable: This Objective-C class has only been forward-declared; import its owning module to use it
public protocol TextEditable: UIView {
^~~~~~
UIKit.UIView:2:14: note: 'UIView' has been explicitly marked unavailable here
public class UIView {
^
SwiftEmitModule normal armv7k Emitting\ module\ for\ SwiftyUI (in target 'SwiftyUI' from project 'SwiftyUI')
Failed frontend command:
/Applications/Xcode-16.3.0.app/Contents/Developer/Toolchains/XcodeDefault.xctoolchain/usr/bin/swift-frontend -frontend -emit-module -experimental-skip-non-inlinable-function-bodies-without-types /Users/admin/builder/spi-builder-workspace/Sources/ImageCacheable.swift /Users/admin/builder/spi-builder-workspace/Sources/ImageSettable.swift /Users/admin/builder/spi-builder-workspace/Sources/SwiftyAlertIcons.swift /Users/admin/builder/spi-builder-workspace/Sources/SwiftyAlertStyle.swift /Users/admin/builder/spi-builder-workspace/Sources/SwiftyAlertView.swift /Users/admin/builder/spi-builder-workspace/Sources/SwiftyButton.swift /Users/admin/builder/spi-builder-workspace/Sources/SwiftyColor.swift /Users/admin/builder/spi-builder-workspace/Sources/SwiftyGlobal.swift /Users/admin/builder/spi-builder-workspace/Sources/SwiftyImage.swift /Users/admin/builder/spi-builder-workspace/Sources/SwiftyImageView.swift /Users/admin/builder/spi-builder-workspace/Sources/SwiftyLabel.swift /Users/admin/builder/spi-builder-workspace/Sources/SwiftyPromise.swift /Users/admin/builder/spi-builder-workspace/Sources/SwiftyThreadPool.swift /Users/admin/builder/spi-builder-workspace/Sources/SwiftyTimer.swift /Users/admin/builder/spi-builder-workspace/Sources/SwiftyToast.swift /Users/admin/builder/spi-builder-workspace/Sources/SwiftyView.swift /Users/admin/builder/spi-builder-workspace/Sources/TextEditable.swift -target armv7k-apple-watchos8.0 -enable-objc-interop -stack-check -sdk /Applications/Xcode-16.3.0.app/Contents/Developer/Platforms/WatchOS.platform/Developer/SDKs/WatchOS11.4.sdk -I /Users/admin/builder/spi-builder-workspace/.derivedData/Build/Products/Debug-watchos -I /Applications/Xcode-16.3.0.app/Contents/Developer/Platforms/WatchOS.platform/Developer/usr/lib -F /Users/admin/builder/spi-builder-workspace/.derivedData/Build/Products/Debug-watchos -F /Applications/Xcode-16.3.0.app/Contents/Developer/Platforms/WatchOS.platform/Developer/Library/Frameworks -F /Applications/Xcode-16.3.0.app/Contents/Developer/Platforms/WatchOS.platform/Developer/SDKs/WatchOS11.4.sdk/Developer/Library/Frameworks -no-color-diagnostics -enable-testing -g -debug-info-format\=dwarf -dwarf-version\=4 -module-cache-path /Users/admin/builder/spi-builder-workspace/.derivedData/ModuleCache.noindex -profile-generate -profile-coverage-mapping -swift-version 6 -enforce-exclusivity\=checked -stats-output-dir /Users/admin/builder/spi-builder-workspace/.swiftpm/xcode/.stats -Onone -D SWIFT_PACKAGE -D DEBUG -serialize-debugging-options -const-gather-protocols-file /Users/admin/builder/spi-builder-workspace/.derivedData/Build/Intermediates.noindex/SwiftyUI.build/Debug-watchos/SwiftyUI.build/Objects-normal/armv7k/SwiftyUI_const_extract_protocols.json -enable-experimental-feature DebugDescriptionMacro -empty-abi-descriptor -plugin-path /Applications/Xcode-16.3.0.app/Contents/Developer/Toolchains/XcodeDefault.xctoolchain/usr/lib/swift/host/plugins/testing -validate-clang-modules-once -clang-build-session-file /Users/admin/builder/spi-builder-workspace/.derivedData/ModuleCache.noindex/Session.modulevalidation -Xcc -working-directory -Xcc /Users/admin/builder/spi-builder-workspace/.swiftpm/xcode -resource-dir /Applications/Xcode-16.3.0.app/Contents/Developer/Toolchains/XcodeDefault.xctoolchain/usr/lib/swift -enable-anonymous-context-mangled-names -file-compilation-dir /Users/admin/builder/spi-builder-workspace/.swiftpm/xcode -Xcc -ivfsstatcache -Xcc /Users/admin/builder/spi-builder-workspace/.derivedData/SDKStatCaches.noindex/watchos11.4-22T246-43efb940ff07ba2497b70ec94253f576.sdkstatcache -Xcc -I/Users/admin/builder/spi-builder-workspace/.derivedData/Build/Intermediates.noindex/SwiftyUI.build/Debug-watchos/SwiftyUI.build/swift-overrides.hmap -Xcc -I/Users/admin/builder/spi-builder-workspace/.derivedData/Build/Products/Debug-watchos/include -Xcc -I/Users/admin/builder/spi-builder-workspace/.derivedData/Build/Intermediates.noindex/SwiftyUI.build/Debug-watchos/SwiftyUI.build/DerivedSources-normal/armv7k -Xcc -I/Users/admin/builder/spi-builder-workspace/.derivedData/Build/Intermediates.noindex/SwiftyUI.build/Debug-watchos/SwiftyUI.build/DerivedSources/armv7k -Xcc -I/Users/admin/builder/spi-builder-workspace/.derivedData/Build/Intermediates.noindex/SwiftyUI.build/Debug-watchos/SwiftyUI.build/DerivedSources -Xcc -DSWIFT_PACKAGE -Xcc -DDEBUG\=1 -module-name SwiftyUI -package-name spi_builder_workspace -frontend-parseable-output -disable-clang-spi -target-sdk-version 11.4 -target-sdk-name watchos11.4 -external-plugin-path /Applications/Xcode-16.3.0.app/Contents/Developer/Platforms/WatchOS.platform/Developer/usr/lib/swift/host/plugins\#/Applications/Xcode-16.3.0.app/Contents/Developer/Platforms/WatchOS.platform/Developer/usr/bin/swift-plugin-server -external-plugin-path /Applications/Xcode-16.3.0.app/Contents/Developer/Platforms/WatchOS.platform/Developer/usr/local/lib/swift/host/plugins\#/Applications/Xcode-16.3.0.app/Contents/Developer/Platforms/WatchOS.platform/Developer/usr/bin/swift-plugin-server -in-process-plugin-server-path /Applications/Xcode-16.3.0.app/Contents/Developer/Toolchains/XcodeDefault.xctoolchain/usr/lib/swift/host/libSwiftInProcPluginServer.dylib -plugin-path /Applications/Xcode-16.3.0.app/Contents/Developer/Toolchains/XcodeDefault.xctoolchain/usr/lib/swift/host/plugins -plugin-path /Applications/Xcode-16.3.0.app/Contents/Developer/Toolchains/XcodeDefault.xctoolchain/usr/local/lib/swift/host/plugins -emit-module-doc-path /Users/admin/builder/spi-builder-workspace/.derivedData/Build/Intermediates.noindex/SwiftyUI.build/Debug-watchos/SwiftyUI.build/Objects-normal/armv7k/SwiftyUI.swiftdoc -emit-module-source-info-path /Users/admin/builder/spi-builder-workspace/.derivedData/Build/Intermediates.noindex/SwiftyUI.build/Debug-watchos/SwiftyUI.build/Objects-normal/armv7k/SwiftyUI.swiftsourceinfo -emit-objc-header-path /Users/admin/builder/spi-builder-workspace/.derivedData/Build/Intermediates.noindex/SwiftyUI.build/Debug-watchos/SwiftyUI.build/Objects-normal/armv7k/SwiftyUI-Swift.h -serialize-diagnostics-path /Users/admin/builder/spi-builder-workspace/.derivedData/Build/Intermediates.noindex/SwiftyUI.build/Debug-watchos/SwiftyUI.build/Objects-normal/armv7k/SwiftyUI-master-emit-module.dia -emit-dependencies-path /Users/admin/builder/spi-builder-workspace/.derivedData/Build/Intermediates.noindex/SwiftyUI.build/Debug-watchos/SwiftyUI.build/Objects-normal/armv7k/SwiftyUI-master-emit-module.d -o /Users/admin/builder/spi-builder-workspace/.derivedData/Build/Intermediates.noindex/SwiftyUI.build/Debug-watchos/SwiftyUI.build/Objects-normal/armv7k/SwiftyUI.swiftmodule -emit-abi-descriptor-path /Users/admin/builder/spi-builder-workspace/.derivedData/Build/Intermediates.noindex/SwiftyUI.build/Debug-watchos/SwiftyUI.build/Objects-normal/armv7k/SwiftyUI.abi.json
EmitSwiftModule normal armv7k (in target 'SwiftyUI' from project 'SwiftyUI')
cd /Users/admin/builder/spi-builder-workspace/.swiftpm/xcode
/Users/admin/builder/spi-builder-workspace/Sources/ImageSettable.swift:15:32: error: 'UIView' is unavailable: This Objective-C class has only been forward-declared; import its owning module to use it
public protocol ImageSettable: UIView {
^~~~~~
UIKit.UIView:2:14: note: 'UIView' has been explicitly marked unavailable here
public class UIView {
^
/Users/admin/builder/spi-builder-workspace/Sources/SwiftyAlertView.swift:20:63: error: cannot find type 'UIEvent' in scope
open override func point(inside point: CGPoint, with event: UIEvent?) -> Bool {
^~~~~~~
/Users/admin/builder/spi-builder-workspace/Sources/SwiftyAlertView.swift:12:31: error: cannot find type 'UIButton' in scope
open class SwiftyAlertButton: UIButton {
^~~~~~~~
/Users/admin/builder/spi-builder-workspace/Sources/SwiftyAlertView.swift:27:35: error: cannot find type 'UITextField' in scope
final class SwiftyAlertTextField: UITextField {
^~~~~~~~~~~
/Users/admin/builder/spi-builder-workspace/Sources/SwiftyAlertView.swift:28:58: error: cannot find type 'UIEvent' in scope
override func point(inside point: CGPoint, with event: UIEvent?) -> Bool {
^~~~~~~
/Users/admin/builder/spi-builder-workspace/Sources/SwiftyAlertView.swift:33:11: error: 'UIView' is unavailable: This Objective-C class has only been forward-declared; import its owning module to use it
extension UIView {
^~~~~~
UIKit.UIView:2:14: note: 'UIView' has been explicitly marked unavailable here
public class UIView {
^
/Users/admin/builder/spi-builder-workspace/Sources/SwiftyAlertView.swift:92:18: error: 'UIView' cannot be constructed because it has no accessible initializers
var baseView = UIView()
^~~~~~
/Users/admin/builder/spi-builder-workspace/Sources/SwiftyAlertView.swift:93:20: error: cannot find 'UILabel' in scope
var labelTitle = UILabel()
^~~~~~~
/Users/admin/builder/spi-builder-workspace/Sources/SwiftyAlertView.swift:94:18: error: cannot find 'UITextView' in scope
var viewText = UITextView()
^~~~~~~~~~
/Users/admin/builder/spi-builder-workspace/Sources/SwiftyAlertView.swift:95:21: error: 'UIView' cannot be constructed because it has no accessible initializers
var contentView = UIView()
^~~~~~
/Users/admin/builder/spi-builder-workspace/Sources/SwiftyAlertView.swift:96:18: error: 'UIView' cannot be constructed because it has no accessible initializers
var circleBG = UIView(
^~~~~~
/Users/admin/builder/spi-builder-workspace/Sources/SwiftyAlertView.swift:98:20: error: 'UIView' cannot be constructed because it has no accessible initializers
var circleView = UIView()
^~~~~~
/Users/admin/builder/spi-builder-workspace/Sources/SwiftyAlertView.swift:99:23: error: 'UIView' is unavailable: This Objective-C class has only been forward-declared; import its owning module to use it
var circleIconView: UIView?
^~~~~~
UIKit.UIView:2:14: note: 'UIView' has been explicitly marked unavailable here
public class UIView {
^
/Users/admin/builder/spi-builder-workspace/Sources/SwiftyAlertView.swift:101:29: error: cannot find 'UITextField' in scope
fileprivate var inputs = [UITextField]()
^~~~~~~~~~~
/Users/admin/builder/spi-builder-workspace/Sources/SwiftyAlertView.swift:101:28: error: cannot call value of non-function type '[Any]'
fileprivate var inputs = [UITextField]()
^ ~~
/Users/admin/builder/spi-builder-workspace/Sources/SwiftyAlertView.swift:102:28: error: cannot find 'UITextView' in scope
fileprivate var input = [UITextView]()
^~~~~~~~~~
/Users/admin/builder/spi-builder-workspace/Sources/SwiftyAlertView.swift:102:27: error: cannot call value of non-function type '[Any]'
fileprivate var input = [UITextView]()
^ ~~
/Users/admin/builder/spi-builder-workspace/Sources/SwiftyAlertView.swift:197:24: error: method does not override any method from its superclass
override public func viewWillLayoutSubviews() {
~~~~~~~~ ^
/Users/admin/builder/spi-builder-workspace/Sources/SwiftyAlertView.swift:464:52: error: cannot find type 'UITouch' in scope
override public func touchesEnded(_ touches: Set<UITouch>, with event: UIEvent?) {
^~~~~~~
/Users/admin/builder/spi-builder-workspace/Sources/SwiftyAlertView.swift:464:74: error: cannot find type 'UIEvent' in scope
override public func touchesEnded(_ touches: Set<UITouch>, with event: UIEvent?) {
^~~~~~~
/Users/admin/builder/spi-builder-workspace/Sources/SwiftyAlertView.swift:471:55: error: cannot find type 'UITextField' in scope
public func addTextField(_ title: String? = nil) -> UITextField {
^~~~~~~~~~~
/Users/admin/builder/spi-builder-workspace/Sources/SwiftyAlertView.swift:486:32: error: cannot find type 'UITextView' in scope
public func addTextView() -> UITextView {
^~~~~~~~~~
/Users/admin/builder/spi-builder-workspace/Sources/SwiftyAlertView.swift:521:8: error: method cannot be marked @objc because the type of the parameter cannot be represented in Objective-C
func buttonTapped(_ btn: SwiftyAlertButton) {
^
/Users/admin/builder/spi-builder-workspace/Sources/SwiftyAlertView.swift:521:28: note: classes not annotated with @objc cannot be represented in Objective-C
func buttonTapped(_ btn: SwiftyAlertButton) {
^~~~~~~~~~~~~~~~~
/Users/admin/builder/spi-builder-workspace/Sources/SwiftyAlertView.swift:527:8: error: method cannot be marked @objc because the type of the parameter cannot be represented in Objective-C
func buttonTapDown(_ btn: SwiftyAlertButton) {
^
/Users/admin/builder/spi-builder-workspace/Sources/SwiftyAlertView.swift:527:29: note: classes not annotated with @objc cannot be represented in Objective-C
func buttonTapDown(_ btn: SwiftyAlertButton) {
^~~~~~~~~~~~~~~~~
/Users/admin/builder/spi-builder-workspace/Sources/SwiftyAlertView.swift:541:8: error: method cannot be marked @objc because the type of the parameter cannot be represented in Objective-C
func buttonRelease(_ btn: SwiftyAlertButton) {
^
/Users/admin/builder/spi-builder-workspace/Sources/SwiftyAlertView.swift:541:29: note: classes not annotated with @objc cannot be represented in Objective-C
func buttonRelease(_ btn: SwiftyAlertButton) {
^~~~~~~~~~~~~~~~~
/Users/admin/builder/spi-builder-workspace/Sources/SwiftyAlertView.swift:546:42: error: cannot find type 'UITapGestureRecognizer' in scope
@objc func tapped(_ gestureRecognizer: UITapGestureRecognizer) {
^~~~~~~~~~~~~~~~~~~~~~
/Users/admin/builder/spi-builder-workspace/Sources/SwiftyAlertView.swift:81:37: error: cannot find type 'UIViewController' in scope
public final class SwiftyAlertView: UIViewController {
^~~~~~~~~~~~~~~~
/Users/admin/builder/spi-builder-workspace/Sources/SwiftyButton.swift:15:22: error: cannot convert value of type 'SwiftyButton' to expected argument type 'UIView'
titleLabel.addTo(self)
^
/Users/admin/builder/spi-builder-workspace/Sources/SwiftyButton.swift:61:23: error: property does not override any property from its superclass
public override var accessibilityLabel: String? {
~~~~~~~~ ^
/Users/admin/builder/spi-builder-workspace/Sources/SwiftyButton.swift:82:8: error: method cannot be marked @objc because the type of the parameter cannot be represented in Objective-C
func btnTapped(_ sender: SwiftyButton) {
^
/Users/admin/builder/spi-builder-workspace/Sources/SwiftyButton.swift:82:28: note: classes not annotated with @objc cannot be represented in Objective-C
func btnTapped(_ sender: SwiftyButton) {
^~~~~~~~~~~~
/Users/admin/builder/spi-builder-workspace/Sources/SwiftyButton.swift:12:28: error: cannot find type 'UIControl' in scope
public class SwiftyButton: UIControl, ImageSettable {
^~~~~~~~~
/Users/admin/builder/spi-builder-workspace/Sources/SwiftyButton.swift:12:14: error: type 'SwiftyButton' does not conform to protocol 'ImageSettable'
public class SwiftyButton: UIControl, ImageSettable {
^
/Users/admin/builder/spi-builder-workspace/Sources/SwiftyButton.swift:12:14: error: 'ImageSettable' requires that 'SwiftyButton' inherit from 'UIView'
public class SwiftyButton: UIControl, ImageSettable {
^
/Users/admin/builder/spi-builder-workspace/Sources/SwiftyButton.swift:12:14: note: requirement specified as 'Self' : 'UIView' [with Self = SwiftyButton]
public class SwiftyButton: UIControl, ImageSettable {
^
/Users/admin/builder/spi-builder-workspace/Sources/SwiftyGlobal.swift:21:32: error: cannot find type 'UIWindow' in scope
public static var keyWindow: UIWindow? {
^~~~~~~~
/Users/admin/builder/spi-builder-workspace/Sources/SwiftyImageView.swift:12:14: error: cannot inherit from non-open class 'UIView' outside of its defining module
public class SwiftyImageView: UIView, ImageSettable {
^
/Users/admin/builder/spi-builder-workspace/Sources/SwiftyImageView.swift:12:31: error: 'UIView' is unavailable: This Objective-C class has only been forward-declared; import its owning module to use it
public class SwiftyImageView: UIView, ImageSettable {
^~~~~~
UIKit.UIView:2:14: note: 'UIView' has been explicitly marked unavailable here
public class UIView {
^
/Users/admin/builder/spi-builder-workspace/Sources/SwiftyImageView.swift:51:32: error: 'AnimationOptions' is not a member type of class 'UIKit.UIView'
animationOptions: UIView.AnimationOptions,
~~~~~~ ^
/Applications/Xcode-16.3.0.app/Contents/Developer/Platforms/WatchOS.platform/Developer/SDKs/WatchOS11.4.sdk/System/Library/Frameworks/UIKit.framework/Headers/NSTextAttachment.h:23:1: note: class 'UIView' will be imported as an opaque placeholder class and may be missing members; import the definition to access the complete interface
@class UIView;
^
/Applications/Xcode-16.3.0.app/Contents/Developer/Platforms/WatchOS.platform/Developer/SDKs/WatchOS11.4.sdk/System/Library/Frameworks/UIKit.framework/Headers/NSTextAttachment.h:23:1: note: interface 'UIView' forward declared here
@class UIView;
^
UIKit.UIView:2:14: note: 'UIView' declared here
public class UIView {
^
/Users/admin/builder/spi-builder-workspace/Sources/SwiftyImageView.swift:81:41: error: 'AnimationOptions' is not a member type of class 'UIKit.UIView'
public var animationOptions: UIView.AnimationOptions {
~~~~~~ ^
/Applications/Xcode-16.3.0.app/Contents/Developer/Platforms/WatchOS.platform/Developer/SDKs/WatchOS11.4.sdk/System/Library/Frameworks/UIKit.framework/Headers/NSTextAttachment.h:23:1: note: class 'UIView' will be imported as an opaque placeholder class and may be missing members; import the definition to access the complete interface
@class UIView;
^
/Applications/Xcode-16.3.0.app/Contents/Developer/Platforms/WatchOS.platform/Developer/SDKs/WatchOS11.4.sdk/System/Library/Frameworks/UIKit.framework/Headers/NSTextAttachment.h:23:1: note: interface 'UIView' forward declared here
@class UIView;
^
UIKit.UIView:2:14: note: 'UIView' declared here
public class UIView {
^
/Users/admin/builder/spi-builder-workspace/Sources/SwiftyLabel.swift:21:27: error: 'NSTextContainer' cannot be constructed because it has no accessible initializers
private let container = NSTextContainer()
^~~~~~~~~~~~~~~
/Users/admin/builder/spi-builder-workspace/Sources/SwiftyLabel.swift:22:31: error: 'NSLayoutManager' cannot be constructed because it has no accessible initializers
private let layoutManager = NSLayoutManager()
^~~~~~~~~~~~~~~
/Users/admin/builder/spi-builder-workspace/Sources/SwiftyLabel.swift:39:14: error: cannot find 'setNeedsDisplay' in scope
didSet { setNeedsDisplay() }
^~~~~~~~~~~~~~~
/Users/admin/builder/spi-builder-workspace/Sources/SwiftyLabel.swift:42:56: error: type 'UIFont' has no member 'systemFontSize'
public var font: UIFont = .systemFont(ofSize: UIFont.systemFontSize) {
~~~~~~ ^~~~~~~~~~~~~~
/Users/admin/builder/spi-builder-workspace/Sources/SwiftyLabel.swift:49:14: error: cannot find 'setNeedsDisplay' in scope
didSet { setNeedsDisplay() }
^~~~~~~~~~~~~~~
/Users/admin/builder/spi-builder-workspace/Sources/SwiftyLabel.swift:57:14: error: cannot find 'setNeedsDisplay' in scope
didSet { setNeedsDisplay() }
^~~~~~~~~~~~~~~
/Users/admin/builder/spi-builder-workspace/Sources/SwiftyLabel.swift:101:23: error: property does not override any property from its superclass
public override var accessibilityLabel: String? {
~~~~~~~~ ^
/Users/admin/builder/spi-builder-workspace/Sources/SwiftyLabel.swift:113:23: error: property does not override any property from its superclass
public override var backgroundColor: UIColor? {
~~~~~~~~ ^
/Users/admin/builder/spi-builder-workspace/Sources/SwiftyLabel.swift:117:23: error: property does not override any property from its superclass
public override var alpha: CGFloat {
~~~~~~~~ ^
/Users/admin/builder/spi-builder-workspace/Sources/SwiftyLabel.swift:180:22: error: method does not override any method from its superclass
open override func draw(_ rect: CGRect) {
~~~~~~~~ ^
/Users/admin/builder/spi-builder-workspace/Sources/SwiftyLabel.swift:200:21: error: property does not override any property from its superclass
open override var intrinsicContentSize: CGSize {
~~~~~~~~ ^
/Users/admin/builder/spi-builder-workspace/Sources/SwiftyLabel.swift:210:22: error: method does not override any method from its superclass
open override func sizeThatFits(_ size: CGSize) -> CGSize {
~~~~~~~~ ^
/Users/admin/builder/spi-builder-workspace/Sources/SwiftyLabel.swift:220:22: error: method does not override any method from its superclass
open override func sizeToFit() {
~~~~~~~~ ^
/Users/admin/builder/spi-builder-workspace/Sources/SwiftyLabel.swift:17:14: error: cannot inherit from non-open class 'UIView' outside of its defining module
public class SwiftyLabel: UIView, TextEditable {
^
/Users/admin/builder/spi-builder-workspace/Sources/SwiftyLabel.swift:17:27: error: 'UIView' is unavailable: This Objective-C class has only been forward-declared; import its owning module to use it
public class SwiftyLabel: UIView, TextEditable {
^~~~~~
UIKit.UIView:2:14: note: 'UIView' has been explicitly marked unavailable here
public class UIView {
^
/Users/admin/builder/spi-builder-workspace/Sources/SwiftyToast.swift:35:16: error: value of type 'SwiftyLabel' has no member 'layer'
toastLabel.layer.cornerRadius = 5
~~~~~~~~~~ ^~~~~
/Users/admin/builder/spi-builder-workspace/Sources/SwiftyToast.swift:83:38: error: cannot find type 'UIWindow' in scope
private func layoutView(in window: UIWindow) {
^~~~~~~~
/Users/admin/builder/spi-builder-workspace/Sources/SwiftyView.swift:26:23: error: property does not override any property from its superclass
public override var backgroundColor: UIColor? {
~~~~~~~~ ^
/Users/admin/builder/spi-builder-workspace/Sources/SwiftyView.swift:30:23: error: property does not override any property from its superclass
public override var alpha: CGFloat {
~~~~~~~~ ^
/Users/admin/builder/spi-builder-workspace/Sources/SwiftyView.swift:13:14: error: cannot inherit from non-open class 'UIView' outside of its defining module
public class SwiftyView: UIView {
^
/Users/admin/builder/spi-builder-workspace/Sources/SwiftyView.swift:13:26: error: 'UIView' is unavailable: This Objective-C class has only been forward-declared; import its owning module to use it
public class SwiftyView: UIView {
^~~~~~
UIKit.UIView:2:14: note: 'UIView' has been explicitly marked unavailable here
public class UIView {
^
/Users/admin/builder/spi-builder-workspace/Sources/SwiftyView.swift:41:35: error: 'UIView' is unavailable: This Objective-C class has only been forward-declared; import its owning module to use it
public final func addTo(_ view: UIView) -> Self {
^~~~~~
UIKit.UIView:2:14: note: 'UIView' has been explicitly marked unavailable here
public class UIView {
^
/Users/admin/builder/spi-builder-workspace/Sources/SwiftyView.swift:35:11: error: 'UIView' is unavailable: This Objective-C class has only been forward-declared; import its owning module to use it
extension UIView {
^~~~~~
UIKit.UIView:2:14: note: 'UIView' has been explicitly marked unavailable here
public class UIView {
^
/Users/admin/builder/spi-builder-workspace/Sources/SwiftyView.swift:92:11: error: 'UIView' is unavailable: This Objective-C class has only been forward-declared; import its owning module to use it
extension UIView {
^~~~~~
UIKit.UIView:2:14: note: 'UIView' has been explicitly marked unavailable here
public class UIView {
^
/Users/admin/builder/spi-builder-workspace/Sources/TextEditable.swift:56:31: error: 'UIView' is unavailable: This Objective-C class has only been forward-declared; import its owning module to use it
public protocol TextEditable: UIView {
^~~~~~
UIKit.UIView:2:14: note: 'UIView' has been explicitly marked unavailable here
public class UIView {
^
SwiftCompile normal armv7k Compiling\ SwiftyAlertIcons.swift,\ SwiftyAlertStyle.swift /Users/admin/builder/spi-builder-workspace/Sources/SwiftyAlertIcons.swift /Users/admin/builder/spi-builder-workspace/Sources/SwiftyAlertStyle.swift (in target 'SwiftyUI' from project 'SwiftyUI')
SwiftCompile normal armv7k /Users/admin/builder/spi-builder-workspace/Sources/SwiftyAlertIcons.swift (in target 'SwiftyUI' from project 'SwiftyUI')
cd /Users/admin/builder/spi-builder-workspace/.swiftpm/xcode
SwiftCompile normal armv7k /Users/admin/builder/spi-builder-workspace/Sources/SwiftyAlertStyle.swift (in target 'SwiftyUI' from project 'SwiftyUI')
cd /Users/admin/builder/spi-builder-workspace/.swiftpm/xcode
SwiftEmitModule normal arm64_32 Emitting\ module\ for\ SwiftyUI (in target 'SwiftyUI' from project 'SwiftyUI')
Command SwiftEmitModule failed with a nonzero exit code
** BUILD FAILED **
The following build commands failed:
SwiftEmitModule normal arm64 Emitting\ module\ for\ SwiftyUI (in target 'SwiftyUI' from project 'SwiftyUI')
EmitSwiftModule normal arm64 (in target 'SwiftyUI' from project 'SwiftyUI')
SwiftEmitModule normal armv7k Emitting\ module\ for\ SwiftyUI (in target 'SwiftyUI' from project 'SwiftyUI')
EmitSwiftModule normal armv7k (in target 'SwiftyUI' from project 'SwiftyUI')
SwiftEmitModule normal arm64_32 Emitting\ module\ for\ SwiftyUI (in target 'SwiftyUI' from project 'SwiftyUI')
Building workspace spi-builder-workspace with scheme SwiftyUI
(6 failures)
Command line invocation:
/Applications/Xcode-16.3.0.app/Contents/Developer/usr/bin/xcodebuild -IDEClonedSourcePackagesDirPathOverride=/Users/admin/builder/spi-builder-workspace/.dependencies -resolvePackageDependencies
Resolve Package Graph
Resolved source packages:
SwiftyUI: /Users/admin/builder/spi-builder-workspace
resolved source packages: SwiftyUI
{
"dependencies" : [
],
"manifest_display_name" : "SwiftyUI",
"name" : "SwiftyUI",
"path" : "/Users/admin/builder/spi-builder-workspace",
"platforms" : [
{
"name" : "ios",
"version" : "15.0"
}
],
"products" : [
{
"name" : "SwiftyUI",
"targets" : [
"SwiftyUI"
],
"type" : {
"library" : [
"automatic"
]
}
}
],
"targets" : [
{
"c99name" : "SwiftyUITests",
"module_type" : "SwiftTarget",
"name" : "SwiftyUITests",
"path" : "Tests/SwiftyUITests",
"sources" : [
"ImageCachePoolTests.swift",
"SmokeTests.swift",
"SwiftyAlertViewTests.swift",
"SwiftyButtonTests.swift",
"SwiftyColorTests.swift",
"SwiftyGlobalTests.swift",
"SwiftyImageTests.swift",
"SwiftyImageViewTests.swift",
"SwiftyLabelTests.swift",
"SwiftyPromiseTests.swift",
"SwiftyThreadPoolTests.swift",
"SwiftyTimerTests.swift",
"SwiftyToastTests.swift",
"SwiftyViewTests.swift",
"TestSupport.swift"
],
"target_dependencies" : [
"SwiftyUI"
],
"type" : "test"
},
{
"c99name" : "SwiftyUI",
"module_type" : "SwiftTarget",
"name" : "SwiftyUI",
"path" : "Sources",
"product_memberships" : [
"SwiftyUI"
],
"sources" : [
"ImageCacheable.swift",
"ImageSettable.swift",
"SwiftyAlertIcons.swift",
"SwiftyAlertStyle.swift",
"SwiftyAlertView.swift",
"SwiftyButton.swift",
"SwiftyColor.swift",
"SwiftyGlobal.swift",
"SwiftyImage.swift",
"SwiftyImageView.swift",
"SwiftyLabel.swift",
"SwiftyPromise.swift",
"SwiftyThreadPool.swift",
"SwiftyTimer.swift",
"SwiftyToast.swift",
"SwiftyView.swift",
"TextEditable.swift"
],
"type" : "library"
}
],
"tools_version" : "6.0"
}
{
"workspace" : {
"name" : "spi-builder-workspace",
"schemes" : [
"SwiftyUI"
]
}
}
Running build ...
env DEVELOPER_DIR=/Applications/Xcode-16.3.0.app xcrun xcodebuild -IDEClonedSourcePackagesDirPathOverride=$PWD/.dependencies -skipMacroValidation -skipPackagePluginValidation -derivedDataPath $PWD/.derivedData build -scheme SwiftyUI -destination generic/platform=watchOS
Command line invocation:
/Applications/Xcode-16.3.0.app/Contents/Developer/usr/bin/xcodebuild -IDEClonedSourcePackagesDirPathOverride=/Users/admin/builder/spi-builder-workspace/.dependencies -skipMacroValidation -skipPackagePluginValidation -derivedDataPath /Users/admin/builder/spi-builder-workspace/.derivedData build -scheme SwiftyUI -destination generic/platform=watchOS
Resolve Package Graph
Resolved source packages:
SwiftyUI: /Users/admin/builder/spi-builder-workspace
ComputePackagePrebuildTargetDependencyGraph
Prepare packages
CreateBuildRequest
SendProjectDescription
CreateBuildOperation
ComputeTargetDependencyGraph
note: Building targets in dependency order
note: Target dependency graph (2 targets)
Target 'SwiftyUI' in project 'SwiftyUI'
➜ Explicit dependency on target 'SwiftyUI' in project 'SwiftyUI'
Target 'SwiftyUI' in project 'SwiftyUI' (no dependencies)
GatherProvisioningInputs
CreateBuildDescription
ExecuteExternalTool /Applications/Xcode-16.3.0.app/Contents/Developer/Toolchains/XcodeDefault.xctoolchain/usr/bin/clang -v -E -dM -isysroot /Applications/Xcode-16.3.0.app/Contents/Developer/Platforms/WatchOS.platform/Developer/SDKs/WatchOS11.4.sdk -x c -c /dev/null
ExecuteExternalTool /Applications/Xcode-16.3.0.app/Contents/Developer/Toolchains/XcodeDefault.xctoolchain/usr/bin/swiftc --version
ExecuteExternalTool /Applications/Xcode-16.3.0.app/Contents/Developer/Toolchains/XcodeDefault.xctoolchain/usr/bin/ld -version_details
Build description signature: b85f71f5dd84758e5252ca6ee3717280
Build description path: /Users/admin/builder/spi-builder-workspace/.derivedData/Build/Intermediates.noindex/XCBuildData/b85f71f5dd84758e5252ca6ee3717280.xcbuilddata
ClangStatCache /Applications/Xcode-16.3.0.app/Contents/Developer/Toolchains/XcodeDefault.xctoolchain/usr/bin/clang-stat-cache /Applications/Xcode-16.3.0.app/Contents/Developer/Platforms/WatchOS.platform/Developer/SDKs/WatchOS11.4.sdk /Users/admin/builder/spi-builder-workspace/.derivedData/SDKStatCaches.noindex/watchos11.4-22T246-43efb940ff07ba2497b70ec94253f576.sdkstatcache
cd /Users/admin/builder/spi-builder-workspace/.swiftpm/xcode
/Applications/Xcode-16.3.0.app/Contents/Developer/Toolchains/XcodeDefault.xctoolchain/usr/bin/clang-stat-cache /Applications/Xcode-16.3.0.app/Contents/Developer/Platforms/WatchOS.platform/Developer/SDKs/WatchOS11.4.sdk -o /Users/admin/builder/spi-builder-workspace/.derivedData/SDKStatCaches.noindex/watchos11.4-22T246-43efb940ff07ba2497b70ec94253f576.sdkstatcache
SwiftDriver SwiftyUI normal arm64_32 com.apple.xcode.tools.swift.compiler (in target 'SwiftyUI' from project 'SwiftyUI')
cd /Users/admin/builder/spi-builder-workspace/.swiftpm/xcode
builtin-SwiftDriver -- /Applications/Xcode-16.3.0.app/Contents/Developer/Toolchains/XcodeDefault.xctoolchain/usr/bin/swiftc -module-name SwiftyUI -Onone -enforce-exclusivity\=checked @/Users/admin/builder/spi-builder-workspace/.derivedData/Build/Intermediates.noindex/SwiftyUI.build/Debug-watchos/SwiftyUI.build/Objects-normal/arm64_32/SwiftyUI.SwiftFileList -DSWIFT_PACKAGE -DDEBUG -DXcode -plugin-path /Applications/Xcode-16.3.0.app/Contents/Developer/Toolchains/XcodeDefault.xctoolchain/usr/lib/swift/host/plugins/testing -enable-experimental-feature DebugDescriptionMacro -sdk /Applications/Xcode-16.3.0.app/Contents/Developer/Platforms/WatchOS.platform/Developer/SDKs/WatchOS11.4.sdk -target arm64_32-apple-watchos8.0 -g -module-cache-path /Users/admin/builder/spi-builder-workspace/.derivedData/ModuleCache.noindex -Xfrontend -serialize-debugging-options -profile-coverage-mapping -profile-generate -enable-testing -index-store-path /Users/admin/builder/spi-builder-workspace/.derivedData/Index.noindex/DataStore -swift-version 6 -I /Users/admin/builder/spi-builder-workspace/.derivedData/Build/Products/Debug-watchos -I /Applications/Xcode-16.3.0.app/Contents/Developer/Platforms/WatchOS.platform/Developer/usr/lib -F /Users/admin/builder/spi-builder-workspace/.derivedData/Build/Products/Debug-watchos -F /Applications/Xcode-16.3.0.app/Contents/Developer/Platforms/WatchOS.platform/Developer/Library/Frameworks -F /Applications/Xcode-16.3.0.app/Contents/Developer/Platforms/WatchOS.platform/Developer/SDKs/WatchOS11.4.sdk/Developer/Library/Frameworks -c -j10 -enable-batch-mode -incremental -Xcc -ivfsstatcache -Xcc /Users/admin/builder/spi-builder-workspace/.derivedData/SDKStatCaches.noindex/watchos11.4-22T246-43efb940ff07ba2497b70ec94253f576.sdkstatcache -output-file-map /Users/admin/builder/spi-builder-workspace/.derivedData/Build/Intermediates.noindex/SwiftyUI.build/Debug-watchos/SwiftyUI.build/Objects-normal/arm64_32/SwiftyUI-OutputFileMap.json -use-frontend-parseable-output -save-temps -no-color-diagnostics -serialize-diagnostics -emit-dependencies -emit-module -emit-module-path /Users/admin/builder/spi-builder-workspace/.derivedData/Build/Intermediates.noindex/SwiftyUI.build/Debug-watchos/SwiftyUI.build/Objects-normal/arm64_32/SwiftyUI.swiftmodule -validate-clang-modules-once -clang-build-session-file /Users/admin/builder/spi-builder-workspace/.derivedData/ModuleCache.noindex/Session.modulevalidation -package-name spi_builder_workspace -Xcc -I/Users/admin/builder/spi-builder-workspace/.derivedData/Build/Intermediates.noindex/SwiftyUI.build/Debug-watchos/SwiftyUI.build/swift-overrides.hmap -emit-const-values -Xfrontend -const-gather-protocols-file -Xfrontend /Users/admin/builder/spi-builder-workspace/.derivedData/Build/Intermediates.noindex/SwiftyUI.build/Debug-watchos/SwiftyUI.build/Objects-normal/arm64_32/SwiftyUI_const_extract_protocols.json -Xcc -I/Users/admin/builder/spi-builder-workspace/.derivedData/Build/Products/Debug-watchos/include -Xcc -I/Users/admin/builder/spi-builder-workspace/.derivedData/Build/Intermediates.noindex/SwiftyUI.build/Debug-watchos/SwiftyUI.build/DerivedSources-normal/arm64_32 -Xcc -I/Users/admin/builder/spi-builder-workspace/.derivedData/Build/Intermediates.noindex/SwiftyUI.build/Debug-watchos/SwiftyUI.build/DerivedSources/arm64_32 -Xcc -I/Users/admin/builder/spi-builder-workspace/.derivedData/Build/Intermediates.noindex/SwiftyUI.build/Debug-watchos/SwiftyUI.build/DerivedSources -Xcc -DSWIFT_PACKAGE -Xcc -DDEBUG\=1 -emit-objc-header -emit-objc-header-path /Users/admin/builder/spi-builder-workspace/.derivedData/Build/Intermediates.noindex/SwiftyUI.build/Debug-watchos/SwiftyUI.build/Objects-normal/arm64_32/SwiftyUI-Swift.h -working-directory /Users/admin/builder/spi-builder-workspace/.swiftpm/xcode -experimental-emit-module-separately -disable-cmo
SwiftDriver SwiftyUI normal arm64 com.apple.xcode.tools.swift.compiler (in target 'SwiftyUI' from project 'SwiftyUI')
cd /Users/admin/builder/spi-builder-workspace/.swiftpm/xcode
builtin-SwiftDriver -- /Applications/Xcode-16.3.0.app/Contents/Developer/Toolchains/XcodeDefault.xctoolchain/usr/bin/swiftc -module-name SwiftyUI -Onone -enforce-exclusivity\=checked @/Users/admin/builder/spi-builder-workspace/.derivedData/Build/Intermediates.noindex/SwiftyUI.build/Debug-watchos/SwiftyUI.build/Objects-normal/arm64/SwiftyUI.SwiftFileList -DSWIFT_PACKAGE -DDEBUG -DXcode -plugin-path /Applications/Xcode-16.3.0.app/Contents/Developer/Toolchains/XcodeDefault.xctoolchain/usr/lib/swift/host/plugins/testing -enable-experimental-feature DebugDescriptionMacro -sdk /Applications/Xcode-16.3.0.app/Contents/Developer/Platforms/WatchOS.platform/Developer/SDKs/WatchOS11.4.sdk -target arm64-apple-watchos8.0 -g -module-cache-path /Users/admin/builder/spi-builder-workspace/.derivedData/ModuleCache.noindex -Xfrontend -serialize-debugging-options -profile-coverage-mapping -profile-generate -enable-testing -index-store-path /Users/admin/builder/spi-builder-workspace/.derivedData/Index.noindex/DataStore -swift-version 6 -I /Users/admin/builder/spi-builder-workspace/.derivedData/Build/Products/Debug-watchos -I /Applications/Xcode-16.3.0.app/Contents/Developer/Platforms/WatchOS.platform/Developer/usr/lib -F /Users/admin/builder/spi-builder-workspace/.derivedData/Build/Products/Debug-watchos -F /Applications/Xcode-16.3.0.app/Contents/Developer/Platforms/WatchOS.platform/Developer/Library/Frameworks -F /Applications/Xcode-16.3.0.app/Contents/Developer/Platforms/WatchOS.platform/Developer/SDKs/WatchOS11.4.sdk/Developer/Library/Frameworks -c -j10 -enable-batch-mode -incremental -Xcc -ivfsstatcache -Xcc /Users/admin/builder/spi-builder-workspace/.derivedData/SDKStatCaches.noindex/watchos11.4-22T246-43efb940ff07ba2497b70ec94253f576.sdkstatcache -output-file-map /Users/admin/builder/spi-builder-workspace/.derivedData/Build/Intermediates.noindex/SwiftyUI.build/Debug-watchos/SwiftyUI.build/Objects-normal/arm64/SwiftyUI-OutputFileMap.json -use-frontend-parseable-output -save-temps -no-color-diagnostics -serialize-diagnostics -emit-dependencies -emit-module -emit-module-path /Users/admin/builder/spi-builder-workspace/.derivedData/Build/Intermediates.noindex/SwiftyUI.build/Debug-watchos/SwiftyUI.build/Objects-normal/arm64/SwiftyUI.swiftmodule -validate-clang-modules-once -clang-build-session-file /Users/admin/builder/spi-builder-workspace/.derivedData/ModuleCache.noindex/Session.modulevalidation -package-name spi_builder_workspace -Xcc -I/Users/admin/builder/spi-builder-workspace/.derivedData/Build/Intermediates.noindex/SwiftyUI.build/Debug-watchos/SwiftyUI.build/swift-overrides.hmap -emit-const-values -Xfrontend -const-gather-protocols-file -Xfrontend /Users/admin/builder/spi-builder-workspace/.derivedData/Build/Intermediates.noindex/SwiftyUI.build/Debug-watchos/SwiftyUI.build/Objects-normal/arm64/SwiftyUI_const_extract_protocols.json -Xcc -I/Users/admin/builder/spi-builder-workspace/.derivedData/Build/Products/Debug-watchos/include -Xcc -I/Users/admin/builder/spi-builder-workspace/.derivedData/Build/Intermediates.noindex/SwiftyUI.build/Debug-watchos/SwiftyUI.build/DerivedSources-normal/arm64 -Xcc -I/Users/admin/builder/spi-builder-workspace/.derivedData/Build/Intermediates.noindex/SwiftyUI.build/Debug-watchos/SwiftyUI.build/DerivedSources/arm64 -Xcc -I/Users/admin/builder/spi-builder-workspace/.derivedData/Build/Intermediates.noindex/SwiftyUI.build/Debug-watchos/SwiftyUI.build/DerivedSources -Xcc -DSWIFT_PACKAGE -Xcc -DDEBUG\=1 -emit-objc-header -emit-objc-header-path /Users/admin/builder/spi-builder-workspace/.derivedData/Build/Intermediates.noindex/SwiftyUI.build/Debug-watchos/SwiftyUI.build/Objects-normal/arm64/SwiftyUI-Swift.h -working-directory /Users/admin/builder/spi-builder-workspace/.swiftpm/xcode -experimental-emit-module-separately -disable-cmo
SwiftDriver SwiftyUI normal armv7k com.apple.xcode.tools.swift.compiler (in target 'SwiftyUI' from project 'SwiftyUI')
cd /Users/admin/builder/spi-builder-workspace/.swiftpm/xcode
builtin-SwiftDriver -- /Applications/Xcode-16.3.0.app/Contents/Developer/Toolchains/XcodeDefault.xctoolchain/usr/bin/swiftc -module-name SwiftyUI -Onone -enforce-exclusivity\=checked @/Users/admin/builder/spi-builder-workspace/.derivedData/Build/Intermediates.noindex/SwiftyUI.build/Debug-watchos/SwiftyUI.build/Objects-normal/armv7k/SwiftyUI.SwiftFileList -DSWIFT_PACKAGE -DDEBUG -DXcode -plugin-path /Applications/Xcode-16.3.0.app/Contents/Developer/Toolchains/XcodeDefault.xctoolchain/usr/lib/swift/host/plugins/testing -enable-experimental-feature DebugDescriptionMacro -sdk /Applications/Xcode-16.3.0.app/Contents/Developer/Platforms/WatchOS.platform/Developer/SDKs/WatchOS11.4.sdk -target armv7k-apple-watchos8.0 -g -module-cache-path /Users/admin/builder/spi-builder-workspace/.derivedData/ModuleCache.noindex -Xfrontend -serialize-debugging-options -profile-coverage-mapping -profile-generate -enable-testing -index-store-path /Users/admin/builder/spi-builder-workspace/.derivedData/Index.noindex/DataStore -swift-version 6 -I /Users/admin/builder/spi-builder-workspace/.derivedData/Build/Products/Debug-watchos -I /Applications/Xcode-16.3.0.app/Contents/Developer/Platforms/WatchOS.platform/Developer/usr/lib -F /Users/admin/builder/spi-builder-workspace/.derivedData/Build/Products/Debug-watchos -F /Applications/Xcode-16.3.0.app/Contents/Developer/Platforms/WatchOS.platform/Developer/Library/Frameworks -F /Applications/Xcode-16.3.0.app/Contents/Developer/Platforms/WatchOS.platform/Developer/SDKs/WatchOS11.4.sdk/Developer/Library/Frameworks -c -j10 -enable-batch-mode -incremental -Xcc -ivfsstatcache -Xcc /Users/admin/builder/spi-builder-workspace/.derivedData/SDKStatCaches.noindex/watchos11.4-22T246-43efb940ff07ba2497b70ec94253f576.sdkstatcache -output-file-map /Users/admin/builder/spi-builder-workspace/.derivedData/Build/Intermediates.noindex/SwiftyUI.build/Debug-watchos/SwiftyUI.build/Objects-normal/armv7k/SwiftyUI-OutputFileMap.json -use-frontend-parseable-output -save-temps -no-color-diagnostics -serialize-diagnostics -emit-dependencies -emit-module -emit-module-path /Users/admin/builder/spi-builder-workspace/.derivedData/Build/Intermediates.noindex/SwiftyUI.build/Debug-watchos/SwiftyUI.build/Objects-normal/armv7k/SwiftyUI.swiftmodule -validate-clang-modules-once -clang-build-session-file /Users/admin/builder/spi-builder-workspace/.derivedData/ModuleCache.noindex/Session.modulevalidation -package-name spi_builder_workspace -Xcc -I/Users/admin/builder/spi-builder-workspace/.derivedData/Build/Intermediates.noindex/SwiftyUI.build/Debug-watchos/SwiftyUI.build/swift-overrides.hmap -emit-const-values -Xfrontend -const-gather-protocols-file -Xfrontend /Users/admin/builder/spi-builder-workspace/.derivedData/Build/Intermediates.noindex/SwiftyUI.build/Debug-watchos/SwiftyUI.build/Objects-normal/armv7k/SwiftyUI_const_extract_protocols.json -Xcc -I/Users/admin/builder/spi-builder-workspace/.derivedData/Build/Products/Debug-watchos/include -Xcc -I/Users/admin/builder/spi-builder-workspace/.derivedData/Build/Intermediates.noindex/SwiftyUI.build/Debug-watchos/SwiftyUI.build/DerivedSources-normal/armv7k -Xcc -I/Users/admin/builder/spi-builder-workspace/.derivedData/Build/Intermediates.noindex/SwiftyUI.build/Debug-watchos/SwiftyUI.build/DerivedSources/armv7k -Xcc -I/Users/admin/builder/spi-builder-workspace/.derivedData/Build/Intermediates.noindex/SwiftyUI.build/Debug-watchos/SwiftyUI.build/DerivedSources -Xcc -DSWIFT_PACKAGE -Xcc -DDEBUG\=1 -emit-objc-header -emit-objc-header-path /Users/admin/builder/spi-builder-workspace/.derivedData/Build/Intermediates.noindex/SwiftyUI.build/Debug-watchos/SwiftyUI.build/Objects-normal/armv7k/SwiftyUI-Swift.h -working-directory /Users/admin/builder/spi-builder-workspace/.swiftpm/xcode -experimental-emit-module-separately -disable-cmo
SwiftCompile normal arm64 Compiling\ SwiftyAlertIcons.swift,\ SwiftyAlertStyle.swift /Users/admin/builder/spi-builder-workspace/Sources/SwiftyAlertIcons.swift /Users/admin/builder/spi-builder-workspace/Sources/SwiftyAlertStyle.swift (in target 'SwiftyUI' from project 'SwiftyUI')
SwiftCompile normal arm64 /Users/admin/builder/spi-builder-workspace/Sources/SwiftyAlertIcons.swift (in target 'SwiftyUI' from project 'SwiftyUI')
cd /Users/admin/builder/spi-builder-workspace/.swiftpm/xcode
SwiftCompile normal arm64 /Users/admin/builder/spi-builder-workspace/Sources/SwiftyAlertStyle.swift (in target 'SwiftyUI' from project 'SwiftyUI')
cd /Users/admin/builder/spi-builder-workspace/.swiftpm/xcode
SwiftCompile normal arm64 Compiling\ SwiftyAlertView.swift,\ SwiftyButton.swift /Users/admin/builder/spi-builder-workspace/Sources/SwiftyAlertView.swift /Users/admin/builder/spi-builder-workspace/Sources/SwiftyButton.swift (in target 'SwiftyUI' from project 'SwiftyUI')
SwiftCompile normal arm64 /Users/admin/builder/spi-builder-workspace/Sources/SwiftyAlertView.swift (in target 'SwiftyUI' from project 'SwiftyUI')
cd /Users/admin/builder/spi-builder-workspace/.swiftpm/xcode
SwiftCompile normal arm64 /Users/admin/builder/spi-builder-workspace/Sources/SwiftyButton.swift (in target 'SwiftyUI' from project 'SwiftyUI')
cd /Users/admin/builder/spi-builder-workspace/.swiftpm/xcode
SwiftCompile normal arm64 Compiling\ SwiftyColor.swift,\ SwiftyGlobal.swift /Users/admin/builder/spi-builder-workspace/Sources/SwiftyColor.swift /Users/admin/builder/spi-builder-workspace/Sources/SwiftyGlobal.swift (in target 'SwiftyUI' from project 'SwiftyUI')
SwiftCompile normal arm64 /Users/admin/builder/spi-builder-workspace/Sources/SwiftyColor.swift (in target 'SwiftyUI' from project 'SwiftyUI')
cd /Users/admin/builder/spi-builder-workspace/.swiftpm/xcode
SwiftCompile normal arm64 /Users/admin/builder/spi-builder-workspace/Sources/SwiftyGlobal.swift (in target 'SwiftyUI' from project 'SwiftyUI')
cd /Users/admin/builder/spi-builder-workspace/.swiftpm/xcode
SwiftCompile normal arm64 Compiling\ SwiftyImage.swift,\ SwiftyImageView.swift /Users/admin/builder/spi-builder-workspace/Sources/SwiftyImage.swift /Users/admin/builder/spi-builder-workspace/Sources/SwiftyImageView.swift (in target 'SwiftyUI' from project 'SwiftyUI')
SwiftCompile normal arm64 /Users/admin/builder/spi-builder-workspace/Sources/SwiftyImage.swift (in target 'SwiftyUI' from project 'SwiftyUI')
cd /Users/admin/builder/spi-builder-workspace/.swiftpm/xcode
SwiftCompile normal arm64 /Users/admin/builder/spi-builder-workspace/Sources/SwiftyImageView.swift (in target 'SwiftyUI' from project 'SwiftyUI')
cd /Users/admin/builder/spi-builder-workspace/.swiftpm/xcode
SwiftCompile normal arm64 Compiling\ SwiftyLabel.swift,\ SwiftyPromise.swift /Users/admin/builder/spi-builder-workspace/Sources/SwiftyLabel.swift /Users/admin/builder/spi-builder-workspace/Sources/SwiftyPromise.swift (in target 'SwiftyUI' from project 'SwiftyUI')
SwiftCompile normal arm64 /Users/admin/builder/spi-builder-workspace/Sources/SwiftyLabel.swift (in target 'SwiftyUI' from project 'SwiftyUI')
cd /Users/admin/builder/spi-builder-workspace/.swiftpm/xcode
SwiftCompile normal arm64 /Users/admin/builder/spi-builder-workspace/Sources/SwiftyPromise.swift (in target 'SwiftyUI' from project 'SwiftyUI')
cd /Users/admin/builder/spi-builder-workspace/.swiftpm/xcode
SwiftCompile normal arm64 Compiling\ SwiftyThreadPool.swift,\ SwiftyTimer.swift /Users/admin/builder/spi-builder-workspace/Sources/SwiftyThreadPool.swift /Users/admin/builder/spi-builder-workspace/Sources/SwiftyTimer.swift (in target 'SwiftyUI' from project 'SwiftyUI')
SwiftCompile normal arm64 /Users/admin/builder/spi-builder-workspace/Sources/SwiftyThreadPool.swift (in target 'SwiftyUI' from project 'SwiftyUI')
cd /Users/admin/builder/spi-builder-workspace/.swiftpm/xcode
SwiftCompile normal arm64 /Users/admin/builder/spi-builder-workspace/Sources/SwiftyTimer.swift (in target 'SwiftyUI' from project 'SwiftyUI')
cd /Users/admin/builder/spi-builder-workspace/.swiftpm/xcode
SwiftCompile normal arm64 Compiling\ SwiftyToast.swift /Users/admin/builder/spi-builder-workspace/Sources/SwiftyToast.swift (in target 'SwiftyUI' from project 'SwiftyUI')
SwiftCompile normal arm64 /Users/admin/builder/spi-builder-workspace/Sources/SwiftyToast.swift (in target 'SwiftyUI' from project 'SwiftyUI')
cd /Users/admin/builder/spi-builder-workspace/.swiftpm/xcode
SwiftCompile normal arm64 Compiling\ SwiftyView.swift /Users/admin/builder/spi-builder-workspace/Sources/SwiftyView.swift (in target 'SwiftyUI' from project 'SwiftyUI')
SwiftCompile normal arm64 /Users/admin/builder/spi-builder-workspace/Sources/SwiftyView.swift (in target 'SwiftyUI' from project 'SwiftyUI')
cd /Users/admin/builder/spi-builder-workspace/.swiftpm/xcode
SwiftEmitModule normal arm64 Emitting\ module\ for\ SwiftyUI (in target 'SwiftyUI' from project 'SwiftyUI')
Failed frontend command:
/Applications/Xcode-16.3.0.app/Contents/Developer/Toolchains/XcodeDefault.xctoolchain/usr/bin/swift-frontend -frontend -emit-module -experimental-skip-non-inlinable-function-bodies-without-types /Users/admin/builder/spi-builder-workspace/Sources/ImageCacheable.swift /Users/admin/builder/spi-builder-workspace/Sources/ImageSettable.swift /Users/admin/builder/spi-builder-workspace/Sources/SwiftyAlertIcons.swift /Users/admin/builder/spi-builder-workspace/Sources/SwiftyAlertStyle.swift /Users/admin/builder/spi-builder-workspace/Sources/SwiftyAlertView.swift /Users/admin/builder/spi-builder-workspace/Sources/SwiftyButton.swift /Users/admin/builder/spi-builder-workspace/Sources/SwiftyColor.swift /Users/admin/builder/spi-builder-workspace/Sources/SwiftyGlobal.swift /Users/admin/builder/spi-builder-workspace/Sources/SwiftyImage.swift /Users/admin/builder/spi-builder-workspace/Sources/SwiftyImageView.swift /Users/admin/builder/spi-builder-workspace/Sources/SwiftyLabel.swift /Users/admin/builder/spi-builder-workspace/Sources/SwiftyPromise.swift /Users/admin/builder/spi-builder-workspace/Sources/SwiftyThreadPool.swift /Users/admin/builder/spi-builder-workspace/Sources/SwiftyTimer.swift /Users/admin/builder/spi-builder-workspace/Sources/SwiftyToast.swift /Users/admin/builder/spi-builder-workspace/Sources/SwiftyView.swift /Users/admin/builder/spi-builder-workspace/Sources/TextEditable.swift -target arm64-apple-watchos8.0 -Xllvm -aarch64-use-tbi -enable-objc-interop -stack-check -sdk /Applications/Xcode-16.3.0.app/Contents/Developer/Platforms/WatchOS.platform/Developer/SDKs/WatchOS11.4.sdk -I /Users/admin/builder/spi-builder-workspace/.derivedData/Build/Products/Debug-watchos -I /Applications/Xcode-16.3.0.app/Contents/Developer/Platforms/WatchOS.platform/Developer/usr/lib -F /Users/admin/builder/spi-builder-workspace/.derivedData/Build/Products/Debug-watchos -F /Applications/Xcode-16.3.0.app/Contents/Developer/Platforms/WatchOS.platform/Developer/Library/Frameworks -F /Applications/Xcode-16.3.0.app/Contents/Developer/Platforms/WatchOS.platform/Developer/SDKs/WatchOS11.4.sdk/Developer/Library/Frameworks -no-color-diagnostics -enable-testing -g -debug-info-format\=dwarf -dwarf-version\=4 -module-cache-path /Users/admin/builder/spi-builder-workspace/.derivedData/ModuleCache.noindex -profile-generate -profile-coverage-mapping -swift-version 6 -enforce-exclusivity\=checked -Onone -D SWIFT_PACKAGE -D DEBUG -D Xcode -serialize-debugging-options -const-gather-protocols-file /Users/admin/builder/spi-builder-workspace/.derivedData/Build/Intermediates.noindex/SwiftyUI.build/Debug-watchos/SwiftyUI.build/Objects-normal/arm64/SwiftyUI_const_extract_protocols.json -enable-experimental-feature DebugDescriptionMacro -empty-abi-descriptor -plugin-path /Applications/Xcode-16.3.0.app/Contents/Developer/Toolchains/XcodeDefault.xctoolchain/usr/lib/swift/host/plugins/testing -validate-clang-modules-once -clang-build-session-file /Users/admin/builder/spi-builder-workspace/.derivedData/ModuleCache.noindex/Session.modulevalidation -Xcc -working-directory -Xcc /Users/admin/builder/spi-builder-workspace/.swiftpm/xcode -resource-dir /Applications/Xcode-16.3.0.app/Contents/Developer/Toolchains/XcodeDefault.xctoolchain/usr/lib/swift -enable-anonymous-context-mangled-names -file-compilation-dir /Users/admin/builder/spi-builder-workspace/.swiftpm/xcode -Xcc -ivfsstatcache -Xcc /Users/admin/builder/spi-builder-workspace/.derivedData/SDKStatCaches.noindex/watchos11.4-22T246-43efb940ff07ba2497b70ec94253f576.sdkstatcache -Xcc -I/Users/admin/builder/spi-builder-workspace/.derivedData/Build/Intermediates.noindex/SwiftyUI.build/Debug-watchos/SwiftyUI.build/swift-overrides.hmap -Xcc -I/Users/admin/builder/spi-builder-workspace/.derivedData/Build/Products/Debug-watchos/include -Xcc -I/Users/admin/builder/spi-builder-workspace/.derivedData/Build/Intermediates.noindex/SwiftyUI.build/Debug-watchos/SwiftyUI.build/DerivedSources-normal/arm64 -Xcc -I/Users/admin/builder/spi-builder-workspace/.derivedData/Build/Intermediates.noindex/SwiftyUI.build/Debug-watchos/SwiftyUI.build/DerivedSources/arm64 -Xcc -I/Users/admin/builder/spi-builder-workspace/.derivedData/Build/Intermediates.noindex/SwiftyUI.build/Debug-watchos/SwiftyUI.build/DerivedSources -Xcc -DSWIFT_PACKAGE -Xcc -DDEBUG\=1 -module-name SwiftyUI -package-name spi_builder_workspace -frontend-parseable-output -disable-clang-spi -target-sdk-version 11.4 -target-sdk-name watchos11.4 -external-plugin-path /Applications/Xcode-16.3.0.app/Contents/Developer/Platforms/WatchOS.platform/Developer/usr/lib/swift/host/plugins\#/Applications/Xcode-16.3.0.app/Contents/Developer/Platforms/WatchOS.platform/Developer/usr/bin/swift-plugin-server -external-plugin-path /Applications/Xcode-16.3.0.app/Contents/Developer/Platforms/WatchOS.platform/Developer/usr/local/lib/swift/host/plugins\#/Applications/Xcode-16.3.0.app/Contents/Developer/Platforms/WatchOS.platform/Developer/usr/bin/swift-plugin-server -in-process-plugin-server-path /Applications/Xcode-16.3.0.app/Contents/Developer/Toolchains/XcodeDefault.xctoolchain/usr/lib/swift/host/libSwiftInProcPluginServer.dylib -plugin-path /Applications/Xcode-16.3.0.app/Contents/Developer/Toolchains/XcodeDefault.xctoolchain/usr/lib/swift/host/plugins -plugin-path /Applications/Xcode-16.3.0.app/Contents/Developer/Toolchains/XcodeDefault.xctoolchain/usr/local/lib/swift/host/plugins -emit-module-doc-path /Users/admin/builder/spi-builder-workspace/.derivedData/Build/Intermediates.noindex/SwiftyUI.build/Debug-watchos/SwiftyUI.build/Objects-normal/arm64/SwiftyUI.swiftdoc -emit-module-source-info-path /Users/admin/builder/spi-builder-workspace/.derivedData/Build/Intermediates.noindex/SwiftyUI.build/Debug-watchos/SwiftyUI.build/Objects-normal/arm64/SwiftyUI.swiftsourceinfo -emit-objc-header-path /Users/admin/builder/spi-builder-workspace/.derivedData/Build/Intermediates.noindex/SwiftyUI.build/Debug-watchos/SwiftyUI.build/Objects-normal/arm64/SwiftyUI-Swift.h -serialize-diagnostics-path /Users/admin/builder/spi-builder-workspace/.derivedData/Build/Intermediates.noindex/SwiftyUI.build/Debug-watchos/SwiftyUI.build/Objects-normal/arm64/SwiftyUI-master-emit-module.dia -emit-dependencies-path /Users/admin/builder/spi-builder-workspace/.derivedData/Build/Intermediates.noindex/SwiftyUI.build/Debug-watchos/SwiftyUI.build/Objects-normal/arm64/SwiftyUI-master-emit-module.d -o /Users/admin/builder/spi-builder-workspace/.derivedData/Build/Intermediates.noindex/SwiftyUI.build/Debug-watchos/SwiftyUI.build/Objects-normal/arm64/SwiftyUI.swiftmodule -emit-abi-descriptor-path /Users/admin/builder/spi-builder-workspace/.derivedData/Build/Intermediates.noindex/SwiftyUI.build/Debug-watchos/SwiftyUI.build/Objects-normal/arm64/SwiftyUI.abi.json
EmitSwiftModule normal arm64 (in target 'SwiftyUI' from project 'SwiftyUI')
cd /Users/admin/builder/spi-builder-workspace/.swiftpm/xcode
/Users/admin/builder/spi-builder-workspace/Sources/ImageSettable.swift:15:32: error: 'UIView' is unavailable: This Objective-C class has only been forward-declared; import its owning module to use it
public protocol ImageSettable: UIView {
^~~~~~
UIKit.UIView:2:14: note: 'UIView' has been explicitly marked unavailable here
public class UIView {
^
/Users/admin/builder/spi-builder-workspace/Sources/SwiftyAlertView.swift:20:63: error: cannot find type 'UIEvent' in scope
open override func point(inside point: CGPoint, with event: UIEvent?) -> Bool {
^~~~~~~
/Users/admin/builder/spi-builder-workspace/Sources/SwiftyAlertView.swift:12:31: error: cannot find type 'UIButton' in scope
open class SwiftyAlertButton: UIButton {
^~~~~~~~
/Users/admin/builder/spi-builder-workspace/Sources/SwiftyAlertView.swift:27:35: error: cannot find type 'UITextField' in scope
final class SwiftyAlertTextField: UITextField {
^~~~~~~~~~~
/Users/admin/builder/spi-builder-workspace/Sources/SwiftyAlertView.swift:28:58: error: cannot find type 'UIEvent' in scope
override func point(inside point: CGPoint, with event: UIEvent?) -> Bool {
^~~~~~~
/Users/admin/builder/spi-builder-workspace/Sources/SwiftyAlertView.swift:33:11: error: 'UIView' is unavailable: This Objective-C class has only been forward-declared; import its owning module to use it
extension UIView {
^~~~~~
UIKit.UIView:2:14: note: 'UIView' has been explicitly marked unavailable here
public class UIView {
^
/Users/admin/builder/spi-builder-workspace/Sources/SwiftyAlertView.swift:92:18: error: 'UIView' cannot be constructed because it has no accessible initializers
var baseView = UIView()
^~~~~~
/Users/admin/builder/spi-builder-workspace/Sources/SwiftyAlertView.swift:93:20: error: cannot find 'UILabel' in scope
var labelTitle = UILabel()
^~~~~~~
/Users/admin/builder/spi-builder-workspace/Sources/SwiftyAlertView.swift:94:18: error: cannot find 'UITextView' in scope
var viewText = UITextView()
^~~~~~~~~~
/Users/admin/builder/spi-builder-workspace/Sources/SwiftyAlertView.swift:95:21: error: 'UIView' cannot be constructed because it has no accessible initializers
var contentView = UIView()
^~~~~~
/Users/admin/builder/spi-builder-workspace/Sources/SwiftyAlertView.swift:96:18: error: 'UIView' cannot be constructed because it has no accessible initializers
var circleBG = UIView(
^~~~~~
/Users/admin/builder/spi-builder-workspace/Sources/SwiftyAlertView.swift:98:20: error: 'UIView' cannot be constructed because it has no accessible initializers
var circleView = UIView()
^~~~~~
/Users/admin/builder/spi-builder-workspace/Sources/SwiftyAlertView.swift:99:23: error: 'UIView' is unavailable: This Objective-C class has only been forward-declared; import its owning module to use it
var circleIconView: UIView?
^~~~~~
UIKit.UIView:2:14: note: 'UIView' has been explicitly marked unavailable here
public class UIView {
^
/Users/admin/builder/spi-builder-workspace/Sources/SwiftyAlertView.swift:101:29: error: cannot find 'UITextField' in scope
fileprivate var inputs = [UITextField]()
^~~~~~~~~~~
/Users/admin/builder/spi-builder-workspace/Sources/SwiftyAlertView.swift:101:28: error: cannot call value of non-function type '[Any]'
fileprivate var inputs = [UITextField]()
^ ~~
/Users/admin/builder/spi-builder-workspace/Sources/SwiftyAlertView.swift:102:28: error: cannot find 'UITextView' in scope
fileprivate var input = [UITextView]()
^~~~~~~~~~
/Users/admin/builder/spi-builder-workspace/Sources/SwiftyAlertView.swift:102:27: error: cannot call value of non-function type '[Any]'
fileprivate var input = [UITextView]()
^ ~~
/Users/admin/builder/spi-builder-workspace/Sources/SwiftyAlertView.swift:197:24: error: method does not override any method from its superclass
override public func viewWillLayoutSubviews() {
~~~~~~~~ ^
/Users/admin/builder/spi-builder-workspace/Sources/SwiftyAlertView.swift:464:52: error: cannot find type 'UITouch' in scope
override public func touchesEnded(_ touches: Set<UITouch>, with event: UIEvent?) {
^~~~~~~
/Users/admin/builder/spi-builder-workspace/Sources/SwiftyAlertView.swift:464:74: error: cannot find type 'UIEvent' in scope
override public func touchesEnded(_ touches: Set<UITouch>, with event: UIEvent?) {
^~~~~~~
/Users/admin/builder/spi-builder-workspace/Sources/SwiftyAlertView.swift:471:55: error: cannot find type 'UITextField' in scope
public func addTextField(_ title: String? = nil) -> UITextField {
^~~~~~~~~~~
/Users/admin/builder/spi-builder-workspace/Sources/SwiftyAlertView.swift:486:32: error: cannot find type 'UITextView' in scope
public func addTextView() -> UITextView {
^~~~~~~~~~
/Users/admin/builder/spi-builder-workspace/Sources/SwiftyAlertView.swift:521:8: error: method cannot be marked @objc because the type of the parameter cannot be represented in Objective-C
func buttonTapped(_ btn: SwiftyAlertButton) {
^
/Users/admin/builder/spi-builder-workspace/Sources/SwiftyAlertView.swift:521:28: note: classes not annotated with @objc cannot be represented in Objective-C
func buttonTapped(_ btn: SwiftyAlertButton) {
^~~~~~~~~~~~~~~~~
/Users/admin/builder/spi-builder-workspace/Sources/SwiftyAlertView.swift:527:8: error: method cannot be marked @objc because the type of the parameter cannot be represented in Objective-C
func buttonTapDown(_ btn: SwiftyAlertButton) {
^
/Users/admin/builder/spi-builder-workspace/Sources/SwiftyAlertView.swift:527:29: note: classes not annotated with @objc cannot be represented in Objective-C
func buttonTapDown(_ btn: SwiftyAlertButton) {
^~~~~~~~~~~~~~~~~
/Users/admin/builder/spi-builder-workspace/Sources/SwiftyAlertView.swift:541:8: error: method cannot be marked @objc because the type of the parameter cannot be represented in Objective-C
func buttonRelease(_ btn: SwiftyAlertButton) {
^
/Users/admin/builder/spi-builder-workspace/Sources/SwiftyAlertView.swift:541:29: note: classes not annotated with @objc cannot be represented in Objective-C
func buttonRelease(_ btn: SwiftyAlertButton) {
^~~~~~~~~~~~~~~~~
/Users/admin/builder/spi-builder-workspace/Sources/SwiftyAlertView.swift:546:42: error: cannot find type 'UITapGestureRecognizer' in scope
@objc func tapped(_ gestureRecognizer: UITapGestureRecognizer) {
^~~~~~~~~~~~~~~~~~~~~~
/Users/admin/builder/spi-builder-workspace/Sources/SwiftyAlertView.swift:81:37: error: cannot find type 'UIViewController' in scope
public final class SwiftyAlertView: UIViewController {
^~~~~~~~~~~~~~~~
/Users/admin/builder/spi-builder-workspace/Sources/SwiftyButton.swift:15:22: error: cannot convert value of type 'SwiftyButton' to expected argument type 'UIView'
titleLabel.addTo(self)
^
/Users/admin/builder/spi-builder-workspace/Sources/SwiftyButton.swift:61:23: error: property does not override any property from its superclass
public override var accessibilityLabel: String? {
~~~~~~~~ ^
/Users/admin/builder/spi-builder-workspace/Sources/SwiftyButton.swift:82:8: error: method cannot be marked @objc because the type of the parameter cannot be represented in Objective-C
func btnTapped(_ sender: SwiftyButton) {
^
/Users/admin/builder/spi-builder-workspace/Sources/SwiftyButton.swift:82:28: note: classes not annotated with @objc cannot be represented in Objective-C
func btnTapped(_ sender: SwiftyButton) {
^~~~~~~~~~~~
/Users/admin/builder/spi-builder-workspace/Sources/SwiftyButton.swift:12:28: error: cannot find type 'UIControl' in scope
public class SwiftyButton: UIControl, ImageSettable {
^~~~~~~~~
/Users/admin/builder/spi-builder-workspace/Sources/SwiftyButton.swift:12:14: error: type 'SwiftyButton' does not conform to protocol 'ImageSettable'
public class SwiftyButton: UIControl, ImageSettable {
^
/Users/admin/builder/spi-builder-workspace/Sources/SwiftyButton.swift:12:14: error: 'ImageSettable' requires that 'SwiftyButton' inherit from 'UIView'
public class SwiftyButton: UIControl, ImageSettable {
^
/Users/admin/builder/spi-builder-workspace/Sources/SwiftyButton.swift:12:14: note: requirement specified as 'Self' : 'UIView' [with Self = SwiftyButton]
public class SwiftyButton: UIControl, ImageSettable {
^
/Users/admin/builder/spi-builder-workspace/Sources/SwiftyGlobal.swift:21:32: error: cannot find type 'UIWindow' in scope
public static var keyWindow: UIWindow? {
^~~~~~~~
/Users/admin/builder/spi-builder-workspace/Sources/SwiftyImageView.swift:12:14: error: cannot inherit from non-open class 'UIView' outside of its defining module
public class SwiftyImageView: UIView, ImageSettable {
^
/Users/admin/builder/spi-builder-workspace/Sources/SwiftyImageView.swift:12:31: error: 'UIView' is unavailable: This Objective-C class has only been forward-declared; import its owning module to use it
public class SwiftyImageView: UIView, ImageSettable {
^~~~~~
UIKit.UIView:2:14: note: 'UIView' has been explicitly marked unavailable here
public class UIView {
^
/Users/admin/builder/spi-builder-workspace/Sources/SwiftyImageView.swift:51:32: error: 'AnimationOptions' is not a member type of class 'UIKit.UIView'
animationOptions: UIView.AnimationOptions,
~~~~~~ ^
/Applications/Xcode-16.3.0.app/Contents/Developer/Platforms/WatchOS.platform/Developer/SDKs/WatchOS11.4.sdk/System/Library/Frameworks/UIKit.framework/Headers/NSTextAttachment.h:23:1: note: class 'UIView' will be imported as an opaque placeholder class and may be missing members; import the definition to access the complete interface
@class UIView;
^
/Applications/Xcode-16.3.0.app/Contents/Developer/Platforms/WatchOS.platform/Developer/SDKs/WatchOS11.4.sdk/System/Library/Frameworks/UIKit.framework/Headers/NSTextAttachment.h:23:1: note: interface 'UIView' forward declared here
@class UIView;
^
UIKit.UIView:2:14: note: 'UIView' declared here
public class UIView {
^
/Users/admin/builder/spi-builder-workspace/Sources/SwiftyImageView.swift:81:41: error: 'AnimationOptions' is not a member type of class 'UIKit.UIView'
public var animationOptions: UIView.AnimationOptions {
~~~~~~ ^
/Applications/Xcode-16.3.0.app/Contents/Developer/Platforms/WatchOS.platform/Developer/SDKs/WatchOS11.4.sdk/System/Library/Frameworks/UIKit.framework/Headers/NSTextAttachment.h:23:1: note: class 'UIView' will be imported as an opaque placeholder class and may be missing members; import the definition to access the complete interface
@class UIView;
^
/Applications/Xcode-16.3.0.app/Contents/Developer/Platforms/WatchOS.platform/Developer/SDKs/WatchOS11.4.sdk/System/Library/Frameworks/UIKit.framework/Headers/NSTextAttachment.h:23:1: note: interface 'UIView' forward declared here
@class UIView;
^
UIKit.UIView:2:14: note: 'UIView' declared here
public class UIView {
^
/Users/admin/builder/spi-builder-workspace/Sources/SwiftyLabel.swift:21:27: error: 'NSTextContainer' cannot be constructed because it has no accessible initializers
private let container = NSTextContainer()
^~~~~~~~~~~~~~~
/Users/admin/builder/spi-builder-workspace/Sources/SwiftyLabel.swift:22:31: error: 'NSLayoutManager' cannot be constructed because it has no accessible initializers
private let layoutManager = NSLayoutManager()
^~~~~~~~~~~~~~~
/Users/admin/builder/spi-builder-workspace/Sources/SwiftyLabel.swift:39:14: error: cannot find 'setNeedsDisplay' in scope
didSet { setNeedsDisplay() }
^~~~~~~~~~~~~~~
/Users/admin/builder/spi-builder-workspace/Sources/SwiftyLabel.swift:42:56: error: type 'UIFont' has no member 'systemFontSize'
public var font: UIFont = .systemFont(ofSize: UIFont.systemFontSize) {
~~~~~~ ^~~~~~~~~~~~~~
/Users/admin/builder/spi-builder-workspace/Sources/SwiftyLabel.swift:49:14: error: cannot find 'setNeedsDisplay' in scope
didSet { setNeedsDisplay() }
^~~~~~~~~~~~~~~
/Users/admin/builder/spi-builder-workspace/Sources/SwiftyLabel.swift:57:14: error: cannot find 'setNeedsDisplay' in scope
didSet { setNeedsDisplay() }
^~~~~~~~~~~~~~~
/Users/admin/builder/spi-builder-workspace/Sources/SwiftyLabel.swift:101:23: error: property does not override any property from its superclass
public override var accessibilityLabel: String? {
~~~~~~~~ ^
/Users/admin/builder/spi-builder-workspace/Sources/SwiftyLabel.swift:113:23: error: property does not override any property from its superclass
public override var backgroundColor: UIColor? {
~~~~~~~~ ^
/Users/admin/builder/spi-builder-workspace/Sources/SwiftyLabel.swift:117:23: error: property does not override any property from its superclass
public override var alpha: CGFloat {
~~~~~~~~ ^
/Users/admin/builder/spi-builder-workspace/Sources/SwiftyLabel.swift:180:22: error: method does not override any method from its superclass
open override func draw(_ rect: CGRect) {
~~~~~~~~ ^
/Users/admin/builder/spi-builder-workspace/Sources/SwiftyLabel.swift:200:21: error: property does not override any property from its superclass
open override var intrinsicContentSize: CGSize {
~~~~~~~~ ^
/Users/admin/builder/spi-builder-workspace/Sources/SwiftyLabel.swift:210:22: error: method does not override any method from its superclass
open override func sizeThatFits(_ size: CGSize) -> CGSize {
~~~~~~~~ ^
/Users/admin/builder/spi-builder-workspace/Sources/SwiftyLabel.swift:220:22: error: method does not override any method from its superclass
open override func sizeToFit() {
~~~~~~~~ ^
/Users/admin/builder/spi-builder-workspace/Sources/SwiftyLabel.swift:17:14: error: cannot inherit from non-open class 'UIView' outside of its defining module
public class SwiftyLabel: UIView, TextEditable {
^
/Users/admin/builder/spi-builder-workspace/Sources/SwiftyLabel.swift:17:27: error: 'UIView' is unavailable: This Objective-C class has only been forward-declared; import its owning module to use it
public class SwiftyLabel: UIView, TextEditable {
^~~~~~
UIKit.UIView:2:14: note: 'UIView' has been explicitly marked unavailable here
public class UIView {
^
/Users/admin/builder/spi-builder-workspace/Sources/SwiftyToast.swift:35:16: error: value of type 'SwiftyLabel' has no member 'layer'
toastLabel.layer.cornerRadius = 5
~~~~~~~~~~ ^~~~~
/Users/admin/builder/spi-builder-workspace/Sources/SwiftyToast.swift:83:38: error: cannot find type 'UIWindow' in scope
private func layoutView(in window: UIWindow) {
^~~~~~~~
/Users/admin/builder/spi-builder-workspace/Sources/SwiftyView.swift:26:23: error: property does not override any property from its superclass
public override var backgroundColor: UIColor? {
~~~~~~~~ ^
/Users/admin/builder/spi-builder-workspace/Sources/SwiftyView.swift:30:23: error: property does not override any property from its superclass
public override var alpha: CGFloat {
~~~~~~~~ ^
/Users/admin/builder/spi-builder-workspace/Sources/SwiftyView.swift:13:14: error: cannot inherit from non-open class 'UIView' outside of its defining module
public class SwiftyView: UIView {
^
/Users/admin/builder/spi-builder-workspace/Sources/SwiftyView.swift:13:26: error: 'UIView' is unavailable: This Objective-C class has only been forward-declared; import its owning module to use it
public class SwiftyView: UIView {
^~~~~~
UIKit.UIView:2:14: note: 'UIView' has been explicitly marked unavailable here
public class UIView {
^
/Users/admin/builder/spi-builder-workspace/Sources/SwiftyView.swift:41:35: error: 'UIView' is unavailable: This Objective-C class has only been forward-declared; import its owning module to use it
public final func addTo(_ view: UIView) -> Self {
^~~~~~
UIKit.UIView:2:14: note: 'UIView' has been explicitly marked unavailable here
public class UIView {
^
/Users/admin/builder/spi-builder-workspace/Sources/SwiftyView.swift:35:11: error: 'UIView' is unavailable: This Objective-C class has only been forward-declared; import its owning module to use it
extension UIView {
^~~~~~
UIKit.UIView:2:14: note: 'UIView' has been explicitly marked unavailable here
public class UIView {
^
/Users/admin/builder/spi-builder-workspace/Sources/SwiftyView.swift:92:11: error: 'UIView' is unavailable: This Objective-C class has only been forward-declared; import its owning module to use it
extension UIView {
^~~~~~
UIKit.UIView:2:14: note: 'UIView' has been explicitly marked unavailable here
public class UIView {
^
/Users/admin/builder/spi-builder-workspace/Sources/TextEditable.swift:56:31: error: 'UIView' is unavailable: This Objective-C class has only been forward-declared; import its owning module to use it
public protocol TextEditable: UIView {
^~~~~~
UIKit.UIView:2:14: note: 'UIView' has been explicitly marked unavailable here
public class UIView {
^
SwiftEmitModule normal armv7k Emitting\ module\ for\ SwiftyUI (in target 'SwiftyUI' from project 'SwiftyUI')
Failed frontend command:
/Applications/Xcode-16.3.0.app/Contents/Developer/Toolchains/XcodeDefault.xctoolchain/usr/bin/swift-frontend -frontend -emit-module -experimental-skip-non-inlinable-function-bodies-without-types /Users/admin/builder/spi-builder-workspace/Sources/ImageCacheable.swift /Users/admin/builder/spi-builder-workspace/Sources/ImageSettable.swift /Users/admin/builder/spi-builder-workspace/Sources/SwiftyAlertIcons.swift /Users/admin/builder/spi-builder-workspace/Sources/SwiftyAlertStyle.swift /Users/admin/builder/spi-builder-workspace/Sources/SwiftyAlertView.swift /Users/admin/builder/spi-builder-workspace/Sources/SwiftyButton.swift /Users/admin/builder/spi-builder-workspace/Sources/SwiftyColor.swift /Users/admin/builder/spi-builder-workspace/Sources/SwiftyGlobal.swift /Users/admin/builder/spi-builder-workspace/Sources/SwiftyImage.swift /Users/admin/builder/spi-builder-workspace/Sources/SwiftyImageView.swift /Users/admin/builder/spi-builder-workspace/Sources/SwiftyLabel.swift /Users/admin/builder/spi-builder-workspace/Sources/SwiftyPromise.swift /Users/admin/builder/spi-builder-workspace/Sources/SwiftyThreadPool.swift /Users/admin/builder/spi-builder-workspace/Sources/SwiftyTimer.swift /Users/admin/builder/spi-builder-workspace/Sources/SwiftyToast.swift /Users/admin/builder/spi-builder-workspace/Sources/SwiftyView.swift /Users/admin/builder/spi-builder-workspace/Sources/TextEditable.swift -target armv7k-apple-watchos8.0 -enable-objc-interop -stack-check -sdk /Applications/Xcode-16.3.0.app/Contents/Developer/Platforms/WatchOS.platform/Developer/SDKs/WatchOS11.4.sdk -I /Users/admin/builder/spi-builder-workspace/.derivedData/Build/Products/Debug-watchos -I /Applications/Xcode-16.3.0.app/Contents/Developer/Platforms/WatchOS.platform/Developer/usr/lib -F /Users/admin/builder/spi-builder-workspace/.derivedData/Build/Products/Debug-watchos -F /Applications/Xcode-16.3.0.app/Contents/Developer/Platforms/WatchOS.platform/Developer/Library/Frameworks -F /Applications/Xcode-16.3.0.app/Contents/Developer/Platforms/WatchOS.platform/Developer/SDKs/WatchOS11.4.sdk/Developer/Library/Frameworks -no-color-diagnostics -enable-testing -g -debug-info-format\=dwarf -dwarf-version\=4 -module-cache-path /Users/admin/builder/spi-builder-workspace/.derivedData/ModuleCache.noindex -profile-generate -profile-coverage-mapping -swift-version 6 -enforce-exclusivity\=checked -Onone -D SWIFT_PACKAGE -D DEBUG -D Xcode -serialize-debugging-options -const-gather-protocols-file /Users/admin/builder/spi-builder-workspace/.derivedData/Build/Intermediates.noindex/SwiftyUI.build/Debug-watchos/SwiftyUI.build/Objects-normal/armv7k/SwiftyUI_const_extract_protocols.json -enable-experimental-feature DebugDescriptionMacro -empty-abi-descriptor -plugin-path /Applications/Xcode-16.3.0.app/Contents/Developer/Toolchains/XcodeDefault.xctoolchain/usr/lib/swift/host/plugins/testing -validate-clang-modules-once -clang-build-session-file /Users/admin/builder/spi-builder-workspace/.derivedData/ModuleCache.noindex/Session.modulevalidation -Xcc -working-directory -Xcc /Users/admin/builder/spi-builder-workspace/.swiftpm/xcode -resource-dir /Applications/Xcode-16.3.0.app/Contents/Developer/Toolchains/XcodeDefault.xctoolchain/usr/lib/swift -enable-anonymous-context-mangled-names -file-compilation-dir /Users/admin/builder/spi-builder-workspace/.swiftpm/xcode -Xcc -ivfsstatcache -Xcc /Users/admin/builder/spi-builder-workspace/.derivedData/SDKStatCaches.noindex/watchos11.4-22T246-43efb940ff07ba2497b70ec94253f576.sdkstatcache -Xcc -I/Users/admin/builder/spi-builder-workspace/.derivedData/Build/Intermediates.noindex/SwiftyUI.build/Debug-watchos/SwiftyUI.build/swift-overrides.hmap -Xcc -I/Users/admin/builder/spi-builder-workspace/.derivedData/Build/Products/Debug-watchos/include -Xcc -I/Users/admin/builder/spi-builder-workspace/.derivedData/Build/Intermediates.noindex/SwiftyUI.build/Debug-watchos/SwiftyUI.build/DerivedSources-normal/armv7k -Xcc -I/Users/admin/builder/spi-builder-workspace/.derivedData/Build/Intermediates.noindex/SwiftyUI.build/Debug-watchos/SwiftyUI.build/DerivedSources/armv7k -Xcc -I/Users/admin/builder/spi-builder-workspace/.derivedData/Build/Intermediates.noindex/SwiftyUI.build/Debug-watchos/SwiftyUI.build/DerivedSources -Xcc -DSWIFT_PACKAGE -Xcc -DDEBUG\=1 -module-name SwiftyUI -package-name spi_builder_workspace -frontend-parseable-output -disable-clang-spi -target-sdk-version 11.4 -target-sdk-name watchos11.4 -external-plugin-path /Applications/Xcode-16.3.0.app/Contents/Developer/Platforms/WatchOS.platform/Developer/usr/lib/swift/host/plugins\#/Applications/Xcode-16.3.0.app/Contents/Developer/Platforms/WatchOS.platform/Developer/usr/bin/swift-plugin-server -external-plugin-path /Applications/Xcode-16.3.0.app/Contents/Developer/Platforms/WatchOS.platform/Developer/usr/local/lib/swift/host/plugins\#/Applications/Xcode-16.3.0.app/Contents/Developer/Platforms/WatchOS.platform/Developer/usr/bin/swift-plugin-server -in-process-plugin-server-path /Applications/Xcode-16.3.0.app/Contents/Developer/Toolchains/XcodeDefault.xctoolchain/usr/lib/swift/host/libSwiftInProcPluginServer.dylib -plugin-path /Applications/Xcode-16.3.0.app/Contents/Developer/Toolchains/XcodeDefault.xctoolchain/usr/lib/swift/host/plugins -plugin-path /Applications/Xcode-16.3.0.app/Contents/Developer/Toolchains/XcodeDefault.xctoolchain/usr/local/lib/swift/host/plugins -emit-module-doc-path /Users/admin/builder/spi-builder-workspace/.derivedData/Build/Intermediates.noindex/SwiftyUI.build/Debug-watchos/SwiftyUI.build/Objects-normal/armv7k/SwiftyUI.swiftdoc -emit-module-source-info-path /Users/admin/builder/spi-builder-workspace/.derivedData/Build/Intermediates.noindex/SwiftyUI.build/Debug-watchos/SwiftyUI.build/Objects-normal/armv7k/SwiftyUI.swiftsourceinfo -emit-objc-header-path /Users/admin/builder/spi-builder-workspace/.derivedData/Build/Intermediates.noindex/SwiftyUI.build/Debug-watchos/SwiftyUI.build/Objects-normal/armv7k/SwiftyUI-Swift.h -serialize-diagnostics-path /Users/admin/builder/spi-builder-workspace/.derivedData/Build/Intermediates.noindex/SwiftyUI.build/Debug-watchos/SwiftyUI.build/Objects-normal/armv7k/SwiftyUI-master-emit-module.dia -emit-dependencies-path /Users/admin/builder/spi-builder-workspace/.derivedData/Build/Intermediates.noindex/SwiftyUI.build/Debug-watchos/SwiftyUI.build/Objects-normal/armv7k/SwiftyUI-master-emit-module.d -o /Users/admin/builder/spi-builder-workspace/.derivedData/Build/Intermediates.noindex/SwiftyUI.build/Debug-watchos/SwiftyUI.build/Objects-normal/armv7k/SwiftyUI.swiftmodule -emit-abi-descriptor-path /Users/admin/builder/spi-builder-workspace/.derivedData/Build/Intermediates.noindex/SwiftyUI.build/Debug-watchos/SwiftyUI.build/Objects-normal/armv7k/SwiftyUI.abi.json
EmitSwiftModule normal armv7k (in target 'SwiftyUI' from project 'SwiftyUI')
cd /Users/admin/builder/spi-builder-workspace/.swiftpm/xcode
/Users/admin/builder/spi-builder-workspace/Sources/ImageSettable.swift:15:32: error: 'UIView' is unavailable: This Objective-C class has only been forward-declared; import its owning module to use it
public protocol ImageSettable: UIView {
^~~~~~
UIKit.UIView:2:14: note: 'UIView' has been explicitly marked unavailable here
public class UIView {
^
/Users/admin/builder/spi-builder-workspace/Sources/SwiftyAlertView.swift:20:63: error: cannot find type 'UIEvent' in scope
open override func point(inside point: CGPoint, with event: UIEvent?) -> Bool {
^~~~~~~
/Users/admin/builder/spi-builder-workspace/Sources/SwiftyAlertView.swift:12:31: error: cannot find type 'UIButton' in scope
open class SwiftyAlertButton: UIButton {
^~~~~~~~
/Users/admin/builder/spi-builder-workspace/Sources/SwiftyAlertView.swift:27:35: error: cannot find type 'UITextField' in scope
final class SwiftyAlertTextField: UITextField {
^~~~~~~~~~~
/Users/admin/builder/spi-builder-workspace/Sources/SwiftyAlertView.swift:28:58: error: cannot find type 'UIEvent' in scope
override func point(inside point: CGPoint, with event: UIEvent?) -> Bool {
^~~~~~~
/Users/admin/builder/spi-builder-workspace/Sources/SwiftyAlertView.swift:33:11: error: 'UIView' is unavailable: This Objective-C class has only been forward-declared; import its owning module to use it
extension UIView {
^~~~~~
UIKit.UIView:2:14: note: 'UIView' has been explicitly marked unavailable here
public class UIView {
^
/Users/admin/builder/spi-builder-workspace/Sources/SwiftyAlertView.swift:92:18: error: 'UIView' cannot be constructed because it has no accessible initializers
var baseView = UIView()
^~~~~~
/Users/admin/builder/spi-builder-workspace/Sources/SwiftyAlertView.swift:93:20: error: cannot find 'UILabel' in scope
var labelTitle = UILabel()
^~~~~~~
/Users/admin/builder/spi-builder-workspace/Sources/SwiftyAlertView.swift:94:18: error: cannot find 'UITextView' in scope
var viewText = UITextView()
^~~~~~~~~~
/Users/admin/builder/spi-builder-workspace/Sources/SwiftyAlertView.swift:95:21: error: 'UIView' cannot be constructed because it has no accessible initializers
var contentView = UIView()
^~~~~~
/Users/admin/builder/spi-builder-workspace/Sources/SwiftyAlertView.swift:96:18: error: 'UIView' cannot be constructed because it has no accessible initializers
var circleBG = UIView(
^~~~~~
/Users/admin/builder/spi-builder-workspace/Sources/SwiftyAlertView.swift:98:20: error: 'UIView' cannot be constructed because it has no accessible initializers
var circleView = UIView()
^~~~~~
/Users/admin/builder/spi-builder-workspace/Sources/SwiftyAlertView.swift:99:23: error: 'UIView' is unavailable: This Objective-C class has only been forward-declared; import its owning module to use it
var circleIconView: UIView?
^~~~~~
UIKit.UIView:2:14: note: 'UIView' has been explicitly marked unavailable here
public class UIView {
^
/Users/admin/builder/spi-builder-workspace/Sources/SwiftyAlertView.swift:101:29: error: cannot find 'UITextField' in scope
fileprivate var inputs = [UITextField]()
^~~~~~~~~~~
/Users/admin/builder/spi-builder-workspace/Sources/SwiftyAlertView.swift:101:28: error: cannot call value of non-function type '[Any]'
fileprivate var inputs = [UITextField]()
^ ~~
/Users/admin/builder/spi-builder-workspace/Sources/SwiftyAlertView.swift:102:28: error: cannot find 'UITextView' in scope
fileprivate var input = [UITextView]()
^~~~~~~~~~
/Users/admin/builder/spi-builder-workspace/Sources/SwiftyAlertView.swift:102:27: error: cannot call value of non-function type '[Any]'
fileprivate var input = [UITextView]()
^ ~~
/Users/admin/builder/spi-builder-workspace/Sources/SwiftyAlertView.swift:197:24: error: method does not override any method from its superclass
override public func viewWillLayoutSubviews() {
~~~~~~~~ ^
/Users/admin/builder/spi-builder-workspace/Sources/SwiftyAlertView.swift:464:52: error: cannot find type 'UITouch' in scope
override public func touchesEnded(_ touches: Set<UITouch>, with event: UIEvent?) {
^~~~~~~
/Users/admin/builder/spi-builder-workspace/Sources/SwiftyAlertView.swift:464:74: error: cannot find type 'UIEvent' in scope
override public func touchesEnded(_ touches: Set<UITouch>, with event: UIEvent?) {
^~~~~~~
/Users/admin/builder/spi-builder-workspace/Sources/SwiftyAlertView.swift:471:55: error: cannot find type 'UITextField' in scope
public func addTextField(_ title: String? = nil) -> UITextField {
^~~~~~~~~~~
/Users/admin/builder/spi-builder-workspace/Sources/SwiftyAlertView.swift:486:32: error: cannot find type 'UITextView' in scope
public func addTextView() -> UITextView {
^~~~~~~~~~
/Users/admin/builder/spi-builder-workspace/Sources/SwiftyAlertView.swift:521:8: error: method cannot be marked @objc because the type of the parameter cannot be represented in Objective-C
func buttonTapped(_ btn: SwiftyAlertButton) {
^
/Users/admin/builder/spi-builder-workspace/Sources/SwiftyAlertView.swift:521:28: note: classes not annotated with @objc cannot be represented in Objective-C
func buttonTapped(_ btn: SwiftyAlertButton) {
^~~~~~~~~~~~~~~~~
/Users/admin/builder/spi-builder-workspace/Sources/SwiftyAlertView.swift:527:8: error: method cannot be marked @objc because the type of the parameter cannot be represented in Objective-C
func buttonTapDown(_ btn: SwiftyAlertButton) {
^
/Users/admin/builder/spi-builder-workspace/Sources/SwiftyAlertView.swift:527:29: note: classes not annotated with @objc cannot be represented in Objective-C
func buttonTapDown(_ btn: SwiftyAlertButton) {
^~~~~~~~~~~~~~~~~
/Users/admin/builder/spi-builder-workspace/Sources/SwiftyAlertView.swift:541:8: error: method cannot be marked @objc because the type of the parameter cannot be represented in Objective-C
func buttonRelease(_ btn: SwiftyAlertButton) {
^
/Users/admin/builder/spi-builder-workspace/Sources/SwiftyAlertView.swift:541:29: note: classes not annotated with @objc cannot be represented in Objective-C
func buttonRelease(_ btn: SwiftyAlertButton) {
^~~~~~~~~~~~~~~~~
/Users/admin/builder/spi-builder-workspace/Sources/SwiftyAlertView.swift:546:42: error: cannot find type 'UITapGestureRecognizer' in scope
@objc func tapped(_ gestureRecognizer: UITapGestureRecognizer) {
^~~~~~~~~~~~~~~~~~~~~~
/Users/admin/builder/spi-builder-workspace/Sources/SwiftyAlertView.swift:81:37: error: cannot find type 'UIViewController' in scope
public final class SwiftyAlertView: UIViewController {
^~~~~~~~~~~~~~~~
/Users/admin/builder/spi-builder-workspace/Sources/SwiftyButton.swift:15:22: error: cannot convert value of type 'SwiftyButton' to expected argument type 'UIView'
titleLabel.addTo(self)
^
/Users/admin/builder/spi-builder-workspace/Sources/SwiftyButton.swift:61:23: error: property does not override any property from its superclass
public override var accessibilityLabel: String? {
~~~~~~~~ ^
/Users/admin/builder/spi-builder-workspace/Sources/SwiftyButton.swift:82:8: error: method cannot be marked @objc because the type of the parameter cannot be represented in Objective-C
func btnTapped(_ sender: SwiftyButton) {
^
/Users/admin/builder/spi-builder-workspace/Sources/SwiftyButton.swift:82:28: note: classes not annotated with @objc cannot be represented in Objective-C
func btnTapped(_ sender: SwiftyButton) {
^~~~~~~~~~~~
/Users/admin/builder/spi-builder-workspace/Sources/SwiftyButton.swift:12:28: error: cannot find type 'UIControl' in scope
public class SwiftyButton: UIControl, ImageSettable {
^~~~~~~~~
/Users/admin/builder/spi-builder-workspace/Sources/SwiftyButton.swift:12:14: error: type 'SwiftyButton' does not conform to protocol 'ImageSettable'
public class SwiftyButton: UIControl, ImageSettable {
^
/Users/admin/builder/spi-builder-workspace/Sources/SwiftyButton.swift:12:14: error: 'ImageSettable' requires that 'SwiftyButton' inherit from 'UIView'
public class SwiftyButton: UIControl, ImageSettable {
^
/Users/admin/builder/spi-builder-workspace/Sources/SwiftyButton.swift:12:14: note: requirement specified as 'Self' : 'UIView' [with Self = SwiftyButton]
public class SwiftyButton: UIControl, ImageSettable {
^
/Users/admin/builder/spi-builder-workspace/Sources/SwiftyGlobal.swift:21:32: error: cannot find type 'UIWindow' in scope
public static var keyWindow: UIWindow? {
^~~~~~~~
/Users/admin/builder/spi-builder-workspace/Sources/SwiftyImageView.swift:12:14: error: cannot inherit from non-open class 'UIView' outside of its defining module
public class SwiftyImageView: UIView, ImageSettable {
^
/Users/admin/builder/spi-builder-workspace/Sources/SwiftyImageView.swift:12:31: error: 'UIView' is unavailable: This Objective-C class has only been forward-declared; import its owning module to use it
public class SwiftyImageView: UIView, ImageSettable {
^~~~~~
UIKit.UIView:2:14: note: 'UIView' has been explicitly marked unavailable here
public class UIView {
^
/Users/admin/builder/spi-builder-workspace/Sources/SwiftyImageView.swift:51:32: error: 'AnimationOptions' is not a member type of class 'UIKit.UIView'
animationOptions: UIView.AnimationOptions,
~~~~~~ ^
/Applications/Xcode-16.3.0.app/Contents/Developer/Platforms/WatchOS.platform/Developer/SDKs/WatchOS11.4.sdk/System/Library/Frameworks/UIKit.framework/Headers/NSTextAttachment.h:23:1: note: class 'UIView' will be imported as an opaque placeholder class and may be missing members; import the definition to access the complete interface
@class UIView;
^
/Applications/Xcode-16.3.0.app/Contents/Developer/Platforms/WatchOS.platform/Developer/SDKs/WatchOS11.4.sdk/System/Library/Frameworks/UIKit.framework/Headers/NSTextAttachment.h:23:1: note: interface 'UIView' forward declared here
@class UIView;
^
UIKit.UIView:2:14: note: 'UIView' declared here
public class UIView {
^
/Users/admin/builder/spi-builder-workspace/Sources/SwiftyImageView.swift:81:41: error: 'AnimationOptions' is not a member type of class 'UIKit.UIView'
public var animationOptions: UIView.AnimationOptions {
~~~~~~ ^
/Applications/Xcode-16.3.0.app/Contents/Developer/Platforms/WatchOS.platform/Developer/SDKs/WatchOS11.4.sdk/System/Library/Frameworks/UIKit.framework/Headers/NSTextAttachment.h:23:1: note: class 'UIView' will be imported as an opaque placeholder class and may be missing members; import the definition to access the complete interface
@class UIView;
^
/Applications/Xcode-16.3.0.app/Contents/Developer/Platforms/WatchOS.platform/Developer/SDKs/WatchOS11.4.sdk/System/Library/Frameworks/UIKit.framework/Headers/NSTextAttachment.h:23:1: note: interface 'UIView' forward declared here
@class UIView;
^
UIKit.UIView:2:14: note: 'UIView' declared here
public class UIView {
^
/Users/admin/builder/spi-builder-workspace/Sources/SwiftyLabel.swift:21:27: error: 'NSTextContainer' cannot be constructed because it has no accessible initializers
private let container = NSTextContainer()
^~~~~~~~~~~~~~~
/Users/admin/builder/spi-builder-workspace/Sources/SwiftyLabel.swift:22:31: error: 'NSLayoutManager' cannot be constructed because it has no accessible initializers
private let layoutManager = NSLayoutManager()
^~~~~~~~~~~~~~~
/Users/admin/builder/spi-builder-workspace/Sources/SwiftyLabel.swift:39:14: error: cannot find 'setNeedsDisplay' in scope
didSet { setNeedsDisplay() }
^~~~~~~~~~~~~~~
/Users/admin/builder/spi-builder-workspace/Sources/SwiftyLabel.swift:42:56: error: type 'UIFont' has no member 'systemFontSize'
public var font: UIFont = .systemFont(ofSize: UIFont.systemFontSize) {
~~~~~~ ^~~~~~~~~~~~~~
/Users/admin/builder/spi-builder-workspace/Sources/SwiftyLabel.swift:49:14: error: cannot find 'setNeedsDisplay' in scope
didSet { setNeedsDisplay() }
^~~~~~~~~~~~~~~
/Users/admin/builder/spi-builder-workspace/Sources/SwiftyLabel.swift:57:14: error: cannot find 'setNeedsDisplay' in scope
didSet { setNeedsDisplay() }
^~~~~~~~~~~~~~~
/Users/admin/builder/spi-builder-workspace/Sources/SwiftyLabel.swift:101:23: error: property does not override any property from its superclass
public override var accessibilityLabel: String? {
~~~~~~~~ ^
/Users/admin/builder/spi-builder-workspace/Sources/SwiftyLabel.swift:113:23: error: property does not override any property from its superclass
public override var backgroundColor: UIColor? {
~~~~~~~~ ^
/Users/admin/builder/spi-builder-workspace/Sources/SwiftyLabel.swift:117:23: error: property does not override any property from its superclass
public override var alpha: CGFloat {
~~~~~~~~ ^
/Users/admin/builder/spi-builder-workspace/Sources/SwiftyLabel.swift:180:22: error: method does not override any method from its superclass
open override func draw(_ rect: CGRect) {
~~~~~~~~ ^
/Users/admin/builder/spi-builder-workspace/Sources/SwiftyLabel.swift:200:21: error: property does not override any property from its superclass
open override var intrinsicContentSize: CGSize {
~~~~~~~~ ^
/Users/admin/builder/spi-builder-workspace/Sources/SwiftyLabel.swift:210:22: error: method does not override any method from its superclass
open override func sizeThatFits(_ size: CGSize) -> CGSize {
~~~~~~~~ ^
/Users/admin/builder/spi-builder-workspace/Sources/SwiftyLabel.swift:220:22: error: method does not override any method from its superclass
open override func sizeToFit() {
~~~~~~~~ ^
/Users/admin/builder/spi-builder-workspace/Sources/SwiftyLabel.swift:17:14: error: cannot inherit from non-open class 'UIView' outside of its defining module
public class SwiftyLabel: UIView, TextEditable {
^
/Users/admin/builder/spi-builder-workspace/Sources/SwiftyLabel.swift:17:27: error: 'UIView' is unavailable: This Objective-C class has only been forward-declared; import its owning module to use it
public class SwiftyLabel: UIView, TextEditable {
^~~~~~
UIKit.UIView:2:14: note: 'UIView' has been explicitly marked unavailable here
public class UIView {
^
/Users/admin/builder/spi-builder-workspace/Sources/SwiftyToast.swift:35:16: error: value of type 'SwiftyLabel' has no member 'layer'
toastLabel.layer.cornerRadius = 5
~~~~~~~~~~ ^~~~~
/Users/admin/builder/spi-builder-workspace/Sources/SwiftyToast.swift:83:38: error: cannot find type 'UIWindow' in scope
private func layoutView(in window: UIWindow) {
^~~~~~~~
/Users/admin/builder/spi-builder-workspace/Sources/SwiftyView.swift:26:23: error: property does not override any property from its superclass
public override var backgroundColor: UIColor? {
~~~~~~~~ ^
/Users/admin/builder/spi-builder-workspace/Sources/SwiftyView.swift:30:23: error: property does not override any property from its superclass
public override var alpha: CGFloat {
~~~~~~~~ ^
/Users/admin/builder/spi-builder-workspace/Sources/SwiftyView.swift:13:14: error: cannot inherit from non-open class 'UIView' outside of its defining module
public class SwiftyView: UIView {
^
/Users/admin/builder/spi-builder-workspace/Sources/SwiftyView.swift:13:26: error: 'UIView' is unavailable: This Objective-C class has only been forward-declared; import its owning module to use it
public class SwiftyView: UIView {
^~~~~~
UIKit.UIView:2:14: note: 'UIView' has been explicitly marked unavailable here
public class UIView {
^
/Users/admin/builder/spi-builder-workspace/Sources/SwiftyView.swift:41:35: error: 'UIView' is unavailable: This Objective-C class has only been forward-declared; import its owning module to use it
public final func addTo(_ view: UIView) -> Self {
^~~~~~
UIKit.UIView:2:14: note: 'UIView' has been explicitly marked unavailable here
public class UIView {
^
/Users/admin/builder/spi-builder-workspace/Sources/SwiftyView.swift:35:11: error: 'UIView' is unavailable: This Objective-C class has only been forward-declared; import its owning module to use it
extension UIView {
^~~~~~
UIKit.UIView:2:14: note: 'UIView' has been explicitly marked unavailable here
public class UIView {
^
/Users/admin/builder/spi-builder-workspace/Sources/SwiftyView.swift:92:11: error: 'UIView' is unavailable: This Objective-C class has only been forward-declared; import its owning module to use it
extension UIView {
^~~~~~
UIKit.UIView:2:14: note: 'UIView' has been explicitly marked unavailable here
public class UIView {
^
/Users/admin/builder/spi-builder-workspace/Sources/TextEditable.swift:56:31: error: 'UIView' is unavailable: This Objective-C class has only been forward-declared; import its owning module to use it
public protocol TextEditable: UIView {
^~~~~~
UIKit.UIView:2:14: note: 'UIView' has been explicitly marked unavailable here
public class UIView {
^
SwiftEmitModule normal arm64_32 Emitting\ module\ for\ SwiftyUI (in target 'SwiftyUI' from project 'SwiftyUI')
Command SwiftEmitModule failed with a nonzero exit code
** BUILD FAILED **
The following build commands failed:
SwiftEmitModule normal arm64 Emitting\ module\ for\ SwiftyUI (in target 'SwiftyUI' from project 'SwiftyUI')
EmitSwiftModule normal arm64 (in target 'SwiftyUI' from project 'SwiftyUI')
SwiftEmitModule normal armv7k Emitting\ module\ for\ SwiftyUI (in target 'SwiftyUI' from project 'SwiftyUI')
EmitSwiftModule normal armv7k (in target 'SwiftyUI' from project 'SwiftyUI')
SwiftEmitModule normal arm64_32 Emitting\ module\ for\ SwiftyUI (in target 'SwiftyUI' from project 'SwiftyUI')
Building workspace spi-builder-workspace with scheme SwiftyUI
(6 failures)
BUILD FAILURE 6.1 watchOS