Build Information
Failed to build GoogleTagManager, reference 9.3.0 (b4cbee), with Swift 6.3 for watchOS using Xcode 26.4 on 28 Sep 2026 22:17:05 UTC.
Build Command
env DEVELOPER_DIR=/Applications/Xcode-26.5.0.app xcrun xcodebuild -IDEClonedSourcePackagesDirPathOverride=$PWD/.dependencies -skipMacroValidation -skipPackagePluginValidation -derivedDataPath $PWD/.derivedData build -scheme GoogleTagManager -destination generic/platform=watchOSBuild Log
========================================
RunAll
========================================
Builder version: 5.1.0
Interrupt handler set up.
========================================
Checkout
========================================
Clone URL: https://github.com/googleanalytics/google-tag-manager-ios-sdk.git
Reference: 9.3.0
Initialized empty Git repository in /Users/admin/builder/spi-builder-workspace/.git/
From https://github.com/googleanalytics/google-tag-manager-ios-sdk
* tag 9.3.0 -> FETCH_HEAD
HEAD is now at b4cbee3 Merge pull request #51 from googleanalytics/release-9.3
Cloned https://github.com/googleanalytics/google-tag-manager-ios-sdk.git
Revision (git rev-parse @):
b4cbee3ae55f624a14b10147c356a8cb332c8099
SUCCESS checkout https://github.com/googleanalytics/google-tag-manager-ios-sdk.git at 9.3.0
========================================
Build
========================================
Selected platform: watchOS
Swift version: 6.3
Building package at path: $PWD
https://github.com/googleanalytics/google-tag-manager-ios-sdk.git
Command line invocation:
/Applications/Xcode-26.5.0.app/Contents/Developer/usr/bin/xcodebuild -IDEClonedSourcePackagesDirPathOverride=/Users/admin/builder/spi-builder-workspace/.dependencies -resolvePackageDependencies
Resolve Package Graph
Fetching from https://github.com/firebase/firebase-ios-sdk.git
Fetching from https://github.com/firebase/leveldb.git
Fetching from https://github.com/google/app-check.git
Fetching from https://github.com/firebase/nanopb.git
Fetching from https://github.com/google/GoogleDataTransport.git
Fetching from https://github.com/google/grpc-binary.git
Fetching from https://github.com/google/interop-ios-for-google-sdks.git
Fetching from https://github.com/google/gtm-session-fetcher.git
Fetching from https://github.com/google/GoogleUtilities.git
Fetching from https://github.com/google/GoogleAppMeasurement.git
Fetching from https://github.com/google/promises.git
Fetching from https://github.com/google/abseil-cpp-binary.git
Fetching from https://github.com/googleads/google-ads-on-device-conversion-ios-sdk
Creating working copy of package ‘google-ads-on-device-conversion-ios-sdk’
Checking out 3.7.0 of package ‘google-ads-on-device-conversion-ios-sdk’
Creating working copy of package ‘grpc-binary’
Checking out 1.69.1 of package ‘grpc-binary’
Creating working copy of package ‘GoogleUtilities’
Checking out 8.1.3 of package ‘GoogleUtilities’
Creating working copy of package ‘firebase-ios-sdk’
Checking out 12.19.2 of package ‘firebase-ios-sdk’
Creating working copy of package ‘gtm-session-fetcher’
Checking out 5.3.1 of package ‘gtm-session-fetcher’
Creating working copy of package ‘GoogleAppMeasurement’
Checking out 12.19.2 of package ‘GoogleAppMeasurement’
Creating working copy of package ‘interop-ios-for-google-sdks’
Checking out 101.0.0 of package ‘interop-ios-for-google-sdks’
Creating working copy of package ‘app-check’
Checking out 11.3.2 of package ‘app-check’
Creating working copy of package ‘nanopb’
Checking out 2.30910.1 of package ‘nanopb’
Creating working copy of package ‘abseil-cpp-binary’
Checking out 1.2024072200.0 of package ‘abseil-cpp-binary’
Creating working copy of package ‘leveldb’
Checking out 1.22.5 of package ‘leveldb’
Creating working copy of package ‘GoogleDataTransport’
Checking out 10.1.1 of package ‘GoogleDataTransport’
Creating working copy of package ‘promises’
Checking out 2.4.1 of package ‘promises’
Resolve Package Graph
Resolve Package Graph
Resolved source packages:
Promises: https://github.com/google/promises.git @ 2.4.1
GoogleUtilities: https://github.com/google/GoogleUtilities.git @ 8.1.3
GoogleAdsOnDeviceConversion: https://github.com/googleads/google-ads-on-device-conversion-ios-sdk @ 3.7.0
GoogleTagManager: /Users/admin/builder/spi-builder-workspace
GoogleDataTransport: https://github.com/google/GoogleDataTransport.git @ 10.1.1
GoogleAppMeasurement: https://github.com/google/GoogleAppMeasurement.git @ 12.19.2
nanopb: https://github.com/firebase/nanopb.git @ 2.30910.1
AppCheck: https://github.com/google/app-check.git @ 11.3.2
abseil: https://github.com/google/abseil-cpp-binary.git @ 1.2024072200.0
leveldb: https://github.com/firebase/leveldb.git @ 1.22.5
Firebase: https://github.com/firebase/firebase-ios-sdk.git @ 12.19.2
gRPC: https://github.com/google/grpc-binary.git @ 1.69.1
InteropForGoogle: https://github.com/google/interop-ios-for-google-sdks.git @ 101.0.0
GTMSessionFetcher: https://github.com/google/gtm-session-fetcher.git @ 5.3.1
resolved source packages: Promises, GoogleUtilities, GoogleAdsOnDeviceConversion, GoogleTagManager, GoogleDataTransport, GoogleAppMeasurement, nanopb, AppCheck, abseil, leveldb, Firebase, gRPC, InteropForGoogle, GTMSessionFetcher
2026-09-28 18:16:37.776 xcodebuild[575:3153] [MT] IDERunDestination: Supported platforms for the buildables in the current scheme is empty.
2026-09-28 18:16:38.875 xcodebuild[575:3153] [MT] DVTAssertions: Warning in IDEFrameworks/IDEFoundation/Execution/RunContextManager/IDERunContextManager.m:926
Details: Error deleting scheme: Cannot modify data because the process disallows saving.
Object: <IDERunContextManager: 0xcb0066940>
Method: -deleteRunContexts:completionQueue:completionBlock:
Thread: <_NSMainThread: 0x100c855e0>{number = 1, name = main}
Please file a bug at https://feedbackassistant.apple.com with this warning message and any useful information you can provide.
2026-09-28 18:16:38.876 xcodebuild[575:3153] could not delete old scheme: Error Domain=DVTCustomDataStoringErrors Code=0 "Cannot modify data because the process disallows saving." UserInfo={NSLocalizedDescription=Cannot modify data because the process disallows saving.}
{
"c_language_standard" : "c99",
"cxx_language_standard" : "gnu++14",
"dependencies" : [
{
"identity" : "firebase-ios-sdk",
"requirement" : {
"range" : [
{
"lower_bound" : "11.0.0",
"upper_bound" : "14.0.0"
}
]
},
"type" : "sourceControl",
"url" : "https://github.com/firebase/firebase-ios-sdk.git"
}
],
"manifest_display_name" : "GoogleTagManager",
"name" : "GoogleTagManager",
"path" : "/Users/admin/builder/spi-builder-workspace",
"platforms" : [
{
"name" : "ios",
"version" : "15.0"
},
{
"name" : "macos",
"version" : "10.15"
}
],
"products" : [
{
"name" : "GoogleTagManager",
"targets" : [
"GoogleTagManagerTarget"
],
"type" : {
"library" : [
"automatic"
]
}
}
],
"targets" : [
{
"c99name" : "GoogleTagManagerTarget",
"module_type" : "ClangTarget",
"name" : "GoogleTagManagerTarget",
"path" : "GoogleTagManagerWrapper",
"product_dependencies" : [
"FirebaseAnalytics"
],
"product_memberships" : [
"GoogleTagManager"
],
"sources" : [
"dummy.m"
],
"target_dependencies" : [
"GoogleTagManager"
],
"type" : "library"
},
{
"c99name" : "GoogleTagManager",
"module_type" : "BinaryTarget",
"name" : "GoogleTagManager",
"path" : "remote/archive/GoogleTagManager.zip",
"product_memberships" : [
"GoogleTagManager"
],
"sources" : [
],
"type" : "binary"
}
],
"tools_version" : "6.0"
}
{
"workspace" : {
"name" : "spi-builder-workspace",
"schemes" : [
"GoogleTagManager"
]
}
}
2026-09-28 18:16:48.108 xcodebuild[1355:6704] [MT] IDERunDestination: Supported platforms for the buildables in the current scheme is empty.
Running build ...
env DEVELOPER_DIR=/Applications/Xcode-26.5.0.app xcrun xcodebuild -IDEClonedSourcePackagesDirPathOverride=$PWD/.dependencies -skipMacroValidation -skipPackagePluginValidation -derivedDataPath $PWD/.derivedData build -scheme GoogleTagManager -destination generic/platform=watchOS
Command line invocation:
/Applications/Xcode-26.5.0.app/Contents/Developer/usr/bin/xcodebuild -IDEClonedSourcePackagesDirPathOverride=/Users/admin/builder/spi-builder-workspace/.dependencies -skipMacroValidation -skipPackagePluginValidation -derivedDataPath /Users/admin/builder/spi-builder-workspace/.derivedData build -scheme GoogleTagManager -destination generic/platform=watchOS
Resolve Package Graph
Resolve Package Graph
Resolved source packages:
Firebase: https://github.com/firebase/firebase-ios-sdk.git @ 12.19.2
InteropForGoogle: https://github.com/google/interop-ios-for-google-sdks.git @ 101.0.0
nanopb: https://github.com/firebase/nanopb.git @ 2.30910.1
GoogleDataTransport: https://github.com/google/GoogleDataTransport.git @ 10.1.1
Promises: https://github.com/google/promises.git @ 2.4.1
GoogleTagManager: /Users/admin/builder/spi-builder-workspace
leveldb: https://github.com/firebase/leveldb.git @ 1.22.5
GoogleUtilities: https://github.com/google/GoogleUtilities.git @ 8.1.3
abseil: https://github.com/google/abseil-cpp-binary.git @ 1.2024072200.0
GTMSessionFetcher: https://github.com/google/gtm-session-fetcher.git @ 5.3.1
gRPC: https://github.com/google/grpc-binary.git @ 1.69.1
AppCheck: https://github.com/google/app-check.git @ 11.3.2
GoogleAdsOnDeviceConversion: https://github.com/googleads/google-ads-on-device-conversion-ios-sdk @ 3.7.0
GoogleAppMeasurement: https://github.com/google/GoogleAppMeasurement.git @ 12.19.2
2026-09-28 18:16:55.590 xcodebuild[1401:6891] [MT] IDERunDestination: Supported platforms for the buildables in the current scheme is empty.
2026-09-28 18:16:56.228 xcodebuild[1401:6891] [MT] DVTAssertions: Warning in IDEFrameworks/IDEFoundation/Execution/RunContextManager/IDERunContextManager.m:926
Details: Error deleting scheme: Cannot modify data because the process disallows saving.
Object: <IDERunContextManager: 0xa0e2f8600>
Method: -deleteRunContexts:completionQueue:completionBlock:
Thread: <_NSMainThread: 0x102bd55e0>{number = 1, name = main}
Please file a bug at https://feedbackassistant.apple.com with this warning message and any useful information you can provide.
2026-09-28 18:16:56.229 xcodebuild[1401:6891] could not delete old scheme: Error Domain=DVTCustomDataStoringErrors Code=0 "Cannot modify data because the process disallows saving." UserInfo={NSLocalizedDescription=Cannot modify data because the process disallows saving.}
2026-09-28 18:16:56.232 xcodebuild[1401:6891] Writing error result bundle to /var/folders/xq/y_g06wb113726d38xsyx71_h0000gn/T/ResultBundle_2026-28-09_18-16-0056.xcresult
xcodebuild: error: The workspace named "spi-builder-workspace" does not contain a scheme named "GoogleTagManager". The "-list" option can be used to find the names of the schemes in the workspace.
Command line invocation:
/Applications/Xcode-26.5.0.app/Contents/Developer/usr/bin/xcodebuild -IDEClonedSourcePackagesDirPathOverride=/Users/admin/builder/spi-builder-workspace/.dependencies -resolvePackageDependencies
Resolve Package Graph
Resolved source packages:
Firebase: https://github.com/firebase/firebase-ios-sdk.git @ 12.19.2
GoogleUtilities: https://github.com/google/GoogleUtilities.git @ 8.1.3
GoogleDataTransport: https://github.com/google/GoogleDataTransport.git @ 10.1.1
leveldb: https://github.com/firebase/leveldb.git @ 1.22.5
GoogleAdsOnDeviceConversion: https://github.com/googleads/google-ads-on-device-conversion-ios-sdk @ 3.7.0
Promises: https://github.com/google/promises.git @ 2.4.1
GoogleTagManager: /Users/admin/builder/spi-builder-workspace
gRPC: https://github.com/google/grpc-binary.git @ 1.69.1
abseil: https://github.com/google/abseil-cpp-binary.git @ 1.2024072200.0
AppCheck: https://github.com/google/app-check.git @ 11.3.2
nanopb: https://github.com/firebase/nanopb.git @ 2.30910.1
GoogleAppMeasurement: https://github.com/google/GoogleAppMeasurement.git @ 12.19.2
GTMSessionFetcher: https://github.com/google/gtm-session-fetcher.git @ 5.3.1
InteropForGoogle: https://github.com/google/interop-ios-for-google-sdks.git @ 101.0.0
resolved source packages: Firebase, GoogleUtilities, GoogleDataTransport, leveldb, GoogleAdsOnDeviceConversion, Promises, GoogleTagManager, gRPC, abseil, AppCheck, nanopb, GoogleAppMeasurement, GTMSessionFetcher, InteropForGoogle
2026-09-28 18:16:58.090 xcodebuild[1594:7758] [MT] IDERunDestination: Supported platforms for the buildables in the current scheme is empty.
{
"c_language_standard" : "c99",
"cxx_language_standard" : "gnu++14",
"dependencies" : [
{
"identity" : "firebase-ios-sdk",
"requirement" : {
"range" : [
{
"lower_bound" : "11.0.0",
"upper_bound" : "14.0.0"
}
]
},
"type" : "sourceControl",
"url" : "https://github.com/firebase/firebase-ios-sdk.git"
}
],
"manifest_display_name" : "GoogleTagManager",
"name" : "GoogleTagManager",
"path" : "/Users/admin/builder/spi-builder-workspace",
"platforms" : [
{
"name" : "ios",
"version" : "15.0"
},
{
"name" : "macos",
"version" : "10.15"
}
],
"products" : [
{
"name" : "GoogleTagManager",
"targets" : [
"GoogleTagManagerTarget"
],
"type" : {
"library" : [
"automatic"
]
}
}
],
"targets" : [
{
"c99name" : "GoogleTagManagerTarget",
"module_type" : "ClangTarget",
"name" : "GoogleTagManagerTarget",
"path" : "GoogleTagManagerWrapper",
"product_dependencies" : [
"FirebaseAnalytics"
],
"product_memberships" : [
"GoogleTagManager"
],
"sources" : [
"dummy.m"
],
"target_dependencies" : [
"GoogleTagManager"
],
"type" : "library"
},
{
"c99name" : "GoogleTagManager",
"module_type" : "BinaryTarget",
"name" : "GoogleTagManager",
"path" : "remote/archive/GoogleTagManager.zip",
"product_memberships" : [
"GoogleTagManager"
],
"sources" : [
],
"type" : "binary"
}
],
"tools_version" : "6.0"
}
{
"workspace" : {
"name" : "spi-builder-workspace",
"schemes" : [
"GoogleTagManager"
]
}
}
2026-09-28 18:17:00.472 xcodebuild[1643:7955] [MT] IDERunDestination: Supported platforms for the buildables in the current scheme is empty.
Running build ...
env DEVELOPER_DIR=/Applications/Xcode-26.5.0.app xcrun xcodebuild -IDEClonedSourcePackagesDirPathOverride=$PWD/.dependencies -skipMacroValidation -skipPackagePluginValidation -derivedDataPath $PWD/.derivedData build -scheme GoogleTagManager -destination generic/platform=watchOS
Command line invocation:
/Applications/Xcode-26.5.0.app/Contents/Developer/usr/bin/xcodebuild -IDEClonedSourcePackagesDirPathOverride=/Users/admin/builder/spi-builder-workspace/.dependencies -skipMacroValidation -skipPackagePluginValidation -derivedDataPath /Users/admin/builder/spi-builder-workspace/.derivedData build -scheme GoogleTagManager -destination generic/platform=watchOS
Resolve Package Graph
Resolved source packages:
abseil: https://github.com/google/abseil-cpp-binary.git @ 1.2024072200.0
GTMSessionFetcher: https://github.com/google/gtm-session-fetcher.git @ 5.3.1
GoogleTagManager: /Users/admin/builder/spi-builder-workspace
GoogleAppMeasurement: https://github.com/google/GoogleAppMeasurement.git @ 12.19.2
AppCheck: https://github.com/google/app-check.git @ 11.3.2
GoogleDataTransport: https://github.com/google/GoogleDataTransport.git @ 10.1.1
GoogleAdsOnDeviceConversion: https://github.com/googleads/google-ads-on-device-conversion-ios-sdk @ 3.7.0
nanopb: https://github.com/firebase/nanopb.git @ 2.30910.1
InteropForGoogle: https://github.com/google/interop-ios-for-google-sdks.git @ 101.0.0
leveldb: https://github.com/firebase/leveldb.git @ 1.22.5
Promises: https://github.com/google/promises.git @ 2.4.1
gRPC: https://github.com/google/grpc-binary.git @ 1.69.1
Firebase: https://github.com/firebase/firebase-ios-sdk.git @ 12.19.2
GoogleUtilities: https://github.com/google/GoogleUtilities.git @ 8.1.3
ComputePackagePrebuildTargetDependencyGraph
Prepare packages
CreateBuildRequest
SendProjectDescription
CreateBuildOperation
ComputeTargetDependencyGraph
note: Building targets in dependency order
note: Target dependency graph (2 targets)
Target 'GoogleTagManager' in project 'GoogleTagManager'
➜ Explicit dependency on target 'GoogleTagManagerTarget' in project 'GoogleTagManager'
Target 'GoogleTagManagerTarget' in project 'GoogleTagManager' (no dependencies)
GatherProvisioningInputs
CreateBuildDescription
ExecuteExternalTool /Applications/Xcode-26.5.0.app/Contents/Developer/Toolchains/XcodeDefault.xctoolchain/usr/bin/clang -v -E -dM -isysroot /Applications/Xcode-26.5.0.app/Contents/Developer/Platforms/WatchOS.platform/Developer/SDKs/WatchOS26.5.sdk -x c -c /dev/null
ExecuteExternalTool /Applications/Xcode-26.5.0.app/Contents/Developer/Toolchains/XcodeDefault.xctoolchain/usr/bin/clang -v -E -dM -arch arm64 -isysroot /Applications/Xcode-26.5.0.app/Contents/Developer/Platforms/WatchOS.platform/Developer/SDKs/WatchOS26.5.sdk -x objective-c -c /dev/null
ExecuteExternalTool /Applications/Xcode-26.5.0.app/Contents/Developer/Toolchains/XcodeDefault.xctoolchain/usr/bin/clang -v -E -dM -arch arm64 -isysroot /Applications/Xcode-26.5.0.app/Contents/Developer/Platforms/WatchOS.platform/Developer/SDKs/WatchOS26.5.sdk -x c -c /dev/null
ExecuteExternalTool /Applications/Xcode-26.5.0.app/Contents/Developer/Toolchains/XcodeDefault.xctoolchain/usr/bin/ld -version_details
ExecuteExternalTool /Applications/Xcode-26.5.0.app/Contents/Developer/Toolchains/XcodeDefault.xctoolchain/usr/bin/clang -v -E -dM -arch armv7k -isysroot /Applications/Xcode-26.5.0.app/Contents/Developer/Platforms/WatchOS.platform/Developer/SDKs/WatchOS26.5.sdk -x objective-c -c /dev/null
ExecuteExternalTool /Applications/Xcode-26.5.0.app/Contents/Developer/Toolchains/XcodeDefault.xctoolchain/usr/bin/clang -v -E -dM -arch armv7k -isysroot /Applications/Xcode-26.5.0.app/Contents/Developer/Platforms/WatchOS.platform/Developer/SDKs/WatchOS26.5.sdk -x c -c /dev/null
ExecuteExternalTool /Applications/Xcode-26.5.0.app/Contents/Developer/Toolchains/XcodeDefault.xctoolchain/usr/bin/clang -v -E -dM -arch arm64_32 -isysroot /Applications/Xcode-26.5.0.app/Contents/Developer/Platforms/WatchOS.platform/Developer/SDKs/WatchOS26.5.sdk -x objective-c -c /dev/null
ExecuteExternalTool /Applications/Xcode-26.5.0.app/Contents/Developer/Toolchains/XcodeDefault.xctoolchain/usr/bin/clang -v -E -dM -arch arm64_32 -isysroot /Applications/Xcode-26.5.0.app/Contents/Developer/Platforms/WatchOS.platform/Developer/SDKs/WatchOS26.5.sdk -x c -c /dev/null
Build description signature: b2ba20d9078443a8ef1428f3070e7785
Build description path: /Users/admin/builder/spi-builder-workspace/.derivedData/Build/Intermediates.noindex/XCBuildData/b2ba20d9078443a8ef1428f3070e7785.xcbuilddata
/Users/admin/builder/spi-builder-workspace/.dependencies/artifacts/spi-builder-workspace/GoogleTagManager/GoogleTagManager.xcframework:1:1: error: While building for watchOS, no library for this platform was found in '/Users/admin/builder/spi-builder-workspace/.dependencies/artifacts/spi-builder-workspace/GoogleTagManager/GoogleTagManager.xcframework'. (in target 'GoogleTagManager' from project 'GoogleTagManager')
/Users/admin/builder/spi-builder-workspace/.dependencies/artifacts/spi-builder-workspace/GoogleTagManager/GoogleTagManager.xcframework:1:1: error: While building for watchOS, no library for this platform was found in '/Users/admin/builder/spi-builder-workspace/.dependencies/artifacts/spi-builder-workspace/GoogleTagManager/GoogleTagManager.xcframework'. (in target 'GoogleTagManagerTarget' from project 'GoogleTagManager')
2026-09-28 18:17:02.676 xcodebuild[1685:8116] [MT] IDERunDestination: Supported platforms for the buildables in the current scheme is empty.
** BUILD FAILED **
The following build commands failed:
Building workspace spi-builder-workspace with scheme GoogleTagManager
(1 failure)
BUILD FAILURE 6.3 watchOS