Build Information
Failed to build Reach5, reference master (576406), with Swift 6.2 for watchOS using Xcode 26.3 on 31 Oct 2026 12:37:33 UTC.
Build Command
env DEVELOPER_DIR=/Applications/Xcode-26.3.0.app xcrun xcodebuild -IDEClonedSourcePackagesDirPathOverride=$PWD/.dependencies -skipMacroValidation -skipPackagePluginValidation -derivedDataPath $PWD/.derivedData build -scheme Reach5 -destination generic/platform=watchOSBuild Log
========================================
RunAll
========================================
Builder version: 5.1.4
Interrupt handler set up.
========================================
Checkout
========================================
Clone URL: https://github.com/ReachFive/reachfive-ios.git
Reference: master
Initialized empty Git repository in /Users/admin/builder/spi-builder-workspace/.git/
From https://github.com/ReachFive/reachfive-ios
* branch master -> FETCH_HEAD
* [new branch] master -> origin/master
HEAD is now at 5764069 Sandbox : le clavier de l'écran passwordless s'escamote (#159)
Cloned https://github.com/ReachFive/reachfive-ios.git
Revision (git rev-parse @):
5764069a093e1e9c7b6ae15bbe5204128e72d6a2
SUCCESS checkout https://github.com/ReachFive/reachfive-ios.git at master
========================================
Build
========================================
Selected platform: watchOS
Swift version: 6.2
Building package at path: $PWD
https://github.com/ReachFive/reachfive-ios.git
Command line invocation:
/Applications/Xcode-26.3.0.app/Contents/Developer/usr/bin/xcodebuild -IDEClonedSourcePackagesDirPathOverride=/Users/admin/builder/spi-builder-workspace/.dependencies -resolvePackageDependencies
Resolve Package Graph
Resolve Package Graph
Resolved source packages:
Reach5: /Users/admin/builder/spi-builder-workspace
resolved source packages: Reach5
2026-10-31 08:37:03.393 xcodebuild[539:3113] [MT] IDERunDestination: Supported platforms for the buildables in the current scheme is empty.
{
"dependencies" : [
],
"manifest_display_name" : "Reach5",
"name" : "Reach5",
"path" : "/Users/admin/builder/spi-builder-workspace",
"platforms" : [
{
"name" : "ios",
"version" : "13.0"
}
],
"products" : [
{
"name" : "Reach5",
"targets" : [
"Reach5"
],
"type" : {
"library" : [
"automatic"
]
}
}
],
"targets" : [
{
"c99name" : "Reach5Tests",
"module_type" : "SwiftTarget",
"name" : "Reach5Tests",
"path" : "Tests/Reach5Tests",
"sources" : [
"AuthorizeParamsTests.swift",
"CredentialManagerLifecycleTests.swift",
"CredentialManagerTests.swift",
"Models/ProviderConfigTests.swift",
"Models/SdkConfigTests.swift",
"OriginWebAuthnOverrideTests.swift",
"PresentationTests.swift",
"Support/WebAuthTestDoubles.swift",
"URLNormalizationTests.swift",
"UsernameTests.swift",
"Web/ReachFiveLoginTests.swift",
"Web/URLWebAuthTests.swift",
"Web/WebAuthCallbackMatchingTests.swift",
"Web/WebAuthenticationErrorMappingTests.swift",
"Web/WebAuthenticationSessionTests.swift",
"Web/WebviewLoginRequestTests.swift",
"WebAuthnLoginRequestTests.swift"
],
"target_dependencies" : [
"Reach5"
],
"type" : "test"
},
{
"c99name" : "Reach5",
"module_type" : "SwiftTarget",
"name" : "Reach5",
"path" : "Sources/Core",
"product_memberships" : [
"Reach5"
],
"resources" : [
{
"path" : "/Users/admin/builder/spi-builder-workspace/Sources/Core/PrivacyInfo.xcprivacy",
"rule" : {
"copy" : {
}
}
}
],
"sources" : [
"Classes/AppleProvider.swift",
"Classes/CredentialManager.swift",
"Classes/DefaultProvider.swift",
"Classes/LoginWKWebview.swift",
"Classes/Presentation.swift",
"Classes/Provider.swift",
"Classes/ReachFive.swift",
"Classes/ReachFiveApi.swift",
"Classes/ReachFiveApplication.swift",
"Classes/ReachFiveError.swift",
"Classes/ReachFiveLogin.swift",
"Classes/ReachFiveMfa.swift",
"Classes/ReachFiveNative.swift",
"Classes/ReachFivePassword.swift",
"Classes/ReachFivePasswordLess.swift",
"Classes/ReachFiveProfile.swift",
"Classes/ReachFiveProviders.swift",
"Classes/ReachFiveSessionDevice.swift",
"Classes/ReachFiveToken.swift",
"Classes/ReachFiveWebviewLogin.swift",
"Classes/SdkVersion.swift",
"Classes/models/AccessTokenResponse.swift",
"Classes/models/AuthToken.swift",
"Classes/models/Captcha.swift",
"Classes/models/ClientConfigResponse.swift",
"Classes/models/Consent.swift",
"Classes/models/Emails.swift",
"Classes/models/LoginSummary.swift",
"Classes/models/OpenIdUser.swift",
"Classes/models/Profile.swift",
"Classes/models/ProfileAddress.swift",
"Classes/models/ProfileUpdate.swift",
"Classes/models/ProviderConfig.swift",
"Classes/models/ProvidersConfigsResult.swift",
"Classes/models/SdkConfig.swift",
"Classes/models/SdkInternalConfig.swift",
"Classes/models/SessionDevicesResponse.swift",
"Classes/models/SignupTokenResponse.swift",
"Classes/models/requests/AuthCodeRequest.swift",
"Classes/models/requests/LoginProviderRequest.swift",
"Classes/models/requests/LoginRequest.swift",
"Classes/models/requests/MfaCredentialsRequest.swift",
"Classes/models/requests/MfaStepUpRequest.swift",
"Classes/models/requests/ProfileSignupRequest.swift",
"Classes/models/requests/RefreshRequest.swift",
"Classes/models/requests/RequestAccountRecoveryRequest.swift",
"Classes/models/requests/RequestPasswordResetRequest.swift",
"Classes/models/requests/RevokeTokenRequest.swift",
"Classes/models/requests/SignupRequest.swift",
"Classes/models/requests/StartPasswordlessRequest.swift",
"Classes/models/requests/TokenType.swift",
"Classes/models/requests/UpdateEmailRequest.swift",
"Classes/models/requests/UpdatePasswordRequest.swift",
"Classes/models/requests/UpdatePhoneNumberRequest.swift",
"Classes/models/requests/VerifyAuthCodeRequest.swift",
"Classes/models/requests/VerifyEmailRequest.swift",
"Classes/models/requests/VerifyPhoneNumberRequest.swift",
"Classes/models/requests/WebSessionLogoutRequest.swift",
"Classes/models/requests/WebviewLoginRequest.swift",
"Classes/models/requests/webAuthn/AuthenticationPublicKeyCredential.swift",
"Classes/models/requests/webAuthn/NativeLoginRequest.swift",
"Classes/models/requests/webAuthn/NewPasskeyRequest.swift",
"Classes/models/requests/webAuthn/PasskeySignupRequest.swift",
"Classes/models/requests/webAuthn/ProfilePasskeySignupRequest.swift",
"Classes/models/requests/webAuthn/R5AuthenticatorAssertionResponse.swift",
"Classes/models/requests/webAuthn/R5AuthenticatorAttestationResponse.swift",
"Classes/models/requests/webAuthn/R5PublicKeyCredentialRequestOptions.swift",
"Classes/models/requests/webAuthn/RegistrationPublicKeyCredential.swift",
"Classes/models/requests/webAuthn/RegistrationRequest.swift",
"Classes/models/requests/webAuthn/ResetOptions.swift",
"Classes/models/requests/webAuthn/ResetPasskeyRequest.swift",
"Classes/models/requests/webAuthn/ResetPublicKeyCredential.swift",
"Classes/models/requests/webAuthn/SignupOptions.swift",
"Classes/models/requests/webAuthn/WebAuthnLoginRequest.swift",
"Classes/models/requests/webAuthn/WebauthnSignupCredential.swift",
"Classes/models/responses/TknMfa.swift",
"Classes/models/responses/VerifyEmailResponse.swift",
"Classes/models/responses/trustedDevices/TrustedDevice.swift",
"Classes/models/responses/webAuthn/AuthenticationOptions.swift",
"Classes/models/responses/webAuthn/AuthenticationToken.swift",
"Classes/models/responses/webAuthn/CredentialCreationOptions.swift",
"Classes/models/responses/webAuthn/DeviceCredential.swift",
"Classes/models/responses/webAuthn/R5AuthenticatorSelectionCriteria.swift",
"Classes/models/responses/webAuthn/R5PublicKeyCredentialCreationOptions.swift",
"Classes/models/responses/webAuthn/R5PublicKeyCredentialDescriptor.swift",
"Classes/models/responses/webAuthn/R5PublicKeyCredentialParameter.swift",
"Classes/models/responses/webAuthn/R5PublicKeyCredentialRpEntity.swift",
"Classes/models/responses/webAuthn/R5PublicKeyCredentialUserEntity.swift",
"Classes/models/responses/webAuthn/RegistrationOptions.swift",
"Classes/utils/Async.swift",
"Classes/utils/Base64.swift",
"Classes/utils/CustomField.swift",
"Classes/utils/DataRequest.swift",
"Classes/utils/DictionaryEncodable.swift",
"Classes/utils/Logger.swift",
"Classes/utils/NetworkClient.swift",
"Classes/utils/Pkce.swift",
"Classes/utils/Storage.swift",
"Classes/utils/StringUtils.swift",
"Classes/utils/URL+Normalization.swift",
"Classes/web/URL+WebAuth.swift",
"Classes/web/WebAuthentication.swift",
"Classes/web/WebSessionMode.swift"
],
"type" : "library"
}
],
"tools_version" : "5.10"
}
{
"workspace" : {
"name" : "spi-builder-workspace",
"schemes" : [
"Reach5"
]
}
}
2026-10-31 08:37:24.213 xcodebuild[714:4503] [MT] IDERunDestination: Supported platforms for the buildables in the current scheme is empty.
Running build ...
env DEVELOPER_DIR=/Applications/Xcode-26.3.0.app xcrun xcodebuild -IDEClonedSourcePackagesDirPathOverride=$PWD/.dependencies -skipMacroValidation -skipPackagePluginValidation -derivedDataPath $PWD/.derivedData build -scheme Reach5 -destination generic/platform=watchOS
Command line invocation:
/Applications/Xcode-26.3.0.app/Contents/Developer/usr/bin/xcodebuild -IDEClonedSourcePackagesDirPathOverride=/Users/admin/builder/spi-builder-workspace/.dependencies -skipMacroValidation -skipPackagePluginValidation -derivedDataPath /Users/admin/builder/spi-builder-workspace/.derivedData build -scheme Reach5 -destination generic/platform=watchOS
Resolve Package Graph
Resolved source packages:
Reach5: /Users/admin/builder/spi-builder-workspace
ComputePackagePrebuildTargetDependencyGraph
Prepare packages
CreateBuildRequest
SendProjectDescription
CreateBuildOperation
ComputeTargetDependencyGraph
note: Building targets in dependency order
note: Target dependency graph (3 targets)
Target 'Reach5' in project 'Reach5'
➜ Explicit dependency on target 'Reach5' in project 'Reach5'
➜ Explicit dependency on target 'Reach5_Reach5' in project 'Reach5'
Target 'Reach5' in project 'Reach5'
➜ Explicit dependency on target 'Reach5_Reach5' in project 'Reach5'
Target 'Reach5_Reach5' in project 'Reach5' (no dependencies)
GatherProvisioningInputs
CreateBuildDescription
ExecuteExternalTool /Applications/Xcode-26.3.0.app/Contents/Developer/Toolchains/XcodeDefault.xctoolchain/usr/bin/clang -v -E -dM -isysroot /Applications/Xcode-26.3.0.app/Contents/Developer/Platforms/WatchOS.platform/Developer/SDKs/WatchOS26.2.sdk -x c -c /dev/null
ExecuteExternalTool /Applications/Xcode-26.3.0.app/Contents/Developer/Toolchains/XcodeDefault.xctoolchain/usr/bin/swiftc --version
ExecuteExternalTool /Applications/Xcode-26.3.0.app/Contents/Developer/Toolchains/XcodeDefault.xctoolchain/usr/bin/ld -version_details
Build description signature: 2b50ae60dc33b7df4551beee5f805f68
Build description path: /Users/admin/builder/spi-builder-workspace/.derivedData/Build/Intermediates.noindex/XCBuildData/2b50ae60dc33b7df4551beee5f805f68.xcbuilddata
ClangStatCache /Applications/Xcode-26.3.0.app/Contents/Developer/Toolchains/XcodeDefault.xctoolchain/usr/bin/clang-stat-cache /Applications/Xcode-26.3.0.app/Contents/Developer/Platforms/WatchOS.platform/Developer/SDKs/WatchOS26.2.sdk /Users/admin/builder/spi-builder-workspace/.derivedData/SDKStatCaches.noindex/watchos26.2-23S303-dc75598d0054f22ec865fa860f139d721753b489057de6bda919edfa1c59a62b.sdkstatcache
cd /Users/admin/builder/spi-builder-workspace/.swiftpm/xcode
/Applications/Xcode-26.3.0.app/Contents/Developer/Toolchains/XcodeDefault.xctoolchain/usr/bin/clang-stat-cache /Applications/Xcode-26.3.0.app/Contents/Developer/Platforms/WatchOS.platform/Developer/SDKs/WatchOS26.2.sdk -o /Users/admin/builder/spi-builder-workspace/.derivedData/SDKStatCaches.noindex/watchos26.2-23S303-dc75598d0054f22ec865fa860f139d721753b489057de6bda919edfa1c59a62b.sdkstatcache
CreateBuildDirectory /Users/admin/builder/spi-builder-workspace/.derivedData/Build/Intermediates.noindex
cd /Users/admin/builder/spi-builder-workspace/.swiftpm/xcode
builtin-create-build-directory /Users/admin/builder/spi-builder-workspace/.derivedData/Build/Intermediates.noindex
CreateBuildDirectory /Users/admin/builder/spi-builder-workspace/.derivedData/Build/Products
cd /Users/admin/builder/spi-builder-workspace/.swiftpm/xcode
builtin-create-build-directory /Users/admin/builder/spi-builder-workspace/.derivedData/Build/Products
CreateBuildDirectory /Users/admin/builder/spi-builder-workspace/.derivedData/Build/Products/Debug-watchos
cd /Users/admin/builder/spi-builder-workspace/.swiftpm/xcode
builtin-create-build-directory /Users/admin/builder/spi-builder-workspace/.derivedData/Build/Products/Debug-watchos
CreateBuildDirectory /Users/admin/builder/spi-builder-workspace/.derivedData/Build/Intermediates.noindex/SwiftExplicitPrecompiledModules
cd /Users/admin/builder/spi-builder-workspace/.swiftpm/xcode
builtin-create-build-directory /Users/admin/builder/spi-builder-workspace/.derivedData/Build/Intermediates.noindex/SwiftExplicitPrecompiledModules
CreateBuildDirectory /Users/admin/builder/spi-builder-workspace/.derivedData/Build/Intermediates.noindex/ExplicitPrecompiledModules
cd /Users/admin/builder/spi-builder-workspace/.swiftpm/xcode
builtin-create-build-directory /Users/admin/builder/spi-builder-workspace/.derivedData/Build/Intermediates.noindex/ExplicitPrecompiledModules
CreateBuildDirectory /Users/admin/builder/spi-builder-workspace/.derivedData/Build/Intermediates.noindex/EagerLinkingTBDs/Debug-watchos
cd /Users/admin/builder/spi-builder-workspace/.swiftpm/xcode
builtin-create-build-directory /Users/admin/builder/spi-builder-workspace/.derivedData/Build/Intermediates.noindex/EagerLinkingTBDs/Debug-watchos
CreateBuildDirectory /Users/admin/builder/spi-builder-workspace/.derivedData/Build/Products/Debug-watchos/PackageFrameworks
cd /Users/admin/builder/spi-builder-workspace/.swiftpm/xcode
builtin-create-build-directory /Users/admin/builder/spi-builder-workspace/.derivedData/Build/Products/Debug-watchos/PackageFrameworks
MkDir /Users/admin/builder/spi-builder-workspace/.derivedData/Build/Products/Debug-watchos/Reach5_Reach5.bundle (in target 'Reach5_Reach5' from project 'Reach5')
cd /Users/admin/builder/spi-builder-workspace
/bin/mkdir -p /Users/admin/builder/spi-builder-workspace/.derivedData/Build/Products/Debug-watchos/Reach5_Reach5.bundle
WriteAuxiliaryFile /Users/admin/builder/spi-builder-workspace/.derivedData/Build/Intermediates.noindex/Reach5.build/Debug-watchos/Reach5.build/Reach5.modulemap (in target 'Reach5' from project 'Reach5')
cd /Users/admin/builder/spi-builder-workspace
write-file /Users/admin/builder/spi-builder-workspace/.derivedData/Build/Intermediates.noindex/Reach5.build/Debug-watchos/Reach5.build/Reach5.modulemap
WriteAuxiliaryFile /Users/admin/builder/spi-builder-workspace/.derivedData/Build/Intermediates.noindex/Reach5.build/Debug-watchos/Reach5_Reach5.build/Reach5_Reach5.DependencyStaticMetadataFileList (in target 'Reach5_Reach5' from project 'Reach5')
cd /Users/admin/builder/spi-builder-workspace
write-file /Users/admin/builder/spi-builder-workspace/.derivedData/Build/Intermediates.noindex/Reach5.build/Debug-watchos/Reach5_Reach5.build/Reach5_Reach5.DependencyStaticMetadataFileList
WriteAuxiliaryFile /Users/admin/builder/spi-builder-workspace/.derivedData/Build/Intermediates.noindex/Reach5.build/Debug-watchos/Reach5.build/Reach5.DependencyStaticMetadataFileList (in target 'Reach5' from project 'Reach5')
cd /Users/admin/builder/spi-builder-workspace
write-file /Users/admin/builder/spi-builder-workspace/.derivedData/Build/Intermediates.noindex/Reach5.build/Debug-watchos/Reach5.build/Reach5.DependencyStaticMetadataFileList
WriteAuxiliaryFile /Users/admin/builder/spi-builder-workspace/.derivedData/Build/Intermediates.noindex/Reach5.build/Debug-watchos/Reach5.build/Reach5.DependencyMetadataFileList (in target 'Reach5' from project 'Reach5')
cd /Users/admin/builder/spi-builder-workspace
write-file /Users/admin/builder/spi-builder-workspace/.derivedData/Build/Intermediates.noindex/Reach5.build/Debug-watchos/Reach5.build/Reach5.DependencyMetadataFileList
WriteAuxiliaryFile /Users/admin/builder/spi-builder-workspace/.derivedData/Build/Intermediates.noindex/Reach5.build/Debug-watchos/Reach5_Reach5.build/Reach5_Reach5.DependencyMetadataFileList (in target 'Reach5_Reach5' from project 'Reach5')
cd /Users/admin/builder/spi-builder-workspace
write-file /Users/admin/builder/spi-builder-workspace/.derivedData/Build/Intermediates.noindex/Reach5.build/Debug-watchos/Reach5_Reach5.build/Reach5_Reach5.DependencyMetadataFileList
WriteAuxiliaryFile /Users/admin/builder/spi-builder-workspace/.derivedData/Build/Intermediates.noindex/Reach5.build/Debug-watchos/Reach5_Reach5.build/empty-Reach5_Reach5.plist (in target 'Reach5_Reach5' from project 'Reach5')
cd /Users/admin/builder/spi-builder-workspace
write-file /Users/admin/builder/spi-builder-workspace/.derivedData/Build/Intermediates.noindex/Reach5.build/Debug-watchos/Reach5_Reach5.build/empty-Reach5_Reach5.plist
WriteAuxiliaryFile /Users/admin/builder/spi-builder-workspace/.derivedData/Build/Intermediates.noindex/Reach5.build/Debug-watchos/Reach5.build/Objects-normal/armv7k/Reach5.SwiftConstValuesFileList (in target 'Reach5' from project 'Reach5')
cd /Users/admin/builder/spi-builder-workspace
write-file /Users/admin/builder/spi-builder-workspace/.derivedData/Build/Intermediates.noindex/Reach5.build/Debug-watchos/Reach5.build/Objects-normal/armv7k/Reach5.SwiftConstValuesFileList
WriteAuxiliaryFile /Users/admin/builder/spi-builder-workspace/.derivedData/Build/Intermediates.noindex/Reach5.build/Debug-watchos/Reach5.build/Objects-normal/armv7k/Reach5_const_extract_protocols.json (in target 'Reach5' from project 'Reach5')
cd /Users/admin/builder/spi-builder-workspace
write-file /Users/admin/builder/spi-builder-workspace/.derivedData/Build/Intermediates.noindex/Reach5.build/Debug-watchos/Reach5.build/Objects-normal/armv7k/Reach5_const_extract_protocols.json
WriteAuxiliaryFile /Users/admin/builder/spi-builder-workspace/.derivedData/Build/Intermediates.noindex/Reach5.build/Debug-watchos/Reach5.build/Objects-normal/armv7k/Reach5.SwiftFileList (in target 'Reach5' from project 'Reach5')
cd /Users/admin/builder/spi-builder-workspace
write-file /Users/admin/builder/spi-builder-workspace/.derivedData/Build/Intermediates.noindex/Reach5.build/Debug-watchos/Reach5.build/Objects-normal/armv7k/Reach5.SwiftFileList
WriteAuxiliaryFile /Users/admin/builder/spi-builder-workspace/.derivedData/Build/Intermediates.noindex/Reach5.build/Debug-watchos/Reach5.build/Objects-normal/armv7k/Reach5.LinkFileList (in target 'Reach5' from project 'Reach5')
cd /Users/admin/builder/spi-builder-workspace
write-file /Users/admin/builder/spi-builder-workspace/.derivedData/Build/Intermediates.noindex/Reach5.build/Debug-watchos/Reach5.build/Objects-normal/armv7k/Reach5.LinkFileList
WriteAuxiliaryFile /Users/admin/builder/spi-builder-workspace/.derivedData/Build/Intermediates.noindex/Reach5.build/Debug-watchos/Reach5.build/Objects-normal/armv7k/Reach5-OutputFileMap.json (in target 'Reach5' from project 'Reach5')
cd /Users/admin/builder/spi-builder-workspace
write-file /Users/admin/builder/spi-builder-workspace/.derivedData/Build/Intermediates.noindex/Reach5.build/Debug-watchos/Reach5.build/Objects-normal/armv7k/Reach5-OutputFileMap.json
WriteAuxiliaryFile /Users/admin/builder/spi-builder-workspace/.derivedData/Build/Intermediates.noindex/Reach5.build/Debug-watchos/Reach5.build/Objects-normal/arm64_32/Reach5_const_extract_protocols.json (in target 'Reach5' from project 'Reach5')
cd /Users/admin/builder/spi-builder-workspace
write-file /Users/admin/builder/spi-builder-workspace/.derivedData/Build/Intermediates.noindex/Reach5.build/Debug-watchos/Reach5.build/Objects-normal/arm64_32/Reach5_const_extract_protocols.json
WriteAuxiliaryFile /Users/admin/builder/spi-builder-workspace/.derivedData/Build/Intermediates.noindex/Reach5.build/Debug-watchos/Reach5.build/Objects-normal/arm64_32/Reach5.SwiftConstValuesFileList (in target 'Reach5' from project 'Reach5')
cd /Users/admin/builder/spi-builder-workspace
write-file /Users/admin/builder/spi-builder-workspace/.derivedData/Build/Intermediates.noindex/Reach5.build/Debug-watchos/Reach5.build/Objects-normal/arm64_32/Reach5.SwiftConstValuesFileList
WriteAuxiliaryFile /Users/admin/builder/spi-builder-workspace/.derivedData/Build/Intermediates.noindex/Reach5.build/Debug-watchos/Reach5.build/Objects-normal/arm64_32/Reach5.SwiftFileList (in target 'Reach5' from project 'Reach5')
cd /Users/admin/builder/spi-builder-workspace
write-file /Users/admin/builder/spi-builder-workspace/.derivedData/Build/Intermediates.noindex/Reach5.build/Debug-watchos/Reach5.build/Objects-normal/arm64_32/Reach5.SwiftFileList
WriteAuxiliaryFile /Users/admin/builder/spi-builder-workspace/.derivedData/Build/Intermediates.noindex/Reach5.build/Debug-watchos/Reach5.build/Objects-normal/arm64_32/Reach5.LinkFileList (in target 'Reach5' from project 'Reach5')
cd /Users/admin/builder/spi-builder-workspace
write-file /Users/admin/builder/spi-builder-workspace/.derivedData/Build/Intermediates.noindex/Reach5.build/Debug-watchos/Reach5.build/Objects-normal/arm64_32/Reach5.LinkFileList
WriteAuxiliaryFile /Users/admin/builder/spi-builder-workspace/.derivedData/Build/Intermediates.noindex/Reach5.build/Debug-watchos/Reach5.build/Objects-normal/arm64_32/Reach5-OutputFileMap.json (in target 'Reach5' from project 'Reach5')
cd /Users/admin/builder/spi-builder-workspace
write-file /Users/admin/builder/spi-builder-workspace/.derivedData/Build/Intermediates.noindex/Reach5.build/Debug-watchos/Reach5.build/Objects-normal/arm64_32/Reach5-OutputFileMap.json
WriteAuxiliaryFile /Users/admin/builder/spi-builder-workspace/.derivedData/Build/Intermediates.noindex/Reach5.build/Debug-watchos/Reach5.build/Objects-normal/arm64/Reach5.SwiftFileList (in target 'Reach5' from project 'Reach5')
cd /Users/admin/builder/spi-builder-workspace
write-file /Users/admin/builder/spi-builder-workspace/.derivedData/Build/Intermediates.noindex/Reach5.build/Debug-watchos/Reach5.build/Objects-normal/arm64/Reach5.SwiftFileList
WriteAuxiliaryFile /Users/admin/builder/spi-builder-workspace/.derivedData/Build/Intermediates.noindex/Reach5.build/Debug-watchos/Reach5.build/Objects-normal/arm64/Reach5_const_extract_protocols.json (in target 'Reach5' from project 'Reach5')
cd /Users/admin/builder/spi-builder-workspace
write-file /Users/admin/builder/spi-builder-workspace/.derivedData/Build/Intermediates.noindex/Reach5.build/Debug-watchos/Reach5.build/Objects-normal/arm64/Reach5_const_extract_protocols.json
WriteAuxiliaryFile /Users/admin/builder/spi-builder-workspace/.derivedData/Build/Intermediates.noindex/Reach5.build/Debug-watchos/Reach5.build/Objects-normal/arm64/Reach5.SwiftConstValuesFileList (in target 'Reach5' from project 'Reach5')
cd /Users/admin/builder/spi-builder-workspace
write-file /Users/admin/builder/spi-builder-workspace/.derivedData/Build/Intermediates.noindex/Reach5.build/Debug-watchos/Reach5.build/Objects-normal/arm64/Reach5.SwiftConstValuesFileList
WriteAuxiliaryFile /Users/admin/builder/spi-builder-workspace/.derivedData/Build/Intermediates.noindex/Reach5.build/Debug-watchos/Reach5.build/Objects-normal/arm64/Reach5.LinkFileList (in target 'Reach5' from project 'Reach5')
cd /Users/admin/builder/spi-builder-workspace
write-file /Users/admin/builder/spi-builder-workspace/.derivedData/Build/Intermediates.noindex/Reach5.build/Debug-watchos/Reach5.build/Objects-normal/arm64/Reach5.LinkFileList
WriteAuxiliaryFile /Users/admin/builder/spi-builder-workspace/.derivedData/Build/Intermediates.noindex/Reach5.build/Debug-watchos/Reach5.build/Objects-normal/arm64/Reach5-OutputFileMap.json (in target 'Reach5' from project 'Reach5')
cd /Users/admin/builder/spi-builder-workspace
write-file /Users/admin/builder/spi-builder-workspace/.derivedData/Build/Intermediates.noindex/Reach5.build/Debug-watchos/Reach5.build/Objects-normal/arm64/Reach5-OutputFileMap.json
Copy /Users/admin/builder/spi-builder-workspace/.derivedData/Build/Intermediates.noindex/GeneratedModuleMaps-watchos/Reach5.modulemap /Users/admin/builder/spi-builder-workspace/.derivedData/Build/Intermediates.noindex/Reach5.build/Debug-watchos/Reach5.build/Reach5.modulemap (in target 'Reach5' from project 'Reach5')
cd /Users/admin/builder/spi-builder-workspace
builtin-copy -exclude .DS_Store -exclude CVS -exclude .svn -exclude .git -exclude .hg -resolve-src-symlinks /Users/admin/builder/spi-builder-workspace/.derivedData/Build/Intermediates.noindex/Reach5.build/Debug-watchos/Reach5.build/Reach5.modulemap /Users/admin/builder/spi-builder-workspace/.derivedData/Build/Intermediates.noindex/GeneratedModuleMaps-watchos
WriteAuxiliaryFile /Users/admin/builder/spi-builder-workspace/.derivedData/Build/Intermediates.noindex/Reach5.build/Debug-watchos/Reach5.build/DerivedSources/resource_bundle_accessor.swift (in target 'Reach5' from project 'Reach5')
cd /Users/admin/builder/spi-builder-workspace
write-file /Users/admin/builder/spi-builder-workspace/.derivedData/Build/Intermediates.noindex/Reach5.build/Debug-watchos/Reach5.build/DerivedSources/resource_bundle_accessor.swift
CpResource /Users/admin/builder/spi-builder-workspace/.derivedData/Build/Products/Debug-watchos/Reach5_Reach5.bundle/PrivacyInfo.xcprivacy /Users/admin/builder/spi-builder-workspace/Sources/Core/PrivacyInfo.xcprivacy (in target 'Reach5_Reach5' from project 'Reach5')
cd /Users/admin/builder/spi-builder-workspace
builtin-copy -exclude .DS_Store -exclude CVS -exclude .svn -exclude .git -exclude .hg -resolve-src-symlinks /Users/admin/builder/spi-builder-workspace/Sources/Core/PrivacyInfo.xcprivacy /Users/admin/builder/spi-builder-workspace/.derivedData/Build/Products/Debug-watchos/Reach5_Reach5.bundle
ProcessInfoPlistFile /Users/admin/builder/spi-builder-workspace/.derivedData/Build/Products/Debug-watchos/Reach5_Reach5.bundle/Info.plist /Users/admin/builder/spi-builder-workspace/.derivedData/Build/Intermediates.noindex/Reach5.build/Debug-watchos/Reach5_Reach5.build/empty-Reach5_Reach5.plist (in target 'Reach5_Reach5' from project 'Reach5')
cd /Users/admin/builder/spi-builder-workspace
builtin-infoPlistUtility /Users/admin/builder/spi-builder-workspace/.derivedData/Build/Intermediates.noindex/Reach5.build/Debug-watchos/Reach5_Reach5.build/empty-Reach5_Reach5.plist -producttype com.apple.product-type.bundle -expandbuildsettings -format binary -platform watchos -o /Users/admin/builder/spi-builder-workspace/.derivedData/Build/Products/Debug-watchos/Reach5_Reach5.bundle/Info.plist
RegisterExecutionPolicyException /Users/admin/builder/spi-builder-workspace/.derivedData/Build/Products/Debug-watchos/Reach5_Reach5.bundle (in target 'Reach5_Reach5' from project 'Reach5')
cd /Users/admin/builder/spi-builder-workspace
builtin-RegisterExecutionPolicyException /Users/admin/builder/spi-builder-workspace/.derivedData/Build/Products/Debug-watchos/Reach5_Reach5.bundle
Touch /Users/admin/builder/spi-builder-workspace/.derivedData/Build/Products/Debug-watchos/Reach5_Reach5.bundle (in target 'Reach5_Reach5' from project 'Reach5')
cd /Users/admin/builder/spi-builder-workspace
/usr/bin/touch -c /Users/admin/builder/spi-builder-workspace/.derivedData/Build/Products/Debug-watchos/Reach5_Reach5.bundle
SwiftDriver Reach5 normal arm64_32 com.apple.xcode.tools.swift.compiler (in target 'Reach5' from project 'Reach5')
cd /Users/admin/builder/spi-builder-workspace/.swiftpm/xcode
builtin-SwiftDriver -- /Applications/Xcode-26.3.0.app/Contents/Developer/Toolchains/XcodeDefault.xctoolchain/usr/bin/swiftc -module-name Reach5 -Onone -enforce-exclusivity\=checked @/Users/admin/builder/spi-builder-workspace/.derivedData/Build/Intermediates.noindex/Reach5.build/Debug-watchos/Reach5.build/Objects-normal/arm64_32/Reach5.SwiftFileList -DSWIFT_PACKAGE -DDEBUG -DSWIFT_MODULE_RESOURCE_BUNDLE_AVAILABLE -DXcode -plugin-path /Applications/Xcode-26.3.0.app/Contents/Developer/Toolchains/XcodeDefault.xctoolchain/usr/lib/swift/host/plugins/testing -enable-experimental-feature DebugDescriptionMacro -sdk /Applications/Xcode-26.3.0.app/Contents/Developer/Platforms/WatchOS.platform/Developer/SDKs/WatchOS26.2.sdk -target arm64_32-apple-watchos6.0 -g -module-cache-path /Users/admin/builder/spi-builder-workspace/.derivedData/ModuleCache.noindex -Xfrontend -serialize-debugging-options -profile-coverage-mapping -profile-generate -enable-testing -index-store-path /Users/admin/builder/spi-builder-workspace/.derivedData/Index.noindex/DataStore -Xcc -D_LIBCPP_HARDENING_MODE\=_LIBCPP_HARDENING_MODE_DEBUG -swift-version 5 -I /Users/admin/builder/spi-builder-workspace/.derivedData/Build/Products/Debug-watchos -Isystem /Applications/Xcode-26.3.0.app/Contents/Developer/Platforms/WatchOS.platform/Developer/usr/lib -F /Users/admin/builder/spi-builder-workspace/.derivedData/Build/Products/Debug-watchos -F /Applications/Xcode-26.3.0.app/Contents/Developer/Platforms/WatchOS.platform/Developer/Library/Frameworks -F /Applications/Xcode-26.3.0.app/Contents/Developer/Platforms/WatchOS.platform/Developer/SDKs/WatchOS26.2.sdk/Developer/Library/Frameworks -c -j10 -enable-batch-mode -incremental -Xcc -ivfsstatcache -Xcc /Users/admin/builder/spi-builder-workspace/.derivedData/SDKStatCaches.noindex/watchos26.2-23S303-dc75598d0054f22ec865fa860f139d721753b489057de6bda919edfa1c59a62b.sdkstatcache -output-file-map /Users/admin/builder/spi-builder-workspace/.derivedData/Build/Intermediates.noindex/Reach5.build/Debug-watchos/Reach5.build/Objects-normal/arm64_32/Reach5-OutputFileMap.json -use-frontend-parseable-output -save-temps -no-color-diagnostics -explicit-module-build -module-cache-path /Users/admin/builder/spi-builder-workspace/.derivedData/Build/Intermediates.noindex/SwiftExplicitPrecompiledModules -clang-scanner-module-cache-path /Users/admin/builder/spi-builder-workspace/.derivedData/ModuleCache.noindex -sdk-module-cache-path /Users/admin/builder/spi-builder-workspace/.derivedData/ModuleCache.noindex -serialize-diagnostics -emit-dependencies -emit-module -emit-module-path /Users/admin/builder/spi-builder-workspace/.derivedData/Build/Intermediates.noindex/Reach5.build/Debug-watchos/Reach5.build/Objects-normal/arm64_32/Reach5.swiftmodule -validate-clang-modules-once -clang-build-session-file /Users/admin/builder/spi-builder-workspace/.derivedData/ModuleCache.noindex/Session.modulevalidation -package-name spi_builder_workspace -Xcc -I/Users/admin/builder/spi-builder-workspace/.derivedData/Build/Intermediates.noindex/Reach5.build/Debug-watchos/Reach5.build/swift-overrides.hmap -emit-const-values -Xfrontend -const-gather-protocols-file -Xfrontend /Users/admin/builder/spi-builder-workspace/.derivedData/Build/Intermediates.noindex/Reach5.build/Debug-watchos/Reach5.build/Objects-normal/arm64_32/Reach5_const_extract_protocols.json -Xcc -I/Users/admin/builder/spi-builder-workspace/.derivedData/Build/Products/Debug-watchos/include -Xcc -I/Users/admin/builder/spi-builder-workspace/.derivedData/Build/Intermediates.noindex/Reach5.build/Debug-watchos/Reach5.build/DerivedSources-normal/arm64_32 -Xcc -I/Users/admin/builder/spi-builder-workspace/.derivedData/Build/Intermediates.noindex/Reach5.build/Debug-watchos/Reach5.build/DerivedSources/arm64_32 -Xcc -I/Users/admin/builder/spi-builder-workspace/.derivedData/Build/Intermediates.noindex/Reach5.build/Debug-watchos/Reach5.build/DerivedSources -Xcc -DSWIFT_PACKAGE -Xcc -DDEBUG\=1 -emit-objc-header -emit-objc-header-path /Users/admin/builder/spi-builder-workspace/.derivedData/Build/Intermediates.noindex/Reach5.build/Debug-watchos/Reach5.build/Objects-normal/arm64_32/Reach5-Swift.h -working-directory /Users/admin/builder/spi-builder-workspace/.swiftpm/xcode -experimental-emit-module-separately -disable-cmo
/Users/admin/builder/spi-builder-workspace/Sources/Core/Classes/LoginWKWebview.swift:2:24: error: Unable to find module dependency: 'WebKit'
@preconcurrency import WebKit
^ (in target 'Reach5' from project 'Reach5')
/Users/admin/builder/spi-builder-workspace/Sources/Core/Classes/LoginWKWebview.swift:2:24: note: A dependency of main module 'Reach5'
@preconcurrency import WebKit
^ (in target 'Reach5' from project 'Reach5')
SwiftDriver Reach5 normal armv7k com.apple.xcode.tools.swift.compiler (in target 'Reach5' from project 'Reach5')
cd /Users/admin/builder/spi-builder-workspace/.swiftpm/xcode
builtin-SwiftDriver -- /Applications/Xcode-26.3.0.app/Contents/Developer/Toolchains/XcodeDefault.xctoolchain/usr/bin/swiftc -module-name Reach5 -Onone -enforce-exclusivity\=checked @/Users/admin/builder/spi-builder-workspace/.derivedData/Build/Intermediates.noindex/Reach5.build/Debug-watchos/Reach5.build/Objects-normal/armv7k/Reach5.SwiftFileList -DSWIFT_PACKAGE -DDEBUG -DSWIFT_MODULE_RESOURCE_BUNDLE_AVAILABLE -DXcode -plugin-path /Applications/Xcode-26.3.0.app/Contents/Developer/Toolchains/XcodeDefault.xctoolchain/usr/lib/swift/host/plugins/testing -enable-experimental-feature DebugDescriptionMacro -sdk /Applications/Xcode-26.3.0.app/Contents/Developer/Platforms/WatchOS.platform/Developer/SDKs/WatchOS26.2.sdk -target armv7k-apple-watchos6.0 -g -module-cache-path /Users/admin/builder/spi-builder-workspace/.derivedData/ModuleCache.noindex -Xfrontend -serialize-debugging-options -profile-coverage-mapping -profile-generate -enable-testing -index-store-path /Users/admin/builder/spi-builder-workspace/.derivedData/Index.noindex/DataStore -Xcc -D_LIBCPP_HARDENING_MODE\=_LIBCPP_HARDENING_MODE_DEBUG -swift-version 5 -I /Users/admin/builder/spi-builder-workspace/.derivedData/Build/Products/Debug-watchos -Isystem /Applications/Xcode-26.3.0.app/Contents/Developer/Platforms/WatchOS.platform/Developer/usr/lib -F /Users/admin/builder/spi-builder-workspace/.derivedData/Build/Products/Debug-watchos -F /Applications/Xcode-26.3.0.app/Contents/Developer/Platforms/WatchOS.platform/Developer/Library/Frameworks -F /Applications/Xcode-26.3.0.app/Contents/Developer/Platforms/WatchOS.platform/Developer/SDKs/WatchOS26.2.sdk/Developer/Library/Frameworks -c -j10 -enable-batch-mode -incremental -Xcc -ivfsstatcache -Xcc /Users/admin/builder/spi-builder-workspace/.derivedData/SDKStatCaches.noindex/watchos26.2-23S303-dc75598d0054f22ec865fa860f139d721753b489057de6bda919edfa1c59a62b.sdkstatcache -output-file-map /Users/admin/builder/spi-builder-workspace/.derivedData/Build/Intermediates.noindex/Reach5.build/Debug-watchos/Reach5.build/Objects-normal/armv7k/Reach5-OutputFileMap.json -use-frontend-parseable-output -save-temps -no-color-diagnostics -explicit-module-build -module-cache-path /Users/admin/builder/spi-builder-workspace/.derivedData/Build/Intermediates.noindex/SwiftExplicitPrecompiledModules -clang-scanner-module-cache-path /Users/admin/builder/spi-builder-workspace/.derivedData/ModuleCache.noindex -sdk-module-cache-path /Users/admin/builder/spi-builder-workspace/.derivedData/ModuleCache.noindex -serialize-diagnostics -emit-dependencies -emit-module -emit-module-path /Users/admin/builder/spi-builder-workspace/.derivedData/Build/Intermediates.noindex/Reach5.build/Debug-watchos/Reach5.build/Objects-normal/armv7k/Reach5.swiftmodule -validate-clang-modules-once -clang-build-session-file /Users/admin/builder/spi-builder-workspace/.derivedData/ModuleCache.noindex/Session.modulevalidation -package-name spi_builder_workspace -Xcc -I/Users/admin/builder/spi-builder-workspace/.derivedData/Build/Intermediates.noindex/Reach5.build/Debug-watchos/Reach5.build/swift-overrides.hmap -emit-const-values -Xfrontend -const-gather-protocols-file -Xfrontend /Users/admin/builder/spi-builder-workspace/.derivedData/Build/Intermediates.noindex/Reach5.build/Debug-watchos/Reach5.build/Objects-normal/armv7k/Reach5_const_extract_protocols.json -Xcc -I/Users/admin/builder/spi-builder-workspace/.derivedData/Build/Products/Debug-watchos/include -Xcc -I/Users/admin/builder/spi-builder-workspace/.derivedData/Build/Intermediates.noindex/Reach5.build/Debug-watchos/Reach5.build/DerivedSources-normal/armv7k -Xcc -I/Users/admin/builder/spi-builder-workspace/.derivedData/Build/Intermediates.noindex/Reach5.build/Debug-watchos/Reach5.build/DerivedSources/armv7k -Xcc -I/Users/admin/builder/spi-builder-workspace/.derivedData/Build/Intermediates.noindex/Reach5.build/Debug-watchos/Reach5.build/DerivedSources -Xcc -DSWIFT_PACKAGE -Xcc -DDEBUG\=1 -emit-objc-header -emit-objc-header-path /Users/admin/builder/spi-builder-workspace/.derivedData/Build/Intermediates.noindex/Reach5.build/Debug-watchos/Reach5.build/Objects-normal/armv7k/Reach5-Swift.h -working-directory /Users/admin/builder/spi-builder-workspace/.swiftpm/xcode -experimental-emit-module-separately -disable-cmo
/Users/admin/builder/spi-builder-workspace/Sources/Core/Classes/LoginWKWebview.swift:2:24: error: Unable to find module dependency: 'WebKit'
@preconcurrency import WebKit
^ (in target 'Reach5' from project 'Reach5')
/Users/admin/builder/spi-builder-workspace/Sources/Core/Classes/LoginWKWebview.swift:2:24: note: A dependency of main module 'Reach5'
@preconcurrency import WebKit
^ (in target 'Reach5' from project 'Reach5')
SwiftDriver Reach5 normal arm64 com.apple.xcode.tools.swift.compiler (in target 'Reach5' from project 'Reach5')
cd /Users/admin/builder/spi-builder-workspace/.swiftpm/xcode
builtin-SwiftDriver -- /Applications/Xcode-26.3.0.app/Contents/Developer/Toolchains/XcodeDefault.xctoolchain/usr/bin/swiftc -module-name Reach5 -Onone -enforce-exclusivity\=checked @/Users/admin/builder/spi-builder-workspace/.derivedData/Build/Intermediates.noindex/Reach5.build/Debug-watchos/Reach5.build/Objects-normal/arm64/Reach5.SwiftFileList -DSWIFT_PACKAGE -DDEBUG -DSWIFT_MODULE_RESOURCE_BUNDLE_AVAILABLE -DXcode -plugin-path /Applications/Xcode-26.3.0.app/Contents/Developer/Toolchains/XcodeDefault.xctoolchain/usr/lib/swift/host/plugins/testing -enable-experimental-feature DebugDescriptionMacro -sdk /Applications/Xcode-26.3.0.app/Contents/Developer/Platforms/WatchOS.platform/Developer/SDKs/WatchOS26.2.sdk -target arm64-apple-watchos6.0 -g -module-cache-path /Users/admin/builder/spi-builder-workspace/.derivedData/ModuleCache.noindex -Xfrontend -serialize-debugging-options -profile-coverage-mapping -profile-generate -enable-testing -index-store-path /Users/admin/builder/spi-builder-workspace/.derivedData/Index.noindex/DataStore -Xcc -D_LIBCPP_HARDENING_MODE\=_LIBCPP_HARDENING_MODE_DEBUG -swift-version 5 -I /Users/admin/builder/spi-builder-workspace/.derivedData/Build/Products/Debug-watchos -Isystem /Applications/Xcode-26.3.0.app/Contents/Developer/Platforms/WatchOS.platform/Developer/usr/lib -F /Users/admin/builder/spi-builder-workspace/.derivedData/Build/Products/Debug-watchos -F /Applications/Xcode-26.3.0.app/Contents/Developer/Platforms/WatchOS.platform/Developer/Library/Frameworks -F /Applications/Xcode-26.3.0.app/Contents/Developer/Platforms/WatchOS.platform/Developer/SDKs/WatchOS26.2.sdk/Developer/Library/Frameworks -c -j10 -enable-batch-mode -incremental -Xcc -ivfsstatcache -Xcc /Users/admin/builder/spi-builder-workspace/.derivedData/SDKStatCaches.noindex/watchos26.2-23S303-dc75598d0054f22ec865fa860f139d721753b489057de6bda919edfa1c59a62b.sdkstatcache -output-file-map /Users/admin/builder/spi-builder-workspace/.derivedData/Build/Intermediates.noindex/Reach5.build/Debug-watchos/Reach5.build/Objects-normal/arm64/Reach5-OutputFileMap.json -use-frontend-parseable-output -save-temps -no-color-diagnostics -explicit-module-build -module-cache-path /Users/admin/builder/spi-builder-workspace/.derivedData/Build/Intermediates.noindex/SwiftExplicitPrecompiledModules -clang-scanner-module-cache-path /Users/admin/builder/spi-builder-workspace/.derivedData/ModuleCache.noindex -sdk-module-cache-path /Users/admin/builder/spi-builder-workspace/.derivedData/ModuleCache.noindex -serialize-diagnostics -emit-dependencies -emit-module -emit-module-path /Users/admin/builder/spi-builder-workspace/.derivedData/Build/Intermediates.noindex/Reach5.build/Debug-watchos/Reach5.build/Objects-normal/arm64/Reach5.swiftmodule -validate-clang-modules-once -clang-build-session-file /Users/admin/builder/spi-builder-workspace/.derivedData/ModuleCache.noindex/Session.modulevalidation -package-name spi_builder_workspace -Xcc -I/Users/admin/builder/spi-builder-workspace/.derivedData/Build/Intermediates.noindex/Reach5.build/Debug-watchos/Reach5.build/swift-overrides.hmap -emit-const-values -Xfrontend -const-gather-protocols-file -Xfrontend /Users/admin/builder/spi-builder-workspace/.derivedData/Build/Intermediates.noindex/Reach5.build/Debug-watchos/Reach5.build/Objects-normal/arm64/Reach5_const_extract_protocols.json -Xcc -I/Users/admin/builder/spi-builder-workspace/.derivedData/Build/Products/Debug-watchos/include -Xcc -I/Users/admin/builder/spi-builder-workspace/.derivedData/Build/Intermediates.noindex/Reach5.build/Debug-watchos/Reach5.build/DerivedSources-normal/arm64 -Xcc -I/Users/admin/builder/spi-builder-workspace/.derivedData/Build/Intermediates.noindex/Reach5.build/Debug-watchos/Reach5.build/DerivedSources/arm64 -Xcc -I/Users/admin/builder/spi-builder-workspace/.derivedData/Build/Intermediates.noindex/Reach5.build/Debug-watchos/Reach5.build/DerivedSources -Xcc -DSWIFT_PACKAGE -Xcc -DDEBUG\=1 -emit-objc-header -emit-objc-header-path /Users/admin/builder/spi-builder-workspace/.derivedData/Build/Intermediates.noindex/Reach5.build/Debug-watchos/Reach5.build/Objects-normal/arm64/Reach5-Swift.h -working-directory /Users/admin/builder/spi-builder-workspace/.swiftpm/xcode -experimental-emit-module-separately -disable-cmo
/Users/admin/builder/spi-builder-workspace/Sources/Core/Classes/LoginWKWebview.swift:2:24: error: Unable to find module dependency: 'WebKit'
@preconcurrency import WebKit
^ (in target 'Reach5' from project 'Reach5')
/Users/admin/builder/spi-builder-workspace/Sources/Core/Classes/LoginWKWebview.swift:2:24: note: A dependency of main module 'Reach5'
@preconcurrency import WebKit
^ (in target 'Reach5' from project 'Reach5')
2026-10-31 08:37:25.806 xcodebuild[716:4558] [MT] IDERunDestination: Supported platforms for the buildables in the current scheme is empty.
/Users/admin/builder/spi-builder-workspace/Sources/Core/Classes/LoginWKWebview.swift:2:24: error: Unable to find module dependency: 'WebKit'
@preconcurrency import WebKit
^
/Users/admin/builder/spi-builder-workspace/Sources/Core/Classes/LoginWKWebview.swift:2:24: note: a dependency of main module 'Reach5'
@preconcurrency import WebKit
^
/Users/admin/builder/spi-builder-workspace/Sources/Core/Classes/LoginWKWebview.swift:2:24: error: Unable to find module dependency: 'WebKit'
@preconcurrency import WebKit
^
/Users/admin/builder/spi-builder-workspace/Sources/Core/Classes/LoginWKWebview.swift:2:24: note: a dependency of main module 'Reach5'
@preconcurrency import WebKit
^
/Users/admin/builder/spi-builder-workspace/Sources/Core/Classes/LoginWKWebview.swift:2:24: error: Unable to find module dependency: 'WebKit'
@preconcurrency import WebKit
^
/Users/admin/builder/spi-builder-workspace/Sources/Core/Classes/LoginWKWebview.swift:2:24: note: a dependency of main module 'Reach5'
@preconcurrency import WebKit
^
** BUILD FAILED **
The following build commands failed:
SwiftDriver Reach5 normal arm64_32 com.apple.xcode.tools.swift.compiler (in target 'Reach5' from project 'Reach5')
SwiftDriver Reach5 normal armv7k com.apple.xcode.tools.swift.compiler (in target 'Reach5' from project 'Reach5')
SwiftDriver Reach5 normal arm64 com.apple.xcode.tools.swift.compiler (in target 'Reach5' from project 'Reach5')
Building workspace spi-builder-workspace with scheme Reach5
(4 failures)
Command line invocation:
/Applications/Xcode-26.3.0.app/Contents/Developer/usr/bin/xcodebuild -IDEClonedSourcePackagesDirPathOverride=/Users/admin/builder/spi-builder-workspace/.dependencies -resolvePackageDependencies
Resolve Package Graph
Resolved source packages:
Reach5: /Users/admin/builder/spi-builder-workspace
resolved source packages: Reach5
2026-10-31 08:37:30.679 xcodebuild[733:4849] [MT] IDERunDestination: Supported platforms for the buildables in the current scheme is empty.
{
"dependencies" : [
],
"manifest_display_name" : "Reach5",
"name" : "Reach5",
"path" : "/Users/admin/builder/spi-builder-workspace",
"platforms" : [
{
"name" : "ios",
"version" : "13.0"
}
],
"products" : [
{
"name" : "Reach5",
"targets" : [
"Reach5"
],
"type" : {
"library" : [
"automatic"
]
}
}
],
"targets" : [
{
"c99name" : "Reach5Tests",
"module_type" : "SwiftTarget",
"name" : "Reach5Tests",
"path" : "Tests/Reach5Tests",
"sources" : [
"AuthorizeParamsTests.swift",
"CredentialManagerLifecycleTests.swift",
"CredentialManagerTests.swift",
"Models/ProviderConfigTests.swift",
"Models/SdkConfigTests.swift",
"OriginWebAuthnOverrideTests.swift",
"PresentationTests.swift",
"Support/WebAuthTestDoubles.swift",
"URLNormalizationTests.swift",
"UsernameTests.swift",
"Web/ReachFiveLoginTests.swift",
"Web/URLWebAuthTests.swift",
"Web/WebAuthCallbackMatchingTests.swift",
"Web/WebAuthenticationErrorMappingTests.swift",
"Web/WebAuthenticationSessionTests.swift",
"Web/WebviewLoginRequestTests.swift",
"WebAuthnLoginRequestTests.swift"
],
"target_dependencies" : [
"Reach5"
],
"type" : "test"
},
{
"c99name" : "Reach5",
"module_type" : "SwiftTarget",
"name" : "Reach5",
"path" : "Sources/Core",
"product_memberships" : [
"Reach5"
],
"resources" : [
{
"path" : "/Users/admin/builder/spi-builder-workspace/Sources/Core/PrivacyInfo.xcprivacy",
"rule" : {
"copy" : {
}
}
}
],
"sources" : [
"Classes/AppleProvider.swift",
"Classes/CredentialManager.swift",
"Classes/DefaultProvider.swift",
"Classes/LoginWKWebview.swift",
"Classes/Presentation.swift",
"Classes/Provider.swift",
"Classes/ReachFive.swift",
"Classes/ReachFiveApi.swift",
"Classes/ReachFiveApplication.swift",
"Classes/ReachFiveError.swift",
"Classes/ReachFiveLogin.swift",
"Classes/ReachFiveMfa.swift",
"Classes/ReachFiveNative.swift",
"Classes/ReachFivePassword.swift",
"Classes/ReachFivePasswordLess.swift",
"Classes/ReachFiveProfile.swift",
"Classes/ReachFiveProviders.swift",
"Classes/ReachFiveSessionDevice.swift",
"Classes/ReachFiveToken.swift",
"Classes/ReachFiveWebviewLogin.swift",
"Classes/SdkVersion.swift",
"Classes/models/AccessTokenResponse.swift",
"Classes/models/AuthToken.swift",
"Classes/models/Captcha.swift",
"Classes/models/ClientConfigResponse.swift",
"Classes/models/Consent.swift",
"Classes/models/Emails.swift",
"Classes/models/LoginSummary.swift",
"Classes/models/OpenIdUser.swift",
"Classes/models/Profile.swift",
"Classes/models/ProfileAddress.swift",
"Classes/models/ProfileUpdate.swift",
"Classes/models/ProviderConfig.swift",
"Classes/models/ProvidersConfigsResult.swift",
"Classes/models/SdkConfig.swift",
"Classes/models/SdkInternalConfig.swift",
"Classes/models/SessionDevicesResponse.swift",
"Classes/models/SignupTokenResponse.swift",
"Classes/models/requests/AuthCodeRequest.swift",
"Classes/models/requests/LoginProviderRequest.swift",
"Classes/models/requests/LoginRequest.swift",
"Classes/models/requests/MfaCredentialsRequest.swift",
"Classes/models/requests/MfaStepUpRequest.swift",
"Classes/models/requests/ProfileSignupRequest.swift",
"Classes/models/requests/RefreshRequest.swift",
"Classes/models/requests/RequestAccountRecoveryRequest.swift",
"Classes/models/requests/RequestPasswordResetRequest.swift",
"Classes/models/requests/RevokeTokenRequest.swift",
"Classes/models/requests/SignupRequest.swift",
"Classes/models/requests/StartPasswordlessRequest.swift",
"Classes/models/requests/TokenType.swift",
"Classes/models/requests/UpdateEmailRequest.swift",
"Classes/models/requests/UpdatePasswordRequest.swift",
"Classes/models/requests/UpdatePhoneNumberRequest.swift",
"Classes/models/requests/VerifyAuthCodeRequest.swift",
"Classes/models/requests/VerifyEmailRequest.swift",
"Classes/models/requests/VerifyPhoneNumberRequest.swift",
"Classes/models/requests/WebSessionLogoutRequest.swift",
"Classes/models/requests/WebviewLoginRequest.swift",
"Classes/models/requests/webAuthn/AuthenticationPublicKeyCredential.swift",
"Classes/models/requests/webAuthn/NativeLoginRequest.swift",
"Classes/models/requests/webAuthn/NewPasskeyRequest.swift",
"Classes/models/requests/webAuthn/PasskeySignupRequest.swift",
"Classes/models/requests/webAuthn/ProfilePasskeySignupRequest.swift",
"Classes/models/requests/webAuthn/R5AuthenticatorAssertionResponse.swift",
"Classes/models/requests/webAuthn/R5AuthenticatorAttestationResponse.swift",
"Classes/models/requests/webAuthn/R5PublicKeyCredentialRequestOptions.swift",
"Classes/models/requests/webAuthn/RegistrationPublicKeyCredential.swift",
"Classes/models/requests/webAuthn/RegistrationRequest.swift",
"Classes/models/requests/webAuthn/ResetOptions.swift",
"Classes/models/requests/webAuthn/ResetPasskeyRequest.swift",
"Classes/models/requests/webAuthn/ResetPublicKeyCredential.swift",
"Classes/models/requests/webAuthn/SignupOptions.swift",
"Classes/models/requests/webAuthn/WebAuthnLoginRequest.swift",
"Classes/models/requests/webAuthn/WebauthnSignupCredential.swift",
"Classes/models/responses/TknMfa.swift",
"Classes/models/responses/VerifyEmailResponse.swift",
"Classes/models/responses/trustedDevices/TrustedDevice.swift",
"Classes/models/responses/webAuthn/AuthenticationOptions.swift",
"Classes/models/responses/webAuthn/AuthenticationToken.swift",
"Classes/models/responses/webAuthn/CredentialCreationOptions.swift",
"Classes/models/responses/webAuthn/DeviceCredential.swift",
"Classes/models/responses/webAuthn/R5AuthenticatorSelectionCriteria.swift",
"Classes/models/responses/webAuthn/R5PublicKeyCredentialCreationOptions.swift",
"Classes/models/responses/webAuthn/R5PublicKeyCredentialDescriptor.swift",
"Classes/models/responses/webAuthn/R5PublicKeyCredentialParameter.swift",
"Classes/models/responses/webAuthn/R5PublicKeyCredentialRpEntity.swift",
"Classes/models/responses/webAuthn/R5PublicKeyCredentialUserEntity.swift",
"Classes/models/responses/webAuthn/RegistrationOptions.swift",
"Classes/utils/Async.swift",
"Classes/utils/Base64.swift",
"Classes/utils/CustomField.swift",
"Classes/utils/DataRequest.swift",
"Classes/utils/DictionaryEncodable.swift",
"Classes/utils/Logger.swift",
"Classes/utils/NetworkClient.swift",
"Classes/utils/Pkce.swift",
"Classes/utils/Storage.swift",
"Classes/utils/StringUtils.swift",
"Classes/utils/URL+Normalization.swift",
"Classes/web/URL+WebAuth.swift",
"Classes/web/WebAuthentication.swift",
"Classes/web/WebSessionMode.swift"
],
"type" : "library"
}
],
"tools_version" : "5.10"
}
{
"workspace" : {
"name" : "spi-builder-workspace",
"schemes" : [
"Reach5"
]
}
}
2026-10-31 08:37:31.882 xcodebuild[741:4920] [MT] IDERunDestination: Supported platforms for the buildables in the current scheme is empty.
Running build ...
env DEVELOPER_DIR=/Applications/Xcode-26.3.0.app xcrun xcodebuild -IDEClonedSourcePackagesDirPathOverride=$PWD/.dependencies -skipMacroValidation -skipPackagePluginValidation -derivedDataPath $PWD/.derivedData build -scheme Reach5 -destination generic/platform=watchOS
Command line invocation:
/Applications/Xcode-26.3.0.app/Contents/Developer/usr/bin/xcodebuild -IDEClonedSourcePackagesDirPathOverride=/Users/admin/builder/spi-builder-workspace/.dependencies -skipMacroValidation -skipPackagePluginValidation -derivedDataPath /Users/admin/builder/spi-builder-workspace/.derivedData build -scheme Reach5 -destination generic/platform=watchOS
Resolve Package Graph
Resolved source packages:
Reach5: /Users/admin/builder/spi-builder-workspace
ComputePackagePrebuildTargetDependencyGraph
Prepare packages
CreateBuildRequest
SendProjectDescription
CreateBuildOperation
ComputeTargetDependencyGraph
note: Building targets in dependency order
note: Target dependency graph (3 targets)
Target 'Reach5' in project 'Reach5'
➜ Explicit dependency on target 'Reach5' in project 'Reach5'
➜ Explicit dependency on target 'Reach5_Reach5' in project 'Reach5'
Target 'Reach5' in project 'Reach5'
➜ Explicit dependency on target 'Reach5_Reach5' in project 'Reach5'
Target 'Reach5_Reach5' in project 'Reach5' (no dependencies)
GatherProvisioningInputs
CreateBuildDescription
ClangStatCache /Applications/Xcode-26.3.0.app/Contents/Developer/Toolchains/XcodeDefault.xctoolchain/usr/bin/clang-stat-cache /Applications/Xcode-26.3.0.app/Contents/Developer/Platforms/WatchOS.platform/Developer/SDKs/WatchOS26.2.sdk /Users/admin/builder/spi-builder-workspace/.derivedData/SDKStatCaches.noindex/watchos26.2-23S303-dc75598d0054f22ec865fa860f139d721753b489057de6bda919edfa1c59a62b.sdkstatcache
cd /Users/admin/builder/spi-builder-workspace/.swiftpm/xcode
/Applications/Xcode-26.3.0.app/Contents/Developer/Toolchains/XcodeDefault.xctoolchain/usr/bin/clang-stat-cache /Applications/Xcode-26.3.0.app/Contents/Developer/Platforms/WatchOS.platform/Developer/SDKs/WatchOS26.2.sdk -o /Users/admin/builder/spi-builder-workspace/.derivedData/SDKStatCaches.noindex/watchos26.2-23S303-dc75598d0054f22ec865fa860f139d721753b489057de6bda919edfa1c59a62b.sdkstatcache
SwiftDriver Reach5 normal arm64_32 com.apple.xcode.tools.swift.compiler (in target 'Reach5' from project 'Reach5')
cd /Users/admin/builder/spi-builder-workspace/.swiftpm/xcode
builtin-SwiftDriver -- /Applications/Xcode-26.3.0.app/Contents/Developer/Toolchains/XcodeDefault.xctoolchain/usr/bin/swiftc -module-name Reach5 -Onone -enforce-exclusivity\=checked @/Users/admin/builder/spi-builder-workspace/.derivedData/Build/Intermediates.noindex/Reach5.build/Debug-watchos/Reach5.build/Objects-normal/arm64_32/Reach5.SwiftFileList -DSWIFT_PACKAGE -DDEBUG -DSWIFT_MODULE_RESOURCE_BUNDLE_AVAILABLE -DXcode -plugin-path /Applications/Xcode-26.3.0.app/Contents/Developer/Toolchains/XcodeDefault.xctoolchain/usr/lib/swift/host/plugins/testing -enable-experimental-feature DebugDescriptionMacro -sdk /Applications/Xcode-26.3.0.app/Contents/Developer/Platforms/WatchOS.platform/Developer/SDKs/WatchOS26.2.sdk -target arm64_32-apple-watchos6.0 -g -module-cache-path /Users/admin/builder/spi-builder-workspace/.derivedData/ModuleCache.noindex -Xfrontend -serialize-debugging-options -profile-coverage-mapping -profile-generate -enable-testing -index-store-path /Users/admin/builder/spi-builder-workspace/.derivedData/Index.noindex/DataStore -Xcc -D_LIBCPP_HARDENING_MODE\=_LIBCPP_HARDENING_MODE_DEBUG -swift-version 5 -I /Users/admin/builder/spi-builder-workspace/.derivedData/Build/Products/Debug-watchos -Isystem /Applications/Xcode-26.3.0.app/Contents/Developer/Platforms/WatchOS.platform/Developer/usr/lib -F /Users/admin/builder/spi-builder-workspace/.derivedData/Build/Products/Debug-watchos -F /Applications/Xcode-26.3.0.app/Contents/Developer/Platforms/WatchOS.platform/Developer/Library/Frameworks -F /Applications/Xcode-26.3.0.app/Contents/Developer/Platforms/WatchOS.platform/Developer/SDKs/WatchOS26.2.sdk/Developer/Library/Frameworks -c -j10 -enable-batch-mode -incremental -Xcc -ivfsstatcache -Xcc /Users/admin/builder/spi-builder-workspace/.derivedData/SDKStatCaches.noindex/watchos26.2-23S303-dc75598d0054f22ec865fa860f139d721753b489057de6bda919edfa1c59a62b.sdkstatcache -output-file-map /Users/admin/builder/spi-builder-workspace/.derivedData/Build/Intermediates.noindex/Reach5.build/Debug-watchos/Reach5.build/Objects-normal/arm64_32/Reach5-OutputFileMap.json -use-frontend-parseable-output -save-temps -no-color-diagnostics -explicit-module-build -module-cache-path /Users/admin/builder/spi-builder-workspace/.derivedData/Build/Intermediates.noindex/SwiftExplicitPrecompiledModules -clang-scanner-module-cache-path /Users/admin/builder/spi-builder-workspace/.derivedData/ModuleCache.noindex -sdk-module-cache-path /Users/admin/builder/spi-builder-workspace/.derivedData/ModuleCache.noindex -serialize-diagnostics -emit-dependencies -emit-module -emit-module-path /Users/admin/builder/spi-builder-workspace/.derivedData/Build/Intermediates.noindex/Reach5.build/Debug-watchos/Reach5.build/Objects-normal/arm64_32/Reach5.swiftmodule -validate-clang-modules-once -clang-build-session-file /Users/admin/builder/spi-builder-workspace/.derivedData/ModuleCache.noindex/Session.modulevalidation -package-name spi_builder_workspace -Xcc -I/Users/admin/builder/spi-builder-workspace/.derivedData/Build/Intermediates.noindex/Reach5.build/Debug-watchos/Reach5.build/swift-overrides.hmap -emit-const-values -Xfrontend -const-gather-protocols-file -Xfrontend /Users/admin/builder/spi-builder-workspace/.derivedData/Build/Intermediates.noindex/Reach5.build/Debug-watchos/Reach5.build/Objects-normal/arm64_32/Reach5_const_extract_protocols.json -Xcc -I/Users/admin/builder/spi-builder-workspace/.derivedData/Build/Products/Debug-watchos/include -Xcc -I/Users/admin/builder/spi-builder-workspace/.derivedData/Build/Intermediates.noindex/Reach5.build/Debug-watchos/Reach5.build/DerivedSources-normal/arm64_32 -Xcc -I/Users/admin/builder/spi-builder-workspace/.derivedData/Build/Intermediates.noindex/Reach5.build/Debug-watchos/Reach5.build/DerivedSources/arm64_32 -Xcc -I/Users/admin/builder/spi-builder-workspace/.derivedData/Build/Intermediates.noindex/Reach5.build/Debug-watchos/Reach5.build/DerivedSources -Xcc -DSWIFT_PACKAGE -Xcc -DDEBUG\=1 -emit-objc-header -emit-objc-header-path /Users/admin/builder/spi-builder-workspace/.derivedData/Build/Intermediates.noindex/Reach5.build/Debug-watchos/Reach5.build/Objects-normal/arm64_32/Reach5-Swift.h -working-directory /Users/admin/builder/spi-builder-workspace/.swiftpm/xcode -experimental-emit-module-separately -disable-cmo
/Users/admin/builder/spi-builder-workspace/Sources/Core/Classes/LoginWKWebview.swift:2:24: error: Unable to find module dependency: 'WebKit'
@preconcurrency import WebKit
^ (in target 'Reach5' from project 'Reach5')
/Users/admin/builder/spi-builder-workspace/Sources/Core/Classes/LoginWKWebview.swift:2:24: note: A dependency of main module 'Reach5'
@preconcurrency import WebKit
^ (in target 'Reach5' from project 'Reach5')
SwiftDriver Reach5 normal armv7k com.apple.xcode.tools.swift.compiler (in target 'Reach5' from project 'Reach5')
cd /Users/admin/builder/spi-builder-workspace/.swiftpm/xcode
builtin-SwiftDriver -- /Applications/Xcode-26.3.0.app/Contents/Developer/Toolchains/XcodeDefault.xctoolchain/usr/bin/swiftc -module-name Reach5 -Onone -enforce-exclusivity\=checked @/Users/admin/builder/spi-builder-workspace/.derivedData/Build/Intermediates.noindex/Reach5.build/Debug-watchos/Reach5.build/Objects-normal/armv7k/Reach5.SwiftFileList -DSWIFT_PACKAGE -DDEBUG -DSWIFT_MODULE_RESOURCE_BUNDLE_AVAILABLE -DXcode -plugin-path /Applications/Xcode-26.3.0.app/Contents/Developer/Toolchains/XcodeDefault.xctoolchain/usr/lib/swift/host/plugins/testing -enable-experimental-feature DebugDescriptionMacro -sdk /Applications/Xcode-26.3.0.app/Contents/Developer/Platforms/WatchOS.platform/Developer/SDKs/WatchOS26.2.sdk -target armv7k-apple-watchos6.0 -g -module-cache-path /Users/admin/builder/spi-builder-workspace/.derivedData/ModuleCache.noindex -Xfrontend -serialize-debugging-options -profile-coverage-mapping -profile-generate -enable-testing -index-store-path /Users/admin/builder/spi-builder-workspace/.derivedData/Index.noindex/DataStore -Xcc -D_LIBCPP_HARDENING_MODE\=_LIBCPP_HARDENING_MODE_DEBUG -swift-version 5 -I /Users/admin/builder/spi-builder-workspace/.derivedData/Build/Products/Debug-watchos -Isystem /Applications/Xcode-26.3.0.app/Contents/Developer/Platforms/WatchOS.platform/Developer/usr/lib -F /Users/admin/builder/spi-builder-workspace/.derivedData/Build/Products/Debug-watchos -F /Applications/Xcode-26.3.0.app/Contents/Developer/Platforms/WatchOS.platform/Developer/Library/Frameworks -F /Applications/Xcode-26.3.0.app/Contents/Developer/Platforms/WatchOS.platform/Developer/SDKs/WatchOS26.2.sdk/Developer/Library/Frameworks -c -j10 -enable-batch-mode -incremental -Xcc -ivfsstatcache -Xcc /Users/admin/builder/spi-builder-workspace/.derivedData/SDKStatCaches.noindex/watchos26.2-23S303-dc75598d0054f22ec865fa860f139d721753b489057de6bda919edfa1c59a62b.sdkstatcache -output-file-map /Users/admin/builder/spi-builder-workspace/.derivedData/Build/Intermediates.noindex/Reach5.build/Debug-watchos/Reach5.build/Objects-normal/armv7k/Reach5-OutputFileMap.json -use-frontend-parseable-output -save-temps -no-color-diagnostics -explicit-module-build -module-cache-path /Users/admin/builder/spi-builder-workspace/.derivedData/Build/Intermediates.noindex/SwiftExplicitPrecompiledModules -clang-scanner-module-cache-path /Users/admin/builder/spi-builder-workspace/.derivedData/ModuleCache.noindex -sdk-module-cache-path /Users/admin/builder/spi-builder-workspace/.derivedData/ModuleCache.noindex -serialize-diagnostics -emit-dependencies -emit-module -emit-module-path /Users/admin/builder/spi-builder-workspace/.derivedData/Build/Intermediates.noindex/Reach5.build/Debug-watchos/Reach5.build/Objects-normal/armv7k/Reach5.swiftmodule -validate-clang-modules-once -clang-build-session-file /Users/admin/builder/spi-builder-workspace/.derivedData/ModuleCache.noindex/Session.modulevalidation -package-name spi_builder_workspace -Xcc -I/Users/admin/builder/spi-builder-workspace/.derivedData/Build/Intermediates.noindex/Reach5.build/Debug-watchos/Reach5.build/swift-overrides.hmap -emit-const-values -Xfrontend -const-gather-protocols-file -Xfrontend /Users/admin/builder/spi-builder-workspace/.derivedData/Build/Intermediates.noindex/Reach5.build/Debug-watchos/Reach5.build/Objects-normal/armv7k/Reach5_const_extract_protocols.json -Xcc -I/Users/admin/builder/spi-builder-workspace/.derivedData/Build/Products/Debug-watchos/include -Xcc -I/Users/admin/builder/spi-builder-workspace/.derivedData/Build/Intermediates.noindex/Reach5.build/Debug-watchos/Reach5.build/DerivedSources-normal/armv7k -Xcc -I/Users/admin/builder/spi-builder-workspace/.derivedData/Build/Intermediates.noindex/Reach5.build/Debug-watchos/Reach5.build/DerivedSources/armv7k -Xcc -I/Users/admin/builder/spi-builder-workspace/.derivedData/Build/Intermediates.noindex/Reach5.build/Debug-watchos/Reach5.build/DerivedSources -Xcc -DSWIFT_PACKAGE -Xcc -DDEBUG\=1 -emit-objc-header -emit-objc-header-path /Users/admin/builder/spi-builder-workspace/.derivedData/Build/Intermediates.noindex/Reach5.build/Debug-watchos/Reach5.build/Objects-normal/armv7k/Reach5-Swift.h -working-directory /Users/admin/builder/spi-builder-workspace/.swiftpm/xcode -experimental-emit-module-separately -disable-cmo
/Users/admin/builder/spi-builder-workspace/Sources/Core/Classes/LoginWKWebview.swift:2:24: error: Unable to find module dependency: 'WebKit'
@preconcurrency import WebKit
^ (in target 'Reach5' from project 'Reach5')
/Users/admin/builder/spi-builder-workspace/Sources/Core/Classes/LoginWKWebview.swift:2:24: note: A dependency of main module 'Reach5'
@preconcurrency import WebKit
^ (in target 'Reach5' from project 'Reach5')
SwiftDriver Reach5 normal arm64 com.apple.xcode.tools.swift.compiler (in target 'Reach5' from project 'Reach5')
cd /Users/admin/builder/spi-builder-workspace/.swiftpm/xcode
builtin-SwiftDriver -- /Applications/Xcode-26.3.0.app/Contents/Developer/Toolchains/XcodeDefault.xctoolchain/usr/bin/swiftc -module-name Reach5 -Onone -enforce-exclusivity\=checked @/Users/admin/builder/spi-builder-workspace/.derivedData/Build/Intermediates.noindex/Reach5.build/Debug-watchos/Reach5.build/Objects-normal/arm64/Reach5.SwiftFileList -DSWIFT_PACKAGE -DDEBUG -DSWIFT_MODULE_RESOURCE_BUNDLE_AVAILABLE -DXcode -plugin-path /Applications/Xcode-26.3.0.app/Contents/Developer/Toolchains/XcodeDefault.xctoolchain/usr/lib/swift/host/plugins/testing -enable-experimental-feature DebugDescriptionMacro -sdk /Applications/Xcode-26.3.0.app/Contents/Developer/Platforms/WatchOS.platform/Developer/SDKs/WatchOS26.2.sdk -target arm64-apple-watchos6.0 -g -module-cache-path /Users/admin/builder/spi-builder-workspace/.derivedData/ModuleCache.noindex -Xfrontend -serialize-debugging-options -profile-coverage-mapping -profile-generate -enable-testing -index-store-path /Users/admin/builder/spi-builder-workspace/.derivedData/Index.noindex/DataStore -Xcc -D_LIBCPP_HARDENING_MODE\=_LIBCPP_HARDENING_MODE_DEBUG -swift-version 5 -I /Users/admin/builder/spi-builder-workspace/.derivedData/Build/Products/Debug-watchos -Isystem /Applications/Xcode-26.3.0.app/Contents/Developer/Platforms/WatchOS.platform/Developer/usr/lib -F /Users/admin/builder/spi-builder-workspace/.derivedData/Build/Products/Debug-watchos -F /Applications/Xcode-26.3.0.app/Contents/Developer/Platforms/WatchOS.platform/Developer/Library/Frameworks -F /Applications/Xcode-26.3.0.app/Contents/Developer/Platforms/WatchOS.platform/Developer/SDKs/WatchOS26.2.sdk/Developer/Library/Frameworks -c -j10 -enable-batch-mode -incremental -Xcc -ivfsstatcache -Xcc /Users/admin/builder/spi-builder-workspace/.derivedData/SDKStatCaches.noindex/watchos26.2-23S303-dc75598d0054f22ec865fa860f139d721753b489057de6bda919edfa1c59a62b.sdkstatcache -output-file-map /Users/admin/builder/spi-builder-workspace/.derivedData/Build/Intermediates.noindex/Reach5.build/Debug-watchos/Reach5.build/Objects-normal/arm64/Reach5-OutputFileMap.json -use-frontend-parseable-output -save-temps -no-color-diagnostics -explicit-module-build -module-cache-path /Users/admin/builder/spi-builder-workspace/.derivedData/Build/Intermediates.noindex/SwiftExplicitPrecompiledModules -clang-scanner-module-cache-path /Users/admin/builder/spi-builder-workspace/.derivedData/ModuleCache.noindex -sdk-module-cache-path /Users/admin/builder/spi-builder-workspace/.derivedData/ModuleCache.noindex -serialize-diagnostics -emit-dependencies -emit-module -emit-module-path /Users/admin/builder/spi-builder-workspace/.derivedData/Build/Intermediates.noindex/Reach5.build/Debug-watchos/Reach5.build/Objects-normal/arm64/Reach5.swiftmodule -validate-clang-modules-once -clang-build-session-file /Users/admin/builder/spi-builder-workspace/.derivedData/ModuleCache.noindex/Session.modulevalidation -package-name spi_builder_workspace -Xcc -I/Users/admin/builder/spi-builder-workspace/.derivedData/Build/Intermediates.noindex/Reach5.build/Debug-watchos/Reach5.build/swift-overrides.hmap -emit-const-values -Xfrontend -const-gather-protocols-file -Xfrontend /Users/admin/builder/spi-builder-workspace/.derivedData/Build/Intermediates.noindex/Reach5.build/Debug-watchos/Reach5.build/Objects-normal/arm64/Reach5_const_extract_protocols.json -Xcc -I/Users/admin/builder/spi-builder-workspace/.derivedData/Build/Products/Debug-watchos/include -Xcc -I/Users/admin/builder/spi-builder-workspace/.derivedData/Build/Intermediates.noindex/Reach5.build/Debug-watchos/Reach5.build/DerivedSources-normal/arm64 -Xcc -I/Users/admin/builder/spi-builder-workspace/.derivedData/Build/Intermediates.noindex/Reach5.build/Debug-watchos/Reach5.build/DerivedSources/arm64 -Xcc -I/Users/admin/builder/spi-builder-workspace/.derivedData/Build/Intermediates.noindex/Reach5.build/Debug-watchos/Reach5.build/DerivedSources -Xcc -DSWIFT_PACKAGE -Xcc -DDEBUG\=1 -emit-objc-header -emit-objc-header-path /Users/admin/builder/spi-builder-workspace/.derivedData/Build/Intermediates.noindex/Reach5.build/Debug-watchos/Reach5.build/Objects-normal/arm64/Reach5-Swift.h -working-directory /Users/admin/builder/spi-builder-workspace/.swiftpm/xcode -experimental-emit-module-separately -disable-cmo
/Users/admin/builder/spi-builder-workspace/Sources/Core/Classes/LoginWKWebview.swift:2:24: error: Unable to find module dependency: 'WebKit'
@preconcurrency import WebKit
^ (in target 'Reach5' from project 'Reach5')
/Users/admin/builder/spi-builder-workspace/Sources/Core/Classes/LoginWKWebview.swift:2:24: note: A dependency of main module 'Reach5'
@preconcurrency import WebKit
^ (in target 'Reach5' from project 'Reach5')
2026-10-31 08:37:32.826 xcodebuild[743:4950] [MT] IDERunDestination: Supported platforms for the buildables in the current scheme is empty.
/Users/admin/builder/spi-builder-workspace/Sources/Core/Classes/LoginWKWebview.swift:2:24: error: Unable to find module dependency: 'WebKit'
@preconcurrency import WebKit
^
/Users/admin/builder/spi-builder-workspace/Sources/Core/Classes/LoginWKWebview.swift:2:24: note: a dependency of main module 'Reach5'
@preconcurrency import WebKit
^
/Users/admin/builder/spi-builder-workspace/Sources/Core/Classes/LoginWKWebview.swift:2:24: error: Unable to find module dependency: 'WebKit'
@preconcurrency import WebKit
^
/Users/admin/builder/spi-builder-workspace/Sources/Core/Classes/LoginWKWebview.swift:2:24: note: a dependency of main module 'Reach5'
@preconcurrency import WebKit
^
/Users/admin/builder/spi-builder-workspace/Sources/Core/Classes/LoginWKWebview.swift:2:24: error: Unable to find module dependency: 'WebKit'
@preconcurrency import WebKit
^
/Users/admin/builder/spi-builder-workspace/Sources/Core/Classes/LoginWKWebview.swift:2:24: note: a dependency of main module 'Reach5'
@preconcurrency import WebKit
^
** BUILD FAILED **
The following build commands failed:
SwiftDriver Reach5 normal arm64_32 com.apple.xcode.tools.swift.compiler (in target 'Reach5' from project 'Reach5')
SwiftDriver Reach5 normal armv7k com.apple.xcode.tools.swift.compiler (in target 'Reach5' from project 'Reach5')
SwiftDriver Reach5 normal arm64 com.apple.xcode.tools.swift.compiler (in target 'Reach5' from project 'Reach5')
Building workspace spi-builder-workspace with scheme Reach5
(4 failures)
BUILD FAILURE 6.2 watchOS