The Swift Package Index logo.Swift Package Index

Build Information

Failed to build IBM Verify, reference v3.1.7 (abae1d), with Swift 6.2 for Wasm on 26 Sep 2026 13:34:12 UTC.

Build Command

bash -c docker run --pull=always --rm -v "checkouts-54344845-1":/host -w "$PWD" -e JAVA_HOME="/root/.sdkman/candidates/java/current" -e SPI_BUILD="1" -e SPI_PROCESSING="1" registry.gitlab.com/saguaro1/spi-images:wasm-6.2-latest swift build --swift-sdk swift-6.2-RELEASE_wasm 2>&1

Build Log

========================================
RunAll
========================================
Builder version: 5.1.0
Interrupt handler set up.
========================================
Checkout
========================================
Clone URL: https://github.com/IBM-Verify/verify-sdk-ios.git
Reference: v3.1.7
Initialized empty Git repository in /host/spi-builder-workspace/.git/
hint: Using 'master' as the name for the initial branch. This default branch name
hint: is subject to change. To configure the initial branch name to use in all
hint: of your new repositories, which will suppress this warning, call:
hint:
hint: 	git config --global init.defaultBranch <name>
hint:
hint: Names commonly chosen instead of 'master' are 'main', 'trunk' and
hint: 'development'. The just-created branch can be renamed via this command:
hint:
hint: 	git branch -m <name>
From https://github.com/IBM-Verify/verify-sdk-ios
 * tag               v3.1.7     -> FETCH_HEAD
HEAD is now at abae1de feat(core): add JailbreakDetector with structural dyld image anomaly check (#29)
Cloned https://github.com/IBM-Verify/verify-sdk-ios.git
Revision (git rev-parse @):
abae1de16113607970c24e10b22a888be242ca79
SUCCESS checkout https://github.com/IBM-Verify/verify-sdk-ios.git at v3.1.7
========================================
Build
========================================
Selected platform:         wasm
Swift version:             6.2
Building package at path:  $PWD
https://github.com/IBM-Verify/verify-sdk-ios.git
Running build ...
bash -c docker run --pull=always --rm -v "checkouts-54344845-1":/host -w "$PWD" -e JAVA_HOME="/root/.sdkman/candidates/java/current" -e SPI_BUILD="1" -e SPI_PROCESSING="1" registry.gitlab.com/saguaro1/spi-images:wasm-6.2-latest swift build --swift-sdk swift-6.2-RELEASE_wasm 2>&1
wasm-6.2-latest: Pulling from saguaro1/spi-images
Digest: sha256:ff44196b45f83e5a0a99a627b185f548850d9bc1242e3dee2178fb1570812fe8
Status: Image is up to date for registry.gitlab.com/saguaro1/spi-images:wasm-6.2-latest
Building for debugging...
[0/17] Write sources
[0/17] Copying Info.plist
[0/17] Copying README.md
[0/17] Copying Info.plist
[0/17] Copying README.md
[0/17] Copying Info.plist
[0/17] Copying Localizable.xcstrings
[0/17] Copying Info.plist
[7/17] Write sources
[14/17] Copying README.md
[15/17] Write sources
[16/17] Write swift-version-24593BA9C3E375BF.txt
[18/51] Compiling Adaptive resource_bundle_accessor.swift
/host/spi-builder-workspace/Sources/adaptive/AdaptiveContext.swift:5:8: error: no such module 'UIKit'
  3 | //
  4 |
  5 | import UIKit
    |        `- error: no such module 'UIKit'
  6 | import os.log
  7 |
[19/51] Compiling Core Codeable+Extension.swift
/host/spi-builder-workspace/Sources/core/CryptoKit+Extension.swift:6:8: error: no such module 'CryptoKit'
  4 |
  5 | import Foundation
  6 | import CryptoKit
    |        `- error: no such module 'CryptoKit'
  7 | import CommonCrypto
  8 |
[20/51] Compiling Core CryptoKit+Extension.swift
/host/spi-builder-workspace/Sources/core/CryptoKit+Extension.swift:6:8: error: no such module 'CryptoKit'
  4 |
  5 | import Foundation
  6 | import CryptoKit
    |        `- error: no such module 'CryptoKit'
  7 | import CommonCrypto
  8 |
error: emit-module command failed with exit code 1 (use -v to see invocation)
[21/51] Emitting module Core
/host/spi-builder-workspace/Sources/core/CryptoKit+Extension.swift:6:8: error: no such module 'CryptoKit'
  4 |
  5 | import Foundation
  6 | import CryptoKit
    |        `- error: no such module 'CryptoKit'
  7 | import CommonCrypto
  8 |
[22/53] Compiling FIDO2 PublicKeyCredential.swift
/host/spi-builder-workspace/Sources/fido2/AttestationStatementProvider.swift:6:8: error: no such module 'CryptoKit'
  4 |
  5 | import Foundation
  6 | import CryptoKit
    |        `- error: no such module 'CryptoKit'
  7 | import os.log
  8 |
[23/54] Compiling FIDO2 SecKeyConvertible.swift
/host/spi-builder-workspace/Sources/fido2/AttestationStatementProvider.swift:6:8: error: no such module 'CryptoKit'
  4 |
  5 | import Foundation
  6 | import CryptoKit
    |        `- error: no such module 'CryptoKit'
  7 | import os.log
  8 |
/host/spi-builder-workspace/Sources/fido2/AttestationStatementProvider.swift:6:8: error: no such module 'CryptoKit'
  4 |
  5 | import Foundation
  6 | import CryptoKit
    |        `- error: no such module 'CryptoKit'
  7 | import os.log
  8 |
/host/spi-builder-workspace/Sources/fido2/AttestationStatementProvider.swift:6:8: error: no such module 'CryptoKit'
  4 |
  5 | import Foundation
  6 | import CryptoKit
    |        `- error: no such module 'CryptoKit'
  7 | import os.log
  8 |
[26/54] Compiling Adaptive Helpers.swift
/host/spi-builder-workspace/Sources/adaptive/AdaptiveContext.swift:5:8: error: no such module 'UIKit'
  3 | //
  4 |
  5 | import UIKit
    |        `- error: no such module 'UIKit'
  6 | import os.log
  7 |
[27/54] Compiling Core Data+Extension.swift
/host/spi-builder-workspace/Sources/fido2/AttestationStatementProvider.swift:6:8: error: no such module 'CryptoKit'
  4 |
  5 | import Foundation
  6 | import CryptoKit
    |        `- error: no such module 'CryptoKit'
  7 | import os.log
  8 |
[28/54] Compiling Core DateFormatter+Extension.swift
/host/spi-builder-workspace/Sources/fido2/AttestationStatementProvider.swift:6:8: error: no such module 'CryptoKit'
  4 |
  5 | import Foundation
  6 | import CryptoKit
    |        `- error: no such module 'CryptoKit'
  7 | import os.log
  8 |
[29/54] Compiling FIDO2 PublicKeyCredentialProvider.swift
/host/spi-builder-workspace/Sources/fido2/AttestationStatementProvider.swift:6:8: error: no such module 'CryptoKit'
  4 |
  5 | import Foundation
  6 | import CryptoKit
    |        `- error: no such module 'CryptoKit'
  7 | import os.log
  8 |
[30/54] Compiling FIDO2 SecKeyStore.swift
/host/spi-builder-workspace/Sources/fido2/AttestationStatementProvider.swift:6:8: error: no such module 'CryptoKit'
  4 |
  5 | import Foundation
  6 | import CryptoKit
    |        `- error: no such module 'CryptoKit'
  7 | import os.log
  8 |
/host/spi-builder-workspace/Sources/core/CryptoKit+Extension.swift:6:8: error: no such module 'CryptoKit'
  4 |
  5 | import Foundation
  6 | import CryptoKit
    |        `- error: no such module 'CryptoKit'
  7 | import CommonCrypto
  8 |
/host/spi-builder-workspace/Sources/core/CryptoKit+Extension.swift:6:8: error: no such module 'CryptoKit'
  4 |
  5 | import Foundation
  6 | import CryptoKit
    |        `- error: no such module 'CryptoKit'
  7 | import CommonCrypto
  8 |
error: emit-module command failed with exit code 1 (use -v to see invocation)
[33/54] Compiling Adaptive Enums.swift
/host/spi-builder-workspace/Sources/adaptive/AdaptiveContext.swift:5:8: error: no such module 'UIKit'
  3 | //
  4 |
  5 | import UIKit
    |        `- error: no such module 'UIKit'
  6 | import os.log
  7 |
[34/54] Emitting module Adaptive
/host/spi-builder-workspace/Sources/adaptive/AdaptiveContext.swift:5:8: error: no such module 'UIKit'
  3 | //
  4 |
  5 | import UIKit
    |        `- error: no such module 'UIKit'
  6 | import os.log
  7 |
[35/54] Compiling Adaptive AdaptiveResult.swift
/host/spi-builder-workspace/Sources/adaptive/AdaptiveContext.swift:5:8: error: no such module 'UIKit'
  3 | //
  4 |
  5 | import UIKit
    |        `- error: no such module 'UIKit'
  6 | import os.log
  7 |
[36/54] Compiling Adaptive Evaluation.swift
/host/spi-builder-workspace/Sources/adaptive/AdaptiveContext.swift:5:8: error: no such module 'UIKit'
  3 | //
  4 |
  5 | import UIKit
    |        `- error: no such module 'UIKit'
  6 | import os.log
  7 |
[37/54] Compiling Adaptive AdaptiveContext.swift
/host/spi-builder-workspace/Sources/adaptive/AdaptiveContext.swift:5:8: error: no such module 'UIKit'
  3 | //
  4 |
  5 | import UIKit
    |        `- error: no such module 'UIKit'
  6 | import os.log
  7 |
[38/54] Compiling Adaptive AssessmentsFactors.swift
/host/spi-builder-workspace/Sources/adaptive/AdaptiveContext.swift:5:8: error: no such module 'UIKit'
  3 | //
  4 |
  5 | import UIKit
    |        `- error: no such module 'UIKit'
  6 | import os.log
  7 |
BUILD FAILURE 6.2 wasm