Build Information
Failed to build swift-tui, reference 0.16.0 (9ef8fe), with Swift 6.3 for macOS (Xcode) using Xcode 26.4 on 10 Oct 2026 12:42:09 UTC.
Build Command
No build command. This typically means the build failed at an early stage where we determine the build command.Build Log
========================================
RunAll
========================================
Builder version: 5.1.1
Interrupt handler set up.
========================================
Checkout
========================================
Clone URL: https://github.com/SwiftTUI/swift-tui.git
Reference: 0.16.0
Initialized empty Git repository in /Users/admin/builder/spi-builder-workspace/.git/
From https://github.com/SwiftTUI/swift-tui
* tag 0.16.0 -> FETCH_HEAD
HEAD is now at 9ef8fee STUI-908 Run the full collection transport journey in the core lane
Cloned https://github.com/SwiftTUI/swift-tui.git
Revision (git rev-parse @):
9ef8feec9fee6fc199767a52aa1c913976bdb2c9
SPI manifest file found: $PWD/.spi.yml
SUCCESS checkout https://github.com/SwiftTUI/swift-tui.git at 0.16.0
========================================
Build
========================================
Selected platform: macosXcodebuild
Swift version: 6.3
Building package at path: $PWD
https://github.com/SwiftTUI/swift-tui.git
Command line invocation:
/Applications/Xcode-26.5.0.app/Contents/Developer/usr/bin/xcodebuild -IDEClonedSourcePackagesDirPathOverride=/Users/admin/builder/spi-builder-workspace/.dependencies -resolvePackageDependencies
Resolve Package Graph
package 'spi-builder-workspace' is using Swift tools version 6.4.0 but the installed version is 6.3.2
Resolved source packages:
spi-builder-workspace: (null)
2026-10-10 08:42:07.708 xcodebuild[535:3065] Writing error result bundle to /var/folders/xq/y_g06wb113726d38xsyx71_h0000gn/T/ResultBundle_2026-10-10_08-42-0007.xcresult
xcodebuild: error: Could not resolve package dependencies:
package 'spi-builder-workspace' is using Swift tools version 6.4.0 but the installed version is 6.3.2
Command line invocation:
/Applications/Xcode-26.5.0.app/Contents/Developer/usr/bin/xcodebuild -IDEClonedSourcePackagesDirPathOverride=/Users/admin/builder/spi-builder-workspace/.dependencies -resolvePackageDependencies
Resolve Package Graph
package 'spi-builder-workspace' is using Swift tools version 6.4.0 but the installed version is 6.3.2
Resolved source packages:
spi-builder-workspace: (null)
2026-10-10 08:42:09.368 xcodebuild[605:3590] Writing error result bundle to /var/folders/xq/y_g06wb113726d38xsyx71_h0000gn/T/ResultBundle_2026-10-10_08-42-0009.xcresult
xcodebuild: error: Could not resolve package dependencies:
package 'spi-builder-workspace' is using Swift tools version 6.4.0 but the installed version is 6.3.2
BUILD FAILURE 6.3 macosXcodebuild