The Swift Package Index logo.Swift Package Index

Build Information

Failed to build ScalingHeaderScrollView, reference 3.0.0 (95bf5a), with Swift 6.1 for watchOS using Xcode 16.3 on 17 Aug 2026 14:11:31 UTC.

Build Command

env DEVELOPER_DIR=/Applications/Xcode-16.3.0.app xcrun xcodebuild -IDEClonedSourcePackagesDirPathOverride=$PWD/.dependencies -skipMacroValidation -skipPackagePluginValidation -derivedDataPath $PWD/.derivedData build -scheme ScalingHeaderScrollView -destination generic/platform=watchOS

Build Log

========================================
RunAll
========================================
Builder version: undefined version: run 'make version' to update
Interrupt handler set up.
========================================
Checkout
========================================
Clone URL: https://github.com/exyte/ScalingHeaderScrollView.git
Reference: 3.0.0
Initialized empty Git repository in /Users/admin/builder/spi-builder-workspace/.git/
From https://github.com/exyte/ScalingHeaderScrollView
 * tag               3.0.0      -> FETCH_HEAD
HEAD is now at 95bf5ae Merge commit '83a71f143ee94a8cbf368a842e1d503b5dbc05e2'
Cloned https://github.com/exyte/ScalingHeaderScrollView.git
Revision (git rev-parse @):
95bf5ae92aa919e22d8ae3997534c7ebee87b525
SUCCESS checkout https://github.com/exyte/ScalingHeaderScrollView.git at 3.0.0
========================================
Build
========================================
Selected platform:         watchOS
Swift version:             6.1
Building package at path:  $PWD
https://github.com/exyte/ScalingHeaderScrollView.git
https://github.com/exyte/ScalingHeaderScrollView.git
{
  "dependencies" : [
  ],
  "manifest_display_name" : "ScalingHeaderScrollView",
  "name" : "ScalingHeaderScrollView",
  "path" : "/Users/admin/builder/spi-builder-workspace",
  "platforms" : [
    {
      "name" : "ios",
      "version" : "15.0"
    }
  ],
  "products" : [
    {
      "name" : "ScalingHeaderScrollView",
      "targets" : [
        "ScalingHeaderScrollView"
      ],
      "type" : {
        "library" : [
          "automatic"
        ]
      }
    }
  ],
  "targets" : [
    {
      "c99name" : "ScalingHeaderScrollView",
      "module_type" : "SwiftTarget",
      "name" : "ScalingHeaderScrollView",
      "path" : "Sources",
      "product_memberships" : [
        "ScalingHeaderScrollView"
      ],
      "sources" : [
        "Helpers/PetalSpinner.swift",
        "Helpers/ScrollPageView.swift",
        "Helpers/Utils.swift",
        "PublicAPI.swift",
        "ScalingHeaderCore.swift",
        "ScalingHeaderParameters.swift",
        "ScalingHeaderScrollView.swift",
        "ScalingHeaderTabView.swift"
      ],
      "type" : "library"
    }
  ],
  "tools_version" : "5.9"
}
Command line invocation:
    /Applications/Xcode-16.3.0.app/Contents/Developer/usr/bin/xcodebuild -IDEClonedSourcePackagesDirPathOverride=/Users/admin/builder/spi-builder-workspace/.dependencies -resolvePackageDependencies
Resolve Package Graph
Resolve Package Graph
Resolved source packages:
  ScalingHeaderScrollView: /Users/admin/builder/spi-builder-workspace
resolved source packages: ScalingHeaderScrollView
{
  "dependencies" : [
  ],
  "manifest_display_name" : "ScalingHeaderScrollView",
  "name" : "ScalingHeaderScrollView",
  "path" : "/Users/admin/builder/spi-builder-workspace",
  "platforms" : [
    {
      "name" : "ios",
      "version" : "15.0"
    }
  ],
  "products" : [
    {
      "name" : "ScalingHeaderScrollView",
      "targets" : [
        "ScalingHeaderScrollView"
      ],
      "type" : {
        "library" : [
          "automatic"
        ]
      }
    }
  ],
  "targets" : [
    {
      "c99name" : "ScalingHeaderScrollView",
      "module_type" : "SwiftTarget",
      "name" : "ScalingHeaderScrollView",
      "path" : "Sources",
      "product_memberships" : [
        "ScalingHeaderScrollView"
      ],
      "sources" : [
        "Helpers/PetalSpinner.swift",
        "Helpers/ScrollPageView.swift",
        "Helpers/Utils.swift",
        "PublicAPI.swift",
        "ScalingHeaderCore.swift",
        "ScalingHeaderParameters.swift",
        "ScalingHeaderScrollView.swift",
        "ScalingHeaderTabView.swift"
      ],
      "type" : "library"
    }
  ],
  "tools_version" : "5.9"
}
{
  "workspace" : {
    "name" : "spi-builder-workspace",
    "schemes" : [
      "ScalingHeaderScrollView"
    ]
  }
}
Running build ...
env DEVELOPER_DIR=/Applications/Xcode-16.3.0.app xcrun xcodebuild -IDEClonedSourcePackagesDirPathOverride=$PWD/.dependencies -skipMacroValidation -skipPackagePluginValidation -derivedDataPath $PWD/.derivedData build -scheme ScalingHeaderScrollView -destination generic/platform=watchOS OTHER_SWIFT_FLAGS=-stats-output-dir .stats -strict-concurrency=complete -enable-upcoming-feature StrictConcurrency -enable-upcoming-feature DisableOutwardActorInference -enable-upcoming-feature GlobalActorIsolatedTypesUsability -enable-upcoming-feature InferSendableFromCaptures
Command line invocation:
    /Applications/Xcode-16.3.0.app/Contents/Developer/usr/bin/xcodebuild -IDEClonedSourcePackagesDirPathOverride=/Users/admin/builder/spi-builder-workspace/.dependencies -skipMacroValidation -skipPackagePluginValidation -derivedDataPath /Users/admin/builder/spi-builder-workspace/.derivedData build -scheme ScalingHeaderScrollView -destination generic/platform=watchOS "OTHER_SWIFT_FLAGS=-stats-output-dir .stats -strict-concurrency=complete -enable-upcoming-feature StrictConcurrency -enable-upcoming-feature DisableOutwardActorInference -enable-upcoming-feature GlobalActorIsolatedTypesUsability -enable-upcoming-feature InferSendableFromCaptures"
Build settings from command line:
    OTHER_SWIFT_FLAGS = -stats-output-dir .stats -strict-concurrency=complete -enable-upcoming-feature StrictConcurrency -enable-upcoming-feature DisableOutwardActorInference -enable-upcoming-feature GlobalActorIsolatedTypesUsability -enable-upcoming-feature InferSendableFromCaptures
Resolve Package Graph
Resolved source packages:
  ScalingHeaderScrollView: /Users/admin/builder/spi-builder-workspace
ComputePackagePrebuildTargetDependencyGraph
Prepare packages
CreateBuildRequest
SendProjectDescription
CreateBuildOperation
ComputeTargetDependencyGraph
note: Building targets in dependency order
note: Target dependency graph (2 targets)
    Target 'ScalingHeaderScrollView' in project 'ScalingHeaderScrollView'
        ➜ Explicit dependency on target 'ScalingHeaderScrollView' in project 'ScalingHeaderScrollView'
    Target 'ScalingHeaderScrollView' in project 'ScalingHeaderScrollView' (no dependencies)
GatherProvisioningInputs
CreateBuildDescription
ExecuteExternalTool /Applications/Xcode-16.3.0.app/Contents/Developer/Toolchains/XcodeDefault.xctoolchain/usr/bin/clang -v -E -dM -isysroot /Applications/Xcode-16.3.0.app/Contents/Developer/Platforms/WatchOS.platform/Developer/SDKs/WatchOS11.4.sdk -x c -c /dev/null
ExecuteExternalTool /Applications/Xcode-16.3.0.app/Contents/Developer/Toolchains/XcodeDefault.xctoolchain/usr/bin/swiftc --version
ExecuteExternalTool /Applications/Xcode-16.3.0.app/Contents/Developer/Toolchains/XcodeDefault.xctoolchain/usr/bin/ld -version_details
Build description signature: 79e952d1a201cad74004598e943d588c
Build description path: /Users/admin/builder/spi-builder-workspace/.derivedData/Build/Intermediates.noindex/XCBuildData/79e952d1a201cad74004598e943d588c.xcbuilddata
CreateBuildDirectory /Users/admin/builder/spi-builder-workspace/.derivedData/Build/Intermediates.noindex
    cd /Users/admin/builder/spi-builder-workspace/.swiftpm/xcode
    builtin-create-build-directory /Users/admin/builder/spi-builder-workspace/.derivedData/Build/Intermediates.noindex
ClangStatCache /Applications/Xcode-16.3.0.app/Contents/Developer/Toolchains/XcodeDefault.xctoolchain/usr/bin/clang-stat-cache /Applications/Xcode-16.3.0.app/Contents/Developer/Platforms/WatchOS.platform/Developer/SDKs/WatchOS11.4.sdk /Users/admin/builder/spi-builder-workspace/.derivedData/SDKStatCaches.noindex/watchos11.4-22T246-43efb940ff07ba2497b70ec94253f576.sdkstatcache
    cd /Users/admin/builder/spi-builder-workspace/.swiftpm/xcode
    /Applications/Xcode-16.3.0.app/Contents/Developer/Toolchains/XcodeDefault.xctoolchain/usr/bin/clang-stat-cache /Applications/Xcode-16.3.0.app/Contents/Developer/Platforms/WatchOS.platform/Developer/SDKs/WatchOS11.4.sdk -o /Users/admin/builder/spi-builder-workspace/.derivedData/SDKStatCaches.noindex/watchos11.4-22T246-43efb940ff07ba2497b70ec94253f576.sdkstatcache
CreateBuildDirectory /Users/admin/builder/spi-builder-workspace/.derivedData/Build/Products
    cd /Users/admin/builder/spi-builder-workspace/.swiftpm/xcode
    builtin-create-build-directory /Users/admin/builder/spi-builder-workspace/.derivedData/Build/Products
CreateBuildDirectory /Users/admin/builder/spi-builder-workspace/.derivedData/Build/Intermediates.noindex/EagerLinkingTBDs/Debug-watchos
    cd /Users/admin/builder/spi-builder-workspace/.swiftpm/xcode
    builtin-create-build-directory /Users/admin/builder/spi-builder-workspace/.derivedData/Build/Intermediates.noindex/EagerLinkingTBDs/Debug-watchos
CreateBuildDirectory /Users/admin/builder/spi-builder-workspace/.derivedData/Build/Products/Debug-watchos
    cd /Users/admin/builder/spi-builder-workspace/.swiftpm/xcode
    builtin-create-build-directory /Users/admin/builder/spi-builder-workspace/.derivedData/Build/Products/Debug-watchos
CreateBuildDirectory /Users/admin/builder/spi-builder-workspace/.derivedData/Build/Products/Debug-watchos/PackageFrameworks
    cd /Users/admin/builder/spi-builder-workspace/.swiftpm/xcode
    builtin-create-build-directory /Users/admin/builder/spi-builder-workspace/.derivedData/Build/Products/Debug-watchos/PackageFrameworks
WriteAuxiliaryFile /Users/admin/builder/spi-builder-workspace/.derivedData/Build/Intermediates.noindex/ScalingHeaderScrollView.build/Debug-watchos/ScalingHeaderScrollView.build/ScalingHeaderScrollView.modulemap (in target 'ScalingHeaderScrollView' from project 'ScalingHeaderScrollView')
    cd /Users/admin/builder/spi-builder-workspace
    write-file /Users/admin/builder/spi-builder-workspace/.derivedData/Build/Intermediates.noindex/ScalingHeaderScrollView.build/Debug-watchos/ScalingHeaderScrollView.build/ScalingHeaderScrollView.modulemap
WriteAuxiliaryFile /Users/admin/builder/spi-builder-workspace/.derivedData/Build/Intermediates.noindex/ScalingHeaderScrollView.build/Debug-watchos/ScalingHeaderScrollView.build/ScalingHeaderScrollView.DependencyStaticMetadataFileList (in target 'ScalingHeaderScrollView' from project 'ScalingHeaderScrollView')
    cd /Users/admin/builder/spi-builder-workspace
    write-file /Users/admin/builder/spi-builder-workspace/.derivedData/Build/Intermediates.noindex/ScalingHeaderScrollView.build/Debug-watchos/ScalingHeaderScrollView.build/ScalingHeaderScrollView.DependencyStaticMetadataFileList
WriteAuxiliaryFile /Users/admin/builder/spi-builder-workspace/.derivedData/Build/Intermediates.noindex/ScalingHeaderScrollView.build/Debug-watchos/ScalingHeaderScrollView.build/Objects-normal/armv7k/ScalingHeaderScrollView.SwiftFileList (in target 'ScalingHeaderScrollView' from project 'ScalingHeaderScrollView')
    cd /Users/admin/builder/spi-builder-workspace
    write-file /Users/admin/builder/spi-builder-workspace/.derivedData/Build/Intermediates.noindex/ScalingHeaderScrollView.build/Debug-watchos/ScalingHeaderScrollView.build/Objects-normal/armv7k/ScalingHeaderScrollView.SwiftFileList
WriteAuxiliaryFile /Users/admin/builder/spi-builder-workspace/.derivedData/Build/Intermediates.noindex/ScalingHeaderScrollView.build/Debug-watchos/ScalingHeaderScrollView.build/Objects-normal/armv7k/ScalingHeaderScrollView-OutputFileMap.json (in target 'ScalingHeaderScrollView' from project 'ScalingHeaderScrollView')
    cd /Users/admin/builder/spi-builder-workspace
    write-file /Users/admin/builder/spi-builder-workspace/.derivedData/Build/Intermediates.noindex/ScalingHeaderScrollView.build/Debug-watchos/ScalingHeaderScrollView.build/Objects-normal/armv7k/ScalingHeaderScrollView-OutputFileMap.json
WriteAuxiliaryFile /Users/admin/builder/spi-builder-workspace/.derivedData/Build/Intermediates.noindex/ScalingHeaderScrollView.build/Debug-watchos/ScalingHeaderScrollView.build/Objects-normal/armv7k/ScalingHeaderScrollView.SwiftConstValuesFileList (in target 'ScalingHeaderScrollView' from project 'ScalingHeaderScrollView')
    cd /Users/admin/builder/spi-builder-workspace
    write-file /Users/admin/builder/spi-builder-workspace/.derivedData/Build/Intermediates.noindex/ScalingHeaderScrollView.build/Debug-watchos/ScalingHeaderScrollView.build/Objects-normal/armv7k/ScalingHeaderScrollView.SwiftConstValuesFileList
WriteAuxiliaryFile /Users/admin/builder/spi-builder-workspace/.derivedData/Build/Intermediates.noindex/ScalingHeaderScrollView.build/Debug-watchos/ScalingHeaderScrollView.build/ScalingHeaderScrollView.DependencyMetadataFileList (in target 'ScalingHeaderScrollView' from project 'ScalingHeaderScrollView')
    cd /Users/admin/builder/spi-builder-workspace
    write-file /Users/admin/builder/spi-builder-workspace/.derivedData/Build/Intermediates.noindex/ScalingHeaderScrollView.build/Debug-watchos/ScalingHeaderScrollView.build/ScalingHeaderScrollView.DependencyMetadataFileList
WriteAuxiliaryFile /Users/admin/builder/spi-builder-workspace/.derivedData/Build/Intermediates.noindex/ScalingHeaderScrollView.build/Debug-watchos/ScalingHeaderScrollView.build/Objects-normal/armv7k/ScalingHeaderScrollView.LinkFileList (in target 'ScalingHeaderScrollView' from project 'ScalingHeaderScrollView')
    cd /Users/admin/builder/spi-builder-workspace
    write-file /Users/admin/builder/spi-builder-workspace/.derivedData/Build/Intermediates.noindex/ScalingHeaderScrollView.build/Debug-watchos/ScalingHeaderScrollView.build/Objects-normal/armv7k/ScalingHeaderScrollView.LinkFileList
WriteAuxiliaryFile /Users/admin/builder/spi-builder-workspace/.derivedData/Build/Intermediates.noindex/ScalingHeaderScrollView.build/Debug-watchos/ScalingHeaderScrollView.build/Objects-normal/armv7k/ScalingHeaderScrollView_const_extract_protocols.json (in target 'ScalingHeaderScrollView' from project 'ScalingHeaderScrollView')
    cd /Users/admin/builder/spi-builder-workspace
    write-file /Users/admin/builder/spi-builder-workspace/.derivedData/Build/Intermediates.noindex/ScalingHeaderScrollView.build/Debug-watchos/ScalingHeaderScrollView.build/Objects-normal/armv7k/ScalingHeaderScrollView_const_extract_protocols.json
WriteAuxiliaryFile /Users/admin/builder/spi-builder-workspace/.derivedData/Build/Intermediates.noindex/ScalingHeaderScrollView.build/Debug-watchos/ScalingHeaderScrollView.build/Objects-normal/arm64_32/ScalingHeaderScrollView_const_extract_protocols.json (in target 'ScalingHeaderScrollView' from project 'ScalingHeaderScrollView')
    cd /Users/admin/builder/spi-builder-workspace
    write-file /Users/admin/builder/spi-builder-workspace/.derivedData/Build/Intermediates.noindex/ScalingHeaderScrollView.build/Debug-watchos/ScalingHeaderScrollView.build/Objects-normal/arm64_32/ScalingHeaderScrollView_const_extract_protocols.json
WriteAuxiliaryFile /Users/admin/builder/spi-builder-workspace/.derivedData/Build/Intermediates.noindex/ScalingHeaderScrollView.build/Debug-watchos/ScalingHeaderScrollView.build/Objects-normal/arm64_32/ScalingHeaderScrollView.SwiftFileList (in target 'ScalingHeaderScrollView' from project 'ScalingHeaderScrollView')
    cd /Users/admin/builder/spi-builder-workspace
    write-file /Users/admin/builder/spi-builder-workspace/.derivedData/Build/Intermediates.noindex/ScalingHeaderScrollView.build/Debug-watchos/ScalingHeaderScrollView.build/Objects-normal/arm64_32/ScalingHeaderScrollView.SwiftFileList
WriteAuxiliaryFile /Users/admin/builder/spi-builder-workspace/.derivedData/Build/Intermediates.noindex/ScalingHeaderScrollView.build/Debug-watchos/ScalingHeaderScrollView.build/Objects-normal/arm64_32/ScalingHeaderScrollView.SwiftConstValuesFileList (in target 'ScalingHeaderScrollView' from project 'ScalingHeaderScrollView')
    cd /Users/admin/builder/spi-builder-workspace
    write-file /Users/admin/builder/spi-builder-workspace/.derivedData/Build/Intermediates.noindex/ScalingHeaderScrollView.build/Debug-watchos/ScalingHeaderScrollView.build/Objects-normal/arm64_32/ScalingHeaderScrollView.SwiftConstValuesFileList
WriteAuxiliaryFile /Users/admin/builder/spi-builder-workspace/.derivedData/Build/Intermediates.noindex/ScalingHeaderScrollView.build/Debug-watchos/ScalingHeaderScrollView.build/Objects-normal/arm64_32/ScalingHeaderScrollView.LinkFileList (in target 'ScalingHeaderScrollView' from project 'ScalingHeaderScrollView')
    cd /Users/admin/builder/spi-builder-workspace
    write-file /Users/admin/builder/spi-builder-workspace/.derivedData/Build/Intermediates.noindex/ScalingHeaderScrollView.build/Debug-watchos/ScalingHeaderScrollView.build/Objects-normal/arm64_32/ScalingHeaderScrollView.LinkFileList
WriteAuxiliaryFile /Users/admin/builder/spi-builder-workspace/.derivedData/Build/Intermediates.noindex/ScalingHeaderScrollView.build/Debug-watchos/ScalingHeaderScrollView.build/Objects-normal/arm64_32/ScalingHeaderScrollView-OutputFileMap.json (in target 'ScalingHeaderScrollView' from project 'ScalingHeaderScrollView')
    cd /Users/admin/builder/spi-builder-workspace
    write-file /Users/admin/builder/spi-builder-workspace/.derivedData/Build/Intermediates.noindex/ScalingHeaderScrollView.build/Debug-watchos/ScalingHeaderScrollView.build/Objects-normal/arm64_32/ScalingHeaderScrollView-OutputFileMap.json
WriteAuxiliaryFile /Users/admin/builder/spi-builder-workspace/.derivedData/Build/Intermediates.noindex/ScalingHeaderScrollView.build/Debug-watchos/ScalingHeaderScrollView.build/Objects-normal/arm64/ScalingHeaderScrollView_const_extract_protocols.json (in target 'ScalingHeaderScrollView' from project 'ScalingHeaderScrollView')
    cd /Users/admin/builder/spi-builder-workspace
    write-file /Users/admin/builder/spi-builder-workspace/.derivedData/Build/Intermediates.noindex/ScalingHeaderScrollView.build/Debug-watchos/ScalingHeaderScrollView.build/Objects-normal/arm64/ScalingHeaderScrollView_const_extract_protocols.json
WriteAuxiliaryFile /Users/admin/builder/spi-builder-workspace/.derivedData/Build/Intermediates.noindex/ScalingHeaderScrollView.build/Debug-watchos/ScalingHeaderScrollView.build/Objects-normal/arm64/ScalingHeaderScrollView.SwiftFileList (in target 'ScalingHeaderScrollView' from project 'ScalingHeaderScrollView')
    cd /Users/admin/builder/spi-builder-workspace
    write-file /Users/admin/builder/spi-builder-workspace/.derivedData/Build/Intermediates.noindex/ScalingHeaderScrollView.build/Debug-watchos/ScalingHeaderScrollView.build/Objects-normal/arm64/ScalingHeaderScrollView.SwiftFileList
WriteAuxiliaryFile /Users/admin/builder/spi-builder-workspace/.derivedData/Build/Intermediates.noindex/ScalingHeaderScrollView.build/Debug-watchos/ScalingHeaderScrollView.build/Objects-normal/arm64/ScalingHeaderScrollView.LinkFileList (in target 'ScalingHeaderScrollView' from project 'ScalingHeaderScrollView')
    cd /Users/admin/builder/spi-builder-workspace
    write-file /Users/admin/builder/spi-builder-workspace/.derivedData/Build/Intermediates.noindex/ScalingHeaderScrollView.build/Debug-watchos/ScalingHeaderScrollView.build/Objects-normal/arm64/ScalingHeaderScrollView.LinkFileList
WriteAuxiliaryFile /Users/admin/builder/spi-builder-workspace/.derivedData/Build/Intermediates.noindex/ScalingHeaderScrollView.build/Debug-watchos/ScalingHeaderScrollView.build/Objects-normal/arm64/ScalingHeaderScrollView.SwiftConstValuesFileList (in target 'ScalingHeaderScrollView' from project 'ScalingHeaderScrollView')
    cd /Users/admin/builder/spi-builder-workspace
    write-file /Users/admin/builder/spi-builder-workspace/.derivedData/Build/Intermediates.noindex/ScalingHeaderScrollView.build/Debug-watchos/ScalingHeaderScrollView.build/Objects-normal/arm64/ScalingHeaderScrollView.SwiftConstValuesFileList
WriteAuxiliaryFile /Users/admin/builder/spi-builder-workspace/.derivedData/Build/Intermediates.noindex/ScalingHeaderScrollView.build/Debug-watchos/ScalingHeaderScrollView.build/Objects-normal/arm64/ScalingHeaderScrollView-OutputFileMap.json (in target 'ScalingHeaderScrollView' from project 'ScalingHeaderScrollView')
    cd /Users/admin/builder/spi-builder-workspace
    write-file /Users/admin/builder/spi-builder-workspace/.derivedData/Build/Intermediates.noindex/ScalingHeaderScrollView.build/Debug-watchos/ScalingHeaderScrollView.build/Objects-normal/arm64/ScalingHeaderScrollView-OutputFileMap.json
Copy /Users/admin/builder/spi-builder-workspace/.derivedData/Build/Intermediates.noindex/GeneratedModuleMaps-watchos/ScalingHeaderScrollView.modulemap /Users/admin/builder/spi-builder-workspace/.derivedData/Build/Intermediates.noindex/ScalingHeaderScrollView.build/Debug-watchos/ScalingHeaderScrollView.build/ScalingHeaderScrollView.modulemap (in target 'ScalingHeaderScrollView' from project 'ScalingHeaderScrollView')
    cd /Users/admin/builder/spi-builder-workspace
    builtin-copy -exclude .DS_Store -exclude CVS -exclude .svn -exclude .git -exclude .hg -resolve-src-symlinks /Users/admin/builder/spi-builder-workspace/.derivedData/Build/Intermediates.noindex/ScalingHeaderScrollView.build/Debug-watchos/ScalingHeaderScrollView.build/ScalingHeaderScrollView.modulemap /Users/admin/builder/spi-builder-workspace/.derivedData/Build/Intermediates.noindex/GeneratedModuleMaps-watchos
SwiftDriver ScalingHeaderScrollView normal arm64 com.apple.xcode.tools.swift.compiler (in target 'ScalingHeaderScrollView' from project 'ScalingHeaderScrollView')
    cd /Users/admin/builder/spi-builder-workspace/.swiftpm/xcode
    builtin-SwiftDriver -- /Applications/Xcode-16.3.0.app/Contents/Developer/Toolchains/XcodeDefault.xctoolchain/usr/bin/swiftc -module-name ScalingHeaderScrollView -Onone -enforce-exclusivity\=checked @/Users/admin/builder/spi-builder-workspace/.derivedData/Build/Intermediates.noindex/ScalingHeaderScrollView.build/Debug-watchos/ScalingHeaderScrollView.build/Objects-normal/arm64/ScalingHeaderScrollView.SwiftFileList -DSWIFT_PACKAGE -DDEBUG -stats-output-dir .stats -strict-concurrency\=complete -enable-upcoming-feature StrictConcurrency -enable-upcoming-feature DisableOutwardActorInference -enable-upcoming-feature GlobalActorIsolatedTypesUsability -enable-upcoming-feature InferSendableFromCaptures -plugin-path /Applications/Xcode-16.3.0.app/Contents/Developer/Toolchains/XcodeDefault.xctoolchain/usr/lib/swift/host/plugins/testing -enable-experimental-feature DebugDescriptionMacro -sdk /Applications/Xcode-16.3.0.app/Contents/Developer/Platforms/WatchOS.platform/Developer/SDKs/WatchOS11.4.sdk -target arm64-apple-watchos8.0 -g -module-cache-path /Users/admin/builder/spi-builder-workspace/.derivedData/ModuleCache.noindex -Xfrontend -serialize-debugging-options -enable-testing -index-store-path /Users/admin/builder/spi-builder-workspace/.derivedData/Index.noindex/DataStore -swift-version 5 -I /Users/admin/builder/spi-builder-workspace/.derivedData/Build/Products/Debug-watchos -I /Applications/Xcode-16.3.0.app/Contents/Developer/Platforms/WatchOS.platform/Developer/usr/lib -F /Users/admin/builder/spi-builder-workspace/.derivedData/Build/Products/Debug-watchos -F /Applications/Xcode-16.3.0.app/Contents/Developer/Platforms/WatchOS.platform/Developer/Library/Frameworks -F /Applications/Xcode-16.3.0.app/Contents/Developer/Platforms/WatchOS.platform/Developer/SDKs/WatchOS11.4.sdk/Developer/Library/Frameworks -c -j10 -enable-batch-mode -incremental -Xcc -ivfsstatcache -Xcc /Users/admin/builder/spi-builder-workspace/.derivedData/SDKStatCaches.noindex/watchos11.4-22T246-43efb940ff07ba2497b70ec94253f576.sdkstatcache -output-file-map /Users/admin/builder/spi-builder-workspace/.derivedData/Build/Intermediates.noindex/ScalingHeaderScrollView.build/Debug-watchos/ScalingHeaderScrollView.build/Objects-normal/arm64/ScalingHeaderScrollView-OutputFileMap.json -use-frontend-parseable-output -save-temps -no-color-diagnostics -serialize-diagnostics -emit-dependencies -emit-module -emit-module-path /Users/admin/builder/spi-builder-workspace/.derivedData/Build/Intermediates.noindex/ScalingHeaderScrollView.build/Debug-watchos/ScalingHeaderScrollView.build/Objects-normal/arm64/ScalingHeaderScrollView.swiftmodule -validate-clang-modules-once -clang-build-session-file /Users/admin/builder/spi-builder-workspace/.derivedData/ModuleCache.noindex/Session.modulevalidation -package-name spi_builder_workspace -Xcc -I/Users/admin/builder/spi-builder-workspace/.derivedData/Build/Intermediates.noindex/ScalingHeaderScrollView.build/Debug-watchos/ScalingHeaderScrollView.build/swift-overrides.hmap -emit-const-values -Xfrontend -const-gather-protocols-file -Xfrontend /Users/admin/builder/spi-builder-workspace/.derivedData/Build/Intermediates.noindex/ScalingHeaderScrollView.build/Debug-watchos/ScalingHeaderScrollView.build/Objects-normal/arm64/ScalingHeaderScrollView_const_extract_protocols.json -Xcc -I/Users/admin/builder/spi-builder-workspace/.derivedData/Build/Products/Debug-watchos/include -Xcc -I/Users/admin/builder/spi-builder-workspace/.derivedData/Build/Intermediates.noindex/ScalingHeaderScrollView.build/Debug-watchos/ScalingHeaderScrollView.build/DerivedSources-normal/arm64 -Xcc -I/Users/admin/builder/spi-builder-workspace/.derivedData/Build/Intermediates.noindex/ScalingHeaderScrollView.build/Debug-watchos/ScalingHeaderScrollView.build/DerivedSources/arm64 -Xcc -I/Users/admin/builder/spi-builder-workspace/.derivedData/Build/Intermediates.noindex/ScalingHeaderScrollView.build/Debug-watchos/ScalingHeaderScrollView.build/DerivedSources -Xcc -DSWIFT_PACKAGE -Xcc -DDEBUG\=1 -emit-objc-header -emit-objc-header-path /Users/admin/builder/spi-builder-workspace/.derivedData/Build/Intermediates.noindex/ScalingHeaderScrollView.build/Debug-watchos/ScalingHeaderScrollView.build/Objects-normal/arm64/ScalingHeaderScrollView-Swift.h -working-directory /Users/admin/builder/spi-builder-workspace/.swiftpm/xcode -experimental-emit-module-separately -disable-cmo
SwiftDriver ScalingHeaderScrollView normal armv7k com.apple.xcode.tools.swift.compiler (in target 'ScalingHeaderScrollView' from project 'ScalingHeaderScrollView')
    cd /Users/admin/builder/spi-builder-workspace/.swiftpm/xcode
    builtin-SwiftDriver -- /Applications/Xcode-16.3.0.app/Contents/Developer/Toolchains/XcodeDefault.xctoolchain/usr/bin/swiftc -module-name ScalingHeaderScrollView -Onone -enforce-exclusivity\=checked @/Users/admin/builder/spi-builder-workspace/.derivedData/Build/Intermediates.noindex/ScalingHeaderScrollView.build/Debug-watchos/ScalingHeaderScrollView.build/Objects-normal/armv7k/ScalingHeaderScrollView.SwiftFileList -DSWIFT_PACKAGE -DDEBUG -stats-output-dir .stats -strict-concurrency\=complete -enable-upcoming-feature StrictConcurrency -enable-upcoming-feature DisableOutwardActorInference -enable-upcoming-feature GlobalActorIsolatedTypesUsability -enable-upcoming-feature InferSendableFromCaptures -plugin-path /Applications/Xcode-16.3.0.app/Contents/Developer/Toolchains/XcodeDefault.xctoolchain/usr/lib/swift/host/plugins/testing -enable-experimental-feature DebugDescriptionMacro -sdk /Applications/Xcode-16.3.0.app/Contents/Developer/Platforms/WatchOS.platform/Developer/SDKs/WatchOS11.4.sdk -target armv7k-apple-watchos8.0 -g -module-cache-path /Users/admin/builder/spi-builder-workspace/.derivedData/ModuleCache.noindex -Xfrontend -serialize-debugging-options -enable-testing -index-store-path /Users/admin/builder/spi-builder-workspace/.derivedData/Index.noindex/DataStore -swift-version 5 -I /Users/admin/builder/spi-builder-workspace/.derivedData/Build/Products/Debug-watchos -I /Applications/Xcode-16.3.0.app/Contents/Developer/Platforms/WatchOS.platform/Developer/usr/lib -F /Users/admin/builder/spi-builder-workspace/.derivedData/Build/Products/Debug-watchos -F /Applications/Xcode-16.3.0.app/Contents/Developer/Platforms/WatchOS.platform/Developer/Library/Frameworks -F /Applications/Xcode-16.3.0.app/Contents/Developer/Platforms/WatchOS.platform/Developer/SDKs/WatchOS11.4.sdk/Developer/Library/Frameworks -c -j10 -enable-batch-mode -incremental -Xcc -ivfsstatcache -Xcc /Users/admin/builder/spi-builder-workspace/.derivedData/SDKStatCaches.noindex/watchos11.4-22T246-43efb940ff07ba2497b70ec94253f576.sdkstatcache -output-file-map /Users/admin/builder/spi-builder-workspace/.derivedData/Build/Intermediates.noindex/ScalingHeaderScrollView.build/Debug-watchos/ScalingHeaderScrollView.build/Objects-normal/armv7k/ScalingHeaderScrollView-OutputFileMap.json -use-frontend-parseable-output -save-temps -no-color-diagnostics -serialize-diagnostics -emit-dependencies -emit-module -emit-module-path /Users/admin/builder/spi-builder-workspace/.derivedData/Build/Intermediates.noindex/ScalingHeaderScrollView.build/Debug-watchos/ScalingHeaderScrollView.build/Objects-normal/armv7k/ScalingHeaderScrollView.swiftmodule -validate-clang-modules-once -clang-build-session-file /Users/admin/builder/spi-builder-workspace/.derivedData/ModuleCache.noindex/Session.modulevalidation -package-name spi_builder_workspace -Xcc -I/Users/admin/builder/spi-builder-workspace/.derivedData/Build/Intermediates.noindex/ScalingHeaderScrollView.build/Debug-watchos/ScalingHeaderScrollView.build/swift-overrides.hmap -emit-const-values -Xfrontend -const-gather-protocols-file -Xfrontend /Users/admin/builder/spi-builder-workspace/.derivedData/Build/Intermediates.noindex/ScalingHeaderScrollView.build/Debug-watchos/ScalingHeaderScrollView.build/Objects-normal/armv7k/ScalingHeaderScrollView_const_extract_protocols.json -Xcc -I/Users/admin/builder/spi-builder-workspace/.derivedData/Build/Products/Debug-watchos/include -Xcc -I/Users/admin/builder/spi-builder-workspace/.derivedData/Build/Intermediates.noindex/ScalingHeaderScrollView.build/Debug-watchos/ScalingHeaderScrollView.build/DerivedSources-normal/armv7k -Xcc -I/Users/admin/builder/spi-builder-workspace/.derivedData/Build/Intermediates.noindex/ScalingHeaderScrollView.build/Debug-watchos/ScalingHeaderScrollView.build/DerivedSources/armv7k -Xcc -I/Users/admin/builder/spi-builder-workspace/.derivedData/Build/Intermediates.noindex/ScalingHeaderScrollView.build/Debug-watchos/ScalingHeaderScrollView.build/DerivedSources -Xcc -DSWIFT_PACKAGE -Xcc -DDEBUG\=1 -emit-objc-header -emit-objc-header-path /Users/admin/builder/spi-builder-workspace/.derivedData/Build/Intermediates.noindex/ScalingHeaderScrollView.build/Debug-watchos/ScalingHeaderScrollView.build/Objects-normal/armv7k/ScalingHeaderScrollView-Swift.h -working-directory /Users/admin/builder/spi-builder-workspace/.swiftpm/xcode -experimental-emit-module-separately -disable-cmo
SwiftDriver ScalingHeaderScrollView normal arm64_32 com.apple.xcode.tools.swift.compiler (in target 'ScalingHeaderScrollView' from project 'ScalingHeaderScrollView')
    cd /Users/admin/builder/spi-builder-workspace/.swiftpm/xcode
    builtin-SwiftDriver -- /Applications/Xcode-16.3.0.app/Contents/Developer/Toolchains/XcodeDefault.xctoolchain/usr/bin/swiftc -module-name ScalingHeaderScrollView -Onone -enforce-exclusivity\=checked @/Users/admin/builder/spi-builder-workspace/.derivedData/Build/Intermediates.noindex/ScalingHeaderScrollView.build/Debug-watchos/ScalingHeaderScrollView.build/Objects-normal/arm64_32/ScalingHeaderScrollView.SwiftFileList -DSWIFT_PACKAGE -DDEBUG -stats-output-dir .stats -strict-concurrency\=complete -enable-upcoming-feature StrictConcurrency -enable-upcoming-feature DisableOutwardActorInference -enable-upcoming-feature GlobalActorIsolatedTypesUsability -enable-upcoming-feature InferSendableFromCaptures -plugin-path /Applications/Xcode-16.3.0.app/Contents/Developer/Toolchains/XcodeDefault.xctoolchain/usr/lib/swift/host/plugins/testing -enable-experimental-feature DebugDescriptionMacro -sdk /Applications/Xcode-16.3.0.app/Contents/Developer/Platforms/WatchOS.platform/Developer/SDKs/WatchOS11.4.sdk -target arm64_32-apple-watchos8.0 -g -module-cache-path /Users/admin/builder/spi-builder-workspace/.derivedData/ModuleCache.noindex -Xfrontend -serialize-debugging-options -enable-testing -index-store-path /Users/admin/builder/spi-builder-workspace/.derivedData/Index.noindex/DataStore -swift-version 5 -I /Users/admin/builder/spi-builder-workspace/.derivedData/Build/Products/Debug-watchos -I /Applications/Xcode-16.3.0.app/Contents/Developer/Platforms/WatchOS.platform/Developer/usr/lib -F /Users/admin/builder/spi-builder-workspace/.derivedData/Build/Products/Debug-watchos -F /Applications/Xcode-16.3.0.app/Contents/Developer/Platforms/WatchOS.platform/Developer/Library/Frameworks -F /Applications/Xcode-16.3.0.app/Contents/Developer/Platforms/WatchOS.platform/Developer/SDKs/WatchOS11.4.sdk/Developer/Library/Frameworks -c -j10 -enable-batch-mode -incremental -Xcc -ivfsstatcache -Xcc /Users/admin/builder/spi-builder-workspace/.derivedData/SDKStatCaches.noindex/watchos11.4-22T246-43efb940ff07ba2497b70ec94253f576.sdkstatcache -output-file-map /Users/admin/builder/spi-builder-workspace/.derivedData/Build/Intermediates.noindex/ScalingHeaderScrollView.build/Debug-watchos/ScalingHeaderScrollView.build/Objects-normal/arm64_32/ScalingHeaderScrollView-OutputFileMap.json -use-frontend-parseable-output -save-temps -no-color-diagnostics -serialize-diagnostics -emit-dependencies -emit-module -emit-module-path /Users/admin/builder/spi-builder-workspace/.derivedData/Build/Intermediates.noindex/ScalingHeaderScrollView.build/Debug-watchos/ScalingHeaderScrollView.build/Objects-normal/arm64_32/ScalingHeaderScrollView.swiftmodule -validate-clang-modules-once -clang-build-session-file /Users/admin/builder/spi-builder-workspace/.derivedData/ModuleCache.noindex/Session.modulevalidation -package-name spi_builder_workspace -Xcc -I/Users/admin/builder/spi-builder-workspace/.derivedData/Build/Intermediates.noindex/ScalingHeaderScrollView.build/Debug-watchos/ScalingHeaderScrollView.build/swift-overrides.hmap -emit-const-values -Xfrontend -const-gather-protocols-file -Xfrontend /Users/admin/builder/spi-builder-workspace/.derivedData/Build/Intermediates.noindex/ScalingHeaderScrollView.build/Debug-watchos/ScalingHeaderScrollView.build/Objects-normal/arm64_32/ScalingHeaderScrollView_const_extract_protocols.json -Xcc -I/Users/admin/builder/spi-builder-workspace/.derivedData/Build/Products/Debug-watchos/include -Xcc -I/Users/admin/builder/spi-builder-workspace/.derivedData/Build/Intermediates.noindex/ScalingHeaderScrollView.build/Debug-watchos/ScalingHeaderScrollView.build/DerivedSources-normal/arm64_32 -Xcc -I/Users/admin/builder/spi-builder-workspace/.derivedData/Build/Intermediates.noindex/ScalingHeaderScrollView.build/Debug-watchos/ScalingHeaderScrollView.build/DerivedSources/arm64_32 -Xcc -I/Users/admin/builder/spi-builder-workspace/.derivedData/Build/Intermediates.noindex/ScalingHeaderScrollView.build/Debug-watchos/ScalingHeaderScrollView.build/DerivedSources -Xcc -DSWIFT_PACKAGE -Xcc -DDEBUG\=1 -emit-objc-header -emit-objc-header-path /Users/admin/builder/spi-builder-workspace/.derivedData/Build/Intermediates.noindex/ScalingHeaderScrollView.build/Debug-watchos/ScalingHeaderScrollView.build/Objects-normal/arm64_32/ScalingHeaderScrollView-Swift.h -working-directory /Users/admin/builder/spi-builder-workspace/.swiftpm/xcode -experimental-emit-module-separately -disable-cmo
SwiftEmitModule normal arm64_32 Emitting\ module\ for\ ScalingHeaderScrollView (in target 'ScalingHeaderScrollView' from project 'ScalingHeaderScrollView')
EmitSwiftModule normal arm64_32 (in target 'ScalingHeaderScrollView' from project 'ScalingHeaderScrollView')
    cd /Users/admin/builder/spi-builder-workspace/.swiftpm/xcode

/Users/admin/builder/spi-builder-workspace/Sources/Helpers/ScrollPageView.swift:14:29: error: cannot find type 'UIScrollView' in scope
    var onScrollViewReady: (UIScrollView) -> Void = { _ in }
                            ^~~~~~~~~~~~
/Users/admin/builder/spi-builder-workspace/Sources/Helpers/ScrollPageView.swift:16:28: error: cannot find type 'UIScrollView' in scope
    var onDidInitialize: ((UIScrollView) -> Void)? = nil
                           ^~~~~~~~~~~~
/Users/admin/builder/spi-builder-workspace/Sources/Helpers/ScrollPageView.swift:26:40: error: cannot find type 'Context' in scope
    func makeUIViewController(context: Context) -> PageViewController<Content> {
                                       ^~~~~~~
/Users/admin/builder/spi-builder-workspace/Sources/Helpers/ScrollPageView.swift:33:77: error: cannot find type 'Context' in scope
    func updateUIViewController(_ vc: PageViewController<Content>, context: Context) {
                                                                            ^~~~~~~
/Users/admin/builder/spi-builder-workspace/Sources/Helpers/ScrollPageView.swift:9:39: error: cannot find type 'UIViewControllerRepresentable' in scope
struct PageScrollView<Content: View>: UIViewControllerRepresentable {
                                      ^~~~~~~~~~~~~~~~~~~~~~~~~~~~~
/Users/admin/builder/spi-builder-workspace/Sources/Helpers/ScrollPageView.swift:53:48: error: cannot find type 'UIViewController' in scope
final class PageViewController<Content: View>: UIViewController, UIScrollViewDelegate {
                                               ^~~~~~~~~~~~~~~~
/Users/admin/builder/spi-builder-workspace/Sources/Helpers/ScrollPageView.swift:53:66: error: cannot find type 'UIScrollViewDelegate' in scope
final class PageViewController<Content: View>: UIViewController, UIScrollViewDelegate {
                                                                 ^~~~~~~~~~~~~~~~~~~~
/Users/admin/builder/spi-builder-workspace/Sources/Helpers/ScrollPageView.swift:55:22: error: cannot find 'UIScrollView' in scope
    let scrollView = UIScrollView()
                     ^~~~~~~~~~~~
/Users/admin/builder/spi-builder-workspace/Sources/Helpers/ScrollPageView.swift:56:28: error: cannot find type 'UIHostingController' in scope
    let hostingController: UIHostingController<Content>
                           ^~~~~~~~~~~~~~~~~~~
/Users/admin/builder/spi-builder-workspace/Sources/Helpers/ScrollPageView.swift:58:30: error: cannot find type 'UIScrollView' in scope
    var onScrollViewReady: ((UIScrollView) -> Void)?
                             ^~~~~~~~~~~~
/Users/admin/builder/spi-builder-workspace/Sources/Helpers/ScrollPageView.swift:60:28: error: cannot find type 'UIScrollView' in scope
    var onDidInitialize: ((UIScrollView) -> Void)?
                           ^~~~~~~~~~~~
/Users/admin/builder/spi-builder-workspace/Sources/Helpers/ScrollPageView.swift:90:19: error: method does not override any method from its superclass
    override func viewDidLoad() {
    ~~~~~~~~      ^
/Users/admin/builder/spi-builder-workspace/Sources/Helpers/ScrollPageView.swift:126:19: error: method does not override any method from its superclass
    override func viewDidLayoutSubviews() {
    ~~~~~~~~      ^
/Users/admin/builder/spi-builder-workspace/Sources/Helpers/ScrollPageView.swift:140:44: error: cannot find type 'UIScrollView' in scope
    func scrollViewDidScroll(_ scrollView: UIScrollView) {
                                           ^~~~~~~~~~~~
/Users/admin/builder/spi-builder-workspace/Sources/Helpers/ScrollPageView.swift:154:50: error: cannot find type 'UIScrollView' in scope
    func scrollViewWillEndDragging(_ scrollView: UIScrollView, withVelocity velocity: CGPoint, targetContentOffset: UnsafeMutablePointer<CGPoint>) {
                                                 ^~~~~~~~~~~~
/Users/admin/builder/spi-builder-workspace/Sources/Helpers/ScrollPageView.swift:171:49: error: cannot find type 'UIScrollView' in scope
    func scrollViewDidEndDragging(_ scrollView: UIScrollView, willDecelerate decelerate: Bool) {
                                                ^~~~~~~~~~~~
/Users/admin/builder/spi-builder-workspace/Sources/Helpers/ScrollPageView.swift:182:56: error: cannot find type 'UIScrollView' in scope
    func scrollViewWillBeginDecelerating(_ scrollView: UIScrollView) {
                                                       ^~~~~~~~~~~~
/Users/admin/builder/spi-builder-workspace/Sources/Helpers/ScrollPageView.swift:186:53: error: cannot find type 'UIScrollView' in scope
    func scrollViewDidEndDecelerating(_ scrollView: UIScrollView) {
                                                    ^~~~~~~~~~~~
/Users/admin/builder/spi-builder-workspace/Sources/Helpers/Utils.swift:12:40: error: cannot find type 'UIScrollView' in scope
func snapScrollPosition(in scrollView: UIScrollView?, params: ScalingHeaderParameters) {
                                       ^~~~~~~~~~~~
/Users/admin/builder/spi-builder-workspace/Sources/ScalingHeaderCore.swift:21:36: error: cannot find type 'UIScrollView' in scope
    var scrollViewProvider: (() -> UIScrollView?)? = nil
                                   ^~~~~~~~~~~~
/Users/admin/builder/spi-builder-workspace/Sources/ScalingHeaderParameters.swift:62:28: error: cannot find type 'UIScrollView' in scope
    weak var uiScrollView: UIScrollView?
                           ^~~~~~~~~~~~
/Users/admin/builder/spi-builder-workspace/Sources/ScalingHeaderParameters.swift:70:21: error: cannot find type 'UIScrollView' in scope
    var scrollView: UIScrollView?
                    ^~~~~~~~~~~~
Failed frontend command:
/Applications/Xcode-16.3.0.app/Contents/Developer/Toolchains/XcodeDefault.xctoolchain/usr/bin/swift-frontend -frontend -emit-module -experimental-skip-non-inlinable-function-bodies-without-types /Users/admin/builder/spi-builder-workspace/Sources/Helpers/PetalSpinner.swift /Users/admin/builder/spi-builder-workspace/Sources/Helpers/ScrollPageView.swift /Users/admin/builder/spi-builder-workspace/Sources/Helpers/Utils.swift /Users/admin/builder/spi-builder-workspace/Sources/PublicAPI.swift /Users/admin/builder/spi-builder-workspace/Sources/ScalingHeaderCore.swift /Users/admin/builder/spi-builder-workspace/Sources/ScalingHeaderParameters.swift /Users/admin/builder/spi-builder-workspace/Sources/ScalingHeaderScrollView.swift /Users/admin/builder/spi-builder-workspace/Sources/ScalingHeaderTabView.swift -target arm64_32-apple-watchos8.0 -enable-objc-interop -sdk /Applications/Xcode-16.3.0.app/Contents/Developer/Platforms/WatchOS.platform/Developer/SDKs/WatchOS11.4.sdk -I /Users/admin/builder/spi-builder-workspace/.derivedData/Build/Products/Debug-watchos -I /Applications/Xcode-16.3.0.app/Contents/Developer/Platforms/WatchOS.platform/Developer/usr/lib -F /Users/admin/builder/spi-builder-workspace/.derivedData/Build/Products/Debug-watchos -F /Applications/Xcode-16.3.0.app/Contents/Developer/Platforms/WatchOS.platform/Developer/Library/Frameworks -F /Applications/Xcode-16.3.0.app/Contents/Developer/Platforms/WatchOS.platform/Developer/SDKs/WatchOS11.4.sdk/Developer/Library/Frameworks -no-color-diagnostics -enable-testing -g -debug-info-format\=dwarf -dwarf-version\=4 -module-cache-path /Users/admin/builder/spi-builder-workspace/.derivedData/ModuleCache.noindex -swift-version 5 -enforce-exclusivity\=checked -stats-output-dir /Users/admin/builder/spi-builder-workspace/.swiftpm/xcode/.stats -Onone -D SWIFT_PACKAGE -D DEBUG -serialize-debugging-options -const-gather-protocols-file /Users/admin/builder/spi-builder-workspace/.derivedData/Build/Intermediates.noindex/ScalingHeaderScrollView.build/Debug-watchos/ScalingHeaderScrollView.build/Objects-normal/arm64_32/ScalingHeaderScrollView_const_extract_protocols.json -enable-upcoming-feature StrictConcurrency -enable-upcoming-feature DisableOutwardActorInference -enable-upcoming-feature GlobalActorIsolatedTypesUsability -enable-upcoming-feature InferSendableFromCaptures -enable-experimental-feature DebugDescriptionMacro -strict-concurrency\=complete -empty-abi-descriptor -plugin-path /Applications/Xcode-16.3.0.app/Contents/Developer/Toolchains/XcodeDefault.xctoolchain/usr/lib/swift/host/plugins/testing -validate-clang-modules-once -clang-build-session-file /Users/admin/builder/spi-builder-workspace/.derivedData/ModuleCache.noindex/Session.modulevalidation -Xcc -working-directory -Xcc /Users/admin/builder/spi-builder-workspace/.swiftpm/xcode -resource-dir /Applications/Xcode-16.3.0.app/Contents/Developer/Toolchains/XcodeDefault.xctoolchain/usr/lib/swift -enable-anonymous-context-mangled-names -file-compilation-dir /Users/admin/builder/spi-builder-workspace/.swiftpm/xcode -Xcc -ivfsstatcache -Xcc /Users/admin/builder/spi-builder-workspace/.derivedData/SDKStatCaches.noindex/watchos11.4-22T246-43efb940ff07ba2497b70ec94253f576.sdkstatcache -Xcc -I/Users/admin/builder/spi-builder-workspace/.derivedData/Build/Intermediates.noindex/ScalingHeaderScrollView.build/Debug-watchos/ScalingHeaderScrollView.build/swift-overrides.hmap -Xcc -I/Users/admin/builder/spi-builder-workspace/.derivedData/Build/Products/Debug-watchos/include -Xcc -I/Users/admin/builder/spi-builder-workspace/.derivedData/Build/Intermediates.noindex/ScalingHeaderScrollView.build/Debug-watchos/ScalingHeaderScrollView.build/DerivedSources-normal/arm64_32 -Xcc -I/Users/admin/builder/spi-builder-workspace/.derivedData/Build/Intermediates.noindex/ScalingHeaderScrollView.build/Debug-watchos/ScalingHeaderScrollView.build/DerivedSources/arm64_32 -Xcc -I/Users/admin/builder/spi-builder-workspace/.derivedData/Build/Intermediates.noindex/ScalingHeaderScrollView.build/Debug-watchos/ScalingHeaderScrollView.build/DerivedSources -Xcc -DSWIFT_PACKAGE -Xcc -DDEBUG\=1 -module-name ScalingHeaderScrollView -package-name spi_builder_workspace -frontend-parseable-output -disable-clang-spi -target-sdk-version 11.4 -target-sdk-name watchos11.4 -external-plugin-path /Applications/Xcode-16.3.0.app/Contents/Developer/Platforms/WatchOS.platform/Developer/usr/lib/swift/host/plugins\#/Applications/Xcode-16.3.0.app/Contents/Developer/Platforms/WatchOS.platform/Developer/usr/bin/swift-plugin-server -external-plugin-path /Applications/Xcode-16.3.0.app/Contents/Developer/Platforms/WatchOS.platform/Developer/usr/local/lib/swift/host/plugins\#/Applications/Xcode-16.3.0.app/Contents/Developer/Platforms/WatchOS.platform/Developer/usr/bin/swift-plugin-server -in-process-plugin-server-path /Applications/Xcode-16.3.0.app/Contents/Developer/Toolchains/XcodeDefault.xctoolchain/usr/lib/swift/host/libSwiftInProcPluginServer.dylib -plugin-path /Applications/Xcode-16.3.0.app/Contents/Developer/Toolchains/XcodeDefault.xctoolchain/usr/lib/swift/host/plugins -plugin-path /Applications/Xcode-16.3.0.app/Contents/Developer/Toolchains/XcodeDefault.xctoolchain/usr/local/lib/swift/host/plugins -emit-module-doc-path /Users/admin/builder/spi-builder-workspace/.derivedData/Build/Intermediates.noindex/ScalingHeaderScrollView.build/Debug-watchos/ScalingHeaderScrollView.build/Objects-normal/arm64_32/ScalingHeaderScrollView.swiftdoc -emit-module-source-info-path /Users/admin/builder/spi-builder-workspace/.derivedData/Build/Intermediates.noindex/ScalingHeaderScrollView.build/Debug-watchos/ScalingHeaderScrollView.build/Objects-normal/arm64_32/ScalingHeaderScrollView.swiftsourceinfo -emit-objc-header-path /Users/admin/builder/spi-builder-workspace/.derivedData/Build/Intermediates.noindex/ScalingHeaderScrollView.build/Debug-watchos/ScalingHeaderScrollView.build/Objects-normal/arm64_32/ScalingHeaderScrollView-Swift.h -serialize-diagnostics-path /Users/admin/builder/spi-builder-workspace/.derivedData/Build/Intermediates.noindex/ScalingHeaderScrollView.build/Debug-watchos/ScalingHeaderScrollView.build/Objects-normal/arm64_32/ScalingHeaderScrollView-master-emit-module.dia -emit-dependencies-path /Users/admin/builder/spi-builder-workspace/.derivedData/Build/Intermediates.noindex/ScalingHeaderScrollView.build/Debug-watchos/ScalingHeaderScrollView.build/Objects-normal/arm64_32/ScalingHeaderScrollView-master-emit-module.d -o /Users/admin/builder/spi-builder-workspace/.derivedData/Build/Intermediates.noindex/ScalingHeaderScrollView.build/Debug-watchos/ScalingHeaderScrollView.build/Objects-normal/arm64_32/ScalingHeaderScrollView.swiftmodule -emit-abi-descriptor-path /Users/admin/builder/spi-builder-workspace/.derivedData/Build/Intermediates.noindex/ScalingHeaderScrollView.build/Debug-watchos/ScalingHeaderScrollView.build/Objects-normal/arm64_32/ScalingHeaderScrollView.abi.json
SwiftCompile normal arm64_32 Compiling\ ScalingHeaderCore.swift /Users/admin/builder/spi-builder-workspace/Sources/ScalingHeaderCore.swift (in target 'ScalingHeaderScrollView' from project 'ScalingHeaderScrollView')
SwiftCompile normal arm64_32 /Users/admin/builder/spi-builder-workspace/Sources/ScalingHeaderCore.swift (in target 'ScalingHeaderScrollView' from project 'ScalingHeaderScrollView')
    cd /Users/admin/builder/spi-builder-workspace/.swiftpm/xcode

SwiftCompile normal arm64_32 Compiling\ ScrollPageView.swift /Users/admin/builder/spi-builder-workspace/Sources/Helpers/ScrollPageView.swift (in target 'ScalingHeaderScrollView' from project 'ScalingHeaderScrollView')
SwiftCompile normal arm64_32 /Users/admin/builder/spi-builder-workspace/Sources/Helpers/ScrollPageView.swift (in target 'ScalingHeaderScrollView' from project 'ScalingHeaderScrollView')
    cd /Users/admin/builder/spi-builder-workspace/.swiftpm/xcode

SwiftCompile normal arm64_32 Compiling\ ScalingHeaderParameters.swift /Users/admin/builder/spi-builder-workspace/Sources/ScalingHeaderParameters.swift (in target 'ScalingHeaderScrollView' from project 'ScalingHeaderScrollView')
SwiftCompile normal arm64_32 /Users/admin/builder/spi-builder-workspace/Sources/ScalingHeaderParameters.swift (in target 'ScalingHeaderScrollView' from project 'ScalingHeaderScrollView')
    cd /Users/admin/builder/spi-builder-workspace/.swiftpm/xcode

SwiftEmitModule normal armv7k Emitting\ module\ for\ ScalingHeaderScrollView (in target 'ScalingHeaderScrollView' from project 'ScalingHeaderScrollView')
Failed frontend command:
/Applications/Xcode-16.3.0.app/Contents/Developer/Toolchains/XcodeDefault.xctoolchain/usr/bin/swift-frontend -frontend -emit-module -experimental-skip-non-inlinable-function-bodies-without-types /Users/admin/builder/spi-builder-workspace/Sources/Helpers/PetalSpinner.swift /Users/admin/builder/spi-builder-workspace/Sources/Helpers/ScrollPageView.swift /Users/admin/builder/spi-builder-workspace/Sources/Helpers/Utils.swift /Users/admin/builder/spi-builder-workspace/Sources/PublicAPI.swift /Users/admin/builder/spi-builder-workspace/Sources/ScalingHeaderCore.swift /Users/admin/builder/spi-builder-workspace/Sources/ScalingHeaderParameters.swift /Users/admin/builder/spi-builder-workspace/Sources/ScalingHeaderScrollView.swift /Users/admin/builder/spi-builder-workspace/Sources/ScalingHeaderTabView.swift -target armv7k-apple-watchos8.0 -enable-objc-interop -stack-check -sdk /Applications/Xcode-16.3.0.app/Contents/Developer/Platforms/WatchOS.platform/Developer/SDKs/WatchOS11.4.sdk -I /Users/admin/builder/spi-builder-workspace/.derivedData/Build/Products/Debug-watchos -I /Applications/Xcode-16.3.0.app/Contents/Developer/Platforms/WatchOS.platform/Developer/usr/lib -F /Users/admin/builder/spi-builder-workspace/.derivedData/Build/Products/Debug-watchos -F /Applications/Xcode-16.3.0.app/Contents/Developer/Platforms/WatchOS.platform/Developer/Library/Frameworks -F /Applications/Xcode-16.3.0.app/Contents/Developer/Platforms/WatchOS.platform/Developer/SDKs/WatchOS11.4.sdk/Developer/Library/Frameworks -no-color-diagnostics -enable-testing -g -debug-info-format\=dwarf -dwarf-version\=4 -module-cache-path /Users/admin/builder/spi-builder-workspace/.derivedData/ModuleCache.noindex -swift-version 5 -enforce-exclusivity\=checked -stats-output-dir /Users/admin/builder/spi-builder-workspace/.swiftpm/xcode/.stats -Onone -D SWIFT_PACKAGE -D DEBUG -serialize-debugging-options -const-gather-protocols-file /Users/admin/builder/spi-builder-workspace/.derivedData/Build/Intermediates.noindex/ScalingHeaderScrollView.build/Debug-watchos/ScalingHeaderScrollView.build/Objects-normal/armv7k/ScalingHeaderScrollView_const_extract_protocols.json -enable-upcoming-feature StrictConcurrency -enable-upcoming-feature DisableOutwardActorInference -enable-upcoming-feature GlobalActorIsolatedTypesUsability -enable-upcoming-feature InferSendableFromCaptures -enable-experimental-feature DebugDescriptionMacro -strict-concurrency\=complete -empty-abi-descriptor -plugin-path /Applications/Xcode-16.3.0.app/Contents/Developer/Toolchains/XcodeDefault.xctoolchain/usr/lib/swift/host/plugins/testing -validate-clang-modules-once -clang-build-session-file /Users/admin/builder/spi-builder-workspace/.derivedData/ModuleCache.noindex/Session.modulevalidation -Xcc -working-directory -Xcc /Users/admin/builder/spi-builder-workspace/.swiftpm/xcode -resource-dir /Applications/Xcode-16.3.0.app/Contents/Developer/Toolchains/XcodeDefault.xctoolchain/usr/lib/swift -enable-anonymous-context-mangled-names -file-compilation-dir /Users/admin/builder/spi-builder-workspace/.swiftpm/xcode -Xcc -ivfsstatcache -Xcc /Users/admin/builder/spi-builder-workspace/.derivedData/SDKStatCaches.noindex/watchos11.4-22T246-43efb940ff07ba2497b70ec94253f576.sdkstatcache -Xcc -I/Users/admin/builder/spi-builder-workspace/.derivedData/Build/Intermediates.noindex/ScalingHeaderScrollView.build/Debug-watchos/ScalingHeaderScrollView.build/swift-overrides.hmap -Xcc -I/Users/admin/builder/spi-builder-workspace/.derivedData/Build/Products/Debug-watchos/include -Xcc -I/Users/admin/builder/spi-builder-workspace/.derivedData/Build/Intermediates.noindex/ScalingHeaderScrollView.build/Debug-watchos/ScalingHeaderScrollView.build/DerivedSources-normal/armv7k -Xcc -I/Users/admin/builder/spi-builder-workspace/.derivedData/Build/Intermediates.noindex/ScalingHeaderScrollView.build/Debug-watchos/ScalingHeaderScrollView.build/DerivedSources/armv7k -Xcc -I/Users/admin/builder/spi-builder-workspace/.derivedData/Build/Intermediates.noindex/ScalingHeaderScrollView.build/Debug-watchos/ScalingHeaderScrollView.build/DerivedSources -Xcc -DSWIFT_PACKAGE -Xcc -DDEBUG\=1 -module-name ScalingHeaderScrollView -package-name spi_builder_workspace -frontend-parseable-output -disable-clang-spi -target-sdk-version 11.4 -target-sdk-name watchos11.4 -external-plugin-path /Applications/Xcode-16.3.0.app/Contents/Developer/Platforms/WatchOS.platform/Developer/usr/lib/swift/host/plugins\#/Applications/Xcode-16.3.0.app/Contents/Developer/Platforms/WatchOS.platform/Developer/usr/bin/swift-plugin-server -external-plugin-path /Applications/Xcode-16.3.0.app/Contents/Developer/Platforms/WatchOS.platform/Developer/usr/local/lib/swift/host/plugins\#/Applications/Xcode-16.3.0.app/Contents/Developer/Platforms/WatchOS.platform/Developer/usr/bin/swift-plugin-server -in-process-plugin-server-path /Applications/Xcode-16.3.0.app/Contents/Developer/Toolchains/XcodeDefault.xctoolchain/usr/lib/swift/host/libSwiftInProcPluginServer.dylib -plugin-path /Applications/Xcode-16.3.0.app/Contents/Developer/Toolchains/XcodeDefault.xctoolchain/usr/lib/swift/host/plugins -plugin-path /Applications/Xcode-16.3.0.app/Contents/Developer/Toolchains/XcodeDefault.xctoolchain/usr/local/lib/swift/host/plugins -emit-module-doc-path /Users/admin/builder/spi-builder-workspace/.derivedData/Build/Intermediates.noindex/ScalingHeaderScrollView.build/Debug-watchos/ScalingHeaderScrollView.build/Objects-normal/armv7k/ScalingHeaderScrollView.swiftdoc -emit-module-source-info-path /Users/admin/builder/spi-builder-workspace/.derivedData/Build/Intermediates.noindex/ScalingHeaderScrollView.build/Debug-watchos/ScalingHeaderScrollView.build/Objects-normal/armv7k/ScalingHeaderScrollView.swiftsourceinfo -emit-objc-header-path /Users/admin/builder/spi-builder-workspace/.derivedData/Build/Intermediates.noindex/ScalingHeaderScrollView.build/Debug-watchos/ScalingHeaderScrollView.build/Objects-normal/armv7k/ScalingHeaderScrollView-Swift.h -serialize-diagnostics-path /Users/admin/builder/spi-builder-workspace/.derivedData/Build/Intermediates.noindex/ScalingHeaderScrollView.build/Debug-watchos/ScalingHeaderScrollView.build/Objects-normal/armv7k/ScalingHeaderScrollView-master-emit-module.dia -emit-dependencies-path /Users/admin/builder/spi-builder-workspace/.derivedData/Build/Intermediates.noindex/ScalingHeaderScrollView.build/Debug-watchos/ScalingHeaderScrollView.build/Objects-normal/armv7k/ScalingHeaderScrollView-master-emit-module.d -o /Users/admin/builder/spi-builder-workspace/.derivedData/Build/Intermediates.noindex/ScalingHeaderScrollView.build/Debug-watchos/ScalingHeaderScrollView.build/Objects-normal/armv7k/ScalingHeaderScrollView.swiftmodule -emit-abi-descriptor-path /Users/admin/builder/spi-builder-workspace/.derivedData/Build/Intermediates.noindex/ScalingHeaderScrollView.build/Debug-watchos/ScalingHeaderScrollView.build/Objects-normal/armv7k/ScalingHeaderScrollView.abi.json
EmitSwiftModule normal armv7k (in target 'ScalingHeaderScrollView' from project 'ScalingHeaderScrollView')
    cd /Users/admin/builder/spi-builder-workspace/.swiftpm/xcode

/Users/admin/builder/spi-builder-workspace/Sources/Helpers/ScrollPageView.swift:14:29: error: cannot find type 'UIScrollView' in scope
    var onScrollViewReady: (UIScrollView) -> Void = { _ in }
                            ^~~~~~~~~~~~
/Users/admin/builder/spi-builder-workspace/Sources/Helpers/ScrollPageView.swift:16:28: error: cannot find type 'UIScrollView' in scope
    var onDidInitialize: ((UIScrollView) -> Void)? = nil
                           ^~~~~~~~~~~~
/Users/admin/builder/spi-builder-workspace/Sources/Helpers/ScrollPageView.swift:26:40: error: cannot find type 'Context' in scope
    func makeUIViewController(context: Context) -> PageViewController<Content> {
                                       ^~~~~~~
/Users/admin/builder/spi-builder-workspace/Sources/Helpers/ScrollPageView.swift:33:77: error: cannot find type 'Context' in scope
    func updateUIViewController(_ vc: PageViewController<Content>, context: Context) {
                                                                            ^~~~~~~
/Users/admin/builder/spi-builder-workspace/Sources/Helpers/ScrollPageView.swift:9:39: error: cannot find type 'UIViewControllerRepresentable' in scope
struct PageScrollView<Content: View>: UIViewControllerRepresentable {
                                      ^~~~~~~~~~~~~~~~~~~~~~~~~~~~~
/Users/admin/builder/spi-builder-workspace/Sources/Helpers/ScrollPageView.swift:53:48: error: cannot find type 'UIViewController' in scope
final class PageViewController<Content: View>: UIViewController, UIScrollViewDelegate {
                                               ^~~~~~~~~~~~~~~~
/Users/admin/builder/spi-builder-workspace/Sources/Helpers/ScrollPageView.swift:53:66: error: cannot find type 'UIScrollViewDelegate' in scope
final class PageViewController<Content: View>: UIViewController, UIScrollViewDelegate {
                                                                 ^~~~~~~~~~~~~~~~~~~~
/Users/admin/builder/spi-builder-workspace/Sources/Helpers/ScrollPageView.swift:55:22: error: cannot find 'UIScrollView' in scope
    let scrollView = UIScrollView()
                     ^~~~~~~~~~~~
/Users/admin/builder/spi-builder-workspace/Sources/Helpers/ScrollPageView.swift:56:28: error: cannot find type 'UIHostingController' in scope
    let hostingController: UIHostingController<Content>
                           ^~~~~~~~~~~~~~~~~~~
/Users/admin/builder/spi-builder-workspace/Sources/Helpers/ScrollPageView.swift:58:30: error: cannot find type 'UIScrollView' in scope
    var onScrollViewReady: ((UIScrollView) -> Void)?
                             ^~~~~~~~~~~~
/Users/admin/builder/spi-builder-workspace/Sources/Helpers/ScrollPageView.swift:60:28: error: cannot find type 'UIScrollView' in scope
    var onDidInitialize: ((UIScrollView) -> Void)?
                           ^~~~~~~~~~~~
/Users/admin/builder/spi-builder-workspace/Sources/Helpers/ScrollPageView.swift:90:19: error: method does not override any method from its superclass
    override func viewDidLoad() {
    ~~~~~~~~      ^
/Users/admin/builder/spi-builder-workspace/Sources/Helpers/ScrollPageView.swift:126:19: error: method does not override any method from its superclass
    override func viewDidLayoutSubviews() {
    ~~~~~~~~      ^
/Users/admin/builder/spi-builder-workspace/Sources/Helpers/ScrollPageView.swift:140:44: error: cannot find type 'UIScrollView' in scope
    func scrollViewDidScroll(_ scrollView: UIScrollView) {
                                           ^~~~~~~~~~~~
/Users/admin/builder/spi-builder-workspace/Sources/Helpers/ScrollPageView.swift:154:50: error: cannot find type 'UIScrollView' in scope
    func scrollViewWillEndDragging(_ scrollView: UIScrollView, withVelocity velocity: CGPoint, targetContentOffset: UnsafeMutablePointer<CGPoint>) {
                                                 ^~~~~~~~~~~~
/Users/admin/builder/spi-builder-workspace/Sources/Helpers/ScrollPageView.swift:171:49: error: cannot find type 'UIScrollView' in scope
    func scrollViewDidEndDragging(_ scrollView: UIScrollView, willDecelerate decelerate: Bool) {
                                                ^~~~~~~~~~~~
/Users/admin/builder/spi-builder-workspace/Sources/Helpers/ScrollPageView.swift:182:56: error: cannot find type 'UIScrollView' in scope
    func scrollViewWillBeginDecelerating(_ scrollView: UIScrollView) {
                                                       ^~~~~~~~~~~~
/Users/admin/builder/spi-builder-workspace/Sources/Helpers/ScrollPageView.swift:186:53: error: cannot find type 'UIScrollView' in scope
    func scrollViewDidEndDecelerating(_ scrollView: UIScrollView) {
                                                    ^~~~~~~~~~~~
/Users/admin/builder/spi-builder-workspace/Sources/Helpers/Utils.swift:12:40: error: cannot find type 'UIScrollView' in scope
func snapScrollPosition(in scrollView: UIScrollView?, params: ScalingHeaderParameters) {
                                       ^~~~~~~~~~~~
/Users/admin/builder/spi-builder-workspace/Sources/ScalingHeaderCore.swift:21:36: error: cannot find type 'UIScrollView' in scope
    var scrollViewProvider: (() -> UIScrollView?)? = nil
                                   ^~~~~~~~~~~~
/Users/admin/builder/spi-builder-workspace/Sources/ScalingHeaderParameters.swift:62:28: error: cannot find type 'UIScrollView' in scope
    weak var uiScrollView: UIScrollView?
                           ^~~~~~~~~~~~
/Users/admin/builder/spi-builder-workspace/Sources/ScalingHeaderParameters.swift:70:21: error: cannot find type 'UIScrollView' in scope
    var scrollView: UIScrollView?
                    ^~~~~~~~~~~~
SwiftEmitModule normal arm64 Emitting\ module\ for\ ScalingHeaderScrollView (in target 'ScalingHeaderScrollView' from project 'ScalingHeaderScrollView')
EmitSwiftModule normal arm64 (in target 'ScalingHeaderScrollView' from project 'ScalingHeaderScrollView')
    cd /Users/admin/builder/spi-builder-workspace/.swiftpm/xcode

SwiftCompile normal arm64_32 Compiling\ ScalingHeaderTabView.swift /Users/admin/builder/spi-builder-workspace/Sources/ScalingHeaderTabView.swift (in target 'ScalingHeaderScrollView' from project 'ScalingHeaderScrollView')
SwiftCompile normal arm64_32 /Users/admin/builder/spi-builder-workspace/Sources/ScalingHeaderTabView.swift (in target 'ScalingHeaderScrollView' from project 'ScalingHeaderScrollView')
    cd /Users/admin/builder/spi-builder-workspace/.swiftpm/xcode

SwiftCompile normal armv7k Compiling\ Utils.swift /Users/admin/builder/spi-builder-workspace/Sources/Helpers/Utils.swift (in target 'ScalingHeaderScrollView' from project 'ScalingHeaderScrollView')
SwiftCompile normal armv7k /Users/admin/builder/spi-builder-workspace/Sources/Helpers/Utils.swift (in target 'ScalingHeaderScrollView' from project 'ScalingHeaderScrollView')
    cd /Users/admin/builder/spi-builder-workspace/.swiftpm/xcode

SwiftCompile normal arm64 Compiling\ Utils.swift /Users/admin/builder/spi-builder-workspace/Sources/Helpers/Utils.swift (in target 'ScalingHeaderScrollView' from project 'ScalingHeaderScrollView')
SwiftCompile normal arm64 /Users/admin/builder/spi-builder-workspace/Sources/Helpers/Utils.swift (in target 'ScalingHeaderScrollView' from project 'ScalingHeaderScrollView')
    cd /Users/admin/builder/spi-builder-workspace/.swiftpm/xcode

SwiftCompile normal armv7k Compiling\ PublicAPI.swift /Users/admin/builder/spi-builder-workspace/Sources/PublicAPI.swift (in target 'ScalingHeaderScrollView' from project 'ScalingHeaderScrollView')
SwiftCompile normal armv7k /Users/admin/builder/spi-builder-workspace/Sources/PublicAPI.swift (in target 'ScalingHeaderScrollView' from project 'ScalingHeaderScrollView')
    cd /Users/admin/builder/spi-builder-workspace/.swiftpm/xcode

SwiftCompile normal arm64 Compiling\ ScalingHeaderCore.swift /Users/admin/builder/spi-builder-workspace/Sources/ScalingHeaderCore.swift (in target 'ScalingHeaderScrollView' from project 'ScalingHeaderScrollView')
Command SwiftCompile failed with a nonzero exit code
** BUILD FAILED **
The following build commands failed:
	EmitSwiftModule normal arm64_32 (in target 'ScalingHeaderScrollView' from project 'ScalingHeaderScrollView')
	SwiftEmitModule normal arm64_32 Emitting\ module\ for\ ScalingHeaderScrollView (in target 'ScalingHeaderScrollView' from project 'ScalingHeaderScrollView')
	SwiftEmitModule normal armv7k Emitting\ module\ for\ ScalingHeaderScrollView (in target 'ScalingHeaderScrollView' from project 'ScalingHeaderScrollView')
	EmitSwiftModule normal armv7k (in target 'ScalingHeaderScrollView' from project 'ScalingHeaderScrollView')
	SwiftCompile normal arm64 Compiling\ ScalingHeaderCore.swift /Users/admin/builder/spi-builder-workspace/Sources/ScalingHeaderCore.swift (in target 'ScalingHeaderScrollView' from project 'ScalingHeaderScrollView')
	Building workspace spi-builder-workspace with scheme ScalingHeaderScrollView
(6 failures)
Command line invocation:
    /Applications/Xcode-16.3.0.app/Contents/Developer/usr/bin/xcodebuild -IDEClonedSourcePackagesDirPathOverride=/Users/admin/builder/spi-builder-workspace/.dependencies -resolvePackageDependencies
Resolve Package Graph
Resolved source packages:
  ScalingHeaderScrollView: /Users/admin/builder/spi-builder-workspace
resolved source packages: ScalingHeaderScrollView
{
  "dependencies" : [
  ],
  "manifest_display_name" : "ScalingHeaderScrollView",
  "name" : "ScalingHeaderScrollView",
  "path" : "/Users/admin/builder/spi-builder-workspace",
  "platforms" : [
    {
      "name" : "ios",
      "version" : "15.0"
    }
  ],
  "products" : [
    {
      "name" : "ScalingHeaderScrollView",
      "targets" : [
        "ScalingHeaderScrollView"
      ],
      "type" : {
        "library" : [
          "automatic"
        ]
      }
    }
  ],
  "targets" : [
    {
      "c99name" : "ScalingHeaderScrollView",
      "module_type" : "SwiftTarget",
      "name" : "ScalingHeaderScrollView",
      "path" : "Sources",
      "product_memberships" : [
        "ScalingHeaderScrollView"
      ],
      "sources" : [
        "Helpers/PetalSpinner.swift",
        "Helpers/ScrollPageView.swift",
        "Helpers/Utils.swift",
        "PublicAPI.swift",
        "ScalingHeaderCore.swift",
        "ScalingHeaderParameters.swift",
        "ScalingHeaderScrollView.swift",
        "ScalingHeaderTabView.swift"
      ],
      "type" : "library"
    }
  ],
  "tools_version" : "5.9"
}
{
  "workspace" : {
    "name" : "spi-builder-workspace",
    "schemes" : [
      "ScalingHeaderScrollView"
    ]
  }
}
Running build ...
env DEVELOPER_DIR=/Applications/Xcode-16.3.0.app xcrun xcodebuild -IDEClonedSourcePackagesDirPathOverride=$PWD/.dependencies -skipMacroValidation -skipPackagePluginValidation -derivedDataPath $PWD/.derivedData build -scheme ScalingHeaderScrollView -destination generic/platform=watchOS
Command line invocation:
    /Applications/Xcode-16.3.0.app/Contents/Developer/usr/bin/xcodebuild -IDEClonedSourcePackagesDirPathOverride=/Users/admin/builder/spi-builder-workspace/.dependencies -skipMacroValidation -skipPackagePluginValidation -derivedDataPath /Users/admin/builder/spi-builder-workspace/.derivedData build -scheme ScalingHeaderScrollView -destination generic/platform=watchOS
Resolve Package Graph
Resolved source packages:
  ScalingHeaderScrollView: /Users/admin/builder/spi-builder-workspace
ComputePackagePrebuildTargetDependencyGraph
Prepare packages
CreateBuildRequest
SendProjectDescription
CreateBuildOperation
ComputeTargetDependencyGraph
note: Building targets in dependency order
note: Target dependency graph (2 targets)
    Target 'ScalingHeaderScrollView' in project 'ScalingHeaderScrollView'
        ➜ Explicit dependency on target 'ScalingHeaderScrollView' in project 'ScalingHeaderScrollView'
    Target 'ScalingHeaderScrollView' in project 'ScalingHeaderScrollView' (no dependencies)
GatherProvisioningInputs
CreateBuildDescription
ExecuteExternalTool /Applications/Xcode-16.3.0.app/Contents/Developer/Toolchains/XcodeDefault.xctoolchain/usr/bin/clang -v -E -dM -isysroot /Applications/Xcode-16.3.0.app/Contents/Developer/Platforms/WatchOS.platform/Developer/SDKs/WatchOS11.4.sdk -x c -c /dev/null
ExecuteExternalTool /Applications/Xcode-16.3.0.app/Contents/Developer/Toolchains/XcodeDefault.xctoolchain/usr/bin/swiftc --version
ExecuteExternalTool /Applications/Xcode-16.3.0.app/Contents/Developer/Toolchains/XcodeDefault.xctoolchain/usr/bin/ld -version_details
Build description signature: 686d2f593bcfbd85488017537e95b209
Build description path: /Users/admin/builder/spi-builder-workspace/.derivedData/Build/Intermediates.noindex/XCBuildData/686d2f593bcfbd85488017537e95b209.xcbuilddata
ClangStatCache /Applications/Xcode-16.3.0.app/Contents/Developer/Toolchains/XcodeDefault.xctoolchain/usr/bin/clang-stat-cache /Applications/Xcode-16.3.0.app/Contents/Developer/Platforms/WatchOS.platform/Developer/SDKs/WatchOS11.4.sdk /Users/admin/builder/spi-builder-workspace/.derivedData/SDKStatCaches.noindex/watchos11.4-22T246-43efb940ff07ba2497b70ec94253f576.sdkstatcache
    cd /Users/admin/builder/spi-builder-workspace/.swiftpm/xcode
    /Applications/Xcode-16.3.0.app/Contents/Developer/Toolchains/XcodeDefault.xctoolchain/usr/bin/clang-stat-cache /Applications/Xcode-16.3.0.app/Contents/Developer/Platforms/WatchOS.platform/Developer/SDKs/WatchOS11.4.sdk -o /Users/admin/builder/spi-builder-workspace/.derivedData/SDKStatCaches.noindex/watchos11.4-22T246-43efb940ff07ba2497b70ec94253f576.sdkstatcache
SwiftDriver ScalingHeaderScrollView normal arm64_32 com.apple.xcode.tools.swift.compiler (in target 'ScalingHeaderScrollView' from project 'ScalingHeaderScrollView')
    cd /Users/admin/builder/spi-builder-workspace/.swiftpm/xcode
    builtin-SwiftDriver -- /Applications/Xcode-16.3.0.app/Contents/Developer/Toolchains/XcodeDefault.xctoolchain/usr/bin/swiftc -module-name ScalingHeaderScrollView -Onone -enforce-exclusivity\=checked @/Users/admin/builder/spi-builder-workspace/.derivedData/Build/Intermediates.noindex/ScalingHeaderScrollView.build/Debug-watchos/ScalingHeaderScrollView.build/Objects-normal/arm64_32/ScalingHeaderScrollView.SwiftFileList -DSWIFT_PACKAGE -DDEBUG -DXcode -enable-experimental-feature StrictConcurrency -plugin-path /Applications/Xcode-16.3.0.app/Contents/Developer/Toolchains/XcodeDefault.xctoolchain/usr/lib/swift/host/plugins/testing -enable-experimental-feature DebugDescriptionMacro -sdk /Applications/Xcode-16.3.0.app/Contents/Developer/Platforms/WatchOS.platform/Developer/SDKs/WatchOS11.4.sdk -target arm64_32-apple-watchos8.0 -g -module-cache-path /Users/admin/builder/spi-builder-workspace/.derivedData/ModuleCache.noindex -Xfrontend -serialize-debugging-options -enable-testing -index-store-path /Users/admin/builder/spi-builder-workspace/.derivedData/Index.noindex/DataStore -swift-version 5 -I /Users/admin/builder/spi-builder-workspace/.derivedData/Build/Products/Debug-watchos -I /Applications/Xcode-16.3.0.app/Contents/Developer/Platforms/WatchOS.platform/Developer/usr/lib -F /Users/admin/builder/spi-builder-workspace/.derivedData/Build/Products/Debug-watchos -F /Applications/Xcode-16.3.0.app/Contents/Developer/Platforms/WatchOS.platform/Developer/Library/Frameworks -F /Applications/Xcode-16.3.0.app/Contents/Developer/Platforms/WatchOS.platform/Developer/SDKs/WatchOS11.4.sdk/Developer/Library/Frameworks -c -j10 -enable-batch-mode -incremental -Xcc -ivfsstatcache -Xcc /Users/admin/builder/spi-builder-workspace/.derivedData/SDKStatCaches.noindex/watchos11.4-22T246-43efb940ff07ba2497b70ec94253f576.sdkstatcache -output-file-map /Users/admin/builder/spi-builder-workspace/.derivedData/Build/Intermediates.noindex/ScalingHeaderScrollView.build/Debug-watchos/ScalingHeaderScrollView.build/Objects-normal/arm64_32/ScalingHeaderScrollView-OutputFileMap.json -use-frontend-parseable-output -save-temps -no-color-diagnostics -serialize-diagnostics -emit-dependencies -emit-module -emit-module-path /Users/admin/builder/spi-builder-workspace/.derivedData/Build/Intermediates.noindex/ScalingHeaderScrollView.build/Debug-watchos/ScalingHeaderScrollView.build/Objects-normal/arm64_32/ScalingHeaderScrollView.swiftmodule -validate-clang-modules-once -clang-build-session-file /Users/admin/builder/spi-builder-workspace/.derivedData/ModuleCache.noindex/Session.modulevalidation -package-name spi_builder_workspace -Xcc -I/Users/admin/builder/spi-builder-workspace/.derivedData/Build/Intermediates.noindex/ScalingHeaderScrollView.build/Debug-watchos/ScalingHeaderScrollView.build/swift-overrides.hmap -emit-const-values -Xfrontend -const-gather-protocols-file -Xfrontend /Users/admin/builder/spi-builder-workspace/.derivedData/Build/Intermediates.noindex/ScalingHeaderScrollView.build/Debug-watchos/ScalingHeaderScrollView.build/Objects-normal/arm64_32/ScalingHeaderScrollView_const_extract_protocols.json -Xcc -I/Users/admin/builder/spi-builder-workspace/.derivedData/Build/Products/Debug-watchos/include -Xcc -I/Users/admin/builder/spi-builder-workspace/.derivedData/Build/Intermediates.noindex/ScalingHeaderScrollView.build/Debug-watchos/ScalingHeaderScrollView.build/DerivedSources-normal/arm64_32 -Xcc -I/Users/admin/builder/spi-builder-workspace/.derivedData/Build/Intermediates.noindex/ScalingHeaderScrollView.build/Debug-watchos/ScalingHeaderScrollView.build/DerivedSources/arm64_32 -Xcc -I/Users/admin/builder/spi-builder-workspace/.derivedData/Build/Intermediates.noindex/ScalingHeaderScrollView.build/Debug-watchos/ScalingHeaderScrollView.build/DerivedSources -Xcc -DSWIFT_PACKAGE -Xcc -DDEBUG\=1 -emit-objc-header -emit-objc-header-path /Users/admin/builder/spi-builder-workspace/.derivedData/Build/Intermediates.noindex/ScalingHeaderScrollView.build/Debug-watchos/ScalingHeaderScrollView.build/Objects-normal/arm64_32/ScalingHeaderScrollView-Swift.h -working-directory /Users/admin/builder/spi-builder-workspace/.swiftpm/xcode -experimental-emit-module-separately -disable-cmo
SwiftDriver ScalingHeaderScrollView normal armv7k com.apple.xcode.tools.swift.compiler (in target 'ScalingHeaderScrollView' from project 'ScalingHeaderScrollView')
    cd /Users/admin/builder/spi-builder-workspace/.swiftpm/xcode
    builtin-SwiftDriver -- /Applications/Xcode-16.3.0.app/Contents/Developer/Toolchains/XcodeDefault.xctoolchain/usr/bin/swiftc -module-name ScalingHeaderScrollView -Onone -enforce-exclusivity\=checked @/Users/admin/builder/spi-builder-workspace/.derivedData/Build/Intermediates.noindex/ScalingHeaderScrollView.build/Debug-watchos/ScalingHeaderScrollView.build/Objects-normal/armv7k/ScalingHeaderScrollView.SwiftFileList -DSWIFT_PACKAGE -DDEBUG -DXcode -enable-experimental-feature StrictConcurrency -plugin-path /Applications/Xcode-16.3.0.app/Contents/Developer/Toolchains/XcodeDefault.xctoolchain/usr/lib/swift/host/plugins/testing -enable-experimental-feature DebugDescriptionMacro -sdk /Applications/Xcode-16.3.0.app/Contents/Developer/Platforms/WatchOS.platform/Developer/SDKs/WatchOS11.4.sdk -target armv7k-apple-watchos8.0 -g -module-cache-path /Users/admin/builder/spi-builder-workspace/.derivedData/ModuleCache.noindex -Xfrontend -serialize-debugging-options -enable-testing -index-store-path /Users/admin/builder/spi-builder-workspace/.derivedData/Index.noindex/DataStore -swift-version 5 -I /Users/admin/builder/spi-builder-workspace/.derivedData/Build/Products/Debug-watchos -I /Applications/Xcode-16.3.0.app/Contents/Developer/Platforms/WatchOS.platform/Developer/usr/lib -F /Users/admin/builder/spi-builder-workspace/.derivedData/Build/Products/Debug-watchos -F /Applications/Xcode-16.3.0.app/Contents/Developer/Platforms/WatchOS.platform/Developer/Library/Frameworks -F /Applications/Xcode-16.3.0.app/Contents/Developer/Platforms/WatchOS.platform/Developer/SDKs/WatchOS11.4.sdk/Developer/Library/Frameworks -c -j10 -enable-batch-mode -incremental -Xcc -ivfsstatcache -Xcc /Users/admin/builder/spi-builder-workspace/.derivedData/SDKStatCaches.noindex/watchos11.4-22T246-43efb940ff07ba2497b70ec94253f576.sdkstatcache -output-file-map /Users/admin/builder/spi-builder-workspace/.derivedData/Build/Intermediates.noindex/ScalingHeaderScrollView.build/Debug-watchos/ScalingHeaderScrollView.build/Objects-normal/armv7k/ScalingHeaderScrollView-OutputFileMap.json -use-frontend-parseable-output -save-temps -no-color-diagnostics -serialize-diagnostics -emit-dependencies -emit-module -emit-module-path /Users/admin/builder/spi-builder-workspace/.derivedData/Build/Intermediates.noindex/ScalingHeaderScrollView.build/Debug-watchos/ScalingHeaderScrollView.build/Objects-normal/armv7k/ScalingHeaderScrollView.swiftmodule -validate-clang-modules-once -clang-build-session-file /Users/admin/builder/spi-builder-workspace/.derivedData/ModuleCache.noindex/Session.modulevalidation -package-name spi_builder_workspace -Xcc -I/Users/admin/builder/spi-builder-workspace/.derivedData/Build/Intermediates.noindex/ScalingHeaderScrollView.build/Debug-watchos/ScalingHeaderScrollView.build/swift-overrides.hmap -emit-const-values -Xfrontend -const-gather-protocols-file -Xfrontend /Users/admin/builder/spi-builder-workspace/.derivedData/Build/Intermediates.noindex/ScalingHeaderScrollView.build/Debug-watchos/ScalingHeaderScrollView.build/Objects-normal/armv7k/ScalingHeaderScrollView_const_extract_protocols.json -Xcc -I/Users/admin/builder/spi-builder-workspace/.derivedData/Build/Products/Debug-watchos/include -Xcc -I/Users/admin/builder/spi-builder-workspace/.derivedData/Build/Intermediates.noindex/ScalingHeaderScrollView.build/Debug-watchos/ScalingHeaderScrollView.build/DerivedSources-normal/armv7k -Xcc -I/Users/admin/builder/spi-builder-workspace/.derivedData/Build/Intermediates.noindex/ScalingHeaderScrollView.build/Debug-watchos/ScalingHeaderScrollView.build/DerivedSources/armv7k -Xcc -I/Users/admin/builder/spi-builder-workspace/.derivedData/Build/Intermediates.noindex/ScalingHeaderScrollView.build/Debug-watchos/ScalingHeaderScrollView.build/DerivedSources -Xcc -DSWIFT_PACKAGE -Xcc -DDEBUG\=1 -emit-objc-header -emit-objc-header-path /Users/admin/builder/spi-builder-workspace/.derivedData/Build/Intermediates.noindex/ScalingHeaderScrollView.build/Debug-watchos/ScalingHeaderScrollView.build/Objects-normal/armv7k/ScalingHeaderScrollView-Swift.h -working-directory /Users/admin/builder/spi-builder-workspace/.swiftpm/xcode -experimental-emit-module-separately -disable-cmo
SwiftDriver ScalingHeaderScrollView normal arm64 com.apple.xcode.tools.swift.compiler (in target 'ScalingHeaderScrollView' from project 'ScalingHeaderScrollView')
    cd /Users/admin/builder/spi-builder-workspace/.swiftpm/xcode
    builtin-SwiftDriver -- /Applications/Xcode-16.3.0.app/Contents/Developer/Toolchains/XcodeDefault.xctoolchain/usr/bin/swiftc -module-name ScalingHeaderScrollView -Onone -enforce-exclusivity\=checked @/Users/admin/builder/spi-builder-workspace/.derivedData/Build/Intermediates.noindex/ScalingHeaderScrollView.build/Debug-watchos/ScalingHeaderScrollView.build/Objects-normal/arm64/ScalingHeaderScrollView.SwiftFileList -DSWIFT_PACKAGE -DDEBUG -DXcode -enable-experimental-feature StrictConcurrency -plugin-path /Applications/Xcode-16.3.0.app/Contents/Developer/Toolchains/XcodeDefault.xctoolchain/usr/lib/swift/host/plugins/testing -enable-experimental-feature DebugDescriptionMacro -sdk /Applications/Xcode-16.3.0.app/Contents/Developer/Platforms/WatchOS.platform/Developer/SDKs/WatchOS11.4.sdk -target arm64-apple-watchos8.0 -g -module-cache-path /Users/admin/builder/spi-builder-workspace/.derivedData/ModuleCache.noindex -Xfrontend -serialize-debugging-options -enable-testing -index-store-path /Users/admin/builder/spi-builder-workspace/.derivedData/Index.noindex/DataStore -swift-version 5 -I /Users/admin/builder/spi-builder-workspace/.derivedData/Build/Products/Debug-watchos -I /Applications/Xcode-16.3.0.app/Contents/Developer/Platforms/WatchOS.platform/Developer/usr/lib -F /Users/admin/builder/spi-builder-workspace/.derivedData/Build/Products/Debug-watchos -F /Applications/Xcode-16.3.0.app/Contents/Developer/Platforms/WatchOS.platform/Developer/Library/Frameworks -F /Applications/Xcode-16.3.0.app/Contents/Developer/Platforms/WatchOS.platform/Developer/SDKs/WatchOS11.4.sdk/Developer/Library/Frameworks -c -j10 -enable-batch-mode -incremental -Xcc -ivfsstatcache -Xcc /Users/admin/builder/spi-builder-workspace/.derivedData/SDKStatCaches.noindex/watchos11.4-22T246-43efb940ff07ba2497b70ec94253f576.sdkstatcache -output-file-map /Users/admin/builder/spi-builder-workspace/.derivedData/Build/Intermediates.noindex/ScalingHeaderScrollView.build/Debug-watchos/ScalingHeaderScrollView.build/Objects-normal/arm64/ScalingHeaderScrollView-OutputFileMap.json -use-frontend-parseable-output -save-temps -no-color-diagnostics -serialize-diagnostics -emit-dependencies -emit-module -emit-module-path /Users/admin/builder/spi-builder-workspace/.derivedData/Build/Intermediates.noindex/ScalingHeaderScrollView.build/Debug-watchos/ScalingHeaderScrollView.build/Objects-normal/arm64/ScalingHeaderScrollView.swiftmodule -validate-clang-modules-once -clang-build-session-file /Users/admin/builder/spi-builder-workspace/.derivedData/ModuleCache.noindex/Session.modulevalidation -package-name spi_builder_workspace -Xcc -I/Users/admin/builder/spi-builder-workspace/.derivedData/Build/Intermediates.noindex/ScalingHeaderScrollView.build/Debug-watchos/ScalingHeaderScrollView.build/swift-overrides.hmap -emit-const-values -Xfrontend -const-gather-protocols-file -Xfrontend /Users/admin/builder/spi-builder-workspace/.derivedData/Build/Intermediates.noindex/ScalingHeaderScrollView.build/Debug-watchos/ScalingHeaderScrollView.build/Objects-normal/arm64/ScalingHeaderScrollView_const_extract_protocols.json -Xcc -I/Users/admin/builder/spi-builder-workspace/.derivedData/Build/Products/Debug-watchos/include -Xcc -I/Users/admin/builder/spi-builder-workspace/.derivedData/Build/Intermediates.noindex/ScalingHeaderScrollView.build/Debug-watchos/ScalingHeaderScrollView.build/DerivedSources-normal/arm64 -Xcc -I/Users/admin/builder/spi-builder-workspace/.derivedData/Build/Intermediates.noindex/ScalingHeaderScrollView.build/Debug-watchos/ScalingHeaderScrollView.build/DerivedSources/arm64 -Xcc -I/Users/admin/builder/spi-builder-workspace/.derivedData/Build/Intermediates.noindex/ScalingHeaderScrollView.build/Debug-watchos/ScalingHeaderScrollView.build/DerivedSources -Xcc -DSWIFT_PACKAGE -Xcc -DDEBUG\=1 -emit-objc-header -emit-objc-header-path /Users/admin/builder/spi-builder-workspace/.derivedData/Build/Intermediates.noindex/ScalingHeaderScrollView.build/Debug-watchos/ScalingHeaderScrollView.build/Objects-normal/arm64/ScalingHeaderScrollView-Swift.h -working-directory /Users/admin/builder/spi-builder-workspace/.swiftpm/xcode -experimental-emit-module-separately -disable-cmo
SwiftEmitModule normal arm64_32 Emitting\ module\ for\ ScalingHeaderScrollView (in target 'ScalingHeaderScrollView' from project 'ScalingHeaderScrollView')
EmitSwiftModule normal arm64_32 (in target 'ScalingHeaderScrollView' from project 'ScalingHeaderScrollView')
    cd /Users/admin/builder/spi-builder-workspace/.swiftpm/xcode

/Users/admin/builder/spi-builder-workspace/Sources/Helpers/ScrollPageView.swift:14:29: error: cannot find type 'UIScrollView' in scope
    var onScrollViewReady: (UIScrollView) -> Void = { _ in }
                            ^~~~~~~~~~~~
/Users/admin/builder/spi-builder-workspace/Sources/Helpers/ScrollPageView.swift:16:28: error: cannot find type 'UIScrollView' in scope
    var onDidInitialize: ((UIScrollView) -> Void)? = nil
                           ^~~~~~~~~~~~
/Users/admin/builder/spi-builder-workspace/Sources/Helpers/ScrollPageView.swift:26:40: error: cannot find type 'Context' in scope
    func makeUIViewController(context: Context) -> PageViewController<Content> {
                                       ^~~~~~~
/Users/admin/builder/spi-builder-workspace/Sources/Helpers/ScrollPageView.swift:33:77: error: cannot find type 'Context' in scope
    func updateUIViewController(_ vc: PageViewController<Content>, context: Context) {
                                                                            ^~~~~~~
/Users/admin/builder/spi-builder-workspace/Sources/Helpers/ScrollPageView.swift:9:39: error: cannot find type 'UIViewControllerRepresentable' in scope
struct PageScrollView<Content: View>: UIViewControllerRepresentable {
                                      ^~~~~~~~~~~~~~~~~~~~~~~~~~~~~
/Users/admin/builder/spi-builder-workspace/Sources/Helpers/ScrollPageView.swift:53:48: error: cannot find type 'UIViewController' in scope
final class PageViewController<Content: View>: UIViewController, UIScrollViewDelegate {
                                               ^~~~~~~~~~~~~~~~
/Users/admin/builder/spi-builder-workspace/Sources/Helpers/ScrollPageView.swift:53:66: error: cannot find type 'UIScrollViewDelegate' in scope
final class PageViewController<Content: View>: UIViewController, UIScrollViewDelegate {
                                                                 ^~~~~~~~~~~~~~~~~~~~
/Users/admin/builder/spi-builder-workspace/Sources/Helpers/ScrollPageView.swift:55:22: error: cannot find 'UIScrollView' in scope
    let scrollView = UIScrollView()
                     ^~~~~~~~~~~~
/Users/admin/builder/spi-builder-workspace/Sources/Helpers/ScrollPageView.swift:56:28: error: cannot find type 'UIHostingController' in scope
    let hostingController: UIHostingController<Content>
                           ^~~~~~~~~~~~~~~~~~~
/Users/admin/builder/spi-builder-workspace/Sources/Helpers/ScrollPageView.swift:58:30: error: cannot find type 'UIScrollView' in scope
    var onScrollViewReady: ((UIScrollView) -> Void)?
                             ^~~~~~~~~~~~
/Users/admin/builder/spi-builder-workspace/Sources/Helpers/ScrollPageView.swift:60:28: error: cannot find type 'UIScrollView' in scope
    var onDidInitialize: ((UIScrollView) -> Void)?
                           ^~~~~~~~~~~~
/Users/admin/builder/spi-builder-workspace/Sources/Helpers/ScrollPageView.swift:90:19: error: method does not override any method from its superclass
    override func viewDidLoad() {
    ~~~~~~~~      ^
/Users/admin/builder/spi-builder-workspace/Sources/Helpers/ScrollPageView.swift:126:19: error: method does not override any method from its superclass
    override func viewDidLayoutSubviews() {
    ~~~~~~~~      ^
/Users/admin/builder/spi-builder-workspace/Sources/Helpers/ScrollPageView.swift:140:44: error: cannot find type 'UIScrollView' in scope
    func scrollViewDidScroll(_ scrollView: UIScrollView) {
                                           ^~~~~~~~~~~~
/Users/admin/builder/spi-builder-workspace/Sources/Helpers/ScrollPageView.swift:154:50: error: cannot find type 'UIScrollView' in scope
    func scrollViewWillEndDragging(_ scrollView: UIScrollView, withVelocity velocity: CGPoint, targetContentOffset: UnsafeMutablePointer<CGPoint>) {
                                                 ^~~~~~~~~~~~
/Users/admin/builder/spi-builder-workspace/Sources/Helpers/ScrollPageView.swift:171:49: error: cannot find type 'UIScrollView' in scope
    func scrollViewDidEndDragging(_ scrollView: UIScrollView, willDecelerate decelerate: Bool) {
                                                ^~~~~~~~~~~~
/Users/admin/builder/spi-builder-workspace/Sources/Helpers/ScrollPageView.swift:182:56: error: cannot find type 'UIScrollView' in scope
    func scrollViewWillBeginDecelerating(_ scrollView: UIScrollView) {
                                                       ^~~~~~~~~~~~
/Users/admin/builder/spi-builder-workspace/Sources/Helpers/ScrollPageView.swift:186:53: error: cannot find type 'UIScrollView' in scope
    func scrollViewDidEndDecelerating(_ scrollView: UIScrollView) {
                                                    ^~~~~~~~~~~~
/Users/admin/builder/spi-builder-workspace/Sources/Helpers/Utils.swift:12:40: error: cannot find type 'UIScrollView' in scope
func snapScrollPosition(in scrollView: UIScrollView?, params: ScalingHeaderParameters) {
                                       ^~~~~~~~~~~~
/Users/admin/builder/spi-builder-workspace/Sources/ScalingHeaderCore.swift:21:36: error: cannot find type 'UIScrollView' in scope
    var scrollViewProvider: (() -> UIScrollView?)? = nil
                                   ^~~~~~~~~~~~
/Users/admin/builder/spi-builder-workspace/Sources/ScalingHeaderParameters.swift:62:28: error: cannot find type 'UIScrollView' in scope
    weak var uiScrollView: UIScrollView?
                           ^~~~~~~~~~~~
/Users/admin/builder/spi-builder-workspace/Sources/ScalingHeaderParameters.swift:70:21: error: cannot find type 'UIScrollView' in scope
    var scrollView: UIScrollView?
                    ^~~~~~~~~~~~
Failed frontend command:
/Applications/Xcode-16.3.0.app/Contents/Developer/Toolchains/XcodeDefault.xctoolchain/usr/bin/swift-frontend -frontend -emit-module -experimental-skip-non-inlinable-function-bodies-without-types /Users/admin/builder/spi-builder-workspace/Sources/Helpers/PetalSpinner.swift /Users/admin/builder/spi-builder-workspace/Sources/Helpers/ScrollPageView.swift /Users/admin/builder/spi-builder-workspace/Sources/Helpers/Utils.swift /Users/admin/builder/spi-builder-workspace/Sources/PublicAPI.swift /Users/admin/builder/spi-builder-workspace/Sources/ScalingHeaderCore.swift /Users/admin/builder/spi-builder-workspace/Sources/ScalingHeaderParameters.swift /Users/admin/builder/spi-builder-workspace/Sources/ScalingHeaderScrollView.swift /Users/admin/builder/spi-builder-workspace/Sources/ScalingHeaderTabView.swift -target arm64_32-apple-watchos8.0 -enable-objc-interop -sdk /Applications/Xcode-16.3.0.app/Contents/Developer/Platforms/WatchOS.platform/Developer/SDKs/WatchOS11.4.sdk -I /Users/admin/builder/spi-builder-workspace/.derivedData/Build/Products/Debug-watchos -I /Applications/Xcode-16.3.0.app/Contents/Developer/Platforms/WatchOS.platform/Developer/usr/lib -F /Users/admin/builder/spi-builder-workspace/.derivedData/Build/Products/Debug-watchos -F /Applications/Xcode-16.3.0.app/Contents/Developer/Platforms/WatchOS.platform/Developer/Library/Frameworks -F /Applications/Xcode-16.3.0.app/Contents/Developer/Platforms/WatchOS.platform/Developer/SDKs/WatchOS11.4.sdk/Developer/Library/Frameworks -no-color-diagnostics -enable-testing -g -debug-info-format\=dwarf -dwarf-version\=4 -module-cache-path /Users/admin/builder/spi-builder-workspace/.derivedData/ModuleCache.noindex -swift-version 5 -enforce-exclusivity\=checked -Onone -D SWIFT_PACKAGE -D DEBUG -D Xcode -serialize-debugging-options -const-gather-protocols-file /Users/admin/builder/spi-builder-workspace/.derivedData/Build/Intermediates.noindex/ScalingHeaderScrollView.build/Debug-watchos/ScalingHeaderScrollView.build/Objects-normal/arm64_32/ScalingHeaderScrollView_const_extract_protocols.json -enable-experimental-feature StrictConcurrency -enable-experimental-feature DebugDescriptionMacro -empty-abi-descriptor -plugin-path /Applications/Xcode-16.3.0.app/Contents/Developer/Toolchains/XcodeDefault.xctoolchain/usr/lib/swift/host/plugins/testing -validate-clang-modules-once -clang-build-session-file /Users/admin/builder/spi-builder-workspace/.derivedData/ModuleCache.noindex/Session.modulevalidation -Xcc -working-directory -Xcc /Users/admin/builder/spi-builder-workspace/.swiftpm/xcode -resource-dir /Applications/Xcode-16.3.0.app/Contents/Developer/Toolchains/XcodeDefault.xctoolchain/usr/lib/swift -enable-anonymous-context-mangled-names -file-compilation-dir /Users/admin/builder/spi-builder-workspace/.swiftpm/xcode -Xcc -ivfsstatcache -Xcc /Users/admin/builder/spi-builder-workspace/.derivedData/SDKStatCaches.noindex/watchos11.4-22T246-43efb940ff07ba2497b70ec94253f576.sdkstatcache -Xcc -I/Users/admin/builder/spi-builder-workspace/.derivedData/Build/Intermediates.noindex/ScalingHeaderScrollView.build/Debug-watchos/ScalingHeaderScrollView.build/swift-overrides.hmap -Xcc -I/Users/admin/builder/spi-builder-workspace/.derivedData/Build/Products/Debug-watchos/include -Xcc -I/Users/admin/builder/spi-builder-workspace/.derivedData/Build/Intermediates.noindex/ScalingHeaderScrollView.build/Debug-watchos/ScalingHeaderScrollView.build/DerivedSources-normal/arm64_32 -Xcc -I/Users/admin/builder/spi-builder-workspace/.derivedData/Build/Intermediates.noindex/ScalingHeaderScrollView.build/Debug-watchos/ScalingHeaderScrollView.build/DerivedSources/arm64_32 -Xcc -I/Users/admin/builder/spi-builder-workspace/.derivedData/Build/Intermediates.noindex/ScalingHeaderScrollView.build/Debug-watchos/ScalingHeaderScrollView.build/DerivedSources -Xcc -DSWIFT_PACKAGE -Xcc -DDEBUG\=1 -module-name ScalingHeaderScrollView -package-name spi_builder_workspace -frontend-parseable-output -disable-clang-spi -target-sdk-version 11.4 -target-sdk-name watchos11.4 -external-plugin-path /Applications/Xcode-16.3.0.app/Contents/Developer/Platforms/WatchOS.platform/Developer/usr/lib/swift/host/plugins\#/Applications/Xcode-16.3.0.app/Contents/Developer/Platforms/WatchOS.platform/Developer/usr/bin/swift-plugin-server -external-plugin-path /Applications/Xcode-16.3.0.app/Contents/Developer/Platforms/WatchOS.platform/Developer/usr/local/lib/swift/host/plugins\#/Applications/Xcode-16.3.0.app/Contents/Developer/Platforms/WatchOS.platform/Developer/usr/bin/swift-plugin-server -in-process-plugin-server-path /Applications/Xcode-16.3.0.app/Contents/Developer/Toolchains/XcodeDefault.xctoolchain/usr/lib/swift/host/libSwiftInProcPluginServer.dylib -plugin-path /Applications/Xcode-16.3.0.app/Contents/Developer/Toolchains/XcodeDefault.xctoolchain/usr/lib/swift/host/plugins -plugin-path /Applications/Xcode-16.3.0.app/Contents/Developer/Toolchains/XcodeDefault.xctoolchain/usr/local/lib/swift/host/plugins -emit-module-doc-path /Users/admin/builder/spi-builder-workspace/.derivedData/Build/Intermediates.noindex/ScalingHeaderScrollView.build/Debug-watchos/ScalingHeaderScrollView.build/Objects-normal/arm64_32/ScalingHeaderScrollView.swiftdoc -emit-module-source-info-path /Users/admin/builder/spi-builder-workspace/.derivedData/Build/Intermediates.noindex/ScalingHeaderScrollView.build/Debug-watchos/ScalingHeaderScrollView.build/Objects-normal/arm64_32/ScalingHeaderScrollView.swiftsourceinfo -emit-objc-header-path /Users/admin/builder/spi-builder-workspace/.derivedData/Build/Intermediates.noindex/ScalingHeaderScrollView.build/Debug-watchos/ScalingHeaderScrollView.build/Objects-normal/arm64_32/ScalingHeaderScrollView-Swift.h -serialize-diagnostics-path /Users/admin/builder/spi-builder-workspace/.derivedData/Build/Intermediates.noindex/ScalingHeaderScrollView.build/Debug-watchos/ScalingHeaderScrollView.build/Objects-normal/arm64_32/ScalingHeaderScrollView-master-emit-module.dia -emit-dependencies-path /Users/admin/builder/spi-builder-workspace/.derivedData/Build/Intermediates.noindex/ScalingHeaderScrollView.build/Debug-watchos/ScalingHeaderScrollView.build/Objects-normal/arm64_32/ScalingHeaderScrollView-master-emit-module.d -o /Users/admin/builder/spi-builder-workspace/.derivedData/Build/Intermediates.noindex/ScalingHeaderScrollView.build/Debug-watchos/ScalingHeaderScrollView.build/Objects-normal/arm64_32/ScalingHeaderScrollView.swiftmodule -emit-abi-descriptor-path /Users/admin/builder/spi-builder-workspace/.derivedData/Build/Intermediates.noindex/ScalingHeaderScrollView.build/Debug-watchos/ScalingHeaderScrollView.build/Objects-normal/arm64_32/ScalingHeaderScrollView.abi.json
SwiftCompile normal arm64_32 Compiling\ ScrollPageView.swift /Users/admin/builder/spi-builder-workspace/Sources/Helpers/ScrollPageView.swift (in target 'ScalingHeaderScrollView' from project 'ScalingHeaderScrollView')
SwiftCompile normal arm64_32 /Users/admin/builder/spi-builder-workspace/Sources/Helpers/ScrollPageView.swift (in target 'ScalingHeaderScrollView' from project 'ScalingHeaderScrollView')
    cd /Users/admin/builder/spi-builder-workspace/.swiftpm/xcode

SwiftCompile normal arm64_32 Compiling\ Utils.swift /Users/admin/builder/spi-builder-workspace/Sources/Helpers/Utils.swift (in target 'ScalingHeaderScrollView' from project 'ScalingHeaderScrollView')
SwiftCompile normal arm64_32 /Users/admin/builder/spi-builder-workspace/Sources/Helpers/Utils.swift (in target 'ScalingHeaderScrollView' from project 'ScalingHeaderScrollView')
    cd /Users/admin/builder/spi-builder-workspace/.swiftpm/xcode

SwiftCompile normal arm64_32 Compiling\ ScalingHeaderParameters.swift /Users/admin/builder/spi-builder-workspace/Sources/ScalingHeaderParameters.swift (in target 'ScalingHeaderScrollView' from project 'ScalingHeaderScrollView')
SwiftCompile normal arm64_32 /Users/admin/builder/spi-builder-workspace/Sources/ScalingHeaderParameters.swift (in target 'ScalingHeaderScrollView' from project 'ScalingHeaderScrollView')
    cd /Users/admin/builder/spi-builder-workspace/.swiftpm/xcode

SwiftCompile normal arm64_32 Compiling\ ScalingHeaderScrollView.swift /Users/admin/builder/spi-builder-workspace/Sources/ScalingHeaderScrollView.swift (in target 'ScalingHeaderScrollView' from project 'ScalingHeaderScrollView')
SwiftCompile normal arm64_32 /Users/admin/builder/spi-builder-workspace/Sources/ScalingHeaderScrollView.swift (in target 'ScalingHeaderScrollView' from project 'ScalingHeaderScrollView')
    cd /Users/admin/builder/spi-builder-workspace/.swiftpm/xcode

SwiftCompile normal arm64_32 Compiling\ ScalingHeaderCore.swift /Users/admin/builder/spi-builder-workspace/Sources/ScalingHeaderCore.swift (in target 'ScalingHeaderScrollView' from project 'ScalingHeaderScrollView')
SwiftCompile normal arm64_32 /Users/admin/builder/spi-builder-workspace/Sources/ScalingHeaderCore.swift (in target 'ScalingHeaderScrollView' from project 'ScalingHeaderScrollView')
    cd /Users/admin/builder/spi-builder-workspace/.swiftpm/xcode

SwiftCompile normal arm64_32 Compiling\ PetalSpinner.swift /Users/admin/builder/spi-builder-workspace/Sources/Helpers/PetalSpinner.swift (in target 'ScalingHeaderScrollView' from project 'ScalingHeaderScrollView')
SwiftCompile normal arm64_32 /Users/admin/builder/spi-builder-workspace/Sources/Helpers/PetalSpinner.swift (in target 'ScalingHeaderScrollView' from project 'ScalingHeaderScrollView')
    cd /Users/admin/builder/spi-builder-workspace/.swiftpm/xcode

SwiftCompile normal arm64_32 Compiling\ PublicAPI.swift /Users/admin/builder/spi-builder-workspace/Sources/PublicAPI.swift (in target 'ScalingHeaderScrollView' from project 'ScalingHeaderScrollView')
SwiftCompile normal arm64_32 /Users/admin/builder/spi-builder-workspace/Sources/PublicAPI.swift (in target 'ScalingHeaderScrollView' from project 'ScalingHeaderScrollView')
    cd /Users/admin/builder/spi-builder-workspace/.swiftpm/xcode

SwiftEmitModule normal armv7k Emitting\ module\ for\ ScalingHeaderScrollView (in target 'ScalingHeaderScrollView' from project 'ScalingHeaderScrollView')
EmitSwiftModule normal armv7k (in target 'ScalingHeaderScrollView' from project 'ScalingHeaderScrollView')
    cd /Users/admin/builder/spi-builder-workspace/.swiftpm/xcode

SwiftEmitModule normal arm64 Emitting\ module\ for\ ScalingHeaderScrollView (in target 'ScalingHeaderScrollView' from project 'ScalingHeaderScrollView')
EmitSwiftModule normal arm64 (in target 'ScalingHeaderScrollView' from project 'ScalingHeaderScrollView')
    cd /Users/admin/builder/spi-builder-workspace/.swiftpm/xcode

SwiftCompile normal armv7k Compiling\ PetalSpinner.swift /Users/admin/builder/spi-builder-workspace/Sources/Helpers/PetalSpinner.swift (in target 'ScalingHeaderScrollView' from project 'ScalingHeaderScrollView')
Command SwiftCompile failed with a nonzero exit code
** BUILD FAILED **
The following build commands failed:
	EmitSwiftModule normal arm64_32 (in target 'ScalingHeaderScrollView' from project 'ScalingHeaderScrollView')
	SwiftEmitModule normal arm64_32 Emitting\ module\ for\ ScalingHeaderScrollView (in target 'ScalingHeaderScrollView' from project 'ScalingHeaderScrollView')
	SwiftCompile normal armv7k Compiling\ PetalSpinner.swift /Users/admin/builder/spi-builder-workspace/Sources/Helpers/PetalSpinner.swift (in target 'ScalingHeaderScrollView' from project 'ScalingHeaderScrollView')
	Building workspace spi-builder-workspace with scheme ScalingHeaderScrollView
(4 failures)
BUILD FAILURE 6.1 watchOS