Build Information
Failed to build ZendeskSDKConversationKit, reference 15.1.0 (f71808), with Swift 6.2 for watchOS using Xcode 26.3 on 3 Oct 2026 11:37:45 UTC.
Build Command
env DEVELOPER_DIR=/Applications/Xcode-26.3.0.app xcrun xcodebuild -IDEClonedSourcePackagesDirPathOverride=$PWD/.dependencies -skipMacroValidation -skipPackagePluginValidation -derivedDataPath $PWD/.derivedData build -scheme ZendeskSDKConversationKit -destination generic/platform=watchOSBuild Log
========================================
RunAll
========================================
Builder version: 5.1.1
Interrupt handler set up.
========================================
Checkout
========================================
Clone URL: https://github.com/zendesk/sdk_conversation_kit_ios.git
Reference: 15.1.0
Initialized empty Git repository in /Users/admin/builder/spi-builder-workspace/.git/
From https://github.com/zendesk/sdk_conversation_kit_ios
* tag 15.1.0 -> FETCH_HEAD
HEAD is now at f71808f2 [RELEASE] New version 15.1.0
Updating files: 13% (6816/51898)
Updating files: 14% (7266/51898)
Updating files: 15% (7785/51898)
Updating files: 16% (8304/51898)
Updating files: 17% (8823/51898)
Updating files: 18% (9342/51898)
Updating files: 19% (9861/51898)
Updating files: 20% (10380/51898)
Updating files: 21% (10899/51898)
Updating files: 22% (11418/51898)
Updating files: 23% (11937/51898)
Updating files: 24% (12456/51898)
Updating files: 25% (12975/51898)
Updating files: 26% (13494/51898)
Updating files: 27% (14013/51898)
Updating files: 28% (14532/51898)
Updating files: 28% (14537/51898)
Updating files: 29% (15051/51898)
Updating files: 30% (15570/51898)
Updating files: 31% (16089/51898)
Updating files: 32% (16608/51898)
Updating files: 33% (17127/51898)
Updating files: 34% (17646/51898)
Updating files: 35% (18165/51898)
Updating files: 36% (18684/51898)
Updating files: 37% (19203/51898)
Updating files: 38% (19722/51898)
Updating files: 39% (20241/51898)
Updating files: 40% (20760/51898)
Updating files: 41% (21279/51898)
Updating files: 42% (21798/51898)
Updating files: 42% (22167/51898)
Updating files: 43% (22317/51898)
Updating files: 44% (22836/51898)
Updating files: 45% (23355/51898)
Updating files: 46% (23874/51898)
Updating files: 47% (24393/51898)
Updating files: 48% (24912/51898)
Updating files: 49% (25431/51898)
Updating files: 50% (25949/51898)
Updating files: 51% (26468/51898)
Updating files: 52% (26987/51898)
Updating files: 53% (27506/51898)
Updating files: 54% (28025/51898)
Updating files: 55% (28544/51898)
Updating files: 56% (29063/51898)
Updating files: 57% (29582/51898)
Updating files: 57% (29804/51898)
Updating files: 58% (30101/51898)
Updating files: 59% (30620/51898)
Updating files: 60% (31139/51898)
Updating files: 61% (31658/51898)
Updating files: 62% (32177/51898)
Updating files: 63% (32696/51898)
Updating files: 64% (33215/51898)
Updating files: 65% (33734/51898)
Updating files: 66% (34253/51898)
Updating files: 67% (34772/51898)
Updating files: 68% (35291/51898)
Updating files: 69% (35810/51898)
Updating files: 70% (36329/51898)
Updating files: 70% (36820/51898)
Updating files: 71% (36848/51898)
Updating files: 72% (37367/51898)
Updating files: 73% (37886/51898)
Updating files: 74% (38405/51898)
Updating files: 75% (38924/51898)
Updating files: 76% (39443/51898)
Updating files: 77% (39962/51898)
Updating files: 78% (40481/51898)
Updating files: 79% (41000/51898)
Updating files: 80% (41519/51898)
Updating files: 81% (42038/51898)
Updating files: 82% (42557/51898)
Updating files: 83% (43076/51898)
Updating files: 84% (43595/51898)
Updating files: 84% (43751/51898)
Updating files: 85% (44114/51898)
Updating files: 86% (44633/51898)
Updating files: 87% (45152/51898)
Updating files: 88% (45671/51898)
Updating files: 89% (46190/51898)
Updating files: 90% (46709/51898)
Updating files: 91% (47228/51898)
Updating files: 92% (47747/51898)
Updating files: 93% (48266/51898)
Updating files: 94% (48785/51898)
Updating files: 95% (49304/51898)
Updating files: 96% (49823/51898)
Updating files: 97% (50342/51898)
Updating files: 98% (50861/51898)
Updating files: 98% (50878/51898)
Updating files: 99% (51380/51898)
Updating files: 100% (51898/51898)
Updating files: 100% (51898/51898), done.
Cloned https://github.com/zendesk/sdk_conversation_kit_ios.git
Revision (git rev-parse @):
f71808f20512ce45b856a64115b28190e53de757
SUCCESS checkout https://github.com/zendesk/sdk_conversation_kit_ios.git at 15.1.0
========================================
Build
========================================
Selected platform: watchOS
Swift version: 6.2
Building package at path: $PWD
https://github.com/zendesk/sdk_conversation_kit_ios.git
Command line invocation:
/Applications/Xcode-26.3.0.app/Contents/Developer/usr/bin/xcodebuild -IDEClonedSourcePackagesDirPathOverride=/Users/admin/builder/spi-builder-workspace/.dependencies -resolvePackageDependencies
Resolve Package Graph
Fetching from https://github.com/zendesk/sdk_storage_ios
Fetching from https://github.com/zendesk/sdk_http_client_ios
Fetching from https://github.com/zendesk/sdk_faye_client_ios
Fetching from https://github.com/zendesk/sdk_core_utilities_ios
Fetching from https://github.com/zendesk/sdk_logger_ios
Fetching from https://github.com/zendesk/sdk_socket_client_ios
Creating working copy of package ‘sdk_core_utilities_ios’
Checking out 8.2.0 of package ‘sdk_core_utilities_ios’
Creating working copy of package ‘sdk_faye_client_ios’
Checking out 1.17.0 of package ‘sdk_faye_client_ios’
Creating working copy of package ‘sdk_socket_client_ios’
Checking out 1.15.0 of package ‘sdk_socket_client_ios’
Creating working copy of package ‘sdk_storage_ios’
Checking out 1.7.0 of package ‘sdk_storage_ios’
Creating working copy of package ‘sdk_http_client_ios’
Checking out 0.22.0 of package ‘sdk_http_client_ios’
Creating working copy of package ‘sdk_logger_ios’
Checking out 0.12.0 of package ‘sdk_logger_ios’
Resolve Package Graph
Resolved source packages:
ZendeskSDKCoreUtilities: https://github.com/zendesk/sdk_core_utilities_ios @ 8.2.0
ZendeskSDKFayeClient: https://github.com/zendesk/sdk_faye_client_ios @ 1.17.0
ZendeskSDKSocketClient: https://github.com/zendesk/sdk_socket_client_ios @ 1.15.0
ZendeskSDKConversationKit: /Users/admin/builder/spi-builder-workspace
ZendeskSDKHTTPClient: https://github.com/zendesk/sdk_http_client_ios @ 0.22.0
ZendeskSDKStorage: https://github.com/zendesk/sdk_storage_ios @ 1.7.0
ZendeskSDKLogger: https://github.com/zendesk/sdk_logger_ios @ 0.12.0
resolved source packages: ZendeskSDKCoreUtilities, ZendeskSDKFayeClient, ZendeskSDKSocketClient, ZendeskSDKConversationKit, ZendeskSDKHTTPClient, ZendeskSDKStorage, ZendeskSDKLogger
2026-10-03 07:36:02.489 xcodebuild[534:3104] [MT] IDERunDestination: Supported platforms for the buildables in the current scheme is empty.
{
"dependencies" : [
{
"identity" : "sdk_faye_client_ios",
"requirement" : {
"range" : [
{
"lower_bound" : "1.17.0",
"upper_bound" : "2.0.0"
}
]
},
"type" : "sourceControl",
"url" : "https://github.com/zendesk/sdk_faye_client_ios"
},
{
"identity" : "sdk_http_client_ios",
"requirement" : {
"range" : [
{
"lower_bound" : "0.22.0",
"upper_bound" : "1.0.0"
}
]
},
"type" : "sourceControl",
"url" : "https://github.com/zendesk/sdk_http_client_ios"
},
{
"identity" : "sdk_storage_ios",
"requirement" : {
"range" : [
{
"lower_bound" : "1.7.0",
"upper_bound" : "2.0.0"
}
]
},
"type" : "sourceControl",
"url" : "https://github.com/zendesk/sdk_storage_ios"
},
{
"identity" : "sdk_core_utilities_ios",
"requirement" : {
"range" : [
{
"lower_bound" : "8.2.0",
"upper_bound" : "9.0.0"
}
]
},
"type" : "sourceControl",
"url" : "https://github.com/zendesk/sdk_core_utilities_ios"
}
],
"manifest_display_name" : "ZendeskSDKConversationKit",
"name" : "ZendeskSDKConversationKit",
"path" : "/Users/admin/builder/spi-builder-workspace",
"platforms" : [
{
"name" : "ios",
"version" : "16.0"
}
],
"products" : [
{
"name" : "ZendeskSDKConversationKit",
"targets" : [
"ZendeskSDKConversationKitTargets"
],
"type" : {
"library" : [
"automatic"
]
}
}
],
"targets" : [
{
"c99name" : "ZendeskSDKConversationKitTargets",
"module_type" : "SwiftTarget",
"name" : "ZendeskSDKConversationKitTargets",
"path" : "Sources",
"product_dependencies" : [
"ZendeskSDKFayeClient",
"ZendeskSDKHTTPClient",
"ZendeskSDKStorage",
"ZendeskSDKCoreUtilities"
],
"product_memberships" : [
"ZendeskSDKConversationKit"
],
"sources" : [
"Placeholder.swift"
],
"target_dependencies" : [
"ZendeskSDKConversationKit"
],
"type" : "library"
},
{
"c99name" : "ZendeskSDKConversationKit",
"module_type" : "BinaryTarget",
"name" : "ZendeskSDKConversationKit",
"path" : "ZendeskSDKConversationKit.xcframework",
"product_memberships" : [
"ZendeskSDKConversationKit"
],
"sources" : [
],
"type" : "binary"
}
],
"tools_version" : "5.7"
}
warning: 'spi-builder-workspace': /Users/admin/builder/spi-builder-workspace/Package.swift:17:10: warning: 'package(name:url:from:)' is deprecated: use package(url:from:) instead [#DeprecatedDeclaration]
15 | ],
16 | dependencies: [
17 | .package(
| `- warning: 'package(name:url:from:)' is deprecated: use package(url:from:) instead [#DeprecatedDeclaration]
18 | name: "ZendeskSDKFayeClient",
19 | url: "https://github.com/zendesk/sdk_faye_client_ios",
/Users/admin/builder/spi-builder-workspace/Package.swift:22:10: warning: 'package(name:url:from:)' is deprecated: use package(url:from:) instead [#DeprecatedDeclaration]
20 | from: "1.17.0"
21 | ),
22 | .package(
| `- warning: 'package(name:url:from:)' is deprecated: use package(url:from:) instead [#DeprecatedDeclaration]
23 | name: "ZendeskSDKHTTPClient",
24 | url: "https://github.com/zendesk/sdk_http_client_ios",
/Users/admin/builder/spi-builder-workspace/Package.swift:27:10: warning: 'package(name:url:from:)' is deprecated: use package(url:from:) instead [#DeprecatedDeclaration]
25 | from: "0.22.0"
26 | ),
27 | .package(
| `- warning: 'package(name:url:from:)' is deprecated: use package(url:from:) instead [#DeprecatedDeclaration]
28 | name: "ZendeskSDKStorage",
29 | url: "https://github.com/zendesk/sdk_storage_ios",
/Users/admin/builder/spi-builder-workspace/Package.swift:32:10: warning: 'package(name:url:from:)' is deprecated: use package(url:from:) instead [#DeprecatedDeclaration]
30 | from: "1.7.0"
31 | ),
32 | .package(
| `- warning: 'package(name:url:from:)' is deprecated: use package(url:from:) instead [#DeprecatedDeclaration]
33 | name: "ZendeskSDKCoreUtilities",
34 | url: "https://github.com/zendesk/sdk_core_utilities_ios",
[#DeprecatedDeclaration]: <https://docs.swift.org/compiler/documentation/diagnostics/deprecated-declaration>
{
"workspace" : {
"name" : "spi-builder-workspace",
"schemes" : [
"ZendeskSDKConversationKit"
]
}
}
2026-10-03 07:36:40.010 xcodebuild[1142:6886] [MT] IDERunDestination: Supported platforms for the buildables in the current scheme is empty.
Running build ...
env DEVELOPER_DIR=/Applications/Xcode-26.3.0.app xcrun xcodebuild -IDEClonedSourcePackagesDirPathOverride=$PWD/.dependencies -skipMacroValidation -skipPackagePluginValidation -derivedDataPath $PWD/.derivedData build -scheme ZendeskSDKConversationKit -destination generic/platform=watchOS
Command line invocation:
/Applications/Xcode-26.3.0.app/Contents/Developer/usr/bin/xcodebuild -IDEClonedSourcePackagesDirPathOverride=/Users/admin/builder/spi-builder-workspace/.dependencies -skipMacroValidation -skipPackagePluginValidation -derivedDataPath /Users/admin/builder/spi-builder-workspace/.derivedData build -scheme ZendeskSDKConversationKit -destination generic/platform=watchOS
Resolve Package Graph
Resolve Package Graph
Resolved source packages:
ZendeskSDKFayeClient: https://github.com/zendesk/sdk_faye_client_ios @ 1.17.0
ZendeskSDKConversationKit: /Users/admin/builder/spi-builder-workspace
ZendeskSDKStorage: https://github.com/zendesk/sdk_storage_ios @ 1.7.0
ZendeskSDKHTTPClient: https://github.com/zendesk/sdk_http_client_ios @ 0.22.0
ZendeskSDKCoreUtilities: https://github.com/zendesk/sdk_core_utilities_ios @ 8.2.0
ZendeskSDKLogger: https://github.com/zendesk/sdk_logger_ios @ 0.12.0
ZendeskSDKSocketClient: https://github.com/zendesk/sdk_socket_client_ios @ 1.15.0
ComputePackagePrebuildTargetDependencyGraph
Prepare packages
CreateBuildRequest
SendProjectDescription
CreateBuildOperation
ComputeTargetDependencyGraph
note: Building targets in dependency order
note: Target dependency graph (12 targets)
Target 'ZendeskSDKConversationKit' in project 'ZendeskSDKConversationKit'
➜ Explicit dependency on target 'ZendeskSDKConversationKitTargets' in project 'ZendeskSDKConversationKit'
➜ Explicit dependency on target 'ZendeskSDKFayeClient' in project 'ZendeskSDKFayeClient'
➜ Explicit dependency on target 'ZendeskSDKHTTPClient' in project 'ZendeskSDKHTTPClient'
➜ Explicit dependency on target 'ZendeskSDKStorage' in project 'ZendeskSDKStorage'
➜ Explicit dependency on target 'ZendeskSDKCoreUtilities' in project 'ZendeskSDKCoreUtilities'
Target 'ZendeskSDKConversationKitTargets' in project 'ZendeskSDKConversationKit'
➜ Explicit dependency on target 'ZendeskSDKFayeClient' in project 'ZendeskSDKFayeClient'
➜ Explicit dependency on target 'ZendeskSDKHTTPClient' in project 'ZendeskSDKHTTPClient'
➜ Explicit dependency on target 'ZendeskSDKStorage' in project 'ZendeskSDKStorage'
➜ Explicit dependency on target 'ZendeskSDKCoreUtilities' in project 'ZendeskSDKCoreUtilities'
Target 'ZendeskSDKCoreUtilities' in project 'ZendeskSDKCoreUtilities' (no dependencies)
Target 'ZendeskSDKStorage' in project 'ZendeskSDKStorage'
➜ Explicit dependency on target 'ZendeskSDKStorageTargets' in project 'ZendeskSDKStorage'
➜ Explicit dependency on target 'ZendeskSDKLogger' in project 'ZendeskSDKLogger'
Target 'ZendeskSDKStorageTargets' in project 'ZendeskSDKStorage'
➜ Explicit dependency on target 'ZendeskSDKLogger' in project 'ZendeskSDKLogger'
Target 'ZendeskSDKHTTPClient' in project 'ZendeskSDKHTTPClient'
➜ Explicit dependency on target 'ZendeskSDKHTTPClientTargets' in project 'ZendeskSDKHTTPClient'
➜ Explicit dependency on target 'ZendeskSDKLogger' in project 'ZendeskSDKLogger'
Target 'ZendeskSDKHTTPClientTargets' in project 'ZendeskSDKHTTPClient'
➜ Explicit dependency on target 'ZendeskSDKLogger' in project 'ZendeskSDKLogger'
Target 'ZendeskSDKFayeClient' in project 'ZendeskSDKFayeClient'
➜ Explicit dependency on target 'ZendeskSDKFayeClientTargets' in project 'ZendeskSDKFayeClient'
➜ Explicit dependency on target 'ZendeskSDKSocketClient' in project 'ZendeskSDKSocketClient'
➜ Explicit dependency on target 'ZendeskSDKLogger' in project 'ZendeskSDKLogger'
Target 'ZendeskSDKFayeClientTargets' in project 'ZendeskSDKFayeClient'
➜ Explicit dependency on target 'ZendeskSDKSocketClient' in project 'ZendeskSDKSocketClient'
➜ Explicit dependency on target 'ZendeskSDKLogger' in project 'ZendeskSDKLogger'
Target 'ZendeskSDKSocketClient' in project 'ZendeskSDKSocketClient'
➜ Explicit dependency on target 'ZendeskSDKSocketClientTargets' in project 'ZendeskSDKSocketClient'
➜ Explicit dependency on target 'ZendeskSDKLogger' in project 'ZendeskSDKLogger'
Target 'ZendeskSDKSocketClientTargets' in project 'ZendeskSDKSocketClient'
➜ Explicit dependency on target 'ZendeskSDKLogger' in project 'ZendeskSDKLogger'
Target 'ZendeskSDKLogger' in project 'ZendeskSDKLogger' (no dependencies)
GatherProvisioningInputs
CreateBuildDescription
ExecuteExternalTool /Applications/Xcode-26.3.0.app/Contents/Developer/Toolchains/XcodeDefault.xctoolchain/usr/bin/swiftc --version
ExecuteExternalTool /Applications/Xcode-26.3.0.app/Contents/Developer/Toolchains/XcodeDefault.xctoolchain/usr/bin/clang -v -E -dM -isysroot /Applications/Xcode-26.3.0.app/Contents/Developer/Platforms/WatchOS.platform/Developer/SDKs/WatchOS26.2.sdk -x c -c /dev/null
ExecuteExternalTool /Applications/Xcode-26.3.0.app/Contents/Developer/Toolchains/XcodeDefault.xctoolchain/usr/bin/ld -version_details
Build description signature: 24a34ceec9b2974c5d312815fbd6b853
Build description path: /Users/admin/builder/spi-builder-workspace/.derivedData/Build/Intermediates.noindex/XCBuildData/24a34ceec9b2974c5d312815fbd6b853.xcbuilddata
/Users/admin/builder/spi-builder-workspace/.dependencies/checkouts/sdk_http_client_ios/ZendeskSDKHTTPClient.xcframework:1:1: error: While building for watchOS, no library for this platform was found in '/Users/admin/builder/spi-builder-workspace/.dependencies/checkouts/sdk_http_client_ios/ZendeskSDKHTTPClient.xcframework'. (in target 'ZendeskSDKHTTPClient' from project 'ZendeskSDKHTTPClient')
/Users/admin/builder/spi-builder-workspace/.dependencies/checkouts/sdk_logger_ios/ZendeskSDKLogger.xcframework:1:1: error: While building for watchOS, no library for this platform was found in '/Users/admin/builder/spi-builder-workspace/.dependencies/checkouts/sdk_logger_ios/ZendeskSDKLogger.xcframework'. (in target 'ZendeskSDKHTTPClient' from project 'ZendeskSDKHTTPClient')
/Users/admin/builder/spi-builder-workspace/.dependencies/checkouts/sdk_logger_ios/ZendeskSDKLogger.xcframework:1:1: error: While building for watchOS, no library for this platform was found in '/Users/admin/builder/spi-builder-workspace/.dependencies/checkouts/sdk_logger_ios/ZendeskSDKLogger.xcframework'. (in target 'ZendeskSDKHTTPClient' from project 'ZendeskSDKHTTPClient')
/Users/admin/builder/spi-builder-workspace/.dependencies/checkouts/sdk_core_utilities_ios/ZendeskSDKCoreUtilities.xcframework:1:1: error: While building for watchOS, no library for this platform was found in '/Users/admin/builder/spi-builder-workspace/.dependencies/checkouts/sdk_core_utilities_ios/ZendeskSDKCoreUtilities.xcframework'. (in target 'ZendeskSDKCoreUtilities' from project 'ZendeskSDKCoreUtilities')
/Users/admin/builder/spi-builder-workspace/ZendeskSDKConversationKit.xcframework:1:1: error: While building for watchOS, no library for this platform was found in '/Users/admin/builder/spi-builder-workspace/ZendeskSDKConversationKit.xcframework'. (in target 'ZendeskSDKConversationKit' from project 'ZendeskSDKConversationKit')
/Users/admin/builder/spi-builder-workspace/.dependencies/checkouts/sdk_core_utilities_ios/ZendeskSDKCoreUtilities.xcframework:1:1: error: While building for watchOS, no library for this platform was found in '/Users/admin/builder/spi-builder-workspace/.dependencies/checkouts/sdk_core_utilities_ios/ZendeskSDKCoreUtilities.xcframework'. (in target 'ZendeskSDKConversationKit' from project 'ZendeskSDKConversationKit')
/Users/admin/builder/spi-builder-workspace/.dependencies/checkouts/sdk_faye_client_ios/ZendeskSDKFayeClient.xcframework:1:1: error: While building for watchOS, no library for this platform was found in '/Users/admin/builder/spi-builder-workspace/.dependencies/checkouts/sdk_faye_client_ios/ZendeskSDKFayeClient.xcframework'. (in target 'ZendeskSDKConversationKit' from project 'ZendeskSDKConversationKit')
/Users/admin/builder/spi-builder-workspace/.dependencies/checkouts/sdk_logger_ios/ZendeskSDKLogger.xcframework:1:1: error: While building for watchOS, no library for this platform was found in '/Users/admin/builder/spi-builder-workspace/.dependencies/checkouts/sdk_logger_ios/ZendeskSDKLogger.xcframework'. (in target 'ZendeskSDKConversationKit' from project 'ZendeskSDKConversationKit')
/Users/admin/builder/spi-builder-workspace/.dependencies/checkouts/sdk_http_client_ios/ZendeskSDKHTTPClient.xcframework:1:1: error: While building for watchOS, no library for this platform was found in '/Users/admin/builder/spi-builder-workspace/.dependencies/checkouts/sdk_http_client_ios/ZendeskSDKHTTPClient.xcframework'. (in target 'ZendeskSDKConversationKit' from project 'ZendeskSDKConversationKit')
/Users/admin/builder/spi-builder-workspace/.dependencies/checkouts/sdk_logger_ios/ZendeskSDKLogger.xcframework:1:1: error: While building for watchOS, no library for this platform was found in '/Users/admin/builder/spi-builder-workspace/.dependencies/checkouts/sdk_logger_ios/ZendeskSDKLogger.xcframework'. (in target 'ZendeskSDKConversationKit' from project 'ZendeskSDKConversationKit')
/Users/admin/builder/spi-builder-workspace/.dependencies/checkouts/sdk_storage_ios/ZendeskSDKStorage.xcframework:1:1: error: While building for watchOS, no library for this platform was found in '/Users/admin/builder/spi-builder-workspace/.dependencies/checkouts/sdk_storage_ios/ZendeskSDKStorage.xcframework'. (in target 'ZendeskSDKConversationKit' from project 'ZendeskSDKConversationKit')
/Users/admin/builder/spi-builder-workspace/.dependencies/checkouts/sdk_logger_ios/ZendeskSDKLogger.xcframework:1:1: error: While building for watchOS, no library for this platform was found in '/Users/admin/builder/spi-builder-workspace/.dependencies/checkouts/sdk_logger_ios/ZendeskSDKLogger.xcframework'. (in target 'ZendeskSDKConversationKit' from project 'ZendeskSDKConversationKit')
/Users/admin/builder/spi-builder-workspace/.dependencies/checkouts/sdk_core_utilities_ios/ZendeskSDKCoreUtilities.xcframework:1:1: error: While building for watchOS, no library for this platform was found in '/Users/admin/builder/spi-builder-workspace/.dependencies/checkouts/sdk_core_utilities_ios/ZendeskSDKCoreUtilities.xcframework'. (in target 'ZendeskSDKConversationKit' from project 'ZendeskSDKConversationKit')
/Users/admin/builder/spi-builder-workspace/.dependencies/checkouts/sdk_socket_client_ios/ZendeskSDKSocketClient.xcframework:1:1: error: While building for watchOS, no library for this platform was found in '/Users/admin/builder/spi-builder-workspace/.dependencies/checkouts/sdk_socket_client_ios/ZendeskSDKSocketClient.xcframework'. (in target 'ZendeskSDKConversationKit' from project 'ZendeskSDKConversationKit')
/Users/admin/builder/spi-builder-workspace/.dependencies/checkouts/sdk_logger_ios/ZendeskSDKLogger.xcframework:1:1: error: While building for watchOS, no library for this platform was found in '/Users/admin/builder/spi-builder-workspace/.dependencies/checkouts/sdk_logger_ios/ZendeskSDKLogger.xcframework'. (in target 'ZendeskSDKConversationKit' from project 'ZendeskSDKConversationKit')
/Users/admin/builder/spi-builder-workspace/.dependencies/checkouts/sdk_logger_ios/ZendeskSDKLogger.xcframework:1:1: error: While building for watchOS, no library for this platform was found in '/Users/admin/builder/spi-builder-workspace/.dependencies/checkouts/sdk_logger_ios/ZendeskSDKLogger.xcframework'. (in target 'ZendeskSDKConversationKit' from project 'ZendeskSDKConversationKit')
/Users/admin/builder/spi-builder-workspace/.dependencies/checkouts/sdk_socket_client_ios/ZendeskSDKSocketClient.xcframework:1:1: error: While building for watchOS, no library for this platform was found in '/Users/admin/builder/spi-builder-workspace/.dependencies/checkouts/sdk_socket_client_ios/ZendeskSDKSocketClient.xcframework'. (in target 'ZendeskSDKSocketClientTargets' from project 'ZendeskSDKSocketClient')
/Users/admin/builder/spi-builder-workspace/.dependencies/checkouts/sdk_logger_ios/ZendeskSDKLogger.xcframework:1:1: error: While building for watchOS, no library for this platform was found in '/Users/admin/builder/spi-builder-workspace/.dependencies/checkouts/sdk_logger_ios/ZendeskSDKLogger.xcframework'. (in target 'ZendeskSDKSocketClientTargets' from project 'ZendeskSDKSocketClient')
/Users/admin/builder/spi-builder-workspace/.dependencies/checkouts/sdk_storage_ios/ZendeskSDKStorage.xcframework:1:1: error: While building for watchOS, no library for this platform was found in '/Users/admin/builder/spi-builder-workspace/.dependencies/checkouts/sdk_storage_ios/ZendeskSDKStorage.xcframework'. (in target 'ZendeskSDKStorageTargets' from project 'ZendeskSDKStorage')
/Users/admin/builder/spi-builder-workspace/.dependencies/checkouts/sdk_logger_ios/ZendeskSDKLogger.xcframework:1:1: error: While building for watchOS, no library for this platform was found in '/Users/admin/builder/spi-builder-workspace/.dependencies/checkouts/sdk_logger_ios/ZendeskSDKLogger.xcframework'. (in target 'ZendeskSDKStorageTargets' from project 'ZendeskSDKStorage')
/Users/admin/builder/spi-builder-workspace/.dependencies/checkouts/sdk_socket_client_ios/ZendeskSDKSocketClient.xcframework:1:1: error: While building for watchOS, no library for this platform was found in '/Users/admin/builder/spi-builder-workspace/.dependencies/checkouts/sdk_socket_client_ios/ZendeskSDKSocketClient.xcframework'. (in target 'ZendeskSDKSocketClient' from project 'ZendeskSDKSocketClient')
/Users/admin/builder/spi-builder-workspace/.dependencies/checkouts/sdk_logger_ios/ZendeskSDKLogger.xcframework:1:1: error: While building for watchOS, no library for this platform was found in '/Users/admin/builder/spi-builder-workspace/.dependencies/checkouts/sdk_logger_ios/ZendeskSDKLogger.xcframework'. (in target 'ZendeskSDKSocketClient' from project 'ZendeskSDKSocketClient')
/Users/admin/builder/spi-builder-workspace/.dependencies/checkouts/sdk_logger_ios/ZendeskSDKLogger.xcframework:1:1: error: While building for watchOS, no library for this platform was found in '/Users/admin/builder/spi-builder-workspace/.dependencies/checkouts/sdk_logger_ios/ZendeskSDKLogger.xcframework'. (in target 'ZendeskSDKSocketClient' from project 'ZendeskSDKSocketClient')
/Users/admin/builder/spi-builder-workspace/.dependencies/checkouts/sdk_faye_client_ios/ZendeskSDKFayeClient.xcframework:1:1: error: While building for watchOS, no library for this platform was found in '/Users/admin/builder/spi-builder-workspace/.dependencies/checkouts/sdk_faye_client_ios/ZendeskSDKFayeClient.xcframework'. (in target 'ZendeskSDKFayeClientTargets' from project 'ZendeskSDKFayeClient')
/Users/admin/builder/spi-builder-workspace/.dependencies/checkouts/sdk_logger_ios/ZendeskSDKLogger.xcframework:1:1: error: While building for watchOS, no library for this platform was found in '/Users/admin/builder/spi-builder-workspace/.dependencies/checkouts/sdk_logger_ios/ZendeskSDKLogger.xcframework'. (in target 'ZendeskSDKFayeClientTargets' from project 'ZendeskSDKFayeClient')
/Users/admin/builder/spi-builder-workspace/.dependencies/checkouts/sdk_faye_client_ios/ZendeskSDKFayeClient.xcframework:1:1: error: While building for watchOS, no library for this platform was found in '/Users/admin/builder/spi-builder-workspace/.dependencies/checkouts/sdk_faye_client_ios/ZendeskSDKFayeClient.xcframework'. (in target 'ZendeskSDKFayeClient' from project 'ZendeskSDKFayeClient')
/Users/admin/builder/spi-builder-workspace/.dependencies/checkouts/sdk_logger_ios/ZendeskSDKLogger.xcframework:1:1: error: While building for watchOS, no library for this platform was found in '/Users/admin/builder/spi-builder-workspace/.dependencies/checkouts/sdk_logger_ios/ZendeskSDKLogger.xcframework'. (in target 'ZendeskSDKFayeClient' from project 'ZendeskSDKFayeClient')
/Users/admin/builder/spi-builder-workspace/.dependencies/checkouts/sdk_socket_client_ios/ZendeskSDKSocketClient.xcframework:1:1: error: While building for watchOS, no library for this platform was found in '/Users/admin/builder/spi-builder-workspace/.dependencies/checkouts/sdk_socket_client_ios/ZendeskSDKSocketClient.xcframework'. (in target 'ZendeskSDKFayeClient' from project 'ZendeskSDKFayeClient')
/Users/admin/builder/spi-builder-workspace/.dependencies/checkouts/sdk_logger_ios/ZendeskSDKLogger.xcframework:1:1: error: While building for watchOS, no library for this platform was found in '/Users/admin/builder/spi-builder-workspace/.dependencies/checkouts/sdk_logger_ios/ZendeskSDKLogger.xcframework'. (in target 'ZendeskSDKFayeClient' from project 'ZendeskSDKFayeClient')
/Users/admin/builder/spi-builder-workspace/.dependencies/checkouts/sdk_logger_ios/ZendeskSDKLogger.xcframework:1:1: error: While building for watchOS, no library for this platform was found in '/Users/admin/builder/spi-builder-workspace/.dependencies/checkouts/sdk_logger_ios/ZendeskSDKLogger.xcframework'. (in target 'ZendeskSDKFayeClient' from project 'ZendeskSDKFayeClient')
/Users/admin/builder/spi-builder-workspace/.dependencies/checkouts/sdk_http_client_ios/ZendeskSDKHTTPClient.xcframework:1:1: error: While building for watchOS, no library for this platform was found in '/Users/admin/builder/spi-builder-workspace/.dependencies/checkouts/sdk_http_client_ios/ZendeskSDKHTTPClient.xcframework'. (in target 'ZendeskSDKHTTPClientTargets' from project 'ZendeskSDKHTTPClient')
/Users/admin/builder/spi-builder-workspace/.dependencies/checkouts/sdk_logger_ios/ZendeskSDKLogger.xcframework:1:1: error: While building for watchOS, no library for this platform was found in '/Users/admin/builder/spi-builder-workspace/.dependencies/checkouts/sdk_logger_ios/ZendeskSDKLogger.xcframework'. (in target 'ZendeskSDKHTTPClientTargets' from project 'ZendeskSDKHTTPClient')
/Users/admin/builder/spi-builder-workspace/.dependencies/checkouts/sdk_storage_ios/ZendeskSDKStorage.xcframework:1:1: error: While building for watchOS, no library for this platform was found in '/Users/admin/builder/spi-builder-workspace/.dependencies/checkouts/sdk_storage_ios/ZendeskSDKStorage.xcframework'. (in target 'ZendeskSDKStorage' from project 'ZendeskSDKStorage')
/Users/admin/builder/spi-builder-workspace/.dependencies/checkouts/sdk_logger_ios/ZendeskSDKLogger.xcframework:1:1: error: While building for watchOS, no library for this platform was found in '/Users/admin/builder/spi-builder-workspace/.dependencies/checkouts/sdk_logger_ios/ZendeskSDKLogger.xcframework'. (in target 'ZendeskSDKStorage' from project 'ZendeskSDKStorage')
/Users/admin/builder/spi-builder-workspace/.dependencies/checkouts/sdk_logger_ios/ZendeskSDKLogger.xcframework:1:1: error: While building for watchOS, no library for this platform was found in '/Users/admin/builder/spi-builder-workspace/.dependencies/checkouts/sdk_logger_ios/ZendeskSDKLogger.xcframework'. (in target 'ZendeskSDKStorage' from project 'ZendeskSDKStorage')
/Users/admin/builder/spi-builder-workspace/ZendeskSDKConversationKit.xcframework:1:1: error: While building for watchOS, no library for this platform was found in '/Users/admin/builder/spi-builder-workspace/ZendeskSDKConversationKit.xcframework'. (in target 'ZendeskSDKConversationKitTargets' from project 'ZendeskSDKConversationKit')
/Users/admin/builder/spi-builder-workspace/.dependencies/checkouts/sdk_core_utilities_ios/ZendeskSDKCoreUtilities.xcframework:1:1: error: While building for watchOS, no library for this platform was found in '/Users/admin/builder/spi-builder-workspace/.dependencies/checkouts/sdk_core_utilities_ios/ZendeskSDKCoreUtilities.xcframework'. (in target 'ZendeskSDKConversationKitTargets' from project 'ZendeskSDKConversationKit')
/Users/admin/builder/spi-builder-workspace/.dependencies/checkouts/sdk_logger_ios/ZendeskSDKLogger.xcframework:1:1: error: While building for watchOS, no library for this platform was found in '/Users/admin/builder/spi-builder-workspace/.dependencies/checkouts/sdk_logger_ios/ZendeskSDKLogger.xcframework'. (in target 'ZendeskSDKLogger' from project 'ZendeskSDKLogger')
2026-10-03 07:37:00.220 xcodebuild[1265:7676] [MT] IDERunDestination: Supported platforms for the buildables in the current scheme is empty.
** BUILD FAILED **
The following build commands failed:
Building workspace spi-builder-workspace with scheme ZendeskSDKConversationKit
(1 failure)
Command line invocation:
/Applications/Xcode-26.3.0.app/Contents/Developer/usr/bin/xcodebuild -IDEClonedSourcePackagesDirPathOverride=/Users/admin/builder/spi-builder-workspace/.dependencies -resolvePackageDependencies
Resolve Package Graph
Resolved source packages:
ZendeskSDKLogger: https://github.com/zendesk/sdk_logger_ios @ 0.12.0
ZendeskSDKSocketClient: https://github.com/zendesk/sdk_socket_client_ios @ 1.15.0
ZendeskSDKCoreUtilities: https://github.com/zendesk/sdk_core_utilities_ios @ 8.2.0
ZendeskSDKConversationKit: /Users/admin/builder/spi-builder-workspace
ZendeskSDKStorage: https://github.com/zendesk/sdk_storage_ios @ 1.7.0
ZendeskSDKHTTPClient: https://github.com/zendesk/sdk_http_client_ios @ 0.22.0
ZendeskSDKFayeClient: https://github.com/zendesk/sdk_faye_client_ios @ 1.17.0
resolved source packages: ZendeskSDKLogger, ZendeskSDKSocketClient, ZendeskSDKCoreUtilities, ZendeskSDKConversationKit, ZendeskSDKStorage, ZendeskSDKHTTPClient, ZendeskSDKFayeClient
2026-10-03 07:37:16.872 xcodebuild[1451:8868] [MT] IDERunDestination: Supported platforms for the buildables in the current scheme is empty.
{
"dependencies" : [
{
"identity" : "sdk_faye_client_ios",
"requirement" : {
"range" : [
{
"lower_bound" : "1.17.0",
"upper_bound" : "2.0.0"
}
]
},
"type" : "sourceControl",
"url" : "https://github.com/zendesk/sdk_faye_client_ios"
},
{
"identity" : "sdk_http_client_ios",
"requirement" : {
"range" : [
{
"lower_bound" : "0.22.0",
"upper_bound" : "1.0.0"
}
]
},
"type" : "sourceControl",
"url" : "https://github.com/zendesk/sdk_http_client_ios"
},
{
"identity" : "sdk_storage_ios",
"requirement" : {
"range" : [
{
"lower_bound" : "1.7.0",
"upper_bound" : "2.0.0"
}
]
},
"type" : "sourceControl",
"url" : "https://github.com/zendesk/sdk_storage_ios"
},
{
"identity" : "sdk_core_utilities_ios",
"requirement" : {
"range" : [
{
"lower_bound" : "8.2.0",
"upper_bound" : "9.0.0"
}
]
},
"type" : "sourceControl",
"url" : "https://github.com/zendesk/sdk_core_utilities_ios"
}
],
"manifest_display_name" : "ZendeskSDKConversationKit",
"name" : "ZendeskSDKConversationKit",
"path" : "/Users/admin/builder/spi-builder-workspace",
"platforms" : [
{
"name" : "ios",
"version" : "16.0"
}
],
"products" : [
{
"name" : "ZendeskSDKConversationKit",
"targets" : [
"ZendeskSDKConversationKitTargets"
],
"type" : {
"library" : [
"automatic"
]
}
}
],
"targets" : [
{
"c99name" : "ZendeskSDKConversationKitTargets",
"module_type" : "SwiftTarget",
"name" : "ZendeskSDKConversationKitTargets",
"path" : "Sources",
"product_dependencies" : [
"ZendeskSDKFayeClient",
"ZendeskSDKHTTPClient",
"ZendeskSDKStorage",
"ZendeskSDKCoreUtilities"
],
"product_memberships" : [
"ZendeskSDKConversationKit"
],
"sources" : [
"Placeholder.swift"
],
"target_dependencies" : [
"ZendeskSDKConversationKit"
],
"type" : "library"
},
{
"c99name" : "ZendeskSDKConversationKit",
"module_type" : "BinaryTarget",
"name" : "ZendeskSDKConversationKit",
"path" : "ZendeskSDKConversationKit.xcframework",
"product_memberships" : [
"ZendeskSDKConversationKit"
],
"sources" : [
],
"type" : "binary"
}
],
"tools_version" : "5.7"
}
{
"workspace" : {
"name" : "spi-builder-workspace",
"schemes" : [
"ZendeskSDKConversationKit"
]
}
}
2026-10-03 07:37:31.603 xcodebuild[1538:9423] [MT] IDERunDestination: Supported platforms for the buildables in the current scheme is empty.
Running build ...
env DEVELOPER_DIR=/Applications/Xcode-26.3.0.app xcrun xcodebuild -IDEClonedSourcePackagesDirPathOverride=$PWD/.dependencies -skipMacroValidation -skipPackagePluginValidation -derivedDataPath $PWD/.derivedData build -scheme ZendeskSDKConversationKit -destination generic/platform=watchOS
Command line invocation:
/Applications/Xcode-26.3.0.app/Contents/Developer/usr/bin/xcodebuild -IDEClonedSourcePackagesDirPathOverride=/Users/admin/builder/spi-builder-workspace/.dependencies -skipMacroValidation -skipPackagePluginValidation -derivedDataPath /Users/admin/builder/spi-builder-workspace/.derivedData build -scheme ZendeskSDKConversationKit -destination generic/platform=watchOS
Resolve Package Graph
Resolved source packages:
ZendeskSDKCoreUtilities: https://github.com/zendesk/sdk_core_utilities_ios @ 8.2.0
ZendeskSDKSocketClient: https://github.com/zendesk/sdk_socket_client_ios @ 1.15.0
ZendeskSDKFayeClient: https://github.com/zendesk/sdk_faye_client_ios @ 1.17.0
ZendeskSDKStorage: https://github.com/zendesk/sdk_storage_ios @ 1.7.0
ZendeskSDKHTTPClient: https://github.com/zendesk/sdk_http_client_ios @ 0.22.0
ZendeskSDKLogger: https://github.com/zendesk/sdk_logger_ios @ 0.12.0
ZendeskSDKConversationKit: /Users/admin/builder/spi-builder-workspace
ComputePackagePrebuildTargetDependencyGraph
Prepare packages
CreateBuildRequest
SendProjectDescription
CreateBuildOperation
ComputeTargetDependencyGraph
note: Building targets in dependency order
note: Target dependency graph (12 targets)
Target 'ZendeskSDKConversationKit' in project 'ZendeskSDKConversationKit'
➜ Explicit dependency on target 'ZendeskSDKConversationKitTargets' in project 'ZendeskSDKConversationKit'
➜ Explicit dependency on target 'ZendeskSDKFayeClient' in project 'ZendeskSDKFayeClient'
➜ Explicit dependency on target 'ZendeskSDKHTTPClient' in project 'ZendeskSDKHTTPClient'
➜ Explicit dependency on target 'ZendeskSDKStorage' in project 'ZendeskSDKStorage'
➜ Explicit dependency on target 'ZendeskSDKCoreUtilities' in project 'ZendeskSDKCoreUtilities'
Target 'ZendeskSDKConversationKitTargets' in project 'ZendeskSDKConversationKit'
➜ Explicit dependency on target 'ZendeskSDKFayeClient' in project 'ZendeskSDKFayeClient'
➜ Explicit dependency on target 'ZendeskSDKHTTPClient' in project 'ZendeskSDKHTTPClient'
➜ Explicit dependency on target 'ZendeskSDKStorage' in project 'ZendeskSDKStorage'
➜ Explicit dependency on target 'ZendeskSDKCoreUtilities' in project 'ZendeskSDKCoreUtilities'
Target 'ZendeskSDKCoreUtilities' in project 'ZendeskSDKCoreUtilities' (no dependencies)
Target 'ZendeskSDKStorage' in project 'ZendeskSDKStorage'
➜ Explicit dependency on target 'ZendeskSDKStorageTargets' in project 'ZendeskSDKStorage'
➜ Explicit dependency on target 'ZendeskSDKLogger' in project 'ZendeskSDKLogger'
Target 'ZendeskSDKStorageTargets' in project 'ZendeskSDKStorage'
➜ Explicit dependency on target 'ZendeskSDKLogger' in project 'ZendeskSDKLogger'
Target 'ZendeskSDKHTTPClient' in project 'ZendeskSDKHTTPClient'
➜ Explicit dependency on target 'ZendeskSDKHTTPClientTargets' in project 'ZendeskSDKHTTPClient'
➜ Explicit dependency on target 'ZendeskSDKLogger' in project 'ZendeskSDKLogger'
Target 'ZendeskSDKHTTPClientTargets' in project 'ZendeskSDKHTTPClient'
➜ Explicit dependency on target 'ZendeskSDKLogger' in project 'ZendeskSDKLogger'
Target 'ZendeskSDKFayeClient' in project 'ZendeskSDKFayeClient'
➜ Explicit dependency on target 'ZendeskSDKFayeClientTargets' in project 'ZendeskSDKFayeClient'
➜ Explicit dependency on target 'ZendeskSDKSocketClient' in project 'ZendeskSDKSocketClient'
➜ Explicit dependency on target 'ZendeskSDKLogger' in project 'ZendeskSDKLogger'
Target 'ZendeskSDKFayeClientTargets' in project 'ZendeskSDKFayeClient'
➜ Explicit dependency on target 'ZendeskSDKSocketClient' in project 'ZendeskSDKSocketClient'
➜ Explicit dependency on target 'ZendeskSDKLogger' in project 'ZendeskSDKLogger'
Target 'ZendeskSDKSocketClient' in project 'ZendeskSDKSocketClient'
➜ Explicit dependency on target 'ZendeskSDKSocketClientTargets' in project 'ZendeskSDKSocketClient'
➜ Explicit dependency on target 'ZendeskSDKLogger' in project 'ZendeskSDKLogger'
Target 'ZendeskSDKSocketClientTargets' in project 'ZendeskSDKSocketClient'
➜ Explicit dependency on target 'ZendeskSDKLogger' in project 'ZendeskSDKLogger'
Target 'ZendeskSDKLogger' in project 'ZendeskSDKLogger' (no dependencies)
GatherProvisioningInputs
CreateBuildDescription
/Users/admin/builder/spi-builder-workspace/.dependencies/checkouts/sdk_core_utilities_ios/ZendeskSDKCoreUtilities.xcframework:1:1: error: While building for watchOS, no library for this platform was found in '/Users/admin/builder/spi-builder-workspace/.dependencies/checkouts/sdk_core_utilities_ios/ZendeskSDKCoreUtilities.xcframework'. (in target 'ZendeskSDKConversationKitTargets' from project 'ZendeskSDKConversationKit')
/Users/admin/builder/spi-builder-workspace/ZendeskSDKConversationKit.xcframework:1:1: error: While building for watchOS, no library for this platform was found in '/Users/admin/builder/spi-builder-workspace/ZendeskSDKConversationKit.xcframework'. (in target 'ZendeskSDKConversationKitTargets' from project 'ZendeskSDKConversationKit')
/Users/admin/builder/spi-builder-workspace/.dependencies/checkouts/sdk_http_client_ios/ZendeskSDKHTTPClient.xcframework:1:1: error: While building for watchOS, no library for this platform was found in '/Users/admin/builder/spi-builder-workspace/.dependencies/checkouts/sdk_http_client_ios/ZendeskSDKHTTPClient.xcframework'. (in target 'ZendeskSDKHTTPClient' from project 'ZendeskSDKHTTPClient')
/Users/admin/builder/spi-builder-workspace/.dependencies/checkouts/sdk_logger_ios/ZendeskSDKLogger.xcframework:1:1: error: While building for watchOS, no library for this platform was found in '/Users/admin/builder/spi-builder-workspace/.dependencies/checkouts/sdk_logger_ios/ZendeskSDKLogger.xcframework'. (in target 'ZendeskSDKHTTPClient' from project 'ZendeskSDKHTTPClient')
/Users/admin/builder/spi-builder-workspace/.dependencies/checkouts/sdk_logger_ios/ZendeskSDKLogger.xcframework:1:1: error: While building for watchOS, no library for this platform was found in '/Users/admin/builder/spi-builder-workspace/.dependencies/checkouts/sdk_logger_ios/ZendeskSDKLogger.xcframework'. (in target 'ZendeskSDKHTTPClient' from project 'ZendeskSDKHTTPClient')
/Users/admin/builder/spi-builder-workspace/.dependencies/checkouts/sdk_faye_client_ios/ZendeskSDKFayeClient.xcframework:1:1: error: While building for watchOS, no library for this platform was found in '/Users/admin/builder/spi-builder-workspace/.dependencies/checkouts/sdk_faye_client_ios/ZendeskSDKFayeClient.xcframework'. (in target 'ZendeskSDKFayeClientTargets' from project 'ZendeskSDKFayeClient')
/Users/admin/builder/spi-builder-workspace/.dependencies/checkouts/sdk_logger_ios/ZendeskSDKLogger.xcframework:1:1: error: While building for watchOS, no library for this platform was found in '/Users/admin/builder/spi-builder-workspace/.dependencies/checkouts/sdk_logger_ios/ZendeskSDKLogger.xcframework'. (in target 'ZendeskSDKFayeClientTargets' from project 'ZendeskSDKFayeClient')
/Users/admin/builder/spi-builder-workspace/.dependencies/checkouts/sdk_http_client_ios/ZendeskSDKHTTPClient.xcframework:1:1: error: While building for watchOS, no library for this platform was found in '/Users/admin/builder/spi-builder-workspace/.dependencies/checkouts/sdk_http_client_ios/ZendeskSDKHTTPClient.xcframework'. (in target 'ZendeskSDKHTTPClientTargets' from project 'ZendeskSDKHTTPClient')
/Users/admin/builder/spi-builder-workspace/.dependencies/checkouts/sdk_logger_ios/ZendeskSDKLogger.xcframework:1:1: error: While building for watchOS, no library for this platform was found in '/Users/admin/builder/spi-builder-workspace/.dependencies/checkouts/sdk_logger_ios/ZendeskSDKLogger.xcframework'. (in target 'ZendeskSDKHTTPClientTargets' from project 'ZendeskSDKHTTPClient')
/Users/admin/builder/spi-builder-workspace/.dependencies/checkouts/sdk_core_utilities_ios/ZendeskSDKCoreUtilities.xcframework:1:1: error: While building for watchOS, no library for this platform was found in '/Users/admin/builder/spi-builder-workspace/.dependencies/checkouts/sdk_core_utilities_ios/ZendeskSDKCoreUtilities.xcframework'. (in target 'ZendeskSDKCoreUtilities' from project 'ZendeskSDKCoreUtilities')
/Users/admin/builder/spi-builder-workspace/.dependencies/checkouts/sdk_logger_ios/ZendeskSDKLogger.xcframework:1:1: error: While building for watchOS, no library for this platform was found in '/Users/admin/builder/spi-builder-workspace/.dependencies/checkouts/sdk_logger_ios/ZendeskSDKLogger.xcframework'. (in target 'ZendeskSDKLogger' from project 'ZendeskSDKLogger')
/Users/admin/builder/spi-builder-workspace/.dependencies/checkouts/sdk_logger_ios/ZendeskSDKLogger.xcframework:1:1: error: While building for watchOS, no library for this platform was found in '/Users/admin/builder/spi-builder-workspace/.dependencies/checkouts/sdk_logger_ios/ZendeskSDKLogger.xcframework'. (in target 'ZendeskSDKStorage' from project 'ZendeskSDKStorage')
/Users/admin/builder/spi-builder-workspace/.dependencies/checkouts/sdk_logger_ios/ZendeskSDKLogger.xcframework:1:1: error: While building for watchOS, no library for this platform was found in '/Users/admin/builder/spi-builder-workspace/.dependencies/checkouts/sdk_logger_ios/ZendeskSDKLogger.xcframework'. (in target 'ZendeskSDKStorage' from project 'ZendeskSDKStorage')
/Users/admin/builder/spi-builder-workspace/.dependencies/checkouts/sdk_storage_ios/ZendeskSDKStorage.xcframework:1:1: error: While building for watchOS, no library for this platform was found in '/Users/admin/builder/spi-builder-workspace/.dependencies/checkouts/sdk_storage_ios/ZendeskSDKStorage.xcframework'. (in target 'ZendeskSDKStorage' from project 'ZendeskSDKStorage')
/Users/admin/builder/spi-builder-workspace/.dependencies/checkouts/sdk_faye_client_ios/ZendeskSDKFayeClient.xcframework:1:1: error: While building for watchOS, no library for this platform was found in '/Users/admin/builder/spi-builder-workspace/.dependencies/checkouts/sdk_faye_client_ios/ZendeskSDKFayeClient.xcframework'. (in target 'ZendeskSDKFayeClient' from project 'ZendeskSDKFayeClient')
/Users/admin/builder/spi-builder-workspace/.dependencies/checkouts/sdk_logger_ios/ZendeskSDKLogger.xcframework:1:1: error: While building for watchOS, no library for this platform was found in '/Users/admin/builder/spi-builder-workspace/.dependencies/checkouts/sdk_logger_ios/ZendeskSDKLogger.xcframework'. (in target 'ZendeskSDKFayeClient' from project 'ZendeskSDKFayeClient')
/Users/admin/builder/spi-builder-workspace/.dependencies/checkouts/sdk_logger_ios/ZendeskSDKLogger.xcframework:1:1: error: While building for watchOS, no library for this platform was found in '/Users/admin/builder/spi-builder-workspace/.dependencies/checkouts/sdk_logger_ios/ZendeskSDKLogger.xcframework'. (in target 'ZendeskSDKFayeClient' from project 'ZendeskSDKFayeClient')
/Users/admin/builder/spi-builder-workspace/.dependencies/checkouts/sdk_logger_ios/ZendeskSDKLogger.xcframework:1:1: error: While building for watchOS, no library for this platform was found in '/Users/admin/builder/spi-builder-workspace/.dependencies/checkouts/sdk_logger_ios/ZendeskSDKLogger.xcframework'. (in target 'ZendeskSDKFayeClient' from project 'ZendeskSDKFayeClient')
/Users/admin/builder/spi-builder-workspace/.dependencies/checkouts/sdk_socket_client_ios/ZendeskSDKSocketClient.xcframework:1:1: error: While building for watchOS, no library for this platform was found in '/Users/admin/builder/spi-builder-workspace/.dependencies/checkouts/sdk_socket_client_ios/ZendeskSDKSocketClient.xcframework'. (in target 'ZendeskSDKFayeClient' from project 'ZendeskSDKFayeClient')
/Users/admin/builder/spi-builder-workspace/.dependencies/checkouts/sdk_logger_ios/ZendeskSDKLogger.xcframework:1:1: error: While building for watchOS, no library for this platform was found in '/Users/admin/builder/spi-builder-workspace/.dependencies/checkouts/sdk_logger_ios/ZendeskSDKLogger.xcframework'. (in target 'ZendeskSDKSocketClient' from project 'ZendeskSDKSocketClient')
/Users/admin/builder/spi-builder-workspace/.dependencies/checkouts/sdk_logger_ios/ZendeskSDKLogger.xcframework:1:1: error: While building for watchOS, no library for this platform was found in '/Users/admin/builder/spi-builder-workspace/.dependencies/checkouts/sdk_logger_ios/ZendeskSDKLogger.xcframework'. (in target 'ZendeskSDKSocketClient' from project 'ZendeskSDKSocketClient')
/Users/admin/builder/spi-builder-workspace/.dependencies/checkouts/sdk_socket_client_ios/ZendeskSDKSocketClient.xcframework:1:1: error: While building for watchOS, no library for this platform was found in '/Users/admin/builder/spi-builder-workspace/.dependencies/checkouts/sdk_socket_client_ios/ZendeskSDKSocketClient.xcframework'. (in target 'ZendeskSDKSocketClient' from project 'ZendeskSDKSocketClient')
/Users/admin/builder/spi-builder-workspace/.dependencies/checkouts/sdk_core_utilities_ios/ZendeskSDKCoreUtilities.xcframework:1:1: error: While building for watchOS, no library for this platform was found in '/Users/admin/builder/spi-builder-workspace/.dependencies/checkouts/sdk_core_utilities_ios/ZendeskSDKCoreUtilities.xcframework'. (in target 'ZendeskSDKConversationKit' from project 'ZendeskSDKConversationKit')
/Users/admin/builder/spi-builder-workspace/.dependencies/checkouts/sdk_core_utilities_ios/ZendeskSDKCoreUtilities.xcframework:1:1: error: While building for watchOS, no library for this platform was found in '/Users/admin/builder/spi-builder-workspace/.dependencies/checkouts/sdk_core_utilities_ios/ZendeskSDKCoreUtilities.xcframework'. (in target 'ZendeskSDKConversationKit' from project 'ZendeskSDKConversationKit')
/Users/admin/builder/spi-builder-workspace/.dependencies/checkouts/sdk_faye_client_ios/ZendeskSDKFayeClient.xcframework:1:1: error: While building for watchOS, no library for this platform was found in '/Users/admin/builder/spi-builder-workspace/.dependencies/checkouts/sdk_faye_client_ios/ZendeskSDKFayeClient.xcframework'. (in target 'ZendeskSDKConversationKit' from project 'ZendeskSDKConversationKit')
/Users/admin/builder/spi-builder-workspace/.dependencies/checkouts/sdk_http_client_ios/ZendeskSDKHTTPClient.xcframework:1:1: error: While building for watchOS, no library for this platform was found in '/Users/admin/builder/spi-builder-workspace/.dependencies/checkouts/sdk_http_client_ios/ZendeskSDKHTTPClient.xcframework'. (in target 'ZendeskSDKConversationKit' from project 'ZendeskSDKConversationKit')
/Users/admin/builder/spi-builder-workspace/.dependencies/checkouts/sdk_logger_ios/ZendeskSDKLogger.xcframework:1:1: error: While building for watchOS, no library for this platform was found in '/Users/admin/builder/spi-builder-workspace/.dependencies/checkouts/sdk_logger_ios/ZendeskSDKLogger.xcframework'. (in target 'ZendeskSDKConversationKit' from project 'ZendeskSDKConversationKit')
/Users/admin/builder/spi-builder-workspace/.dependencies/checkouts/sdk_logger_ios/ZendeskSDKLogger.xcframework:1:1: error: While building for watchOS, no library for this platform was found in '/Users/admin/builder/spi-builder-workspace/.dependencies/checkouts/sdk_logger_ios/ZendeskSDKLogger.xcframework'. (in target 'ZendeskSDKConversationKit' from project 'ZendeskSDKConversationKit')
/Users/admin/builder/spi-builder-workspace/.dependencies/checkouts/sdk_logger_ios/ZendeskSDKLogger.xcframework:1:1: error: While building for watchOS, no library for this platform was found in '/Users/admin/builder/spi-builder-workspace/.dependencies/checkouts/sdk_logger_ios/ZendeskSDKLogger.xcframework'. (in target 'ZendeskSDKConversationKit' from project 'ZendeskSDKConversationKit')
/Users/admin/builder/spi-builder-workspace/.dependencies/checkouts/sdk_logger_ios/ZendeskSDKLogger.xcframework:1:1: error: While building for watchOS, no library for this platform was found in '/Users/admin/builder/spi-builder-workspace/.dependencies/checkouts/sdk_logger_ios/ZendeskSDKLogger.xcframework'. (in target 'ZendeskSDKConversationKit' from project 'ZendeskSDKConversationKit')
/Users/admin/builder/spi-builder-workspace/.dependencies/checkouts/sdk_logger_ios/ZendeskSDKLogger.xcframework:1:1: error: While building for watchOS, no library for this platform was found in '/Users/admin/builder/spi-builder-workspace/.dependencies/checkouts/sdk_logger_ios/ZendeskSDKLogger.xcframework'. (in target 'ZendeskSDKConversationKit' from project 'ZendeskSDKConversationKit')
/Users/admin/builder/spi-builder-workspace/.dependencies/checkouts/sdk_socket_client_ios/ZendeskSDKSocketClient.xcframework:1:1: error: While building for watchOS, no library for this platform was found in '/Users/admin/builder/spi-builder-workspace/.dependencies/checkouts/sdk_socket_client_ios/ZendeskSDKSocketClient.xcframework'. (in target 'ZendeskSDKConversationKit' from project 'ZendeskSDKConversationKit')
/Users/admin/builder/spi-builder-workspace/.dependencies/checkouts/sdk_storage_ios/ZendeskSDKStorage.xcframework:1:1: error: While building for watchOS, no library for this platform was found in '/Users/admin/builder/spi-builder-workspace/.dependencies/checkouts/sdk_storage_ios/ZendeskSDKStorage.xcframework'. (in target 'ZendeskSDKConversationKit' from project 'ZendeskSDKConversationKit')
/Users/admin/builder/spi-builder-workspace/ZendeskSDKConversationKit.xcframework:1:1: error: While building for watchOS, no library for this platform was found in '/Users/admin/builder/spi-builder-workspace/ZendeskSDKConversationKit.xcframework'. (in target 'ZendeskSDKConversationKit' from project 'ZendeskSDKConversationKit')
/Users/admin/builder/spi-builder-workspace/.dependencies/checkouts/sdk_logger_ios/ZendeskSDKLogger.xcframework:1:1: error: While building for watchOS, no library for this platform was found in '/Users/admin/builder/spi-builder-workspace/.dependencies/checkouts/sdk_logger_ios/ZendeskSDKLogger.xcframework'. (in target 'ZendeskSDKStorageTargets' from project 'ZendeskSDKStorage')
/Users/admin/builder/spi-builder-workspace/.dependencies/checkouts/sdk_storage_ios/ZendeskSDKStorage.xcframework:1:1: error: While building for watchOS, no library for this platform was found in '/Users/admin/builder/spi-builder-workspace/.dependencies/checkouts/sdk_storage_ios/ZendeskSDKStorage.xcframework'. (in target 'ZendeskSDKStorageTargets' from project 'ZendeskSDKStorage')
/Users/admin/builder/spi-builder-workspace/.dependencies/checkouts/sdk_logger_ios/ZendeskSDKLogger.xcframework:1:1: error: While building for watchOS, no library for this platform was found in '/Users/admin/builder/spi-builder-workspace/.dependencies/checkouts/sdk_logger_ios/ZendeskSDKLogger.xcframework'. (in target 'ZendeskSDKSocketClientTargets' from project 'ZendeskSDKSocketClient')
/Users/admin/builder/spi-builder-workspace/.dependencies/checkouts/sdk_socket_client_ios/ZendeskSDKSocketClient.xcframework:1:1: error: While building for watchOS, no library for this platform was found in '/Users/admin/builder/spi-builder-workspace/.dependencies/checkouts/sdk_socket_client_ios/ZendeskSDKSocketClient.xcframework'. (in target 'ZendeskSDKSocketClientTargets' from project 'ZendeskSDKSocketClient')
2026-10-03 07:37:44.832 xcodebuild[1630:10026] [MT] IDERunDestination: Supported platforms for the buildables in the current scheme is empty.
** BUILD FAILED **
The following build commands failed:
Building workspace spi-builder-workspace with scheme ZendeskSDKConversationKit
(1 failure)
BUILD FAILURE 6.2 watchOS