Build Information
Failed to build CPIOArchiveKit, reference main (cfd9ca), with Swift 6.4 for watchOS using Xcode 27.0 on 17 Sep 2026 19:39:52 UTC.
Build Command
env DEVELOPER_DIR=/Applications/Xcode-27.0.0-Release.Candidate.app xcrun xcodebuild -IDEClonedSourcePackagesDirPathOverride=$PWD/.dependencies -skipMacroValidation -skipPackagePluginValidation -derivedDataPath $PWD/.derivedData build -scheme CPIOArchiveKit -destination generic/platform=watchOSBuild Log
========================================
RunAll
========================================
Builder version: 5.1.0
Interrupt handler set up.
========================================
Checkout
========================================
Clone URL: https://github.com/LebJe/CPIOArchiveKit.git
Reference: main
Initialized empty Git repository in /Users/admin/builder/spi-builder-workspace/.git/
From https://github.com/LebJe/CPIOArchiveKit
* branch main -> FETCH_HEAD
* [new branch] main -> origin/main
HEAD is now at cfd9cae Update CPIOArchiveWriter.swift
Cloned https://github.com/LebJe/CPIOArchiveKit.git
Revision (git rev-parse @):
cfd9cae28d2864dea0533f137397ca8124767917
SUCCESS checkout https://github.com/LebJe/CPIOArchiveKit.git at main
========================================
Build
========================================
Selected platform: watchOS
Swift version: 6.4
Building package at path: $PWD
https://github.com/LebJe/CPIOArchiveKit.git
Command line invocation:
/Applications/Xcode-27.0.0-Release.Candidate.app/Contents/Developer/usr/bin/xcodebuild -IDEClonedSourcePackagesDirPathOverride=/Users/admin/builder/spi-builder-workspace/.dependencies -resolvePackageDependencies
Resolve Package Graph
Resolve Package Graph
Resolved source packages:
CPIOArchiveKit: /Users/admin/builder/spi-builder-workspace
resolved source packages: CPIOArchiveKit
2026-09-17 15:39:08.948 xcodebuild[529:3043] [MT] IDERunDestination: Supported platforms for the buildables in the current scheme is empty.
{
"dependencies" : [
],
"manifest_display_name" : "CPIOArchiveKit",
"name" : "CPIOArchiveKit",
"path" : "/Users/admin/builder/spi-builder-workspace",
"platforms" : [
{
"name" : "macos",
"version" : "10.15"
},
{
"name" : "ios",
"version" : "13.0"
},
{
"name" : "tvos",
"version" : "12.0"
},
{
"name" : "watchos",
"version" : "7.0"
}
],
"products" : [
{
"name" : "CPIOArchiveKit",
"targets" : [
"CPIOArchiveKit"
],
"type" : {
"library" : [
"automatic"
]
}
}
],
"targets" : [
{
"c99name" : "CPIOArchiveKitTests",
"module_type" : "SwiftTarget",
"name" : "CPIOArchiveKitTests",
"path" : "Tests/CPIOArchiveKitTests",
"resources" : [
{
"path" : "/Users/admin/builder/spi-builder-workspace/Tests/CPIOArchiveKitTests/test-files",
"rule" : {
"copy" : {
}
}
}
],
"sources" : [
"CPIOArchiveKitTests.swift",
"XCTestManifests.swift"
],
"target_dependencies" : [
"CPIOArchiveKit"
],
"type" : "test"
},
{
"c99name" : "CPIOArchiveKit",
"module_type" : "SwiftTarget",
"name" : "CPIOArchiveKit",
"path" : "Sources/CPIOArchiveKit",
"product_memberships" : [
"CPIOArchiveKit"
],
"sources" : [
"CPIOArchiveReader.swift",
"CPIOArchiveType.swift",
"CPIOArchiveWriter.swift",
"Checksum.swift",
"Constants.swift",
"Errors.swift",
"Extensions.swift",
"FileType.swift",
"Header.swift",
"Operators.swift"
],
"type" : "library"
}
],
"tools_version" : "5.3"
}
{
"workspace" : {
"name" : "CPIOArchiveKit",
"schemes" : [
"CPIOArchiveKit"
]
}
}
2026-09-17 15:39:44.367 xcodebuild[626:3959] [MT] IDERunDestination: Supported platforms for the buildables in the current scheme is empty.
Running build ...
env DEVELOPER_DIR=/Applications/Xcode-27.0.0-Release.Candidate.app xcrun xcodebuild -IDEClonedSourcePackagesDirPathOverride=$PWD/.dependencies -skipMacroValidation -skipPackagePluginValidation -derivedDataPath $PWD/.derivedData build -scheme CPIOArchiveKit -destination generic/platform=watchOS
Command line invocation:
/Applications/Xcode-27.0.0-Release.Candidate.app/Contents/Developer/usr/bin/xcodebuild -IDEClonedSourcePackagesDirPathOverride=/Users/admin/builder/spi-builder-workspace/.dependencies -skipMacroValidation -skipPackagePluginValidation -derivedDataPath /Users/admin/builder/spi-builder-workspace/.derivedData build -scheme CPIOArchiveKit -destination generic/platform=watchOS
Resolve Package Graph
Resolved source packages:
CPIOArchiveKit: /Users/admin/builder/spi-builder-workspace
ComputePackagePrebuildTargetDependencyGraph
Prepare packages
CreateBuildRequest
SendProjectDescription
CreateBuildOperation
ComputeTargetDependencyGraph
note: Building targets in dependency order
note: Target dependency graph (2 targets)
Target 'CPIOArchiveKit-product' in project 'CPIOArchiveKit'
➜ Explicit dependency on target 'CPIOArchiveKit' in project 'CPIOArchiveKit'
Target 'CPIOArchiveKit' in project 'CPIOArchiveKit' (no dependencies)
GatherProvisioningInputs
CreateBuildDescription
ExecuteExternalTool /Applications/Xcode-27.0.0-Release.Candidate.app/Contents/Developer/Toolchains/XcodeDefault.xctoolchain/usr/bin/clang -v -E -dM -isysroot /Applications/Xcode-27.0.0-Release.Candidate.app/Contents/Developer/Platforms/WatchOS.platform/Developer/SDKs/WatchOS27.0.sdk -x c -c /dev/null
ExecuteExternalTool /Applications/Xcode-27.0.0-Release.Candidate.app/Contents/Developer/Toolchains/XcodeDefault.xctoolchain/usr/bin/swiftc --version
ExecuteExternalTool /Applications/Xcode-27.0.0-Release.Candidate.app/Contents/Developer/Toolchains/XcodeDefault.xctoolchain/usr/bin/ld -version_details
Build description signature: 390d3494cedb5fbc0e4853cea28545c5
Build description path: /Users/admin/builder/spi-builder-workspace/.derivedData/Build/Intermediates.noindex/XCBuildData/390d3494cedb5fbc0e4853cea28545c5.xcbuilddata
CreateBuildDirectory /Users/admin/builder/spi-builder-workspace/.derivedData/SDKExplicitPrecompiledModules
cd /Users/admin/builder/spi-builder-workspace/.swiftpm/xcode
builtin-create-build-directory /Users/admin/builder/spi-builder-workspace/.derivedData/SDKExplicitPrecompiledModules
CreateBuildDirectory /Users/admin/builder/spi-builder-workspace/.derivedData/ModuleCache.noindex
cd /Users/admin/builder/spi-builder-workspace/.swiftpm/xcode
builtin-create-build-directory /Users/admin/builder/spi-builder-workspace/.derivedData/ModuleCache.noindex
CreateBuildDirectory /Users/admin/builder/spi-builder-workspace/.derivedData/CompilationCache.noindex
cd /Users/admin/builder/spi-builder-workspace/.swiftpm/xcode
builtin-create-build-directory /Users/admin/builder/spi-builder-workspace/.derivedData/CompilationCache.noindex
CreateBuildDirectory /Users/admin/builder/spi-builder-workspace/.derivedData/Build/Intermediates.noindex
cd /Users/admin/builder/spi-builder-workspace/.swiftpm/xcode
builtin-create-build-directory /Users/admin/builder/spi-builder-workspace/.derivedData/Build/Intermediates.noindex
CreateBuildDirectory /Users/admin/builder/spi-builder-workspace/.derivedData/Build/Products
cd /Users/admin/builder/spi-builder-workspace/.swiftpm/xcode
builtin-create-build-directory /Users/admin/builder/spi-builder-workspace/.derivedData/Build/Products
ClangStatCache /Applications/Xcode-27.0.0-Release.Candidate.app/Contents/Developer/Toolchains/XcodeDefault.xctoolchain/usr/bin/clang-stat-cache /Applications/Xcode-27.0.0-Release.Candidate.app/Contents/Developer/Platforms/WatchOS.platform/Developer/SDKs/WatchOS27.0.sdk /Users/admin/builder/spi-builder-workspace/.derivedData/SDKStatCaches.noindex/watchos27.0-24R360-e829b21a6f8c9b70876ba0858053c04477534ef55a1706bf4c1112bbb242f0a2.sdkstatcache
cd /Users/admin/builder/spi-builder-workspace/.swiftpm/xcode
/Applications/Xcode-27.0.0-Release.Candidate.app/Contents/Developer/Toolchains/XcodeDefault.xctoolchain/usr/bin/clang-stat-cache /Applications/Xcode-27.0.0-Release.Candidate.app/Contents/Developer/Platforms/WatchOS.platform/Developer/SDKs/WatchOS27.0.sdk -o /Users/admin/builder/spi-builder-workspace/.derivedData/SDKStatCaches.noindex/watchos27.0-24R360-e829b21a6f8c9b70876ba0858053c04477534ef55a1706bf4c1112bbb242f0a2.sdkstatcache
CreateBuildDirectory /Users/admin/builder/spi-builder-workspace/.derivedData/Build/Intermediates.noindex/SwiftExplicitPrecompiledModules
cd /Users/admin/builder/spi-builder-workspace/.swiftpm/xcode
builtin-create-build-directory /Users/admin/builder/spi-builder-workspace/.derivedData/Build/Intermediates.noindex/SwiftExplicitPrecompiledModules
CreateBuildDirectory /Users/admin/builder/spi-builder-workspace/.derivedData/Build/Intermediates.noindex/PrecompiledHeaders
cd /Users/admin/builder/spi-builder-workspace/.swiftpm/xcode
builtin-create-build-directory /Users/admin/builder/spi-builder-workspace/.derivedData/Build/Intermediates.noindex/PrecompiledHeaders
CreateBuildDirectory /Users/admin/builder/spi-builder-workspace/.derivedData/Build/Intermediates.noindex/ExplicitPrecompiledModules
cd /Users/admin/builder/spi-builder-workspace/.swiftpm/xcode
builtin-create-build-directory /Users/admin/builder/spi-builder-workspace/.derivedData/Build/Intermediates.noindex/ExplicitPrecompiledModules
CreateBuildDirectory /Users/admin/builder/spi-builder-workspace/.derivedData/Build/Products/Debug-watchos
cd /Users/admin/builder/spi-builder-workspace/.swiftpm/xcode
builtin-create-build-directory /Users/admin/builder/spi-builder-workspace/.derivedData/Build/Products/Debug-watchos
CreateBuildDirectory /Users/admin/builder/spi-builder-workspace/.derivedData/Build/Intermediates.noindex/EagerLinkingTBDs/Debug-watchos
cd /Users/admin/builder/spi-builder-workspace/.swiftpm/xcode
builtin-create-build-directory /Users/admin/builder/spi-builder-workspace/.derivedData/Build/Intermediates.noindex/EagerLinkingTBDs/Debug-watchos
CreateBuildDirectory /Users/admin/builder/spi-builder-workspace/.derivedData/Build/Products/Debug-watchos/PackageFrameworks
cd /Users/admin/builder/spi-builder-workspace/.swiftpm/xcode
builtin-create-build-directory /Users/admin/builder/spi-builder-workspace/.derivedData/Build/Products/Debug-watchos/PackageFrameworks
WriteAuxiliaryFile /Users/admin/builder/spi-builder-workspace/.derivedData/Build/Intermediates.noindex/CPIOArchiveKit.build/Debug-watchos/CPIOArchiveKit-t.build/CPIOArchiveKit.modulemap (in target 'CPIOArchiveKit' from project 'CPIOArchiveKit')
cd /Users/admin/builder/spi-builder-workspace
write-file /Users/admin/builder/spi-builder-workspace/.derivedData/Build/Intermediates.noindex/CPIOArchiveKit.build/Debug-watchos/CPIOArchiveKit-t.build/CPIOArchiveKit.modulemap
WriteAuxiliaryFile /Users/admin/builder/spi-builder-workspace/.derivedData/Build/Intermediates.noindex/CPIOArchiveKit.build/Debug-watchos/CPIOArchiveKit-t.build/Objects-normal/arm64/CPIOArchiveKit_const_extract_protocols.json (in target 'CPIOArchiveKit' from project 'CPIOArchiveKit')
cd /Users/admin/builder/spi-builder-workspace
write-file /Users/admin/builder/spi-builder-workspace/.derivedData/Build/Intermediates.noindex/CPIOArchiveKit.build/Debug-watchos/CPIOArchiveKit-t.build/Objects-normal/arm64/CPIOArchiveKit_const_extract_protocols.json
WriteAuxiliaryFile /Users/admin/builder/spi-builder-workspace/.derivedData/Build/Intermediates.noindex/CPIOArchiveKit.build/Debug-watchos/CPIOArchiveKit-t.build/Objects-normal/arm64_32/CPIOArchiveKit_const_extract_protocols.json (in target 'CPIOArchiveKit' from project 'CPIOArchiveKit')
cd /Users/admin/builder/spi-builder-workspace
write-file /Users/admin/builder/spi-builder-workspace/.derivedData/Build/Intermediates.noindex/CPIOArchiveKit.build/Debug-watchos/CPIOArchiveKit-t.build/Objects-normal/arm64_32/CPIOArchiveKit_const_extract_protocols.json
WriteAuxiliaryFile /Users/admin/builder/spi-builder-workspace/.derivedData/Build/Intermediates.noindex/CPIOArchiveKit.build/Debug-watchos/CPIOArchiveKit-t.build/Objects-normal/arm64_32/CPIOArchiveKit.SwiftFileList (in target 'CPIOArchiveKit' from project 'CPIOArchiveKit')
cd /Users/admin/builder/spi-builder-workspace
write-file /Users/admin/builder/spi-builder-workspace/.derivedData/Build/Intermediates.noindex/CPIOArchiveKit.build/Debug-watchos/CPIOArchiveKit-t.build/Objects-normal/arm64_32/CPIOArchiveKit.SwiftFileList
WriteAuxiliaryFile /Users/admin/builder/spi-builder-workspace/.derivedData/Build/Intermediates.noindex/CPIOArchiveKit.build/Debug-watchos/CPIOArchiveKit-t.build/Objects-normal/arm64_32/CPIOArchiveKit.SwiftConstValuesFileList (in target 'CPIOArchiveKit' from project 'CPIOArchiveKit')
cd /Users/admin/builder/spi-builder-workspace
write-file /Users/admin/builder/spi-builder-workspace/.derivedData/Build/Intermediates.noindex/CPIOArchiveKit.build/Debug-watchos/CPIOArchiveKit-t.build/Objects-normal/arm64_32/CPIOArchiveKit.SwiftConstValuesFileList
WriteAuxiliaryFile /Users/admin/builder/spi-builder-workspace/.derivedData/Build/Intermediates.noindex/CPIOArchiveKit.build/Debug-watchos/CPIOArchiveKit-t.build/Objects-normal/arm64_32/CPIOArchiveKit.LinkFileList (in target 'CPIOArchiveKit' from project 'CPIOArchiveKit')
cd /Users/admin/builder/spi-builder-workspace
write-file /Users/admin/builder/spi-builder-workspace/.derivedData/Build/Intermediates.noindex/CPIOArchiveKit.build/Debug-watchos/CPIOArchiveKit-t.build/Objects-normal/arm64_32/CPIOArchiveKit.LinkFileList
WriteAuxiliaryFile /Users/admin/builder/spi-builder-workspace/.derivedData/Build/Intermediates.noindex/CPIOArchiveKit.build/Debug-watchos/CPIOArchiveKit-t.build/Objects-normal/arm64_32/CPIOArchiveKit-OutputFileMap.json (in target 'CPIOArchiveKit' from project 'CPIOArchiveKit')
cd /Users/admin/builder/spi-builder-workspace
write-file /Users/admin/builder/spi-builder-workspace/.derivedData/Build/Intermediates.noindex/CPIOArchiveKit.build/Debug-watchos/CPIOArchiveKit-t.build/Objects-normal/arm64_32/CPIOArchiveKit-OutputFileMap.json
WriteAuxiliaryFile /Users/admin/builder/spi-builder-workspace/.derivedData/Build/Intermediates.noindex/CPIOArchiveKit.build/Debug-watchos/CPIOArchiveKit-t.build/Objects-normal/arm64/CPIOArchiveKit.SwiftFileList (in target 'CPIOArchiveKit' from project 'CPIOArchiveKit')
cd /Users/admin/builder/spi-builder-workspace
write-file /Users/admin/builder/spi-builder-workspace/.derivedData/Build/Intermediates.noindex/CPIOArchiveKit.build/Debug-watchos/CPIOArchiveKit-t.build/Objects-normal/arm64/CPIOArchiveKit.SwiftFileList
WriteAuxiliaryFile /Users/admin/builder/spi-builder-workspace/.derivedData/Build/Intermediates.noindex/CPIOArchiveKit.build/Debug-watchos/CPIOArchiveKit-t.build/Objects-normal/arm64/CPIOArchiveKit.SwiftConstValuesFileList (in target 'CPIOArchiveKit' from project 'CPIOArchiveKit')
cd /Users/admin/builder/spi-builder-workspace
write-file /Users/admin/builder/spi-builder-workspace/.derivedData/Build/Intermediates.noindex/CPIOArchiveKit.build/Debug-watchos/CPIOArchiveKit-t.build/Objects-normal/arm64/CPIOArchiveKit.SwiftConstValuesFileList
WriteAuxiliaryFile /Users/admin/builder/spi-builder-workspace/.derivedData/Build/Intermediates.noindex/CPIOArchiveKit.build/Debug-watchos/CPIOArchiveKit-t.build/Objects-normal/arm64/CPIOArchiveKit.LinkFileList (in target 'CPIOArchiveKit' from project 'CPIOArchiveKit')
cd /Users/admin/builder/spi-builder-workspace
write-file /Users/admin/builder/spi-builder-workspace/.derivedData/Build/Intermediates.noindex/CPIOArchiveKit.build/Debug-watchos/CPIOArchiveKit-t.build/Objects-normal/arm64/CPIOArchiveKit.LinkFileList
WriteAuxiliaryFile /Users/admin/builder/spi-builder-workspace/.derivedData/Build/Intermediates.noindex/CPIOArchiveKit.build/Debug-watchos/CPIOArchiveKit-t.build/Objects-normal/arm64/CPIOArchiveKit-OutputFileMap.json (in target 'CPIOArchiveKit' from project 'CPIOArchiveKit')
cd /Users/admin/builder/spi-builder-workspace
write-file /Users/admin/builder/spi-builder-workspace/.derivedData/Build/Intermediates.noindex/CPIOArchiveKit.build/Debug-watchos/CPIOArchiveKit-t.build/Objects-normal/arm64/CPIOArchiveKit-OutputFileMap.json
WriteAuxiliaryFile /Users/admin/builder/spi-builder-workspace/.derivedData/Build/Intermediates.noindex/CPIOArchiveKit.build/Debug-watchos/CPIOArchiveKit-t.build/CPIOArchiveKit.DependencyStaticMetadataFileList (in target 'CPIOArchiveKit' from project 'CPIOArchiveKit')
cd /Users/admin/builder/spi-builder-workspace
write-file /Users/admin/builder/spi-builder-workspace/.derivedData/Build/Intermediates.noindex/CPIOArchiveKit.build/Debug-watchos/CPIOArchiveKit-t.build/CPIOArchiveKit.DependencyStaticMetadataFileList
WriteAuxiliaryFile /Users/admin/builder/spi-builder-workspace/.derivedData/Build/Intermediates.noindex/CPIOArchiveKit.build/Debug-watchos/CPIOArchiveKit-t.build/CPIOArchiveKit.DependencyMetadataFileList (in target 'CPIOArchiveKit' from project 'CPIOArchiveKit')
cd /Users/admin/builder/spi-builder-workspace
write-file /Users/admin/builder/spi-builder-workspace/.derivedData/Build/Intermediates.noindex/CPIOArchiveKit.build/Debug-watchos/CPIOArchiveKit-t.build/CPIOArchiveKit.DependencyMetadataFileList
Copy /Users/admin/builder/spi-builder-workspace/.derivedData/Build/Intermediates.noindex/GeneratedModuleMaps-watchos/CPIOArchiveKit.modulemap /Users/admin/builder/spi-builder-workspace/.derivedData/Build/Intermediates.noindex/CPIOArchiveKit.build/Debug-watchos/CPIOArchiveKit-t.build/CPIOArchiveKit.modulemap (in target 'CPIOArchiveKit' from project 'CPIOArchiveKit')
cd /Users/admin/builder/spi-builder-workspace
builtin-copy -exclude .DS_Store -exclude CVS -exclude .svn -exclude .git -exclude .hg -resolve-src-symlinks /Users/admin/builder/spi-builder-workspace/.derivedData/Build/Intermediates.noindex/CPIOArchiveKit.build/Debug-watchos/CPIOArchiveKit-t.build/CPIOArchiveKit.modulemap /Users/admin/builder/spi-builder-workspace/.derivedData/Build/Intermediates.noindex/GeneratedModuleMaps-watchos
SwiftDriver CPIOArchiveKit normal arm64_32 com.apple.xcode.tools.swift.compiler (in target 'CPIOArchiveKit' from project 'CPIOArchiveKit')
cd /Users/admin/builder/spi-builder-workspace/.swiftpm/xcode
builtin-SwiftDriver -- /Applications/Xcode-27.0.0-Release.Candidate.app/Contents/Developer/Toolchains/XcodeDefault.xctoolchain/usr/bin/swiftc -parse-as-library -module-name CPIOArchiveKit -Onone @/Users/admin/builder/spi-builder-workspace/.derivedData/Build/Intermediates.noindex/CPIOArchiveKit.build/Debug-watchos/CPIOArchiveKit-t.build/Objects-normal/arm64_32/CPIOArchiveKit.SwiftFileList -DSWIFT_PACKAGE -DDEBUG -DSWIFT_MODULE_RESOURCE_BUNDLE_UNAVAILABLE -DXcode -plugin-path /Applications/Xcode-27.0.0-Release.Candidate.app/Contents/Developer/Toolchains/XcodeDefault.xctoolchain/usr/lib/swift/host/plugins/testing -enable-experimental-feature DebugDescriptionMacro -sdk /Applications/Xcode-27.0.0-Release.Candidate.app/Contents/Developer/Platforms/WatchOS.platform/Developer/SDKs/WatchOS27.0.sdk -target arm64_32-apple-watchos9.0 -g -module-cache-path /Users/admin/builder/spi-builder-workspace/.derivedData/ModuleCache.noindex -Xfrontend -serialize-debugging-options -profile-coverage-mapping -profile-generate -enable-testing -index-store-path /Users/admin/builder/spi-builder-workspace/.derivedData/Index.noindex/DataStore -Xcc -D_LIBCPP_HARDENING_MODE\=_LIBCPP_HARDENING_MODE_DEBUG -swift-version 5 -I /Users/admin/builder/spi-builder-workspace/.derivedData/Build/Products/Debug-watchos -Isystem /Applications/Xcode-27.0.0-Release.Candidate.app/Contents/Developer/Platforms/WatchOS.platform/Developer/usr/lib -F /Users/admin/builder/spi-builder-workspace/.derivedData/Build/Products/Debug-watchos -F /Applications/Xcode-27.0.0-Release.Candidate.app/Contents/Developer/Platforms/WatchOS.platform/Developer/Library/Frameworks -F /Applications/Xcode-27.0.0-Release.Candidate.app/Contents/Developer/Platforms/WatchOS.platform/Developer/SDKs/WatchOS27.0.sdk/Developer/Library/Frameworks -c -j10 -enable-batch-mode -incremental -Xcc -ivfsstatcache -Xcc /Users/admin/builder/spi-builder-workspace/.derivedData/SDKStatCaches.noindex/watchos27.0-24R360-e829b21a6f8c9b70876ba0858053c04477534ef55a1706bf4c1112bbb242f0a2.sdkstatcache -output-file-map /Users/admin/builder/spi-builder-workspace/.derivedData/Build/Intermediates.noindex/CPIOArchiveKit.build/Debug-watchos/CPIOArchiveKit-t.build/Objects-normal/arm64_32/CPIOArchiveKit-OutputFileMap.json -save-temps -no-color-diagnostics -explicit-module-build -module-cache-path /Users/admin/builder/spi-builder-workspace/.derivedData/Build/Intermediates.noindex/SwiftExplicitPrecompiledModules -clang-scanner-module-cache-path /Users/admin/builder/spi-builder-workspace/.derivedData/ModuleCache.noindex -sdk-module-cache-path /Users/admin/builder/spi-builder-workspace/.derivedData/SDKExplicitPrecompiledModules -emit-dependencies -emit-module -emit-module-path /Users/admin/builder/spi-builder-workspace/.derivedData/Build/Intermediates.noindex/CPIOArchiveKit.build/Debug-watchos/CPIOArchiveKit-t.build/Objects-normal/arm64_32/CPIOArchiveKit.swiftmodule -serialize-diagnostics -dependency-scan-serialize-diagnostics-path /Users/admin/builder/spi-builder-workspace/.derivedData/Build/Intermediates.noindex/CPIOArchiveKit.build/Debug-watchos/CPIOArchiveKit-t.build/Objects-normal/arm64_32/CPIOArchiveKit-dependency-scan.dia -validate-clang-modules-once -clang-build-session-file /Users/admin/builder/spi-builder-workspace/.derivedData/ModuleCache.noindex/Session.modulevalidation -Xcc -fmodules-prune-interval\=86400 -Xcc -fmodules-prune-after\=345600 -emit-const-values -const-gather-protocols-list /Users/admin/builder/spi-builder-workspace/.derivedData/Build/Intermediates.noindex/CPIOArchiveKit.build/Debug-watchos/CPIOArchiveKit-t.build/Objects-normal/arm64_32/CPIOArchiveKit_const_extract_protocols.json -Xcc -I/Users/admin/builder/spi-builder-workspace/.derivedData/Build/Products/Debug-watchos/include -Xcc -I/Users/admin/builder/spi-builder-workspace/.derivedData/Build/Intermediates.noindex/CPIOArchiveKit.build/Debug-watchos/CPIOArchiveKit-t.build/DerivedSources-normal/arm64_32 -Xcc -I/Users/admin/builder/spi-builder-workspace/.derivedData/Build/Intermediates.noindex/CPIOArchiveKit.build/Debug-watchos/CPIOArchiveKit-t.build/DerivedSources/arm64_32 -Xcc -I/Users/admin/builder/spi-builder-workspace/.derivedData/Build/Intermediates.noindex/CPIOArchiveKit.build/Debug-watchos/CPIOArchiveKit-t.build/DerivedSources -Xcc -DSWIFT_PACKAGE -Xcc -DDEBUG\=1 -emit-objc-header -emit-objc-header-path /Users/admin/builder/spi-builder-workspace/.derivedData/Build/Intermediates.noindex/CPIOArchiveKit.build/Debug-watchos/CPIOArchiveKit-t.build/Objects-normal/arm64_32/CPIOArchiveKit-Swift.h -working-directory /Users/admin/builder/spi-builder-workspace/.swiftpm/xcode -experimental-emit-module-separately -disable-cmo
SwiftDriver CPIOArchiveKit normal arm64 com.apple.xcode.tools.swift.compiler (in target 'CPIOArchiveKit' from project 'CPIOArchiveKit')
cd /Users/admin/builder/spi-builder-workspace/.swiftpm/xcode
builtin-SwiftDriver -- /Applications/Xcode-27.0.0-Release.Candidate.app/Contents/Developer/Toolchains/XcodeDefault.xctoolchain/usr/bin/swiftc -parse-as-library -module-name CPIOArchiveKit -Onone @/Users/admin/builder/spi-builder-workspace/.derivedData/Build/Intermediates.noindex/CPIOArchiveKit.build/Debug-watchos/CPIOArchiveKit-t.build/Objects-normal/arm64/CPIOArchiveKit.SwiftFileList -DSWIFT_PACKAGE -DDEBUG -DSWIFT_MODULE_RESOURCE_BUNDLE_UNAVAILABLE -DXcode -plugin-path /Applications/Xcode-27.0.0-Release.Candidate.app/Contents/Developer/Toolchains/XcodeDefault.xctoolchain/usr/lib/swift/host/plugins/testing -enable-experimental-feature DebugDescriptionMacro -sdk /Applications/Xcode-27.0.0-Release.Candidate.app/Contents/Developer/Platforms/WatchOS.platform/Developer/SDKs/WatchOS27.0.sdk -target arm64-apple-watchos9.0 -g -module-cache-path /Users/admin/builder/spi-builder-workspace/.derivedData/ModuleCache.noindex -Xfrontend -serialize-debugging-options -profile-coverage-mapping -profile-generate -enable-testing -index-store-path /Users/admin/builder/spi-builder-workspace/.derivedData/Index.noindex/DataStore -Xcc -D_LIBCPP_HARDENING_MODE\=_LIBCPP_HARDENING_MODE_DEBUG -swift-version 5 -I /Users/admin/builder/spi-builder-workspace/.derivedData/Build/Products/Debug-watchos -Isystem /Applications/Xcode-27.0.0-Release.Candidate.app/Contents/Developer/Platforms/WatchOS.platform/Developer/usr/lib -F /Users/admin/builder/spi-builder-workspace/.derivedData/Build/Products/Debug-watchos -F /Applications/Xcode-27.0.0-Release.Candidate.app/Contents/Developer/Platforms/WatchOS.platform/Developer/Library/Frameworks -F /Applications/Xcode-27.0.0-Release.Candidate.app/Contents/Developer/Platforms/WatchOS.platform/Developer/SDKs/WatchOS27.0.sdk/Developer/Library/Frameworks -c -j10 -enable-batch-mode -incremental -Xcc -ivfsstatcache -Xcc /Users/admin/builder/spi-builder-workspace/.derivedData/SDKStatCaches.noindex/watchos27.0-24R360-e829b21a6f8c9b70876ba0858053c04477534ef55a1706bf4c1112bbb242f0a2.sdkstatcache -output-file-map /Users/admin/builder/spi-builder-workspace/.derivedData/Build/Intermediates.noindex/CPIOArchiveKit.build/Debug-watchos/CPIOArchiveKit-t.build/Objects-normal/arm64/CPIOArchiveKit-OutputFileMap.json -save-temps -no-color-diagnostics -explicit-module-build -module-cache-path /Users/admin/builder/spi-builder-workspace/.derivedData/Build/Intermediates.noindex/SwiftExplicitPrecompiledModules -clang-scanner-module-cache-path /Users/admin/builder/spi-builder-workspace/.derivedData/ModuleCache.noindex -sdk-module-cache-path /Users/admin/builder/spi-builder-workspace/.derivedData/SDKExplicitPrecompiledModules -emit-dependencies -emit-module -emit-module-path /Users/admin/builder/spi-builder-workspace/.derivedData/Build/Intermediates.noindex/CPIOArchiveKit.build/Debug-watchos/CPIOArchiveKit-t.build/Objects-normal/arm64/CPIOArchiveKit.swiftmodule -serialize-diagnostics -dependency-scan-serialize-diagnostics-path /Users/admin/builder/spi-builder-workspace/.derivedData/Build/Intermediates.noindex/CPIOArchiveKit.build/Debug-watchos/CPIOArchiveKit-t.build/Objects-normal/arm64/CPIOArchiveKit-dependency-scan.dia -validate-clang-modules-once -clang-build-session-file /Users/admin/builder/spi-builder-workspace/.derivedData/ModuleCache.noindex/Session.modulevalidation -Xcc -fmodules-prune-interval\=86400 -Xcc -fmodules-prune-after\=345600 -emit-const-values -const-gather-protocols-list /Users/admin/builder/spi-builder-workspace/.derivedData/Build/Intermediates.noindex/CPIOArchiveKit.build/Debug-watchos/CPIOArchiveKit-t.build/Objects-normal/arm64/CPIOArchiveKit_const_extract_protocols.json -Xcc -I/Users/admin/builder/spi-builder-workspace/.derivedData/Build/Products/Debug-watchos/include -Xcc -I/Users/admin/builder/spi-builder-workspace/.derivedData/Build/Intermediates.noindex/CPIOArchiveKit.build/Debug-watchos/CPIOArchiveKit-t.build/DerivedSources-normal/arm64 -Xcc -I/Users/admin/builder/spi-builder-workspace/.derivedData/Build/Intermediates.noindex/CPIOArchiveKit.build/Debug-watchos/CPIOArchiveKit-t.build/DerivedSources/arm64 -Xcc -I/Users/admin/builder/spi-builder-workspace/.derivedData/Build/Intermediates.noindex/CPIOArchiveKit.build/Debug-watchos/CPIOArchiveKit-t.build/DerivedSources -Xcc -DSWIFT_PACKAGE -Xcc -DDEBUG\=1 -emit-objc-header -emit-objc-header-path /Users/admin/builder/spi-builder-workspace/.derivedData/Build/Intermediates.noindex/CPIOArchiveKit.build/Debug-watchos/CPIOArchiveKit-t.build/Objects-normal/arm64/CPIOArchiveKit-Swift.h -working-directory /Users/admin/builder/spi-builder-workspace/.swiftpm/xcode -experimental-emit-module-separately -disable-cmo
SwiftExplicitDependencyGeneratePcm arm64 /Users/admin/builder/spi-builder-workspace/.derivedData/SDKExplicitPrecompiledModules/_SwiftConcurrencyShims-659N52XSKR5F0QSB880BH2FJR.pcm
SwiftExplicitDependencyGeneratePcm arm64_32 /Users/admin/builder/spi-builder-workspace/.derivedData/SDKExplicitPrecompiledModules/SwiftShims-9CQQGWTSNTN9EB5NSHDWUJICH.pcm
SwiftExplicitDependencyGeneratePcm arm64 /Users/admin/builder/spi-builder-workspace/.derivedData/SDKExplicitPrecompiledModules/SwiftShims-4MXFZPV6FEB0XBYXCGPWAMQGL.pcm
SwiftExplicitDependencyGeneratePcm arm64_32 /Users/admin/builder/spi-builder-workspace/.derivedData/SDKExplicitPrecompiledModules/_SwiftConcurrencyShims-6RTBPQ03V7BM9SPRK8SUE055H.pcm
SwiftEmitModule normal arm64 Emitting\ module\ for\ CPIOArchiveKit (in target 'CPIOArchiveKit' from project 'CPIOArchiveKit')
SwiftCompile normal arm64 (in target 'CPIOArchiveKit' from project 'CPIOArchiveKit')
cd /Users/admin/builder/spi-builder-workspace/.swiftpm/xcode
SwiftCompile normal arm64 Compiling\ Errors.swift /Users/admin/builder/spi-builder-workspace/Sources/CPIOArchiveKit/Errors.swift (in target 'CPIOArchiveKit' from project 'CPIOArchiveKit')
SwiftCompile normal arm64 /Users/admin/builder/spi-builder-workspace/Sources/CPIOArchiveKit/Errors.swift (in target 'CPIOArchiveKit' from project 'CPIOArchiveKit')
cd /Users/admin/builder/spi-builder-workspace/.swiftpm/xcode
builtin-SwiftPerFileCompile Errors.swift
SwiftCompile normal arm64 Compiling\ Checksum.swift /Users/admin/builder/spi-builder-workspace/Sources/CPIOArchiveKit/Checksum.swift (in target 'CPIOArchiveKit' from project 'CPIOArchiveKit')
SwiftCompile normal arm64 /Users/admin/builder/spi-builder-workspace/Sources/CPIOArchiveKit/Checksum.swift (in target 'CPIOArchiveKit' from project 'CPIOArchiveKit')
cd /Users/admin/builder/spi-builder-workspace/.swiftpm/xcode
builtin-SwiftPerFileCompile Checksum.swift
SwiftCompile normal arm64 Compiling\ CPIOArchiveType.swift /Users/admin/builder/spi-builder-workspace/Sources/CPIOArchiveKit/CPIOArchiveType.swift (in target 'CPIOArchiveKit' from project 'CPIOArchiveKit')
SwiftCompile normal arm64 /Users/admin/builder/spi-builder-workspace/Sources/CPIOArchiveKit/CPIOArchiveType.swift (in target 'CPIOArchiveKit' from project 'CPIOArchiveKit')
cd /Users/admin/builder/spi-builder-workspace/.swiftpm/xcode
builtin-SwiftPerFileCompile CPIOArchiveType.swift
SwiftCompile normal arm64 Compiling\ CPIOArchiveReader.swift /Users/admin/builder/spi-builder-workspace/Sources/CPIOArchiveKit/CPIOArchiveReader.swift (in target 'CPIOArchiveKit' from project 'CPIOArchiveKit')
SwiftCompile normal arm64 /Users/admin/builder/spi-builder-workspace/Sources/CPIOArchiveKit/CPIOArchiveReader.swift (in target 'CPIOArchiveKit' from project 'CPIOArchiveKit')
cd /Users/admin/builder/spi-builder-workspace/.swiftpm/xcode
builtin-SwiftPerFileCompile CPIOArchiveReader.swift
SwiftCompile normal arm64 Compiling\ Extensions.swift /Users/admin/builder/spi-builder-workspace/Sources/CPIOArchiveKit/Extensions.swift (in target 'CPIOArchiveKit' from project 'CPIOArchiveKit')
SwiftCompile normal arm64 /Users/admin/builder/spi-builder-workspace/Sources/CPIOArchiveKit/Extensions.swift (in target 'CPIOArchiveKit' from project 'CPIOArchiveKit')
cd /Users/admin/builder/spi-builder-workspace/.swiftpm/xcode
builtin-SwiftPerFileCompile Extensions.swift
SwiftCompile normal arm64 Compiling\ CPIOArchiveWriter.swift /Users/admin/builder/spi-builder-workspace/Sources/CPIOArchiveKit/CPIOArchiveWriter.swift (in target 'CPIOArchiveKit' from project 'CPIOArchiveKit')
SwiftCompile normal arm64 /Users/admin/builder/spi-builder-workspace/Sources/CPIOArchiveKit/CPIOArchiveWriter.swift (in target 'CPIOArchiveKit' from project 'CPIOArchiveKit')
cd /Users/admin/builder/spi-builder-workspace/.swiftpm/xcode
builtin-SwiftPerFileCompile CPIOArchiveWriter.swift
SwiftCompile normal arm64 Compiling\ FileType.swift /Users/admin/builder/spi-builder-workspace/Sources/CPIOArchiveKit/FileType.swift (in target 'CPIOArchiveKit' from project 'CPIOArchiveKit')
SwiftCompile normal arm64 /Users/admin/builder/spi-builder-workspace/Sources/CPIOArchiveKit/FileType.swift (in target 'CPIOArchiveKit' from project 'CPIOArchiveKit')
cd /Users/admin/builder/spi-builder-workspace/.swiftpm/xcode
builtin-SwiftPerFileCompile FileType.swift
SwiftCompile normal arm64 Compiling\ Constants.swift /Users/admin/builder/spi-builder-workspace/Sources/CPIOArchiveKit/Constants.swift (in target 'CPIOArchiveKit' from project 'CPIOArchiveKit')
SwiftCompile normal arm64 /Users/admin/builder/spi-builder-workspace/Sources/CPIOArchiveKit/Constants.swift (in target 'CPIOArchiveKit' from project 'CPIOArchiveKit')
cd /Users/admin/builder/spi-builder-workspace/.swiftpm/xcode
builtin-SwiftPerFileCompile Constants.swift
SwiftCompile normal arm64 Compiling\ Header.swift /Users/admin/builder/spi-builder-workspace/Sources/CPIOArchiveKit/Header.swift (in target 'CPIOArchiveKit' from project 'CPIOArchiveKit')
SwiftCompile normal arm64 /Users/admin/builder/spi-builder-workspace/Sources/CPIOArchiveKit/Header.swift (in target 'CPIOArchiveKit' from project 'CPIOArchiveKit')
cd /Users/admin/builder/spi-builder-workspace/.swiftpm/xcode
builtin-SwiftPerFileCompile Header.swift
SwiftEmitModule normal arm64_32 Emitting\ module\ for\ CPIOArchiveKit (in target 'CPIOArchiveKit' from project 'CPIOArchiveKit')
/Users/admin/builder/spi-builder-workspace/Sources/CPIOArchiveKit/Constants.swift:12:27: error: integer literal '4294967295' overflows when stored into 'Int'
10 | static let headerLength = 110
11 | static let nameSize = 4096
12 | static let MaxFileSize = 4294967295
| `- error: integer literal '4294967295' overflows when stored into 'Int'
13 | static let trailer = "TRAILER!!!"
14 | }
Failed frontend command:
/Applications/Xcode-27.0.0-Release.Candidate.app/Contents/Developer/Toolchains/XcodeDefault.xctoolchain/usr/bin/swift-frontend -frontend -emit-module -experimental-skip-non-inlinable-function-bodies-without-types /Users/admin/builder/spi-builder-workspace/Sources/CPIOArchiveKit/CPIOArchiveReader.swift /Users/admin/builder/spi-builder-workspace/Sources/CPIOArchiveKit/CPIOArchiveType.swift /Users/admin/builder/spi-builder-workspace/Sources/CPIOArchiveKit/CPIOArchiveWriter.swift /Users/admin/builder/spi-builder-workspace/Sources/CPIOArchiveKit/Checksum.swift /Users/admin/builder/spi-builder-workspace/Sources/CPIOArchiveKit/Constants.swift /Users/admin/builder/spi-builder-workspace/Sources/CPIOArchiveKit/Errors.swift /Users/admin/builder/spi-builder-workspace/Sources/CPIOArchiveKit/Extensions.swift /Users/admin/builder/spi-builder-workspace/Sources/CPIOArchiveKit/FileType.swift /Users/admin/builder/spi-builder-workspace/Sources/CPIOArchiveKit/Header.swift /Users/admin/builder/spi-builder-workspace/Sources/CPIOArchiveKit/Operators.swift -target arm64_32-apple-watchos9.0 -disable-cross-import-overlay-search -load-resolved-plugin /Applications/Xcode-27.0.0-Release.Candidate.app/Contents/Developer/Platforms/WatchOS.platform/Developer/usr/lib/swift/host/plugins/libSwiftMacros.dylib\#/Applications/Xcode-27.0.0-Release.Candidate.app/Contents/Developer/Platforms/WatchOS.platform/Developer/usr/bin/swift-plugin-server\#SwiftMacros -disable-implicit-swift-modules -Xcc -fno-implicit-modules -Xcc -fno-implicit-module-maps -explicit-swift-module-map-file /Users/admin/builder/spi-builder-workspace/.derivedData/Build/Intermediates.noindex/CPIOArchiveKit.build/Debug-watchos/CPIOArchiveKit-t.build/Objects-normal/arm64_32/CPIOArchiveKit-dependencies-2.json -enable-objc-interop -sdk /Applications/Xcode-27.0.0-Release.Candidate.app/Contents/Developer/Platforms/WatchOS.platform/Developer/SDKs/WatchOS27.0.sdk -I /Users/admin/builder/spi-builder-workspace/.derivedData/Build/Products/Debug-watchos -Isystem /Applications/Xcode-27.0.0-Release.Candidate.app/Contents/Developer/Platforms/WatchOS.platform/Developer/usr/lib -F /Users/admin/builder/spi-builder-workspace/.derivedData/Build/Products/Debug-watchos -F /Applications/Xcode-27.0.0-Release.Candidate.app/Contents/Developer/Platforms/WatchOS.platform/Developer/Library/Frameworks -F /Applications/Xcode-27.0.0-Release.Candidate.app/Contents/Developer/Platforms/WatchOS.platform/Developer/SDKs/WatchOS27.0.sdk/Developer/Library/Frameworks -module-cache-path /Users/admin/builder/spi-builder-workspace/.derivedData/Build/Intermediates.noindex/SwiftExplicitPrecompiledModules -no-color-diagnostics -Xcc -fno-color-diagnostics -enable-testing -g -debug-info-format\=dwarf -dwarf-version\=4 -profile-generate -profile-coverage-mapping -swift-version 5 -Onone -D SWIFT_PACKAGE -D DEBUG -D SWIFT_MODULE_RESOURCE_BUNDLE_UNAVAILABLE -D Xcode -serialize-debugging-options -enable-experimental-feature DebugDescriptionMacro -empty-abi-descriptor -validate-clang-modules-once -clang-build-session-file /Users/admin/builder/spi-builder-workspace/.derivedData/ModuleCache.noindex/Session.modulevalidation -Xcc -working-directory -Xcc /Users/admin/builder/spi-builder-workspace/.swiftpm/xcode -enable-anonymous-context-mangled-names -file-compilation-dir /Users/admin/builder/spi-builder-workspace/.swiftpm/xcode -Xcc -D_LIBCPP_HARDENING_MODE\=_LIBCPP_HARDENING_MODE_DEBUG -Xcc -ivfsstatcache -Xcc /Users/admin/builder/spi-builder-workspace/.derivedData/SDKStatCaches.noindex/watchos27.0-24R360-e829b21a6f8c9b70876ba0858053c04477534ef55a1706bf4c1112bbb242f0a2.sdkstatcache -Xcc -fmodules-prune-interval\=86400 -Xcc -fmodules-prune-after\=345600 -Xcc -I/Users/admin/builder/spi-builder-workspace/.derivedData/Build/Products/Debug-watchos/include -Xcc -I/Users/admin/builder/spi-builder-workspace/.derivedData/Build/Intermediates.noindex/CPIOArchiveKit.build/Debug-watchos/CPIOArchiveKit-t.build/DerivedSources-normal/arm64_32 -Xcc -I/Users/admin/builder/spi-builder-workspace/.derivedData/Build/Intermediates.noindex/CPIOArchiveKit.build/Debug-watchos/CPIOArchiveKit-t.build/DerivedSources/arm64_32 -Xcc -I/Users/admin/builder/spi-builder-workspace/.derivedData/Build/Intermediates.noindex/CPIOArchiveKit.build/Debug-watchos/CPIOArchiveKit-t.build/DerivedSources -Xcc -DSWIFT_PACKAGE -Xcc -DDEBUG\=1 -no-auto-bridging-header-chaining -module-name CPIOArchiveKit -const-gather-protocols-file /Users/admin/builder/spi-builder-workspace/.derivedData/Build/Intermediates.noindex/CPIOArchiveKit.build/Debug-watchos/CPIOArchiveKit-t.build/Objects-normal/arm64_32/CPIOArchiveKit_const_extract_protocols.json -disable-clang-spi -clang-target arm64_32-apple-watchos27.0 -target-sdk-version 27.0 -target-sdk-name watchos27.0 -in-process-plugin-server-path /Applications/Xcode-27.0.0-Release.Candidate.app/Contents/Developer/Toolchains/XcodeDefault.xctoolchain/usr/lib/swift/host/libSwiftInProcPluginServer.dylib -emit-module-doc-path /Users/admin/builder/spi-builder-workspace/.derivedData/Build/Intermediates.noindex/CPIOArchiveKit.build/Debug-watchos/CPIOArchiveKit-t.build/Objects-normal/arm64_32/CPIOArchiveKit.swiftdoc -emit-module-source-info-path /Users/admin/builder/spi-builder-workspace/.derivedData/Build/Intermediates.noindex/CPIOArchiveKit.build/Debug-watchos/CPIOArchiveKit-t.build/Objects-normal/arm64_32/CPIOArchiveKit.swiftsourceinfo -emit-objc-header-path /Users/admin/builder/spi-builder-workspace/.derivedData/Build/Intermediates.noindex/CPIOArchiveKit.build/Debug-watchos/CPIOArchiveKit-t.build/Objects-normal/arm64_32/CPIOArchiveKit-Swift.h -serialize-diagnostics-path /Users/admin/builder/spi-builder-workspace/.derivedData/Build/Intermediates.noindex/CPIOArchiveKit.build/Debug-watchos/CPIOArchiveKit-t.build/Objects-normal/arm64_32/CPIOArchiveKit-primary-emit-module.dia -emit-dependencies-path /Users/admin/builder/spi-builder-workspace/.derivedData/Build/Intermediates.noindex/CPIOArchiveKit.build/Debug-watchos/CPIOArchiveKit-t.build/Objects-normal/arm64_32/CPIOArchiveKit-primary-emit-module.d -parse-as-library -o /Users/admin/builder/spi-builder-workspace/.derivedData/Build/Intermediates.noindex/CPIOArchiveKit.build/Debug-watchos/CPIOArchiveKit-t.build/Objects-normal/arm64_32/CPIOArchiveKit.swiftmodule -emit-abi-descriptor-path /Users/admin/builder/spi-builder-workspace/.derivedData/Build/Intermediates.noindex/CPIOArchiveKit.build/Debug-watchos/CPIOArchiveKit-t.build/Objects-normal/arm64_32/CPIOArchiveKit.abi.json
SwiftCompile normal arm64_32 (in target 'CPIOArchiveKit' from project 'CPIOArchiveKit')
cd /Users/admin/builder/spi-builder-workspace/.swiftpm/xcode
SwiftDriverJobDiscovery normal arm64 Emitting module for CPIOArchiveKit (in target 'CPIOArchiveKit' from project 'CPIOArchiveKit')
SwiftDriver\ Compilation\ Requirements CPIOArchiveKit normal arm64 com.apple.xcode.tools.swift.compiler (in target 'CPIOArchiveKit' from project 'CPIOArchiveKit')
cd /Users/admin/builder/spi-builder-workspace/.swiftpm/xcode
builtin-Swift-Compilation-Requirements -- /Applications/Xcode-27.0.0-Release.Candidate.app/Contents/Developer/Toolchains/XcodeDefault.xctoolchain/usr/bin/swiftc -parse-as-library -module-name CPIOArchiveKit -Onone @/Users/admin/builder/spi-builder-workspace/.derivedData/Build/Intermediates.noindex/CPIOArchiveKit.build/Debug-watchos/CPIOArchiveKit-t.build/Objects-normal/arm64/CPIOArchiveKit.SwiftFileList -DSWIFT_PACKAGE -DDEBUG -DSWIFT_MODULE_RESOURCE_BUNDLE_UNAVAILABLE -DXcode -plugin-path /Applications/Xcode-27.0.0-Release.Candidate.app/Contents/Developer/Toolchains/XcodeDefault.xctoolchain/usr/lib/swift/host/plugins/testing -enable-experimental-feature DebugDescriptionMacro -sdk /Applications/Xcode-27.0.0-Release.Candidate.app/Contents/Developer/Platforms/WatchOS.platform/Developer/SDKs/WatchOS27.0.sdk -target arm64-apple-watchos9.0 -g -module-cache-path /Users/admin/builder/spi-builder-workspace/.derivedData/ModuleCache.noindex -Xfrontend -serialize-debugging-options -profile-coverage-mapping -profile-generate -enable-testing -index-store-path /Users/admin/builder/spi-builder-workspace/.derivedData/Index.noindex/DataStore -Xcc -D_LIBCPP_HARDENING_MODE\=_LIBCPP_HARDENING_MODE_DEBUG -swift-version 5 -I /Users/admin/builder/spi-builder-workspace/.derivedData/Build/Products/Debug-watchos -Isystem /Applications/Xcode-27.0.0-Release.Candidate.app/Contents/Developer/Platforms/WatchOS.platform/Developer/usr/lib -F /Users/admin/builder/spi-builder-workspace/.derivedData/Build/Products/Debug-watchos -F /Applications/Xcode-27.0.0-Release.Candidate.app/Contents/Developer/Platforms/WatchOS.platform/Developer/Library/Frameworks -F /Applications/Xcode-27.0.0-Release.Candidate.app/Contents/Developer/Platforms/WatchOS.platform/Developer/SDKs/WatchOS27.0.sdk/Developer/Library/Frameworks -c -j10 -enable-batch-mode -incremental -Xcc -ivfsstatcache -Xcc /Users/admin/builder/spi-builder-workspace/.derivedData/SDKStatCaches.noindex/watchos27.0-24R360-e829b21a6f8c9b70876ba0858053c04477534ef55a1706bf4c1112bbb242f0a2.sdkstatcache -output-file-map /Users/admin/builder/spi-builder-workspace/.derivedData/Build/Intermediates.noindex/CPIOArchiveKit.build/Debug-watchos/CPIOArchiveKit-t.build/Objects-normal/arm64/CPIOArchiveKit-OutputFileMap.json -save-temps -no-color-diagnostics -explicit-module-build -module-cache-path /Users/admin/builder/spi-builder-workspace/.derivedData/Build/Intermediates.noindex/SwiftExplicitPrecompiledModules -clang-scanner-module-cache-path /Users/admin/builder/spi-builder-workspace/.derivedData/ModuleCache.noindex -sdk-module-cache-path /Users/admin/builder/spi-builder-workspace/.derivedData/SDKExplicitPrecompiledModules -emit-dependencies -emit-module -emit-module-path /Users/admin/builder/spi-builder-workspace/.derivedData/Build/Intermediates.noindex/CPIOArchiveKit.build/Debug-watchos/CPIOArchiveKit-t.build/Objects-normal/arm64/CPIOArchiveKit.swiftmodule -serialize-diagnostics -dependency-scan-serialize-diagnostics-path /Users/admin/builder/spi-builder-workspace/.derivedData/Build/Intermediates.noindex/CPIOArchiveKit.build/Debug-watchos/CPIOArchiveKit-t.build/Objects-normal/arm64/CPIOArchiveKit-dependency-scan.dia -validate-clang-modules-once -clang-build-session-file /Users/admin/builder/spi-builder-workspace/.derivedData/ModuleCache.noindex/Session.modulevalidation -Xcc -fmodules-prune-interval\=86400 -Xcc -fmodules-prune-after\=345600 -emit-const-values -const-gather-protocols-list /Users/admin/builder/spi-builder-workspace/.derivedData/Build/Intermediates.noindex/CPIOArchiveKit.build/Debug-watchos/CPIOArchiveKit-t.build/Objects-normal/arm64/CPIOArchiveKit_const_extract_protocols.json -Xcc -I/Users/admin/builder/spi-builder-workspace/.derivedData/Build/Products/Debug-watchos/include -Xcc -I/Users/admin/builder/spi-builder-workspace/.derivedData/Build/Intermediates.noindex/CPIOArchiveKit.build/Debug-watchos/CPIOArchiveKit-t.build/DerivedSources-normal/arm64 -Xcc -I/Users/admin/builder/spi-builder-workspace/.derivedData/Build/Intermediates.noindex/CPIOArchiveKit.build/Debug-watchos/CPIOArchiveKit-t.build/DerivedSources/arm64 -Xcc -I/Users/admin/builder/spi-builder-workspace/.derivedData/Build/Intermediates.noindex/CPIOArchiveKit.build/Debug-watchos/CPIOArchiveKit-t.build/DerivedSources -Xcc -DSWIFT_PACKAGE -Xcc -DDEBUG\=1 -emit-objc-header -emit-objc-header-path /Users/admin/builder/spi-builder-workspace/.derivedData/Build/Intermediates.noindex/CPIOArchiveKit.build/Debug-watchos/CPIOArchiveKit-t.build/Objects-normal/arm64/CPIOArchiveKit-Swift.h -working-directory /Users/admin/builder/spi-builder-workspace/.swiftpm/xcode -experimental-emit-module-separately -disable-cmo
PruneExplicitPrecompiledModules /Users/admin/builder/spi-builder-workspace/.derivedData/Build/Intermediates.noindex/ExplicitPrecompiledModules
PruneExplicitPrecompiledModules /Users/admin/builder/spi-builder-workspace/.derivedData/SDKExplicitPrecompiledModules
PruneExplicitPrecompiledModules /Users/admin/builder/spi-builder-workspace/.derivedData/Build/Intermediates.noindex/SwiftExplicitPrecompiledModules
2026-09-17 15:39:45.960 xcodebuild[627:4003] [MT] IDERunDestination: Supported platforms for the buildables in the current scheme is empty.
** BUILD FAILED **
The following build commands failed:
SwiftEmitModule normal arm64_32 Emitting\ module\ for\ CPIOArchiveKit (in target 'CPIOArchiveKit' from project 'CPIOArchiveKit')
SwiftCompile normal arm64_32 (in target 'CPIOArchiveKit' from project 'CPIOArchiveKit')
Building workspace CPIOArchiveKit with scheme CPIOArchiveKit
(3 failures)
Command line invocation:
/Applications/Xcode-27.0.0-Release.Candidate.app/Contents/Developer/usr/bin/xcodebuild -IDEClonedSourcePackagesDirPathOverride=/Users/admin/builder/spi-builder-workspace/.dependencies -resolvePackageDependencies
Resolve Package Graph
Resolved source packages:
CPIOArchiveKit: /Users/admin/builder/spi-builder-workspace
resolved source packages: CPIOArchiveKit
2026-09-17 15:39:49.026 xcodebuild[681:4376] [MT] IDERunDestination: Supported platforms for the buildables in the current scheme is empty.
{
"dependencies" : [
],
"manifest_display_name" : "CPIOArchiveKit",
"name" : "CPIOArchiveKit",
"path" : "/Users/admin/builder/spi-builder-workspace",
"platforms" : [
{
"name" : "macos",
"version" : "10.15"
},
{
"name" : "ios",
"version" : "13.0"
},
{
"name" : "tvos",
"version" : "12.0"
},
{
"name" : "watchos",
"version" : "7.0"
}
],
"products" : [
{
"name" : "CPIOArchiveKit",
"targets" : [
"CPIOArchiveKit"
],
"type" : {
"library" : [
"automatic"
]
}
}
],
"targets" : [
{
"c99name" : "CPIOArchiveKitTests",
"module_type" : "SwiftTarget",
"name" : "CPIOArchiveKitTests",
"path" : "Tests/CPIOArchiveKitTests",
"resources" : [
{
"path" : "/Users/admin/builder/spi-builder-workspace/Tests/CPIOArchiveKitTests/test-files",
"rule" : {
"copy" : {
}
}
}
],
"sources" : [
"CPIOArchiveKitTests.swift",
"XCTestManifests.swift"
],
"target_dependencies" : [
"CPIOArchiveKit"
],
"type" : "test"
},
{
"c99name" : "CPIOArchiveKit",
"module_type" : "SwiftTarget",
"name" : "CPIOArchiveKit",
"path" : "Sources/CPIOArchiveKit",
"product_memberships" : [
"CPIOArchiveKit"
],
"sources" : [
"CPIOArchiveReader.swift",
"CPIOArchiveType.swift",
"CPIOArchiveWriter.swift",
"Checksum.swift",
"Constants.swift",
"Errors.swift",
"Extensions.swift",
"FileType.swift",
"Header.swift",
"Operators.swift"
],
"type" : "library"
}
],
"tools_version" : "5.3"
}
{
"workspace" : {
"name" : "CPIOArchiveKit",
"schemes" : [
"CPIOArchiveKit"
]
}
}
2026-09-17 15:39:50.279 xcodebuild[689:4435] [MT] IDERunDestination: Supported platforms for the buildables in the current scheme is empty.
Running build ...
env DEVELOPER_DIR=/Applications/Xcode-27.0.0-Release.Candidate.app xcrun xcodebuild -IDEClonedSourcePackagesDirPathOverride=$PWD/.dependencies -skipMacroValidation -skipPackagePluginValidation -derivedDataPath $PWD/.derivedData build -scheme CPIOArchiveKit -destination generic/platform=watchOS
Command line invocation:
/Applications/Xcode-27.0.0-Release.Candidate.app/Contents/Developer/usr/bin/xcodebuild -IDEClonedSourcePackagesDirPathOverride=/Users/admin/builder/spi-builder-workspace/.dependencies -skipMacroValidation -skipPackagePluginValidation -derivedDataPath /Users/admin/builder/spi-builder-workspace/.derivedData build -scheme CPIOArchiveKit -destination generic/platform=watchOS
Resolve Package Graph
Resolved source packages:
CPIOArchiveKit: /Users/admin/builder/spi-builder-workspace
ComputePackagePrebuildTargetDependencyGraph
Prepare packages
CreateBuildRequest
SendProjectDescription
CreateBuildOperation
ComputeTargetDependencyGraph
note: Building targets in dependency order
note: Target dependency graph (2 targets)
Target 'CPIOArchiveKit-product' in project 'CPIOArchiveKit'
➜ Explicit dependency on target 'CPIOArchiveKit' in project 'CPIOArchiveKit'
Target 'CPIOArchiveKit' in project 'CPIOArchiveKit' (no dependencies)
GatherProvisioningInputs
CreateBuildDescription
ClangStatCache /Applications/Xcode-27.0.0-Release.Candidate.app/Contents/Developer/Toolchains/XcodeDefault.xctoolchain/usr/bin/clang-stat-cache /Applications/Xcode-27.0.0-Release.Candidate.app/Contents/Developer/Platforms/WatchOS.platform/Developer/SDKs/WatchOS27.0.sdk /Users/admin/builder/spi-builder-workspace/.derivedData/SDKStatCaches.noindex/watchos27.0-24R360-e829b21a6f8c9b70876ba0858053c04477534ef55a1706bf4c1112bbb242f0a2.sdkstatcache
cd /Users/admin/builder/spi-builder-workspace/.swiftpm/xcode
/Applications/Xcode-27.0.0-Release.Candidate.app/Contents/Developer/Toolchains/XcodeDefault.xctoolchain/usr/bin/clang-stat-cache /Applications/Xcode-27.0.0-Release.Candidate.app/Contents/Developer/Platforms/WatchOS.platform/Developer/SDKs/WatchOS27.0.sdk -o /Users/admin/builder/spi-builder-workspace/.derivedData/SDKStatCaches.noindex/watchos27.0-24R360-e829b21a6f8c9b70876ba0858053c04477534ef55a1706bf4c1112bbb242f0a2.sdkstatcache
SwiftDriver CPIOArchiveKit normal arm64 com.apple.xcode.tools.swift.compiler (in target 'CPIOArchiveKit' from project 'CPIOArchiveKit')
cd /Users/admin/builder/spi-builder-workspace/.swiftpm/xcode
builtin-SwiftDriver -- /Applications/Xcode-27.0.0-Release.Candidate.app/Contents/Developer/Toolchains/XcodeDefault.xctoolchain/usr/bin/swiftc -parse-as-library -module-name CPIOArchiveKit -Onone @/Users/admin/builder/spi-builder-workspace/.derivedData/Build/Intermediates.noindex/CPIOArchiveKit.build/Debug-watchos/CPIOArchiveKit-t.build/Objects-normal/arm64/CPIOArchiveKit.SwiftFileList -DSWIFT_PACKAGE -DDEBUG -DSWIFT_MODULE_RESOURCE_BUNDLE_UNAVAILABLE -DXcode -plugin-path /Applications/Xcode-27.0.0-Release.Candidate.app/Contents/Developer/Toolchains/XcodeDefault.xctoolchain/usr/lib/swift/host/plugins/testing -enable-experimental-feature DebugDescriptionMacro -sdk /Applications/Xcode-27.0.0-Release.Candidate.app/Contents/Developer/Platforms/WatchOS.platform/Developer/SDKs/WatchOS27.0.sdk -target arm64-apple-watchos9.0 -g -module-cache-path /Users/admin/builder/spi-builder-workspace/.derivedData/ModuleCache.noindex -Xfrontend -serialize-debugging-options -profile-coverage-mapping -profile-generate -enable-testing -index-store-path /Users/admin/builder/spi-builder-workspace/.derivedData/Index.noindex/DataStore -Xcc -D_LIBCPP_HARDENING_MODE\=_LIBCPP_HARDENING_MODE_DEBUG -swift-version 5 -I /Users/admin/builder/spi-builder-workspace/.derivedData/Build/Products/Debug-watchos -Isystem /Applications/Xcode-27.0.0-Release.Candidate.app/Contents/Developer/Platforms/WatchOS.platform/Developer/usr/lib -F /Users/admin/builder/spi-builder-workspace/.derivedData/Build/Products/Debug-watchos -F /Applications/Xcode-27.0.0-Release.Candidate.app/Contents/Developer/Platforms/WatchOS.platform/Developer/Library/Frameworks -F /Applications/Xcode-27.0.0-Release.Candidate.app/Contents/Developer/Platforms/WatchOS.platform/Developer/SDKs/WatchOS27.0.sdk/Developer/Library/Frameworks -c -j10 -enable-batch-mode -incremental -Xcc -ivfsstatcache -Xcc /Users/admin/builder/spi-builder-workspace/.derivedData/SDKStatCaches.noindex/watchos27.0-24R360-e829b21a6f8c9b70876ba0858053c04477534ef55a1706bf4c1112bbb242f0a2.sdkstatcache -output-file-map /Users/admin/builder/spi-builder-workspace/.derivedData/Build/Intermediates.noindex/CPIOArchiveKit.build/Debug-watchos/CPIOArchiveKit-t.build/Objects-normal/arm64/CPIOArchiveKit-OutputFileMap.json -save-temps -no-color-diagnostics -explicit-module-build -module-cache-path /Users/admin/builder/spi-builder-workspace/.derivedData/Build/Intermediates.noindex/SwiftExplicitPrecompiledModules -clang-scanner-module-cache-path /Users/admin/builder/spi-builder-workspace/.derivedData/ModuleCache.noindex -sdk-module-cache-path /Users/admin/builder/spi-builder-workspace/.derivedData/SDKExplicitPrecompiledModules -emit-dependencies -emit-module -emit-module-path /Users/admin/builder/spi-builder-workspace/.derivedData/Build/Intermediates.noindex/CPIOArchiveKit.build/Debug-watchos/CPIOArchiveKit-t.build/Objects-normal/arm64/CPIOArchiveKit.swiftmodule -serialize-diagnostics -dependency-scan-serialize-diagnostics-path /Users/admin/builder/spi-builder-workspace/.derivedData/Build/Intermediates.noindex/CPIOArchiveKit.build/Debug-watchos/CPIOArchiveKit-t.build/Objects-normal/arm64/CPIOArchiveKit-dependency-scan.dia -validate-clang-modules-once -clang-build-session-file /Users/admin/builder/spi-builder-workspace/.derivedData/ModuleCache.noindex/Session.modulevalidation -Xcc -fmodules-prune-interval\=86400 -Xcc -fmodules-prune-after\=345600 -emit-const-values -const-gather-protocols-list /Users/admin/builder/spi-builder-workspace/.derivedData/Build/Intermediates.noindex/CPIOArchiveKit.build/Debug-watchos/CPIOArchiveKit-t.build/Objects-normal/arm64/CPIOArchiveKit_const_extract_protocols.json -Xcc -I/Users/admin/builder/spi-builder-workspace/.derivedData/Build/Products/Debug-watchos/include -Xcc -I/Users/admin/builder/spi-builder-workspace/.derivedData/Build/Intermediates.noindex/CPIOArchiveKit.build/Debug-watchos/CPIOArchiveKit-t.build/DerivedSources-normal/arm64 -Xcc -I/Users/admin/builder/spi-builder-workspace/.derivedData/Build/Intermediates.noindex/CPIOArchiveKit.build/Debug-watchos/CPIOArchiveKit-t.build/DerivedSources/arm64 -Xcc -I/Users/admin/builder/spi-builder-workspace/.derivedData/Build/Intermediates.noindex/CPIOArchiveKit.build/Debug-watchos/CPIOArchiveKit-t.build/DerivedSources -Xcc -DSWIFT_PACKAGE -Xcc -DDEBUG\=1 -emit-objc-header -emit-objc-header-path /Users/admin/builder/spi-builder-workspace/.derivedData/Build/Intermediates.noindex/CPIOArchiveKit.build/Debug-watchos/CPIOArchiveKit-t.build/Objects-normal/arm64/CPIOArchiveKit-Swift.h -working-directory /Users/admin/builder/spi-builder-workspace/.swiftpm/xcode -experimental-emit-module-separately -disable-cmo
SwiftDriver CPIOArchiveKit normal arm64_32 com.apple.xcode.tools.swift.compiler (in target 'CPIOArchiveKit' from project 'CPIOArchiveKit')
cd /Users/admin/builder/spi-builder-workspace/.swiftpm/xcode
builtin-SwiftDriver -- /Applications/Xcode-27.0.0-Release.Candidate.app/Contents/Developer/Toolchains/XcodeDefault.xctoolchain/usr/bin/swiftc -parse-as-library -module-name CPIOArchiveKit -Onone @/Users/admin/builder/spi-builder-workspace/.derivedData/Build/Intermediates.noindex/CPIOArchiveKit.build/Debug-watchos/CPIOArchiveKit-t.build/Objects-normal/arm64_32/CPIOArchiveKit.SwiftFileList -DSWIFT_PACKAGE -DDEBUG -DSWIFT_MODULE_RESOURCE_BUNDLE_UNAVAILABLE -DXcode -plugin-path /Applications/Xcode-27.0.0-Release.Candidate.app/Contents/Developer/Toolchains/XcodeDefault.xctoolchain/usr/lib/swift/host/plugins/testing -enable-experimental-feature DebugDescriptionMacro -sdk /Applications/Xcode-27.0.0-Release.Candidate.app/Contents/Developer/Platforms/WatchOS.platform/Developer/SDKs/WatchOS27.0.sdk -target arm64_32-apple-watchos9.0 -g -module-cache-path /Users/admin/builder/spi-builder-workspace/.derivedData/ModuleCache.noindex -Xfrontend -serialize-debugging-options -profile-coverage-mapping -profile-generate -enable-testing -index-store-path /Users/admin/builder/spi-builder-workspace/.derivedData/Index.noindex/DataStore -Xcc -D_LIBCPP_HARDENING_MODE\=_LIBCPP_HARDENING_MODE_DEBUG -swift-version 5 -I /Users/admin/builder/spi-builder-workspace/.derivedData/Build/Products/Debug-watchos -Isystem /Applications/Xcode-27.0.0-Release.Candidate.app/Contents/Developer/Platforms/WatchOS.platform/Developer/usr/lib -F /Users/admin/builder/spi-builder-workspace/.derivedData/Build/Products/Debug-watchos -F /Applications/Xcode-27.0.0-Release.Candidate.app/Contents/Developer/Platforms/WatchOS.platform/Developer/Library/Frameworks -F /Applications/Xcode-27.0.0-Release.Candidate.app/Contents/Developer/Platforms/WatchOS.platform/Developer/SDKs/WatchOS27.0.sdk/Developer/Library/Frameworks -c -j10 -enable-batch-mode -incremental -Xcc -ivfsstatcache -Xcc /Users/admin/builder/spi-builder-workspace/.derivedData/SDKStatCaches.noindex/watchos27.0-24R360-e829b21a6f8c9b70876ba0858053c04477534ef55a1706bf4c1112bbb242f0a2.sdkstatcache -output-file-map /Users/admin/builder/spi-builder-workspace/.derivedData/Build/Intermediates.noindex/CPIOArchiveKit.build/Debug-watchos/CPIOArchiveKit-t.build/Objects-normal/arm64_32/CPIOArchiveKit-OutputFileMap.json -save-temps -no-color-diagnostics -explicit-module-build -module-cache-path /Users/admin/builder/spi-builder-workspace/.derivedData/Build/Intermediates.noindex/SwiftExplicitPrecompiledModules -clang-scanner-module-cache-path /Users/admin/builder/spi-builder-workspace/.derivedData/ModuleCache.noindex -sdk-module-cache-path /Users/admin/builder/spi-builder-workspace/.derivedData/SDKExplicitPrecompiledModules -emit-dependencies -emit-module -emit-module-path /Users/admin/builder/spi-builder-workspace/.derivedData/Build/Intermediates.noindex/CPIOArchiveKit.build/Debug-watchos/CPIOArchiveKit-t.build/Objects-normal/arm64_32/CPIOArchiveKit.swiftmodule -serialize-diagnostics -dependency-scan-serialize-diagnostics-path /Users/admin/builder/spi-builder-workspace/.derivedData/Build/Intermediates.noindex/CPIOArchiveKit.build/Debug-watchos/CPIOArchiveKit-t.build/Objects-normal/arm64_32/CPIOArchiveKit-dependency-scan.dia -validate-clang-modules-once -clang-build-session-file /Users/admin/builder/spi-builder-workspace/.derivedData/ModuleCache.noindex/Session.modulevalidation -Xcc -fmodules-prune-interval\=86400 -Xcc -fmodules-prune-after\=345600 -emit-const-values -const-gather-protocols-list /Users/admin/builder/spi-builder-workspace/.derivedData/Build/Intermediates.noindex/CPIOArchiveKit.build/Debug-watchos/CPIOArchiveKit-t.build/Objects-normal/arm64_32/CPIOArchiveKit_const_extract_protocols.json -Xcc -I/Users/admin/builder/spi-builder-workspace/.derivedData/Build/Products/Debug-watchos/include -Xcc -I/Users/admin/builder/spi-builder-workspace/.derivedData/Build/Intermediates.noindex/CPIOArchiveKit.build/Debug-watchos/CPIOArchiveKit-t.build/DerivedSources-normal/arm64_32 -Xcc -I/Users/admin/builder/spi-builder-workspace/.derivedData/Build/Intermediates.noindex/CPIOArchiveKit.build/Debug-watchos/CPIOArchiveKit-t.build/DerivedSources/arm64_32 -Xcc -I/Users/admin/builder/spi-builder-workspace/.derivedData/Build/Intermediates.noindex/CPIOArchiveKit.build/Debug-watchos/CPIOArchiveKit-t.build/DerivedSources -Xcc -DSWIFT_PACKAGE -Xcc -DDEBUG\=1 -emit-objc-header -emit-objc-header-path /Users/admin/builder/spi-builder-workspace/.derivedData/Build/Intermediates.noindex/CPIOArchiveKit.build/Debug-watchos/CPIOArchiveKit-t.build/Objects-normal/arm64_32/CPIOArchiveKit-Swift.h -working-directory /Users/admin/builder/spi-builder-workspace/.swiftpm/xcode -experimental-emit-module-separately -disable-cmo
SwiftEmitModule normal arm64_32 Emitting\ module\ for\ CPIOArchiveKit (in target 'CPIOArchiveKit' from project 'CPIOArchiveKit')
SwiftCompile normal arm64_32 (in target 'CPIOArchiveKit' from project 'CPIOArchiveKit')
cd /Users/admin/builder/spi-builder-workspace/.swiftpm/xcode
/Users/admin/builder/spi-builder-workspace/Sources/CPIOArchiveKit/Constants.swift:12:27: error: integer literal '4294967295' overflows when stored into 'Int'
10 | static let headerLength = 110
11 | static let nameSize = 4096
12 | static let MaxFileSize = 4294967295
| `- error: integer literal '4294967295' overflows when stored into 'Int'
13 | static let trailer = "TRAILER!!!"
14 | }
Failed frontend command:
/Applications/Xcode-27.0.0-Release.Candidate.app/Contents/Developer/Toolchains/XcodeDefault.xctoolchain/usr/bin/swift-frontend -frontend -emit-module -experimental-skip-non-inlinable-function-bodies-without-types /Users/admin/builder/spi-builder-workspace/Sources/CPIOArchiveKit/CPIOArchiveReader.swift /Users/admin/builder/spi-builder-workspace/Sources/CPIOArchiveKit/CPIOArchiveType.swift /Users/admin/builder/spi-builder-workspace/Sources/CPIOArchiveKit/CPIOArchiveWriter.swift /Users/admin/builder/spi-builder-workspace/Sources/CPIOArchiveKit/Checksum.swift /Users/admin/builder/spi-builder-workspace/Sources/CPIOArchiveKit/Constants.swift /Users/admin/builder/spi-builder-workspace/Sources/CPIOArchiveKit/Errors.swift /Users/admin/builder/spi-builder-workspace/Sources/CPIOArchiveKit/Extensions.swift /Users/admin/builder/spi-builder-workspace/Sources/CPIOArchiveKit/FileType.swift /Users/admin/builder/spi-builder-workspace/Sources/CPIOArchiveKit/Header.swift /Users/admin/builder/spi-builder-workspace/Sources/CPIOArchiveKit/Operators.swift -target arm64_32-apple-watchos9.0 -disable-cross-import-overlay-search -load-resolved-plugin /Applications/Xcode-27.0.0-Release.Candidate.app/Contents/Developer/Platforms/WatchOS.platform/Developer/usr/lib/swift/host/plugins/libSwiftMacros.dylib\#/Applications/Xcode-27.0.0-Release.Candidate.app/Contents/Developer/Platforms/WatchOS.platform/Developer/usr/bin/swift-plugin-server\#SwiftMacros -disable-implicit-swift-modules -Xcc -fno-implicit-modules -Xcc -fno-implicit-module-maps -explicit-swift-module-map-file /Users/admin/builder/spi-builder-workspace/.derivedData/Build/Intermediates.noindex/CPIOArchiveKit.build/Debug-watchos/CPIOArchiveKit-t.build/Objects-normal/arm64_32/CPIOArchiveKit-dependencies-1.json -enable-objc-interop -sdk /Applications/Xcode-27.0.0-Release.Candidate.app/Contents/Developer/Platforms/WatchOS.platform/Developer/SDKs/WatchOS27.0.sdk -I /Users/admin/builder/spi-builder-workspace/.derivedData/Build/Products/Debug-watchos -Isystem /Applications/Xcode-27.0.0-Release.Candidate.app/Contents/Developer/Platforms/WatchOS.platform/Developer/usr/lib -F /Users/admin/builder/spi-builder-workspace/.derivedData/Build/Products/Debug-watchos -F /Applications/Xcode-27.0.0-Release.Candidate.app/Contents/Developer/Platforms/WatchOS.platform/Developer/Library/Frameworks -F /Applications/Xcode-27.0.0-Release.Candidate.app/Contents/Developer/Platforms/WatchOS.platform/Developer/SDKs/WatchOS27.0.sdk/Developer/Library/Frameworks -module-cache-path /Users/admin/builder/spi-builder-workspace/.derivedData/Build/Intermediates.noindex/SwiftExplicitPrecompiledModules -no-color-diagnostics -Xcc -fno-color-diagnostics -enable-testing -g -debug-info-format\=dwarf -dwarf-version\=4 -profile-generate -profile-coverage-mapping -swift-version 5 -Onone -D SWIFT_PACKAGE -D DEBUG -D SWIFT_MODULE_RESOURCE_BUNDLE_UNAVAILABLE -D Xcode -serialize-debugging-options -enable-experimental-feature DebugDescriptionMacro -empty-abi-descriptor -validate-clang-modules-once -clang-build-session-file /Users/admin/builder/spi-builder-workspace/.derivedData/ModuleCache.noindex/Session.modulevalidation -Xcc -working-directory -Xcc /Users/admin/builder/spi-builder-workspace/.swiftpm/xcode -enable-anonymous-context-mangled-names -file-compilation-dir /Users/admin/builder/spi-builder-workspace/.swiftpm/xcode -Xcc -D_LIBCPP_HARDENING_MODE\=_LIBCPP_HARDENING_MODE_DEBUG -Xcc -ivfsstatcache -Xcc /Users/admin/builder/spi-builder-workspace/.derivedData/SDKStatCaches.noindex/watchos27.0-24R360-e829b21a6f8c9b70876ba0858053c04477534ef55a1706bf4c1112bbb242f0a2.sdkstatcache -Xcc -fmodules-prune-interval\=86400 -Xcc -fmodules-prune-after\=345600 -Xcc -I/Users/admin/builder/spi-builder-workspace/.derivedData/Build/Products/Debug-watchos/include -Xcc -I/Users/admin/builder/spi-builder-workspace/.derivedData/Build/Intermediates.noindex/CPIOArchiveKit.build/Debug-watchos/CPIOArchiveKit-t.build/DerivedSources-normal/arm64_32 -Xcc -I/Users/admin/builder/spi-builder-workspace/.derivedData/Build/Intermediates.noindex/CPIOArchiveKit.build/Debug-watchos/CPIOArchiveKit-t.build/DerivedSources/arm64_32 -Xcc -I/Users/admin/builder/spi-builder-workspace/.derivedData/Build/Intermediates.noindex/CPIOArchiveKit.build/Debug-watchos/CPIOArchiveKit-t.build/DerivedSources -Xcc -DSWIFT_PACKAGE -Xcc -DDEBUG\=1 -no-auto-bridging-header-chaining -module-name CPIOArchiveKit -const-gather-protocols-file /Users/admin/builder/spi-builder-workspace/.derivedData/Build/Intermediates.noindex/CPIOArchiveKit.build/Debug-watchos/CPIOArchiveKit-t.build/Objects-normal/arm64_32/CPIOArchiveKit_const_extract_protocols.json -disable-clang-spi -clang-target arm64_32-apple-watchos27.0 -target-sdk-version 27.0 -target-sdk-name watchos27.0 -in-process-plugin-server-path /Applications/Xcode-27.0.0-Release.Candidate.app/Contents/Developer/Toolchains/XcodeDefault.xctoolchain/usr/lib/swift/host/libSwiftInProcPluginServer.dylib -emit-module-doc-path /Users/admin/builder/spi-builder-workspace/.derivedData/Build/Intermediates.noindex/CPIOArchiveKit.build/Debug-watchos/CPIOArchiveKit-t.build/Objects-normal/arm64_32/CPIOArchiveKit.swiftdoc -emit-module-source-info-path /Users/admin/builder/spi-builder-workspace/.derivedData/Build/Intermediates.noindex/CPIOArchiveKit.build/Debug-watchos/CPIOArchiveKit-t.build/Objects-normal/arm64_32/CPIOArchiveKit.swiftsourceinfo -emit-objc-header-path /Users/admin/builder/spi-builder-workspace/.derivedData/Build/Intermediates.noindex/CPIOArchiveKit.build/Debug-watchos/CPIOArchiveKit-t.build/Objects-normal/arm64_32/CPIOArchiveKit-Swift.h -serialize-diagnostics-path /Users/admin/builder/spi-builder-workspace/.derivedData/Build/Intermediates.noindex/CPIOArchiveKit.build/Debug-watchos/CPIOArchiveKit-t.build/Objects-normal/arm64_32/CPIOArchiveKit-primary-emit-module.dia -emit-dependencies-path /Users/admin/builder/spi-builder-workspace/.derivedData/Build/Intermediates.noindex/CPIOArchiveKit.build/Debug-watchos/CPIOArchiveKit-t.build/Objects-normal/arm64_32/CPIOArchiveKit-primary-emit-module.d -parse-as-library -o /Users/admin/builder/spi-builder-workspace/.derivedData/Build/Intermediates.noindex/CPIOArchiveKit.build/Debug-watchos/CPIOArchiveKit-t.build/Objects-normal/arm64_32/CPIOArchiveKit.swiftmodule -emit-abi-descriptor-path /Users/admin/builder/spi-builder-workspace/.derivedData/Build/Intermediates.noindex/CPIOArchiveKit.build/Debug-watchos/CPIOArchiveKit-t.build/Objects-normal/arm64_32/CPIOArchiveKit.abi.json
SwiftCompile normal arm64_32 Compiling\ CPIOArchiveReader.swift /Users/admin/builder/spi-builder-workspace/Sources/CPIOArchiveKit/CPIOArchiveReader.swift (in target 'CPIOArchiveKit' from project 'CPIOArchiveKit')
SwiftCompile normal arm64_32 /Users/admin/builder/spi-builder-workspace/Sources/CPIOArchiveKit/CPIOArchiveReader.swift (in target 'CPIOArchiveKit' from project 'CPIOArchiveKit')
cd /Users/admin/builder/spi-builder-workspace/.swiftpm/xcode
builtin-SwiftPerFileCompile CPIOArchiveReader.swift
SwiftCompile normal arm64_32 Compiling\ CPIOArchiveWriter.swift /Users/admin/builder/spi-builder-workspace/Sources/CPIOArchiveKit/CPIOArchiveWriter.swift (in target 'CPIOArchiveKit' from project 'CPIOArchiveKit')
SwiftCompile normal arm64_32 /Users/admin/builder/spi-builder-workspace/Sources/CPIOArchiveKit/CPIOArchiveWriter.swift (in target 'CPIOArchiveKit' from project 'CPIOArchiveKit')
cd /Users/admin/builder/spi-builder-workspace/.swiftpm/xcode
builtin-SwiftPerFileCompile CPIOArchiveWriter.swift
SwiftCompile normal arm64_32 Compiling\ Checksum.swift /Users/admin/builder/spi-builder-workspace/Sources/CPIOArchiveKit/Checksum.swift (in target 'CPIOArchiveKit' from project 'CPIOArchiveKit')
SwiftCompile normal arm64_32 /Users/admin/builder/spi-builder-workspace/Sources/CPIOArchiveKit/Checksum.swift (in target 'CPIOArchiveKit' from project 'CPIOArchiveKit')
cd /Users/admin/builder/spi-builder-workspace/.swiftpm/xcode
builtin-SwiftPerFileCompile Checksum.swift
SwiftCompile normal arm64_32 Compiling\ Errors.swift /Users/admin/builder/spi-builder-workspace/Sources/CPIOArchiveKit/Errors.swift (in target 'CPIOArchiveKit' from project 'CPIOArchiveKit')
SwiftCompile normal arm64_32 /Users/admin/builder/spi-builder-workspace/Sources/CPIOArchiveKit/Errors.swift (in target 'CPIOArchiveKit' from project 'CPIOArchiveKit')
cd /Users/admin/builder/spi-builder-workspace/.swiftpm/xcode
builtin-SwiftPerFileCompile Errors.swift
SwiftCompile normal arm64_32 Compiling\ FileType.swift /Users/admin/builder/spi-builder-workspace/Sources/CPIOArchiveKit/FileType.swift (in target 'CPIOArchiveKit' from project 'CPIOArchiveKit')
SwiftCompile normal arm64_32 /Users/admin/builder/spi-builder-workspace/Sources/CPIOArchiveKit/FileType.swift (in target 'CPIOArchiveKit' from project 'CPIOArchiveKit')
cd /Users/admin/builder/spi-builder-workspace/.swiftpm/xcode
builtin-SwiftPerFileCompile FileType.swift
SwiftCompile normal arm64_32 Compiling\ Constants.swift /Users/admin/builder/spi-builder-workspace/Sources/CPIOArchiveKit/Constants.swift (in target 'CPIOArchiveKit' from project 'CPIOArchiveKit')
SwiftCompile normal arm64_32 /Users/admin/builder/spi-builder-workspace/Sources/CPIOArchiveKit/Constants.swift (in target 'CPIOArchiveKit' from project 'CPIOArchiveKit')
cd /Users/admin/builder/spi-builder-workspace/.swiftpm/xcode
builtin-SwiftPerFileCompile Constants.swift
SwiftCompile normal arm64_32 Compiling\ Header.swift /Users/admin/builder/spi-builder-workspace/Sources/CPIOArchiveKit/Header.swift (in target 'CPIOArchiveKit' from project 'CPIOArchiveKit')
SwiftCompile normal arm64_32 /Users/admin/builder/spi-builder-workspace/Sources/CPIOArchiveKit/Header.swift (in target 'CPIOArchiveKit' from project 'CPIOArchiveKit')
cd /Users/admin/builder/spi-builder-workspace/.swiftpm/xcode
builtin-SwiftPerFileCompile Header.swift
SwiftEmitModule normal arm64 Emitting\ module\ for\ CPIOArchiveKit (in target 'CPIOArchiveKit' from project 'CPIOArchiveKit')
SwiftCompile normal arm64 (in target 'CPIOArchiveKit' from project 'CPIOArchiveKit')
cd /Users/admin/builder/spi-builder-workspace/.swiftpm/xcode
SwiftCompile normal arm64 Compiling\ CPIOArchiveReader.swift /Users/admin/builder/spi-builder-workspace/Sources/CPIOArchiveKit/CPIOArchiveReader.swift (in target 'CPIOArchiveKit' from project 'CPIOArchiveKit')
SwiftCompile normal arm64 /Users/admin/builder/spi-builder-workspace/Sources/CPIOArchiveKit/CPIOArchiveReader.swift (in target 'CPIOArchiveKit' from project 'CPIOArchiveKit')
cd /Users/admin/builder/spi-builder-workspace/.swiftpm/xcode
builtin-SwiftPerFileCompile CPIOArchiveReader.swift
SwiftCompile normal arm64 Compiling\ Header.swift /Users/admin/builder/spi-builder-workspace/Sources/CPIOArchiveKit/Header.swift (in target 'CPIOArchiveKit' from project 'CPIOArchiveKit')
SwiftCompile normal arm64 /Users/admin/builder/spi-builder-workspace/Sources/CPIOArchiveKit/Header.swift (in target 'CPIOArchiveKit' from project 'CPIOArchiveKit')
cd /Users/admin/builder/spi-builder-workspace/.swiftpm/xcode
builtin-SwiftPerFileCompile Header.swift
PruneExplicitPrecompiledModules /Users/admin/builder/spi-builder-workspace/.derivedData/Build/Intermediates.noindex/SwiftExplicitPrecompiledModules
PruneExplicitPrecompiledModules /Users/admin/builder/spi-builder-workspace/.derivedData/SDKExplicitPrecompiledModules
PruneExplicitPrecompiledModules /Users/admin/builder/spi-builder-workspace/.derivedData/Build/Intermediates.noindex/ExplicitPrecompiledModules
2026-09-17 15:39:51.298 xcodebuild[690:4462] [MT] IDERunDestination: Supported platforms for the buildables in the current scheme is empty.
** BUILD FAILED **
The following build commands failed:
SwiftCompile normal arm64_32 (in target 'CPIOArchiveKit' from project 'CPIOArchiveKit')
SwiftEmitModule normal arm64_32 Emitting\ module\ for\ CPIOArchiveKit (in target 'CPIOArchiveKit' from project 'CPIOArchiveKit')
Building workspace CPIOArchiveKit with scheme CPIOArchiveKit
(3 failures)
BUILD FAILURE 6.4 watchOS