Build Information
Failed to build NetworkS, reference 5.0.1 (2f9868), with Swift 6.4 for macOS (Xcode) using Xcode 27.0 on 19 Sep 2026 17:31:28 UTC.
Build Command
env DEVELOPER_DIR=/Applications/Xcode-27.0.0-Release.Candidate.app xcrun xcodebuild -IDEClonedSourcePackagesDirPathOverride=$PWD/.dependencies -skipMacroValidation -skipPackagePluginValidation -derivedDataPath $PWD/.derivedData build -scheme NetworkS -destination platform=macOS,arch=arm64Build Log
========================================
RunAll
========================================
Builder version: 5.1.0
Interrupt handler set up.
========================================
Checkout
========================================
Clone URL: https://github.com/presscorp/NetworkS.git
Reference: 5.0.1
Initialized empty Git repository in /Users/admin/builder/spi-builder-workspace/.git/
From https://github.com/presscorp/NetworkS
* tag 5.0.1 -> FETCH_HEAD
HEAD is now at 2f98682 patch: Memory leak fix (#12)
Cloned https://github.com/presscorp/NetworkS.git
Revision (git rev-parse @):
2f98682cef8bc54153b5946a6c69087e0e06b6dd
SUCCESS checkout https://github.com/presscorp/NetworkS.git at 5.0.1
========================================
Build
========================================
Selected platform: macosXcodebuild
Swift version: 6.4
Building package at path: $PWD
https://github.com/presscorp/NetworkS.git
Command line invocation:
/Applications/Xcode-27.0.0-Release.Candidate.app/Contents/Developer/usr/bin/xcodebuild -IDEClonedSourcePackagesDirPathOverride=/Users/admin/builder/spi-builder-workspace/.dependencies -resolvePackageDependencies
Resolve Package Graph
Resolve Package Graph
Resolved source packages:
NetworkS: /Users/admin/builder/spi-builder-workspace
resolved source packages: NetworkS
2026-09-19 13:30:21.471 xcodebuild[525:3013] [MT] IDERunDestination: Supported platforms for the buildables in the current scheme is empty.
2026-09-19 13:30:21.620 xcodebuild[525:3013] [MT] IDERunDestination: Supported platforms for the buildables in the current scheme is empty.
2026-09-19 13:30:23.217 xcodebuild[525:3013] [MT] IDERunDestination: Supported platforms for the buildables in the current scheme is empty.
{
"dependencies" : [
],
"manifest_display_name" : "NetworkS",
"name" : "NetworkS",
"path" : "/Users/admin/builder/spi-builder-workspace",
"platforms" : [
{
"name" : "ios",
"version" : "13.0"
}
],
"products" : [
{
"name" : "NetworkS",
"targets" : [
"NetworkS"
],
"type" : {
"library" : [
"automatic"
]
}
}
],
"targets" : [
{
"c99name" : "NetworkSTests",
"module_type" : "SwiftTarget",
"name" : "NetworkSTests",
"path" : "Tests/NetworkSTests",
"resources" : [
{
"path" : "/Users/admin/builder/spi-builder-workspace/Tests/NetworkSTests/Assets.xcassets",
"rule" : {
"process" : {
}
}
},
{
"path" : "/Users/admin/builder/spi-builder-workspace/Tests/NetworkSTests/httpbin.org.cer",
"rule" : {
"process" : {
}
}
}
],
"sources" : [
"Requests/AnythingRequest.swift",
"Requests/MockRequest.swift",
"Requests/PngImageRequest.swift",
"Requests/StatusRequest.swift",
"Requests/UploadRequest.swift",
"Tests/AuthChallengeRequestTests.swift",
"Tests/CachedResponseTests.swift",
"Tests/GroupRequestTests.swift",
"Tests/MockRequestTests.swift",
"Tests/NetworkSTests.swift",
"Tests/RequestTests.swift",
"Tests/SessionRenewalTest.swift",
"URLs/HttpbinOrgURL.swift",
"URLs/MockURL.swift"
],
"target_dependencies" : [
"NetworkS"
],
"type" : "test"
},
{
"c99name" : "NetworkS",
"module_type" : "SwiftTarget",
"name" : "NetworkS",
"path" : "Sources/NetworkS",
"product_memberships" : [
"NetworkS"
],
"sources" : [
"ConsoleLogger.swift",
"FailureResponse.swift",
"MultipartFormDataRequest.swift",
"NetworkCompose.swift",
"NetworkConnectionChecker.swift",
"NetworkError.swift",
"NetworkLogger.swift",
"NetworkRequest.swift",
"NetworkResponse.swift",
"NetworkService.swift",
"NetworkWorker.swift",
"Request task/CacheRequestTask.swift",
"Request task/MockRequestTask.swift",
"Request task/NetworkRequestTask.swift",
"Request task/RequestTask.swift",
"Request task/TaskOperation.swift",
"Request task/TaskRunner.swift",
"Request task/UtilRequestTask.swift",
"RequestContentEncoding.swift",
"RequestMethod.swift",
"RequestURL.swift",
"Session interface/NetworkSessionAdapter.swift",
"Session interface/NetworkSessionInterface.swift",
"Session/SessionAuthChallengeService.swift",
"Session/SessionAuthChallenger.swift",
"Session/SessionDelegationHandler.swift",
"Session/SessionLifeCycle.swift",
"Session/SessionLifeCycleService.swift",
"Session/SessionRenewalService.swift",
"Session/SessionTaskDataKeeper.swift",
"SuccessResponse.swift",
"Utils/Data+extension.swift",
"Utils/PathInitializable.swift",
"Utils/String+extension.swift"
],
"type" : "library"
}
],
"tools_version" : "5.7"
}
{
"workspace" : {
"name" : "NetworkS",
"schemes" : [
"NetworkS"
]
}
}
2026-09-19 13:31:08.480 xcodebuild[623:3925] [MT] IDERunDestination: Supported platforms for the buildables in the current scheme is empty.
Running build ...
env DEVELOPER_DIR=/Applications/Xcode-27.0.0-Release.Candidate.app xcrun xcodebuild -IDEClonedSourcePackagesDirPathOverride=$PWD/.dependencies -skipMacroValidation -skipPackagePluginValidation -derivedDataPath $PWD/.derivedData build -scheme NetworkS -destination platform=macOS,arch=arm64
Command line invocation:
/Applications/Xcode-27.0.0-Release.Candidate.app/Contents/Developer/usr/bin/xcodebuild -IDEClonedSourcePackagesDirPathOverride=/Users/admin/builder/spi-builder-workspace/.dependencies -skipMacroValidation -skipPackagePluginValidation -derivedDataPath /Users/admin/builder/spi-builder-workspace/.derivedData build -scheme NetworkS -destination platform=macOS,arch=arm64
Resolve Package Graph
Resolved source packages:
NetworkS: /Users/admin/builder/spi-builder-workspace
ComputePackagePrebuildTargetDependencyGraph
Prepare packages
CreateBuildRequest
SendProjectDescription
CreateBuildOperation
ComputeTargetDependencyGraph
note: Building targets in dependency order
note: Target dependency graph (4 targets)
Target 'NetworkSTests-product' in project 'NetworkS'
➜ Explicit dependency on target 'NetworkS_NetworkSTests' in project 'NetworkS'
➜ Explicit dependency on target 'NetworkS' in project 'NetworkS'
Target 'NetworkS_NetworkSTests' in project 'NetworkS' (no dependencies)
Target 'NetworkS-product' in project 'NetworkS'
➜ Explicit dependency on target 'NetworkS' in project 'NetworkS'
Target 'NetworkS' in project 'NetworkS' (no dependencies)
GatherProvisioningInputs
CreateBuildDescription
ExecuteExternalTool /Applications/Xcode-27.0.0-Release.Candidate.app/Contents/Developer/usr/bin/actool --version --output-format xml1
ExecuteExternalTool /Applications/Xcode-27.0.0-Release.Candidate.app/Contents/Developer/Toolchains/XcodeDefault.xctoolchain/usr/bin/clang -v -E -dM -isysroot /Applications/Xcode-27.0.0-Release.Candidate.app/Contents/Developer/Platforms/MacOSX.platform/Developer/SDKs/MacOSX27.0.sdk -x c -c /dev/null
ExecuteExternalTool /Applications/Xcode-27.0.0-Release.Candidate.app/Contents/Developer/Toolchains/XcodeDefault.xctoolchain/usr/bin/swiftc --version
ExecuteExternalTool /Applications/Xcode-27.0.0-Release.Candidate.app/Contents/Developer/Toolchains/XcodeDefault.xctoolchain/usr/bin/ld -version_details
Build description signature: 74e3c7d0acebbd87df61be642bbace37
Build description path: /Users/admin/builder/spi-builder-workspace/.derivedData/Build/Intermediates.noindex/XCBuildData/74e3c7d0acebbd87df61be642bbace37.xcbuilddata
CreateBuildDirectory /Users/admin/builder/spi-builder-workspace/.derivedData/SDKExplicitPrecompiledModules
cd /Users/admin/builder/spi-builder-workspace/.swiftpm/xcode
builtin-create-build-directory /Users/admin/builder/spi-builder-workspace/.derivedData/SDKExplicitPrecompiledModules
CreateBuildDirectory /Users/admin/builder/spi-builder-workspace/.derivedData/ModuleCache.noindex
cd /Users/admin/builder/spi-builder-workspace/.swiftpm/xcode
builtin-create-build-directory /Users/admin/builder/spi-builder-workspace/.derivedData/ModuleCache.noindex
CreateBuildDirectory /Users/admin/builder/spi-builder-workspace/.derivedData/CompilationCache.noindex
cd /Users/admin/builder/spi-builder-workspace/.swiftpm/xcode
builtin-create-build-directory /Users/admin/builder/spi-builder-workspace/.derivedData/CompilationCache.noindex
ClangStatCache /Applications/Xcode-27.0.0-Release.Candidate.app/Contents/Developer/Toolchains/XcodeDefault.xctoolchain/usr/bin/clang-stat-cache /Applications/Xcode-27.0.0-Release.Candidate.app/Contents/Developer/Platforms/MacOSX.platform/Developer/SDKs/MacOSX27.0.sdk /Users/admin/builder/spi-builder-workspace/.derivedData/SDKStatCaches.noindex/macosx27.0-26A425-e829b21a6f8c9b70876ba0858053c0446a22442a12e9d48fe1a705f55a1adfc4.sdkstatcache
cd /Users/admin/builder/spi-builder-workspace/.swiftpm/xcode
/Applications/Xcode-27.0.0-Release.Candidate.app/Contents/Developer/Toolchains/XcodeDefault.xctoolchain/usr/bin/clang-stat-cache /Applications/Xcode-27.0.0-Release.Candidate.app/Contents/Developer/Platforms/MacOSX.platform/Developer/SDKs/MacOSX27.0.sdk -o /Users/admin/builder/spi-builder-workspace/.derivedData/SDKStatCaches.noindex/macosx27.0-26A425-e829b21a6f8c9b70876ba0858053c0446a22442a12e9d48fe1a705f55a1adfc4.sdkstatcache
CreateBuildDirectory /Users/admin/builder/spi-builder-workspace/.derivedData/Build/Products
cd /Users/admin/builder/spi-builder-workspace/.swiftpm/xcode
builtin-create-build-directory /Users/admin/builder/spi-builder-workspace/.derivedData/Build/Products
CreateBuildDirectory /Users/admin/builder/spi-builder-workspace/.derivedData/Build/Intermediates.noindex
cd /Users/admin/builder/spi-builder-workspace/.swiftpm/xcode
builtin-create-build-directory /Users/admin/builder/spi-builder-workspace/.derivedData/Build/Intermediates.noindex
CreateBuildDirectory /Users/admin/builder/spi-builder-workspace/.derivedData/Build/Products/Debug
cd /Users/admin/builder/spi-builder-workspace/.swiftpm/xcode
builtin-create-build-directory /Users/admin/builder/spi-builder-workspace/.derivedData/Build/Products/Debug
CreateBuildDirectory /Users/admin/builder/spi-builder-workspace/.derivedData/Build/Intermediates.noindex/SwiftExplicitPrecompiledModules
cd /Users/admin/builder/spi-builder-workspace/.swiftpm/xcode
builtin-create-build-directory /Users/admin/builder/spi-builder-workspace/.derivedData/Build/Intermediates.noindex/SwiftExplicitPrecompiledModules
CreateBuildDirectory /Users/admin/builder/spi-builder-workspace/.derivedData/Build/Intermediates.noindex/ExplicitPrecompiledModules
cd /Users/admin/builder/spi-builder-workspace/.swiftpm/xcode
builtin-create-build-directory /Users/admin/builder/spi-builder-workspace/.derivedData/Build/Intermediates.noindex/ExplicitPrecompiledModules
CreateBuildDirectory /Users/admin/builder/spi-builder-workspace/.derivedData/Build/Intermediates.noindex/PrecompiledHeaders
cd /Users/admin/builder/spi-builder-workspace/.swiftpm/xcode
builtin-create-build-directory /Users/admin/builder/spi-builder-workspace/.derivedData/Build/Intermediates.noindex/PrecompiledHeaders
CreateBuildDirectory /Users/admin/builder/spi-builder-workspace/.derivedData/Build/Intermediates.noindex/EagerLinkingTBDs/Debug
cd /Users/admin/builder/spi-builder-workspace/.swiftpm/xcode
builtin-create-build-directory /Users/admin/builder/spi-builder-workspace/.derivedData/Build/Intermediates.noindex/EagerLinkingTBDs/Debug
CreateBuildDirectory /Users/admin/builder/spi-builder-workspace/.derivedData/Build/Products/Debug/PackageFrameworks
cd /Users/admin/builder/spi-builder-workspace/.swiftpm/xcode
builtin-create-build-directory /Users/admin/builder/spi-builder-workspace/.derivedData/Build/Products/Debug/PackageFrameworks
MkDir /Users/admin/builder/spi-builder-workspace/.derivedData/Build/Products/Debug/NetworkS_NetworkSTests.bundle (in target 'NetworkS_NetworkSTests' from project 'NetworkS')
cd /Users/admin/builder/spi-builder-workspace
/bin/mkdir -p /Users/admin/builder/spi-builder-workspace/.derivedData/Build/Products/Debug/NetworkS_NetworkSTests.bundle
MkDir /Users/admin/builder/spi-builder-workspace/.derivedData/Build/Products/Debug/NetworkS_NetworkSTests.bundle/Contents (in target 'NetworkS_NetworkSTests' from project 'NetworkS')
cd /Users/admin/builder/spi-builder-workspace
/bin/mkdir -p /Users/admin/builder/spi-builder-workspace/.derivedData/Build/Products/Debug/NetworkS_NetworkSTests.bundle/Contents
MkDir /Users/admin/builder/spi-builder-workspace/.derivedData/Build/Products/Debug/NetworkS_NetworkSTests.bundle/Contents/Resources (in target 'NetworkS_NetworkSTests' from project 'NetworkS')
cd /Users/admin/builder/spi-builder-workspace
/bin/mkdir -p /Users/admin/builder/spi-builder-workspace/.derivedData/Build/Products/Debug/NetworkS_NetworkSTests.bundle/Contents/Resources
WriteAuxiliaryFile /Users/admin/builder/spi-builder-workspace/.derivedData/Build/Intermediates.noindex/NetworkS.build/Debug/NetworkSTests-p.build/empty-NetworkSTests.plist (in target 'NetworkSTests-product' from project 'NetworkS')
cd /Users/admin/builder/spi-builder-workspace
write-file /Users/admin/builder/spi-builder-workspace/.derivedData/Build/Intermediates.noindex/NetworkS.build/Debug/NetworkSTests-p.build/empty-NetworkSTests.plist
WriteAuxiliaryFile /Users/admin/builder/spi-builder-workspace/.derivedData/Build/Intermediates.noindex/NetworkS.build/Debug/NetworkS_NetworkSTests-b.build/empty-NetworkS_NetworkSTests.plist (in target 'NetworkS_NetworkSTests' from project 'NetworkS')
cd /Users/admin/builder/spi-builder-workspace
write-file /Users/admin/builder/spi-builder-workspace/.derivedData/Build/Intermediates.noindex/NetworkS.build/Debug/NetworkS_NetworkSTests-b.build/empty-NetworkS_NetworkSTests.plist
WriteAuxiliaryFile /Users/admin/builder/spi-builder-workspace/.derivedData/Build/Intermediates.noindex/NetworkS.build/Debug/NetworkS_NetworkSTests-b.build/NetworkS_NetworkSTests.DependencyMetadataFileList (in target 'NetworkS_NetworkSTests' from project 'NetworkS')
cd /Users/admin/builder/spi-builder-workspace
write-file /Users/admin/builder/spi-builder-workspace/.derivedData/Build/Intermediates.noindex/NetworkS.build/Debug/NetworkS_NetworkSTests-b.build/NetworkS_NetworkSTests.DependencyMetadataFileList
WriteAuxiliaryFile /Users/admin/builder/spi-builder-workspace/.derivedData/Build/Intermediates.noindex/NetworkS.build/Debug/NetworkS_NetworkSTests-b.build/NetworkS_NetworkSTests.DependencyStaticMetadataFileList (in target 'NetworkS_NetworkSTests' from project 'NetworkS')
cd /Users/admin/builder/spi-builder-workspace
write-file /Users/admin/builder/spi-builder-workspace/.derivedData/Build/Intermediates.noindex/NetworkS.build/Debug/NetworkS_NetworkSTests-b.build/NetworkS_NetworkSTests.DependencyStaticMetadataFileList
WriteAuxiliaryFile /Users/admin/builder/spi-builder-workspace/.derivedData/Build/Intermediates.noindex/NetworkS.build/Debug/NetworkSTests-p.build/Objects-normal/arm64/NetworkSTests_const_extract_protocols.json (in target 'NetworkSTests-product' from project 'NetworkS')
cd /Users/admin/builder/spi-builder-workspace
write-file /Users/admin/builder/spi-builder-workspace/.derivedData/Build/Intermediates.noindex/NetworkS.build/Debug/NetworkSTests-p.build/Objects-normal/arm64/NetworkSTests_const_extract_protocols.json
WriteAuxiliaryFile /Users/admin/builder/spi-builder-workspace/.derivedData/Build/Intermediates.noindex/NetworkS.build/Debug/NetworkSTests-p.build/Objects-normal/arm64/NetworkSTests.SwiftFileList (in target 'NetworkSTests-product' from project 'NetworkS')
cd /Users/admin/builder/spi-builder-workspace
write-file /Users/admin/builder/spi-builder-workspace/.derivedData/Build/Intermediates.noindex/NetworkS.build/Debug/NetworkSTests-p.build/Objects-normal/arm64/NetworkSTests.SwiftFileList
WriteAuxiliaryFile /Users/admin/builder/spi-builder-workspace/.derivedData/Build/Intermediates.noindex/NetworkS.build/Debug/NetworkSTests-p.build/Objects-normal/arm64/NetworkSTests.SwiftConstValuesFileList (in target 'NetworkSTests-product' from project 'NetworkS')
cd /Users/admin/builder/spi-builder-workspace
write-file /Users/admin/builder/spi-builder-workspace/.derivedData/Build/Intermediates.noindex/NetworkS.build/Debug/NetworkSTests-p.build/Objects-normal/arm64/NetworkSTests.SwiftConstValuesFileList
WriteAuxiliaryFile /Users/admin/builder/spi-builder-workspace/.derivedData/Build/Intermediates.noindex/NetworkS.build/Debug/NetworkSTests-p.build/Objects-normal/arm64/NetworkSTests.LinkFileList (in target 'NetworkSTests-product' from project 'NetworkS')
cd /Users/admin/builder/spi-builder-workspace
write-file /Users/admin/builder/spi-builder-workspace/.derivedData/Build/Intermediates.noindex/NetworkS.build/Debug/NetworkSTests-p.build/Objects-normal/arm64/NetworkSTests.LinkFileList
WriteAuxiliaryFile /Users/admin/builder/spi-builder-workspace/.derivedData/Build/Intermediates.noindex/NetworkS.build/Debug/NetworkSTests-p.build/Objects-normal/arm64/NetworkSTests-OutputFileMap.json (in target 'NetworkSTests-product' from project 'NetworkS')
cd /Users/admin/builder/spi-builder-workspace
write-file /Users/admin/builder/spi-builder-workspace/.derivedData/Build/Intermediates.noindex/NetworkS.build/Debug/NetworkSTests-p.build/Objects-normal/arm64/NetworkSTests-OutputFileMap.json
WriteAuxiliaryFile /Users/admin/builder/spi-builder-workspace/.derivedData/Build/Intermediates.noindex/NetworkS.build/Debug/NetworkSTests-p.build/NetworkSTests.DependencyStaticMetadataFileList (in target 'NetworkSTests-product' from project 'NetworkS')
cd /Users/admin/builder/spi-builder-workspace
write-file /Users/admin/builder/spi-builder-workspace/.derivedData/Build/Intermediates.noindex/NetworkS.build/Debug/NetworkSTests-p.build/NetworkSTests.DependencyStaticMetadataFileList
WriteAuxiliaryFile /Users/admin/builder/spi-builder-workspace/.derivedData/Build/Intermediates.noindex/NetworkS.build/Debug/NetworkSTests-p.build/NetworkSTests.DependencyMetadataFileList (in target 'NetworkSTests-product' from project 'NetworkS')
cd /Users/admin/builder/spi-builder-workspace
write-file /Users/admin/builder/spi-builder-workspace/.derivedData/Build/Intermediates.noindex/NetworkS.build/Debug/NetworkSTests-p.build/NetworkSTests.DependencyMetadataFileList
WriteAuxiliaryFile /Users/admin/builder/spi-builder-workspace/.derivedData/Build/Intermediates.noindex/NetworkS.build/Debug/NetworkSTests-p.build/DerivedSources/resource_bundle_accessor.swift (in target 'NetworkSTests-product' from project 'NetworkS')
cd /Users/admin/builder/spi-builder-workspace
write-file /Users/admin/builder/spi-builder-workspace/.derivedData/Build/Intermediates.noindex/NetworkS.build/Debug/NetworkSTests-p.build/DerivedSources/resource_bundle_accessor.swift
WriteAuxiliaryFile /Users/admin/builder/spi-builder-workspace/.derivedData/Build/Intermediates.noindex/NetworkS.build/Debug/NetworkS-t.build/Objects-normal/arm64/NetworkS.SwiftConstValuesFileList (in target 'NetworkS' from project 'NetworkS')
cd /Users/admin/builder/spi-builder-workspace
write-file /Users/admin/builder/spi-builder-workspace/.derivedData/Build/Intermediates.noindex/NetworkS.build/Debug/NetworkS-t.build/Objects-normal/arm64/NetworkS.SwiftConstValuesFileList
WriteAuxiliaryFile /Users/admin/builder/spi-builder-workspace/.derivedData/Build/Intermediates.noindex/NetworkS.build/Debug/NetworkS-t.build/Objects-normal/arm64/NetworkS_const_extract_protocols.json (in target 'NetworkS' from project 'NetworkS')
cd /Users/admin/builder/spi-builder-workspace
write-file /Users/admin/builder/spi-builder-workspace/.derivedData/Build/Intermediates.noindex/NetworkS.build/Debug/NetworkS-t.build/Objects-normal/arm64/NetworkS_const_extract_protocols.json
WriteAuxiliaryFile /Users/admin/builder/spi-builder-workspace/.derivedData/Build/Intermediates.noindex/NetworkS.build/Debug/NetworkS-t.build/Objects-normal/arm64/NetworkS.LinkFileList (in target 'NetworkS' from project 'NetworkS')
cd /Users/admin/builder/spi-builder-workspace
write-file /Users/admin/builder/spi-builder-workspace/.derivedData/Build/Intermediates.noindex/NetworkS.build/Debug/NetworkS-t.build/Objects-normal/arm64/NetworkS.LinkFileList
WriteAuxiliaryFile /Users/admin/builder/spi-builder-workspace/.derivedData/Build/Intermediates.noindex/NetworkS.build/Debug/NetworkS-t.build/Objects-normal/arm64/NetworkS.SwiftFileList (in target 'NetworkS' from project 'NetworkS')
cd /Users/admin/builder/spi-builder-workspace
write-file /Users/admin/builder/spi-builder-workspace/.derivedData/Build/Intermediates.noindex/NetworkS.build/Debug/NetworkS-t.build/Objects-normal/arm64/NetworkS.SwiftFileList
WriteAuxiliaryFile /Users/admin/builder/spi-builder-workspace/.derivedData/Build/Intermediates.noindex/NetworkS.build/Debug/NetworkS-t.build/Objects-normal/arm64/NetworkS-OutputFileMap.json (in target 'NetworkS' from project 'NetworkS')
cd /Users/admin/builder/spi-builder-workspace
write-file /Users/admin/builder/spi-builder-workspace/.derivedData/Build/Intermediates.noindex/NetworkS.build/Debug/NetworkS-t.build/Objects-normal/arm64/NetworkS-OutputFileMap.json
WriteAuxiliaryFile /Users/admin/builder/spi-builder-workspace/.derivedData/Build/Intermediates.noindex/NetworkS.build/Debug/NetworkS-t.build/NetworkS.modulemap (in target 'NetworkS' from project 'NetworkS')
cd /Users/admin/builder/spi-builder-workspace
write-file /Users/admin/builder/spi-builder-workspace/.derivedData/Build/Intermediates.noindex/NetworkS.build/Debug/NetworkS-t.build/NetworkS.modulemap
WriteAuxiliaryFile /Users/admin/builder/spi-builder-workspace/.derivedData/Build/Intermediates.noindex/NetworkS.build/Debug/NetworkS-t.build/NetworkS.DependencyStaticMetadataFileList (in target 'NetworkS' from project 'NetworkS')
cd /Users/admin/builder/spi-builder-workspace
write-file /Users/admin/builder/spi-builder-workspace/.derivedData/Build/Intermediates.noindex/NetworkS.build/Debug/NetworkS-t.build/NetworkS.DependencyStaticMetadataFileList
WriteAuxiliaryFile /Users/admin/builder/spi-builder-workspace/.derivedData/Build/Intermediates.noindex/NetworkS.build/Debug/NetworkS-t.build/NetworkS.DependencyMetadataFileList (in target 'NetworkS' from project 'NetworkS')
cd /Users/admin/builder/spi-builder-workspace
write-file /Users/admin/builder/spi-builder-workspace/.derivedData/Build/Intermediates.noindex/NetworkS.build/Debug/NetworkS-t.build/NetworkS.DependencyMetadataFileList
MkDir /Users/admin/builder/spi-builder-workspace/.derivedData/Build/Products/Debug/NetworkSTests.xctest (in target 'NetworkSTests-product' from project 'NetworkS')
cd /Users/admin/builder/spi-builder-workspace
/bin/mkdir -p /Users/admin/builder/spi-builder-workspace/.derivedData/Build/Products/Debug/NetworkSTests.xctest
MkDir /Users/admin/builder/spi-builder-workspace/.derivedData/Build/Products/Debug/NetworkSTests.xctest/Contents (in target 'NetworkSTests-product' from project 'NetworkS')
cd /Users/admin/builder/spi-builder-workspace
/bin/mkdir -p /Users/admin/builder/spi-builder-workspace/.derivedData/Build/Products/Debug/NetworkSTests.xctest/Contents
MkDir /Users/admin/builder/spi-builder-workspace/.derivedData/Build/Products/Debug/NetworkSTests.xctest/Contents/MacOS (in target 'NetworkSTests-product' from project 'NetworkS')
cd /Users/admin/builder/spi-builder-workspace
/bin/mkdir -p /Users/admin/builder/spi-builder-workspace/.derivedData/Build/Products/Debug/NetworkSTests.xctest/Contents/MacOS
MkDir /Users/admin/builder/spi-builder-workspace/.derivedData/Build/Products/Debug/NetworkSTests.xctest/Contents/Resources (in target 'NetworkSTests-product' from project 'NetworkS')
cd /Users/admin/builder/spi-builder-workspace
/bin/mkdir -p /Users/admin/builder/spi-builder-workspace/.derivedData/Build/Products/Debug/NetworkSTests.xctest/Contents/Resources
Copy /Users/admin/builder/spi-builder-workspace/.derivedData/Build/Intermediates.noindex/GeneratedModuleMaps/NetworkS.modulemap /Users/admin/builder/spi-builder-workspace/.derivedData/Build/Intermediates.noindex/NetworkS.build/Debug/NetworkS-t.build/NetworkS.modulemap (in target 'NetworkS' from project 'NetworkS')
cd /Users/admin/builder/spi-builder-workspace
builtin-copy -exclude .DS_Store -exclude CVS -exclude .svn -exclude .git -exclude .hg -resolve-src-symlinks /Users/admin/builder/spi-builder-workspace/.derivedData/Build/Intermediates.noindex/NetworkS.build/Debug/NetworkS-t.build/NetworkS.modulemap /Users/admin/builder/spi-builder-workspace/.derivedData/Build/Intermediates.noindex/GeneratedModuleMaps
CpResource /Users/admin/builder/spi-builder-workspace/.derivedData/Build/Products/Debug/NetworkS_NetworkSTests.bundle/Contents/Resources/httpbin.org.cer /Users/admin/builder/spi-builder-workspace/Tests/NetworkSTests/httpbin.org.cer (in target 'NetworkS_NetworkSTests' from project 'NetworkS')
cd /Users/admin/builder/spi-builder-workspace
builtin-copy -exclude .DS_Store -exclude CVS -exclude .svn -exclude .git -exclude .hg -resolve-src-symlinks /Users/admin/builder/spi-builder-workspace/Tests/NetworkSTests/httpbin.org.cer /Users/admin/builder/spi-builder-workspace/.derivedData/Build/Products/Debug/NetworkS_NetworkSTests.bundle/Contents/Resources
MkDir /Users/admin/builder/spi-builder-workspace/.derivedData/Build/Intermediates.noindex/NetworkS.build/Debug/NetworkS_NetworkSTests-b.build/assetcatalog_output/unthinned (in target 'NetworkS_NetworkSTests' from project 'NetworkS')
cd /Users/admin/builder/spi-builder-workspace
/bin/mkdir -p /Users/admin/builder/spi-builder-workspace/.derivedData/Build/Intermediates.noindex/NetworkS.build/Debug/NetworkS_NetworkSTests-b.build/assetcatalog_output/unthinned
MkDir /Users/admin/builder/spi-builder-workspace/.derivedData/Build/Intermediates.noindex/NetworkS.build/Debug/NetworkS_NetworkSTests-b.build/assetcatalog_output/thinned (in target 'NetworkS_NetworkSTests' from project 'NetworkS')
cd /Users/admin/builder/spi-builder-workspace
/bin/mkdir -p /Users/admin/builder/spi-builder-workspace/.derivedData/Build/Intermediates.noindex/NetworkS.build/Debug/NetworkS_NetworkSTests-b.build/assetcatalog_output/thinned
CompileAssetCatalogVariant thinned /Users/admin/builder/spi-builder-workspace/.derivedData/Build/Products/Debug/NetworkS_NetworkSTests.bundle/Contents/Resources /Users/admin/builder/spi-builder-workspace/Tests/NetworkSTests/Assets.xcassets (in target 'NetworkS_NetworkSTests' from project 'NetworkS')
cd /Users/admin/builder/spi-builder-workspace
/Applications/Xcode-27.0.0-Release.Candidate.app/Contents/Developer/usr/bin/actool /Users/admin/builder/spi-builder-workspace/Tests/NetworkSTests/Assets.xcassets --compile /Users/admin/builder/spi-builder-workspace/.derivedData/Build/Intermediates.noindex/NetworkS.build/Debug/NetworkS_NetworkSTests-b.build/assetcatalog_output/thinned --output-format human-readable-text --notices --warnings --export-dependency-info /Users/admin/builder/spi-builder-workspace/.derivedData/Build/Intermediates.noindex/NetworkS.build/Debug/NetworkS_NetworkSTests-b.build/assetcatalog_dependencies_thinned --output-partial-info-plist /Users/admin/builder/spi-builder-workspace/.derivedData/Build/Intermediates.noindex/NetworkS.build/Debug/NetworkS_NetworkSTests-b.build/assetcatalog_generated_info.plist_thinned --enable-on-demand-resources NO --development-region en --target-device mac --minimum-deployment-target 12.0 --platform macosx
/* com.apple.actool.compilation-results */
/Users/admin/builder/spi-builder-workspace/.derivedData/Build/Intermediates.noindex/NetworkS.build/Debug/NetworkS_NetworkSTests-b.build/assetcatalog_generated_info.plist_thinned
/Users/admin/builder/spi-builder-workspace/.derivedData/Build/Intermediates.noindex/NetworkS.build/Debug/NetworkS_NetworkSTests-b.build/assetcatalog_output/thinned/Assets.car
LinkAssetCatalog /Users/admin/builder/spi-builder-workspace/Tests/NetworkSTests/Assets.xcassets (in target 'NetworkS_NetworkSTests' from project 'NetworkS')
cd /Users/admin/builder/spi-builder-workspace
builtin-linkAssetCatalog --thinned /Users/admin/builder/spi-builder-workspace/.derivedData/Build/Intermediates.noindex/NetworkS.build/Debug/NetworkS_NetworkSTests-b.build/assetcatalog_output/thinned --thinned-dependencies /Users/admin/builder/spi-builder-workspace/.derivedData/Build/Intermediates.noindex/NetworkS.build/Debug/NetworkS_NetworkSTests-b.build/assetcatalog_dependencies_thinned --thinned-info-plist-content /Users/admin/builder/spi-builder-workspace/.derivedData/Build/Intermediates.noindex/NetworkS.build/Debug/NetworkS_NetworkSTests-b.build/assetcatalog_generated_info.plist_thinned --unthinned /Users/admin/builder/spi-builder-workspace/.derivedData/Build/Intermediates.noindex/NetworkS.build/Debug/NetworkS_NetworkSTests-b.build/assetcatalog_output/unthinned --unthinned-dependencies /Users/admin/builder/spi-builder-workspace/.derivedData/Build/Intermediates.noindex/NetworkS.build/Debug/NetworkS_NetworkSTests-b.build/assetcatalog_dependencies_unthinned --unthinned-info-plist-content /Users/admin/builder/spi-builder-workspace/.derivedData/Build/Intermediates.noindex/NetworkS.build/Debug/NetworkS_NetworkSTests-b.build/assetcatalog_generated_info.plist_unthinned --output /Users/admin/builder/spi-builder-workspace/.derivedData/Build/Products/Debug/NetworkS_NetworkSTests.bundle/Contents/Resources --plist-output /Users/admin/builder/spi-builder-workspace/.derivedData/Build/Intermediates.noindex/NetworkS.build/Debug/NetworkS_NetworkSTests-b.build/assetcatalog_generated_info.plist
note: Emplaced /Users/admin/builder/spi-builder-workspace/.derivedData/Build/Products/Debug/NetworkS_NetworkSTests.bundle/Contents/Resources/Assets.car (in target 'NetworkS_NetworkSTests' from project 'NetworkS')
ProcessInfoPlistFile /Users/admin/builder/spi-builder-workspace/.derivedData/Build/Products/Debug/NetworkS_NetworkSTests.bundle/Contents/Info.plist /Users/admin/builder/spi-builder-workspace/.derivedData/Build/Intermediates.noindex/NetworkS.build/Debug/NetworkS_NetworkSTests-b.build/empty-NetworkS_NetworkSTests.plist (in target 'NetworkS_NetworkSTests' from project 'NetworkS')
cd /Users/admin/builder/spi-builder-workspace
builtin-infoPlistUtility /Users/admin/builder/spi-builder-workspace/.derivedData/Build/Intermediates.noindex/NetworkS.build/Debug/NetworkS_NetworkSTests-b.build/empty-NetworkS_NetworkSTests.plist -producttype com.apple.product-type.bundle -expandbuildsettings -platform macosx -additionalcontentfile /Users/admin/builder/spi-builder-workspace/.derivedData/Build/Intermediates.noindex/NetworkS.build/Debug/NetworkS_NetworkSTests-b.build/assetcatalog_generated_info.plist -o /Users/admin/builder/spi-builder-workspace/.derivedData/Build/Products/Debug/NetworkS_NetworkSTests.bundle/Contents/Info.plist
RegisterExecutionPolicyException /Users/admin/builder/spi-builder-workspace/.derivedData/Build/Products/Debug/NetworkS_NetworkSTests.bundle (in target 'NetworkS_NetworkSTests' from project 'NetworkS')
cd /Users/admin/builder/spi-builder-workspace
builtin-RegisterExecutionPolicyException /Users/admin/builder/spi-builder-workspace/.derivedData/Build/Products/Debug/NetworkS_NetworkSTests.bundle
Touch /Users/admin/builder/spi-builder-workspace/.derivedData/Build/Products/Debug/NetworkS_NetworkSTests.bundle (in target 'NetworkS_NetworkSTests' from project 'NetworkS')
cd /Users/admin/builder/spi-builder-workspace
/usr/bin/touch -c /Users/admin/builder/spi-builder-workspace/.derivedData/Build/Products/Debug/NetworkS_NetworkSTests.bundle
SwiftDriver NetworkS normal arm64 com.apple.xcode.tools.swift.compiler (in target 'NetworkS' from project 'NetworkS')
cd /Users/admin/builder/spi-builder-workspace/.swiftpm/xcode
builtin-SwiftDriver -- /Applications/Xcode-27.0.0-Release.Candidate.app/Contents/Developer/Toolchains/XcodeDefault.xctoolchain/usr/bin/swiftc -parse-as-library -module-name NetworkS -Onone @/Users/admin/builder/spi-builder-workspace/.derivedData/Build/Intermediates.noindex/NetworkS.build/Debug/NetworkS-t.build/Objects-normal/arm64/NetworkS.SwiftFileList -DSWIFT_PACKAGE -DDEBUG -DSWIFT_MODULE_RESOURCE_BUNDLE_UNAVAILABLE -DXcode -plugin-path /Applications/Xcode-27.0.0-Release.Candidate.app/Contents/Developer/Toolchains/XcodeDefault.xctoolchain/usr/lib/swift/host/plugins/testing -enable-experimental-feature DebugDescriptionMacro -sdk /Applications/Xcode-27.0.0-Release.Candidate.app/Contents/Developer/Platforms/MacOSX.platform/Developer/SDKs/MacOSX27.0.sdk -target arm64-apple-macos12.0 -g -module-cache-path /Users/admin/builder/spi-builder-workspace/.derivedData/ModuleCache.noindex -Xfrontend -serialize-debugging-options -profile-coverage-mapping -profile-generate -enable-testing -index-store-path /Users/admin/builder/spi-builder-workspace/.derivedData/Index.noindex/DataStore -Xcc -D_LIBCPP_HARDENING_MODE\=_LIBCPP_HARDENING_MODE_DEBUG -swift-version 5 -I /Users/admin/builder/spi-builder-workspace/.derivedData/Build/Products/Debug -Isystem /Applications/Xcode-27.0.0-Release.Candidate.app/Contents/Developer/Platforms/MacOSX.platform/Developer/usr/lib -F /Users/admin/builder/spi-builder-workspace/.derivedData/Build/Products/Debug -F /Applications/Xcode-27.0.0-Release.Candidate.app/Contents/Developer/Platforms/MacOSX.platform/Developer/Library/Frameworks -c -j10 -enable-batch-mode -incremental -Xcc -ivfsstatcache -Xcc /Users/admin/builder/spi-builder-workspace/.derivedData/SDKStatCaches.noindex/macosx27.0-26A425-e829b21a6f8c9b70876ba0858053c0446a22442a12e9d48fe1a705f55a1adfc4.sdkstatcache -output-file-map /Users/admin/builder/spi-builder-workspace/.derivedData/Build/Intermediates.noindex/NetworkS.build/Debug/NetworkS-t.build/Objects-normal/arm64/NetworkS-OutputFileMap.json -save-temps -no-color-diagnostics -explicit-module-build -module-cache-path /Users/admin/builder/spi-builder-workspace/.derivedData/Build/Intermediates.noindex/SwiftExplicitPrecompiledModules -clang-scanner-module-cache-path /Users/admin/builder/spi-builder-workspace/.derivedData/ModuleCache.noindex -sdk-module-cache-path /Users/admin/builder/spi-builder-workspace/.derivedData/SDKExplicitPrecompiledModules -emit-dependencies -emit-module -emit-module-path /Users/admin/builder/spi-builder-workspace/.derivedData/Build/Intermediates.noindex/NetworkS.build/Debug/NetworkS-t.build/Objects-normal/arm64/NetworkS.swiftmodule -serialize-diagnostics -dependency-scan-serialize-diagnostics-path /Users/admin/builder/spi-builder-workspace/.derivedData/Build/Intermediates.noindex/NetworkS.build/Debug/NetworkS-t.build/Objects-normal/arm64/NetworkS-dependency-scan.dia -validate-clang-modules-once -clang-build-session-file /Users/admin/builder/spi-builder-workspace/.derivedData/ModuleCache.noindex/Session.modulevalidation -Xcc -fmodules-prune-interval\=86400 -Xcc -fmodules-prune-after\=345600 -emit-const-values -const-gather-protocols-list /Users/admin/builder/spi-builder-workspace/.derivedData/Build/Intermediates.noindex/NetworkS.build/Debug/NetworkS-t.build/Objects-normal/arm64/NetworkS_const_extract_protocols.json -Xcc -I/Users/admin/builder/spi-builder-workspace/.derivedData/Build/Products/Debug/include -Xcc -I/Users/admin/builder/spi-builder-workspace/.derivedData/Build/Intermediates.noindex/NetworkS.build/Debug/NetworkS-t.build/DerivedSources-normal/arm64 -Xcc -I/Users/admin/builder/spi-builder-workspace/.derivedData/Build/Intermediates.noindex/NetworkS.build/Debug/NetworkS-t.build/DerivedSources/arm64 -Xcc -I/Users/admin/builder/spi-builder-workspace/.derivedData/Build/Intermediates.noindex/NetworkS.build/Debug/NetworkS-t.build/DerivedSources -Xcc -DSWIFT_PACKAGE -Xcc -DDEBUG\=1 -emit-objc-header -emit-objc-header-path /Users/admin/builder/spi-builder-workspace/.derivedData/Build/Intermediates.noindex/NetworkS.build/Debug/NetworkS-t.build/Objects-normal/arm64/NetworkS-Swift.h -working-directory /Users/admin/builder/spi-builder-workspace/.swiftpm/xcode -experimental-emit-module-separately -disable-cmo
SwiftExplicitDependencyGeneratePcm arm64 /Users/admin/builder/spi-builder-workspace/.derivedData/SDKExplicitPrecompiledModules/SwiftShims-C4V0DQ62WSTCYBYGILXXGQNO3.pcm
SwiftExplicitDependencyGeneratePcm arm64 /Users/admin/builder/spi-builder-workspace/.derivedData/SDKExplicitPrecompiledModules/ptrauth-2W92ZJRLNJU99RJUQGGJG3OC3.pcm
SwiftExplicitDependencyGeneratePcm arm64 /Users/admin/builder/spi-builder-workspace/.derivedData/SDKExplicitPrecompiledModules/_AvailabilityInternal-CJTV5E7EL3MWRA437DUFPBVN2.pcm
SwiftExplicitDependencyGeneratePcm arm64 /Users/admin/builder/spi-builder-workspace/.derivedData/SDKExplicitPrecompiledModules/_Builtin_float-105CRCDRP90FQCQO5ZX1LHV7H.pcm
SwiftExplicitDependencyGeneratePcm arm64 /Users/admin/builder/spi-builder-workspace/.derivedData/SDKExplicitPrecompiledModules/_Builtin_stddef-3GI9GOKXSW3QCTFOI1USFLDZO.pcm
SwiftExplicitDependencyGeneratePcm arm64 /Users/admin/builder/spi-builder-workspace/.derivedData/SDKExplicitPrecompiledModules/_Builtin_stdbool-KYV2HKP8IKLKMKQS9DGA2GUQ.pcm
SwiftExplicitDependencyGeneratePcm arm64 /Users/admin/builder/spi-builder-workspace/.derivedData/SDKExplicitPrecompiledModules/_SwiftConcurrencyShims-BLUUWKI6AGMD7TJ4RGYS7DP6T.pcm
SwiftExplicitDependencyGeneratePcm arm64 /Users/admin/builder/spi-builder-workspace/.derivedData/SDKExplicitPrecompiledModules/ptrcheck-DHLCBWKPNUZOYTPJ1J3QVTCXK.pcm
SwiftExplicitDependencyGeneratePcm arm64 /Users/admin/builder/spi-builder-workspace/.derivedData/SDKExplicitPrecompiledModules/_Builtin_stdarg-7CFWA9OSW5N24E7PG4ZOCF1VH.pcm
SwiftExplicitDependencyGeneratePcm arm64 /Users/admin/builder/spi-builder-workspace/.derivedData/SDKExplicitPrecompiledModules/_DarwinFoundation1-7PRJIG163YE9KSKYA3BS35ZZP.pcm
SwiftExplicitDependencyGeneratePcm arm64 /Users/admin/builder/spi-builder-workspace/.derivedData/SDKExplicitPrecompiledModules/_DarwinFoundation2-94WUUGE4H5R03OWXE0QFZX1DN.pcm
SwiftExplicitDependencyGeneratePcm arm64 /Users/admin/builder/spi-builder-workspace/.derivedData/SDKExplicitPrecompiledModules/_Builtin_limits-AXGUGXBFPC0I7QDLJFB0K341Y.pcm
SwiftExplicitDependencyGeneratePcm arm64 /Users/admin/builder/spi-builder-workspace/.derivedData/SDKExplicitPrecompiledModules/sys_types-F4RNCN6UR5R5OWTLTOUM7TN3E.pcm
SwiftExplicitDependencyGeneratePcm arm64 /Users/admin/builder/spi-builder-workspace/.derivedData/SDKExplicitPrecompiledModules/_Builtin_stdint-22CBBOK8BNSF0UELDCAXSHGB.pcm
SwiftExplicitDependencyGeneratePcm arm64 /Users/admin/builder/spi-builder-workspace/.derivedData/SDKExplicitPrecompiledModules/string_h-10WPXBF3YFYMX5HUAW06LSABR.pcm
SwiftExplicitDependencyGeneratePcm arm64 /Users/admin/builder/spi-builder-workspace/.derivedData/SDKExplicitPrecompiledModules/_Builtin_stdatomic-8LN7S35C6I48KJOCW7VPXX04X.pcm
SwiftExplicitDependencyGeneratePcm arm64 /Users/admin/builder/spi-builder-workspace/.derivedData/SDKExplicitPrecompiledModules/libDER-5RCYOD0PCUUY2UGMBNE9LI8N9.pcm
SwiftExplicitDependencyGeneratePcm arm64 /Users/admin/builder/spi-builder-workspace/.derivedData/SDKExplicitPrecompiledModules/_DarwinFoundation3-32PO5Q4RCB6WXH5VFO3HA3AVS.pcm
SwiftExplicitDependencyGeneratePcm arm64 /Users/admin/builder/spi-builder-workspace/.derivedData/SDKExplicitPrecompiledModules/_Builtin_inttypes-1U6AP9A8AJ4G9WD98E9RHLGTJ.pcm
SwiftExplicitDependencyGeneratePcm arm64 /Users/admin/builder/spi-builder-workspace/.derivedData/SDKExplicitPrecompiledModules/Darwin-1RAAWNGKQM8YGHV0YJNNN5YDY.pcm
SwiftExplicitDependencyGeneratePcm arm64 /Users/admin/builder/spi-builder-workspace/.derivedData/SDKExplicitPrecompiledModules/launch-2XAORMJNLLVS0OVKC1M0752GY.pcm
SwiftExplicitDependencyGeneratePcm arm64 /Users/admin/builder/spi-builder-workspace/.derivedData/SDKExplicitPrecompiledModules/MachO-AWTJ65TFR7TMST2NUE6ZCC1SL.pcm
SwiftExplicitDependencyGeneratePcm arm64 /Users/admin/builder/spi-builder-workspace/.derivedData/SDKExplicitPrecompiledModules/libkern-22MDXN9G35RPO3OLKX9B2PN16.pcm
SwiftExplicitDependencyGeneratePcm arm64 /Users/admin/builder/spi-builder-workspace/.derivedData/SDKExplicitPrecompiledModules/ObjectiveC-B89IQP2TC4CFSWOUMTUZRI1VZ.pcm
SwiftExplicitDependencyGeneratePcm arm64 /Users/admin/builder/spi-builder-workspace/.derivedData/SDKExplicitPrecompiledModules/os_object-3KLCCI03OX6OQTLJ92KQH2KIO.pcm
SwiftExplicitDependencyGeneratePcm arm64 /Users/admin/builder/spi-builder-workspace/.derivedData/SDKExplicitPrecompiledModules/os_workgroup-10SJ5M8R2OB4BG1TPFL9SZMKV.pcm
SwiftExplicitDependencyGeneratePcm arm64 /Users/admin/builder/spi-builder-workspace/.derivedData/SDKExplicitPrecompiledModules/Dispatch-NAMWF9KN29KC7Z5OS3TTTAE8.pcm
SwiftExplicitDependencyGeneratePcm arm64 /Users/admin/builder/spi-builder-workspace/.derivedData/SDKExplicitPrecompiledModules/CoreFoundation-4ZIITQ30SOGUQE8KJAB99ZV0Q.pcm
SwiftExplicitDependencyGeneratePcm arm64 /Users/admin/builder/spi-builder-workspace/.derivedData/SDKExplicitPrecompiledModules/XPC-E1MSAZG4ZNL24S2WK6K6Y7GWW.pcm
SwiftExplicitDependencyGeneratePcm arm64 /Users/admin/builder/spi-builder-workspace/.derivedData/SDKExplicitPrecompiledModules/dnssd-5V92N9LLMCLZ0RRCJ1W0WH553.pcm
SwiftExplicitDependencyGeneratePcm arm64 /Users/admin/builder/spi-builder-workspace/.derivedData/SDKExplicitPrecompiledModules/os-BYOEVK2GEMB4Q8WWHGZGREA00.pcm
SwiftExplicitDependencyGeneratePcm arm64 /Users/admin/builder/spi-builder-workspace/.derivedData/SDKExplicitPrecompiledModules/Security-ESPJ7FP0YAY1EL3VXBGY9MCZ8.pcm
SwiftExplicitDependencyGeneratePcm arm64 /Users/admin/builder/spi-builder-workspace/.derivedData/SDKExplicitPrecompiledModules/CFNetwork-CVHS5CT20191MFYXQIEDWSRGJ.pcm
SwiftExplicitDependencyGeneratePcm arm64 /Users/admin/builder/spi-builder-workspace/.derivedData/SDKExplicitPrecompiledModules/IOKit-6H3X691EDBH124EYTC2PEOP5T.pcm
SwiftExplicitDependencyGeneratePcm arm64 /Users/admin/builder/spi-builder-workspace/.derivedData/SDKExplicitPrecompiledModules/DiskArbitration-ZNZZU7T0SYELB0DAR56WQF0R.pcm
SwiftExplicitDependencyGeneratePcm arm64 /Users/admin/builder/spi-builder-workspace/.derivedData/SDKExplicitPrecompiledModules/CoreServices-CGCGY0FOMEQGSNMO3HQSC09XU.pcm
SwiftExplicitDependencyGeneratePcm arm64 /Users/admin/builder/spi-builder-workspace/.derivedData/SDKExplicitPrecompiledModules/Foundation-44WR0NU86C67CV5BW8W1MGKNG.pcm
SwiftExplicitDependencyGeneratePcm arm64 /Users/admin/builder/spi-builder-workspace/.derivedData/SDKExplicitPrecompiledModules/Network-DNJ6CH9B8OJ51G462QPX58B5X.pcm
SwiftEmitModule normal arm64 Emitting\ module\ for\ NetworkS (in target 'NetworkS' from project 'NetworkS')
SwiftCompile normal arm64 (in target 'NetworkS' from project 'NetworkS')
cd /Users/admin/builder/spi-builder-workspace/.swiftpm/xcode
/Users/admin/builder/spi-builder-workspace/Sources/NetworkS/Request task/TaskOperation.swift:10:7: warning: class 'TaskOperation' must restate inherited '@unchecked Sendable' conformance
8 | import Foundation
9 |
10 | class TaskOperation: Operation {
| `- warning: class 'TaskOperation' must restate inherited '@unchecked Sendable' conformance
11 |
12 | enum State: String {
SwiftCompile normal arm64 Compiling\ SessionDelegationHandler.swift,\ SessionLifeCycle.swift,\ SessionLifeCycleService.swift /Users/admin/builder/spi-builder-workspace/Sources/NetworkS/Session/SessionDelegationHandler.swift /Users/admin/builder/spi-builder-workspace/Sources/NetworkS/Session/SessionLifeCycle.swift /Users/admin/builder/spi-builder-workspace/Sources/NetworkS/Session/SessionLifeCycleService.swift (in target 'NetworkS' from project 'NetworkS')
SwiftCompile normal arm64 /Users/admin/builder/spi-builder-workspace/Sources/NetworkS/Session/SessionDelegationHandler.swift (in target 'NetworkS' from project 'NetworkS')
cd /Users/admin/builder/spi-builder-workspace/.swiftpm/xcode
builtin-SwiftPerFileCompile SessionDelegationHandler.swift
SwiftCompile normal arm64 /Users/admin/builder/spi-builder-workspace/Sources/NetworkS/Session/SessionLifeCycle.swift (in target 'NetworkS' from project 'NetworkS')
cd /Users/admin/builder/spi-builder-workspace/.swiftpm/xcode
builtin-SwiftPerFileCompile SessionLifeCycle.swift
SwiftCompile normal arm64 /Users/admin/builder/spi-builder-workspace/Sources/NetworkS/Session/SessionLifeCycleService.swift (in target 'NetworkS' from project 'NetworkS')
cd /Users/admin/builder/spi-builder-workspace/.swiftpm/xcode
builtin-SwiftPerFileCompile SessionLifeCycleService.swift
SwiftCompile normal arm64 Compiling\ SessionRenewalService.swift,\ SessionTaskDataKeeper.swift,\ SuccessResponse.swift /Users/admin/builder/spi-builder-workspace/Sources/NetworkS/Session/SessionRenewalService.swift /Users/admin/builder/spi-builder-workspace/Sources/NetworkS/Session/SessionTaskDataKeeper.swift /Users/admin/builder/spi-builder-workspace/Sources/NetworkS/SuccessResponse.swift (in target 'NetworkS' from project 'NetworkS')
SwiftCompile normal arm64 /Users/admin/builder/spi-builder-workspace/Sources/NetworkS/Session/SessionRenewalService.swift (in target 'NetworkS' from project 'NetworkS')
cd /Users/admin/builder/spi-builder-workspace/.swiftpm/xcode
builtin-SwiftPerFileCompile SessionRenewalService.swift
SwiftCompile normal arm64 /Users/admin/builder/spi-builder-workspace/Sources/NetworkS/Session/SessionTaskDataKeeper.swift (in target 'NetworkS' from project 'NetworkS')
cd /Users/admin/builder/spi-builder-workspace/.swiftpm/xcode
builtin-SwiftPerFileCompile SessionTaskDataKeeper.swift
SwiftCompile normal arm64 /Users/admin/builder/spi-builder-workspace/Sources/NetworkS/SuccessResponse.swift (in target 'NetworkS' from project 'NetworkS')
cd /Users/admin/builder/spi-builder-workspace/.swiftpm/xcode
builtin-SwiftPerFileCompile SuccessResponse.swift
SwiftCompile normal arm64 Compiling\ NetworkResponse.swift,\ NetworkService.swift,\ NetworkWorker.swift,\ CacheRequestTask.swift /Users/admin/builder/spi-builder-workspace/Sources/NetworkS/NetworkResponse.swift /Users/admin/builder/spi-builder-workspace/Sources/NetworkS/NetworkService.swift /Users/admin/builder/spi-builder-workspace/Sources/NetworkS/NetworkWorker.swift /Users/admin/builder/spi-builder-workspace/Sources/NetworkS/Request\ task/CacheRequestTask.swift (in target 'NetworkS' from project 'NetworkS')
SwiftCompile normal arm64 /Users/admin/builder/spi-builder-workspace/Sources/NetworkS/NetworkResponse.swift (in target 'NetworkS' from project 'NetworkS')
cd /Users/admin/builder/spi-builder-workspace/.swiftpm/xcode
builtin-SwiftPerFileCompile NetworkResponse.swift
SwiftCompile normal arm64 /Users/admin/builder/spi-builder-workspace/Sources/NetworkS/NetworkService.swift (in target 'NetworkS' from project 'NetworkS')
cd /Users/admin/builder/spi-builder-workspace/.swiftpm/xcode
builtin-SwiftPerFileCompile NetworkService.swift
SwiftCompile normal arm64 /Users/admin/builder/spi-builder-workspace/Sources/NetworkS/NetworkWorker.swift (in target 'NetworkS' from project 'NetworkS')
cd /Users/admin/builder/spi-builder-workspace/.swiftpm/xcode
builtin-SwiftPerFileCompile NetworkWorker.swift
SwiftCompile normal arm64 /Users/admin/builder/spi-builder-workspace/Sources/NetworkS/Request\ task/CacheRequestTask.swift (in target 'NetworkS' from project 'NetworkS')
cd /Users/admin/builder/spi-builder-workspace/.swiftpm/xcode
builtin-SwiftPerFileCompile CacheRequestTask.swift
SwiftCompile normal arm64 Compiling\ NetworkSessionInterface.swift,\ SessionAuthChallengeService.swift,\ SessionAuthChallenger.swift /Users/admin/builder/spi-builder-workspace/Sources/NetworkS/Session\ interface/NetworkSessionInterface.swift /Users/admin/builder/spi-builder-workspace/Sources/NetworkS/Session/SessionAuthChallengeService.swift /Users/admin/builder/spi-builder-workspace/Sources/NetworkS/Session/SessionAuthChallenger.swift (in target 'NetworkS' from project 'NetworkS')
/Users/admin/builder/spi-builder-workspace/Sources/NetworkS/Session/SessionAuthChallenger.swift:31:51: warning: 'SecTrustGetCertificateAtIndex' was deprecated in macOS 12.0: renamed to 'SecTrustCopyCertificateChain(_:)' [#DeprecatedDeclaration]
29 | let isTrusted = SecTrustEvaluateWithError(serverTrust, nil)
30 |
31 | if isTrusted, let serverCertificate = SecTrustGetCertificateAtIndex(serverTrust, 0) {
| |- warning: 'SecTrustGetCertificateAtIndex' was deprecated in macOS 12.0: renamed to 'SecTrustCopyCertificateChain(_:)' [#DeprecatedDeclaration]
| `- note: use 'SecTrustCopyCertificateChain(_:)' instead
32 | let serverCertificateData = SecCertificateCopyData(serverCertificate)
33 | let data = CFDataGetBytePtr(serverCertificateData)
[#DeprecatedDeclaration]: <https://docs.swift.org/compiler/documentation/diagnostics/deprecated-declaration>
SwiftCompile normal arm64 /Users/admin/builder/spi-builder-workspace/Sources/NetworkS/Session\ interface/NetworkSessionInterface.swift (in target 'NetworkS' from project 'NetworkS')
cd /Users/admin/builder/spi-builder-workspace/.swiftpm/xcode
builtin-SwiftPerFileCompile NetworkSessionInterface.swift
SwiftCompile normal arm64 /Users/admin/builder/spi-builder-workspace/Sources/NetworkS/Session/SessionAuthChallengeService.swift (in target 'NetworkS' from project 'NetworkS')
cd /Users/admin/builder/spi-builder-workspace/.swiftpm/xcode
builtin-SwiftPerFileCompile SessionAuthChallengeService.swift
SwiftCompile normal arm64 /Users/admin/builder/spi-builder-workspace/Sources/NetworkS/Session/SessionAuthChallenger.swift (in target 'NetworkS' from project 'NetworkS')
cd /Users/admin/builder/spi-builder-workspace/.swiftpm/xcode
builtin-SwiftPerFileCompile SessionAuthChallenger.swift
SwiftCompile normal arm64 Compiling\ RequestMethod.swift,\ RequestURL.swift,\ NetworkSessionAdapter.swift /Users/admin/builder/spi-builder-workspace/Sources/NetworkS/RequestMethod.swift /Users/admin/builder/spi-builder-workspace/Sources/NetworkS/RequestURL.swift /Users/admin/builder/spi-builder-workspace/Sources/NetworkS/Session\ interface/NetworkSessionAdapter.swift (in target 'NetworkS' from project 'NetworkS')
SwiftCompile normal arm64 /Users/admin/builder/spi-builder-workspace/Sources/NetworkS/RequestMethod.swift (in target 'NetworkS' from project 'NetworkS')
cd /Users/admin/builder/spi-builder-workspace/.swiftpm/xcode
builtin-SwiftPerFileCompile RequestMethod.swift
SwiftCompile normal arm64 /Users/admin/builder/spi-builder-workspace/Sources/NetworkS/RequestURL.swift (in target 'NetworkS' from project 'NetworkS')
cd /Users/admin/builder/spi-builder-workspace/.swiftpm/xcode
builtin-SwiftPerFileCompile RequestURL.swift
SwiftCompile normal arm64 /Users/admin/builder/spi-builder-workspace/Sources/NetworkS/Session\ interface/NetworkSessionAdapter.swift (in target 'NetworkS' from project 'NetworkS')
cd /Users/admin/builder/spi-builder-workspace/.swiftpm/xcode
builtin-SwiftPerFileCompile NetworkSessionAdapter.swift
SwiftCompile normal arm64 Compiling\ TaskRunner.swift,\ UtilRequestTask.swift,\ RequestContentEncoding.swift /Users/admin/builder/spi-builder-workspace/Sources/NetworkS/Request\ task/TaskRunner.swift /Users/admin/builder/spi-builder-workspace/Sources/NetworkS/Request\ task/UtilRequestTask.swift /Users/admin/builder/spi-builder-workspace/Sources/NetworkS/RequestContentEncoding.swift (in target 'NetworkS' from project 'NetworkS')
SwiftCompile normal arm64 /Users/admin/builder/spi-builder-workspace/Sources/NetworkS/Request\ task/TaskRunner.swift (in target 'NetworkS' from project 'NetworkS')
cd /Users/admin/builder/spi-builder-workspace/.swiftpm/xcode
builtin-SwiftPerFileCompile TaskRunner.swift
SwiftCompile normal arm64 /Users/admin/builder/spi-builder-workspace/Sources/NetworkS/Request\ task/UtilRequestTask.swift (in target 'NetworkS' from project 'NetworkS')
cd /Users/admin/builder/spi-builder-workspace/.swiftpm/xcode
builtin-SwiftPerFileCompile UtilRequestTask.swift
SwiftCompile normal arm64 /Users/admin/builder/spi-builder-workspace/Sources/NetworkS/RequestContentEncoding.swift (in target 'NetworkS' from project 'NetworkS')
cd /Users/admin/builder/spi-builder-workspace/.swiftpm/xcode
builtin-SwiftPerFileCompile RequestContentEncoding.swift
SwiftCompile normal arm64 Compiling\ ConsoleLogger.swift,\ FailureResponse.swift,\ MultipartFormDataRequest.swift,\ NetworkCompose.swift /Users/admin/builder/spi-builder-workspace/Sources/NetworkS/ConsoleLogger.swift /Users/admin/builder/spi-builder-workspace/Sources/NetworkS/FailureResponse.swift /Users/admin/builder/spi-builder-workspace/Sources/NetworkS/MultipartFormDataRequest.swift /Users/admin/builder/spi-builder-workspace/Sources/NetworkS/NetworkCompose.swift (in target 'NetworkS' from project 'NetworkS')
SwiftCompile normal arm64 /Users/admin/builder/spi-builder-workspace/Sources/NetworkS/ConsoleLogger.swift (in target 'NetworkS' from project 'NetworkS')
cd /Users/admin/builder/spi-builder-workspace/.swiftpm/xcode
builtin-SwiftPerFileCompile ConsoleLogger.swift
SwiftCompile normal arm64 /Users/admin/builder/spi-builder-workspace/Sources/NetworkS/FailureResponse.swift (in target 'NetworkS' from project 'NetworkS')
cd /Users/admin/builder/spi-builder-workspace/.swiftpm/xcode
builtin-SwiftPerFileCompile FailureResponse.swift
SwiftCompile normal arm64 /Users/admin/builder/spi-builder-workspace/Sources/NetworkS/MultipartFormDataRequest.swift (in target 'NetworkS' from project 'NetworkS')
cd /Users/admin/builder/spi-builder-workspace/.swiftpm/xcode
builtin-SwiftPerFileCompile MultipartFormDataRequest.swift
SwiftCompile normal arm64 /Users/admin/builder/spi-builder-workspace/Sources/NetworkS/NetworkCompose.swift (in target 'NetworkS' from project 'NetworkS')
cd /Users/admin/builder/spi-builder-workspace/.swiftpm/xcode
builtin-SwiftPerFileCompile NetworkCompose.swift
SwiftCompile normal arm64 Compiling\ NetworkConnectionChecker.swift,\ NetworkError.swift,\ NetworkLogger.swift,\ NetworkRequest.swift /Users/admin/builder/spi-builder-workspace/Sources/NetworkS/NetworkConnectionChecker.swift /Users/admin/builder/spi-builder-workspace/Sources/NetworkS/NetworkError.swift /Users/admin/builder/spi-builder-workspace/Sources/NetworkS/NetworkLogger.swift /Users/admin/builder/spi-builder-workspace/Sources/NetworkS/NetworkRequest.swift (in target 'NetworkS' from project 'NetworkS')
SwiftCompile normal arm64 /Users/admin/builder/spi-builder-workspace/Sources/NetworkS/NetworkConnectionChecker.swift (in target 'NetworkS' from project 'NetworkS')
cd /Users/admin/builder/spi-builder-workspace/.swiftpm/xcode
builtin-SwiftPerFileCompile NetworkConnectionChecker.swift
SwiftCompile normal arm64 /Users/admin/builder/spi-builder-workspace/Sources/NetworkS/NetworkError.swift (in target 'NetworkS' from project 'NetworkS')
cd /Users/admin/builder/spi-builder-workspace/.swiftpm/xcode
builtin-SwiftPerFileCompile NetworkError.swift
SwiftCompile normal arm64 /Users/admin/builder/spi-builder-workspace/Sources/NetworkS/NetworkLogger.swift (in target 'NetworkS' from project 'NetworkS')
cd /Users/admin/builder/spi-builder-workspace/.swiftpm/xcode
builtin-SwiftPerFileCompile NetworkLogger.swift
SwiftCompile normal arm64 /Users/admin/builder/spi-builder-workspace/Sources/NetworkS/NetworkRequest.swift (in target 'NetworkS' from project 'NetworkS')
cd /Users/admin/builder/spi-builder-workspace/.swiftpm/xcode
builtin-SwiftPerFileCompile NetworkRequest.swift
SwiftCompile normal arm64 Compiling\ MockRequestTask.swift,\ NetworkRequestTask.swift,\ RequestTask.swift,\ TaskOperation.swift /Users/admin/builder/spi-builder-workspace/Sources/NetworkS/Request\ task/MockRequestTask.swift /Users/admin/builder/spi-builder-workspace/Sources/NetworkS/Request\ task/NetworkRequestTask.swift /Users/admin/builder/spi-builder-workspace/Sources/NetworkS/Request\ task/RequestTask.swift /Users/admin/builder/spi-builder-workspace/Sources/NetworkS/Request\ task/TaskOperation.swift (in target 'NetworkS' from project 'NetworkS')
/Users/admin/builder/spi-builder-workspace/Sources/NetworkS/Request task/TaskOperation.swift:10:7: warning: class 'TaskOperation' must restate inherited '@unchecked Sendable' conformance
8 | import Foundation
9 |
10 | class TaskOperation: Operation {
| `- warning: class 'TaskOperation' must restate inherited '@unchecked Sendable' conformance
11 |
12 | enum State: String {
SwiftCompile normal arm64 /Users/admin/builder/spi-builder-workspace/Sources/NetworkS/Request\ task/MockRequestTask.swift (in target 'NetworkS' from project 'NetworkS')
cd /Users/admin/builder/spi-builder-workspace/.swiftpm/xcode
builtin-SwiftPerFileCompile MockRequestTask.swift
SwiftCompile normal arm64 /Users/admin/builder/spi-builder-workspace/Sources/NetworkS/Request\ task/NetworkRequestTask.swift (in target 'NetworkS' from project 'NetworkS')
cd /Users/admin/builder/spi-builder-workspace/.swiftpm/xcode
builtin-SwiftPerFileCompile NetworkRequestTask.swift
SwiftCompile normal arm64 /Users/admin/builder/spi-builder-workspace/Sources/NetworkS/Request\ task/RequestTask.swift (in target 'NetworkS' from project 'NetworkS')
cd /Users/admin/builder/spi-builder-workspace/.swiftpm/xcode
builtin-SwiftPerFileCompile RequestTask.swift
SwiftCompile normal arm64 /Users/admin/builder/spi-builder-workspace/Sources/NetworkS/Request\ task/TaskOperation.swift (in target 'NetworkS' from project 'NetworkS')
cd /Users/admin/builder/spi-builder-workspace/.swiftpm/xcode
builtin-SwiftPerFileCompile TaskOperation.swift
SwiftCompile normal arm64 Compiling\ Data+extension.swift,\ PathInitializable.swift,\ String+extension.swift /Users/admin/builder/spi-builder-workspace/Sources/NetworkS/Utils/Data+extension.swift /Users/admin/builder/spi-builder-workspace/Sources/NetworkS/Utils/PathInitializable.swift /Users/admin/builder/spi-builder-workspace/Sources/NetworkS/Utils/String+extension.swift (in target 'NetworkS' from project 'NetworkS')
SwiftCompile normal arm64 /Users/admin/builder/spi-builder-workspace/Sources/NetworkS/Utils/Data+extension.swift (in target 'NetworkS' from project 'NetworkS')
cd /Users/admin/builder/spi-builder-workspace/.swiftpm/xcode
builtin-SwiftPerFileCompile Data+extension.swift
SwiftCompile normal arm64 /Users/admin/builder/spi-builder-workspace/Sources/NetworkS/Utils/PathInitializable.swift (in target 'NetworkS' from project 'NetworkS')
cd /Users/admin/builder/spi-builder-workspace/.swiftpm/xcode
builtin-SwiftPerFileCompile PathInitializable.swift
SwiftCompile normal arm64 /Users/admin/builder/spi-builder-workspace/Sources/NetworkS/Utils/String+extension.swift (in target 'NetworkS' from project 'NetworkS')
cd /Users/admin/builder/spi-builder-workspace/.swiftpm/xcode
builtin-SwiftPerFileCompile String+extension.swift
SwiftDriverJobDiscovery normal arm64 Emitting module for NetworkS (in target 'NetworkS' from project 'NetworkS')
SwiftDriver\ Compilation\ Requirements NetworkS normal arm64 com.apple.xcode.tools.swift.compiler (in target 'NetworkS' from project 'NetworkS')
cd /Users/admin/builder/spi-builder-workspace/.swiftpm/xcode
builtin-Swift-Compilation-Requirements -- /Applications/Xcode-27.0.0-Release.Candidate.app/Contents/Developer/Toolchains/XcodeDefault.xctoolchain/usr/bin/swiftc -parse-as-library -module-name NetworkS -Onone @/Users/admin/builder/spi-builder-workspace/.derivedData/Build/Intermediates.noindex/NetworkS.build/Debug/NetworkS-t.build/Objects-normal/arm64/NetworkS.SwiftFileList -DSWIFT_PACKAGE -DDEBUG -DSWIFT_MODULE_RESOURCE_BUNDLE_UNAVAILABLE -DXcode -plugin-path /Applications/Xcode-27.0.0-Release.Candidate.app/Contents/Developer/Toolchains/XcodeDefault.xctoolchain/usr/lib/swift/host/plugins/testing -enable-experimental-feature DebugDescriptionMacro -sdk /Applications/Xcode-27.0.0-Release.Candidate.app/Contents/Developer/Platforms/MacOSX.platform/Developer/SDKs/MacOSX27.0.sdk -target arm64-apple-macos12.0 -g -module-cache-path /Users/admin/builder/spi-builder-workspace/.derivedData/ModuleCache.noindex -Xfrontend -serialize-debugging-options -profile-coverage-mapping -profile-generate -enable-testing -index-store-path /Users/admin/builder/spi-builder-workspace/.derivedData/Index.noindex/DataStore -Xcc -D_LIBCPP_HARDENING_MODE\=_LIBCPP_HARDENING_MODE_DEBUG -swift-version 5 -I /Users/admin/builder/spi-builder-workspace/.derivedData/Build/Products/Debug -Isystem /Applications/Xcode-27.0.0-Release.Candidate.app/Contents/Developer/Platforms/MacOSX.platform/Developer/usr/lib -F /Users/admin/builder/spi-builder-workspace/.derivedData/Build/Products/Debug -F /Applications/Xcode-27.0.0-Release.Candidate.app/Contents/Developer/Platforms/MacOSX.platform/Developer/Library/Frameworks -c -j10 -enable-batch-mode -incremental -Xcc -ivfsstatcache -Xcc /Users/admin/builder/spi-builder-workspace/.derivedData/SDKStatCaches.noindex/macosx27.0-26A425-e829b21a6f8c9b70876ba0858053c0446a22442a12e9d48fe1a705f55a1adfc4.sdkstatcache -output-file-map /Users/admin/builder/spi-builder-workspace/.derivedData/Build/Intermediates.noindex/NetworkS.build/Debug/NetworkS-t.build/Objects-normal/arm64/NetworkS-OutputFileMap.json -save-temps -no-color-diagnostics -explicit-module-build -module-cache-path /Users/admin/builder/spi-builder-workspace/.derivedData/Build/Intermediates.noindex/SwiftExplicitPrecompiledModules -clang-scanner-module-cache-path /Users/admin/builder/spi-builder-workspace/.derivedData/ModuleCache.noindex -sdk-module-cache-path /Users/admin/builder/spi-builder-workspace/.derivedData/SDKExplicitPrecompiledModules -emit-dependencies -emit-module -emit-module-path /Users/admin/builder/spi-builder-workspace/.derivedData/Build/Intermediates.noindex/NetworkS.build/Debug/NetworkS-t.build/Objects-normal/arm64/NetworkS.swiftmodule -serialize-diagnostics -dependency-scan-serialize-diagnostics-path /Users/admin/builder/spi-builder-workspace/.derivedData/Build/Intermediates.noindex/NetworkS.build/Debug/NetworkS-t.build/Objects-normal/arm64/NetworkS-dependency-scan.dia -validate-clang-modules-once -clang-build-session-file /Users/admin/builder/spi-builder-workspace/.derivedData/ModuleCache.noindex/Session.modulevalidation -Xcc -fmodules-prune-interval\=86400 -Xcc -fmodules-prune-after\=345600 -emit-const-values -const-gather-protocols-list /Users/admin/builder/spi-builder-workspace/.derivedData/Build/Intermediates.noindex/NetworkS.build/Debug/NetworkS-t.build/Objects-normal/arm64/NetworkS_const_extract_protocols.json -Xcc -I/Users/admin/builder/spi-builder-workspace/.derivedData/Build/Products/Debug/include -Xcc -I/Users/admin/builder/spi-builder-workspace/.derivedData/Build/Intermediates.noindex/NetworkS.build/Debug/NetworkS-t.build/DerivedSources-normal/arm64 -Xcc -I/Users/admin/builder/spi-builder-workspace/.derivedData/Build/Intermediates.noindex/NetworkS.build/Debug/NetworkS-t.build/DerivedSources/arm64 -Xcc -I/Users/admin/builder/spi-builder-workspace/.derivedData/Build/Intermediates.noindex/NetworkS.build/Debug/NetworkS-t.build/DerivedSources -Xcc -DSWIFT_PACKAGE -Xcc -DDEBUG\=1 -emit-objc-header -emit-objc-header-path /Users/admin/builder/spi-builder-workspace/.derivedData/Build/Intermediates.noindex/NetworkS.build/Debug/NetworkS-t.build/Objects-normal/arm64/NetworkS-Swift.h -working-directory /Users/admin/builder/spi-builder-workspace/.swiftpm/xcode -experimental-emit-module-separately -disable-cmo
SwiftDriverJobDiscovery normal arm64 Compiling NetworkSessionInterface.swift, SessionAuthChallengeService.swift, SessionAuthChallenger.swift (in target 'NetworkS' from project 'NetworkS')
SwiftDriverJobDiscovery normal arm64 Compiling SessionDelegationHandler.swift, SessionLifeCycle.swift, SessionLifeCycleService.swift (in target 'NetworkS' from project 'NetworkS')
SwiftDriverJobDiscovery normal arm64 Compiling TaskRunner.swift, UtilRequestTask.swift, RequestContentEncoding.swift (in target 'NetworkS' from project 'NetworkS')
SwiftDriverJobDiscovery normal arm64 Compiling Data+extension.swift, PathInitializable.swift, String+extension.swift (in target 'NetworkS' from project 'NetworkS')
SwiftDriverJobDiscovery normal arm64 Compiling SessionRenewalService.swift, SessionTaskDataKeeper.swift, SuccessResponse.swift (in target 'NetworkS' from project 'NetworkS')
SwiftDriverJobDiscovery normal arm64 Compiling NetworkResponse.swift, NetworkService.swift, NetworkWorker.swift, CacheRequestTask.swift (in target 'NetworkS' from project 'NetworkS')
SwiftMergeGeneratedHeaders /Users/admin/builder/spi-builder-workspace/.derivedData/Build/Intermediates.noindex/GeneratedModuleMaps/NetworkS-Swift.h /Users/admin/builder/spi-builder-workspace/.derivedData/Build/Intermediates.noindex/NetworkS.build/Debug/NetworkS-t.build/Objects-normal/arm64/NetworkS-Swift.h (in target 'NetworkS' from project 'NetworkS')
cd /Users/admin/builder/spi-builder-workspace
builtin-swiftHeaderTool -arch arm64 /Users/admin/builder/spi-builder-workspace/.derivedData/Build/Intermediates.noindex/NetworkS.build/Debug/NetworkS-t.build/Objects-normal/arm64/NetworkS-Swift.h -o /Users/admin/builder/spi-builder-workspace/.derivedData/Build/Intermediates.noindex/GeneratedModuleMaps/NetworkS-Swift.h
SwiftDriverJobDiscovery normal arm64 Compiling MockRequestTask.swift, NetworkRequestTask.swift, RequestTask.swift, TaskOperation.swift (in target 'NetworkS' from project 'NetworkS')
SwiftDriverJobDiscovery normal arm64 Compiling ConsoleLogger.swift, FailureResponse.swift, MultipartFormDataRequest.swift, NetworkCompose.swift (in target 'NetworkS' from project 'NetworkS')
Copy /Users/admin/builder/spi-builder-workspace/.derivedData/Build/Products/Debug/NetworkS.swiftmodule/arm64-apple-macos.swiftdoc /Users/admin/builder/spi-builder-workspace/.derivedData/Build/Intermediates.noindex/NetworkS.build/Debug/NetworkS-t.build/Objects-normal/arm64/NetworkS.swiftdoc (in target 'NetworkS' from project 'NetworkS')
cd /Users/admin/builder/spi-builder-workspace
builtin-copy -exclude .DS_Store -exclude CVS -exclude .svn -exclude .git -exclude .hg -resolve-src-symlinks -rename /Users/admin/builder/spi-builder-workspace/.derivedData/Build/Intermediates.noindex/NetworkS.build/Debug/NetworkS-t.build/Objects-normal/arm64/NetworkS.swiftdoc /Users/admin/builder/spi-builder-workspace/.derivedData/Build/Products/Debug/NetworkS.swiftmodule/arm64-apple-macos.swiftdoc
Copy /Users/admin/builder/spi-builder-workspace/.derivedData/Build/Products/Debug/NetworkS.swiftmodule/arm64-apple-macos.swiftmodule /Users/admin/builder/spi-builder-workspace/.derivedData/Build/Intermediates.noindex/NetworkS.build/Debug/NetworkS-t.build/Objects-normal/arm64/NetworkS.swiftmodule (in target 'NetworkS' from project 'NetworkS')
cd /Users/admin/builder/spi-builder-workspace
builtin-copy -exclude .DS_Store -exclude CVS -exclude .svn -exclude .git -exclude .hg -resolve-src-symlinks -rename /Users/admin/builder/spi-builder-workspace/.derivedData/Build/Intermediates.noindex/NetworkS.build/Debug/NetworkS-t.build/Objects-normal/arm64/NetworkS.swiftmodule /Users/admin/builder/spi-builder-workspace/.derivedData/Build/Products/Debug/NetworkS.swiftmodule/arm64-apple-macos.swiftmodule
Copy /Users/admin/builder/spi-builder-workspace/.derivedData/Build/Products/Debug/NetworkS.swiftmodule/arm64-apple-macos.abi.json /Users/admin/builder/spi-builder-workspace/.derivedData/Build/Intermediates.noindex/NetworkS.build/Debug/NetworkS-t.build/Objects-normal/arm64/NetworkS.abi.json (in target 'NetworkS' from project 'NetworkS')
cd /Users/admin/builder/spi-builder-workspace
builtin-copy -exclude .DS_Store -exclude CVS -exclude .svn -exclude .git -exclude .hg -resolve-src-symlinks -rename /Users/admin/builder/spi-builder-workspace/.derivedData/Build/Intermediates.noindex/NetworkS.build/Debug/NetworkS-t.build/Objects-normal/arm64/NetworkS.abi.json /Users/admin/builder/spi-builder-workspace/.derivedData/Build/Products/Debug/NetworkS.swiftmodule/arm64-apple-macos.abi.json
Copy /Users/admin/builder/spi-builder-workspace/.derivedData/Build/Products/Debug/NetworkS.swiftmodule/Project/arm64-apple-macos.swiftsourceinfo /Users/admin/builder/spi-builder-workspace/.derivedData/Build/Intermediates.noindex/NetworkS.build/Debug/NetworkS-t.build/Objects-normal/arm64/NetworkS.swiftsourceinfo (in target 'NetworkS' from project 'NetworkS')
cd /Users/admin/builder/spi-builder-workspace
builtin-copy -exclude .DS_Store -exclude CVS -exclude .svn -exclude .git -exclude .hg -resolve-src-symlinks -rename /Users/admin/builder/spi-builder-workspace/.derivedData/Build/Intermediates.noindex/NetworkS.build/Debug/NetworkS-t.build/Objects-normal/arm64/NetworkS.swiftsourceinfo /Users/admin/builder/spi-builder-workspace/.derivedData/Build/Products/Debug/NetworkS.swiftmodule/Project/arm64-apple-macos.swiftsourceinfo
GenerateAssetSymbols /Users/admin/builder/spi-builder-workspace/Tests/NetworkSTests/Assets.xcassets (in target 'NetworkSTests-product' from project 'NetworkS')
cd /Users/admin/builder/spi-builder-workspace
/Applications/Xcode-27.0.0-Release.Candidate.app/Contents/Developer/usr/bin/actool /Users/admin/builder/spi-builder-workspace/Tests/NetworkSTests/Assets.xcassets --compile /Users/admin/builder/spi-builder-workspace/.derivedData/Build/Products/Debug/NetworkSTests.xctest/Contents/Resources --output-format human-readable-text --notices --warnings --export-dependency-info /Users/admin/builder/spi-builder-workspace/.derivedData/Build/Intermediates.noindex/NetworkS.build/Debug/NetworkSTests-p.build/assetcatalog_dependencies --output-partial-info-plist /Users/admin/builder/spi-builder-workspace/.derivedData/Build/Intermediates.noindex/NetworkS.build/Debug/NetworkSTests-p.build/assetcatalog_generated_info.plist --enable-on-demand-resources NO --development-region en --target-device mac --minimum-deployment-target 14.0 --platform macosx --bundle-identifier spi-builder-workspace.NetworkSTests --generate-swift-asset-symbol-extensions NO --generate-swift-asset-symbols /Users/admin/builder/spi-builder-workspace/.derivedData/Build/Intermediates.noindex/NetworkS.build/Debug/NetworkSTests-p.build/DerivedSources/GeneratedAssetSymbols.swift --generate-objc-asset-symbols /Users/admin/builder/spi-builder-workspace/.derivedData/Build/Intermediates.noindex/NetworkS.build/Debug/NetworkSTests-p.build/DerivedSources/GeneratedAssetSymbols.h --generate-asset-symbol-index /Users/admin/builder/spi-builder-workspace/.derivedData/Build/Intermediates.noindex/NetworkS.build/Debug/NetworkSTests-p.build/DerivedSources/GeneratedAssetSymbols-Index.plist
/* com.apple.actool.compilation-results */
/Users/admin/builder/spi-builder-workspace/.derivedData/Build/Intermediates.noindex/NetworkS.build/Debug/NetworkSTests-p.build/DerivedSources/GeneratedAssetSymbols-Index.plist
/Users/admin/builder/spi-builder-workspace/.derivedData/Build/Intermediates.noindex/NetworkS.build/Debug/NetworkSTests-p.build/DerivedSources/GeneratedAssetSymbols.h
/Users/admin/builder/spi-builder-workspace/.derivedData/Build/Intermediates.noindex/NetworkS.build/Debug/NetworkSTests-p.build/DerivedSources/GeneratedAssetSymbols.swift
SwiftDriver NetworkSTests normal arm64 com.apple.xcode.tools.swift.compiler (in target 'NetworkSTests-product' from project 'NetworkS')
cd /Users/admin/builder/spi-builder-workspace/.swiftpm/xcode
builtin-SwiftDriver -- /Applications/Xcode-27.0.0-Release.Candidate.app/Contents/Developer/Toolchains/XcodeDefault.xctoolchain/usr/bin/swiftc -parse-as-library -module-name NetworkSTests -Onone @/Users/admin/builder/spi-builder-workspace/.derivedData/Build/Intermediates.noindex/NetworkS.build/Debug/NetworkSTests-p.build/Objects-normal/arm64/NetworkSTests.SwiftFileList -DSWIFT_PACKAGE -DDEBUG -DSWIFT_MODULE_RESOURCE_BUNDLE_AVAILABLE -DXcode -plugin-path /Applications/Xcode-27.0.0-Release.Candidate.app/Contents/Developer/Toolchains/XcodeDefault.xctoolchain/usr/lib/swift/host/plugins/testing -enable-experimental-feature DebugDescriptionMacro -sdk /Applications/Xcode-27.0.0-Release.Candidate.app/Contents/Developer/Platforms/MacOSX.platform/Developer/SDKs/MacOSX27.0.sdk -target arm64-apple-macos14.0 -g -module-cache-path /Users/admin/builder/spi-builder-workspace/.derivedData/ModuleCache.noindex -Xfrontend -serialize-debugging-options -profile-coverage-mapping -profile-generate -enable-testing -index-store-path /Users/admin/builder/spi-builder-workspace/.derivedData/Index.noindex/DataStore -Xcc -D_LIBCPP_HARDENING_MODE\=_LIBCPP_HARDENING_MODE_DEBUG -swift-version 5 -I /Users/admin/builder/spi-builder-workspace/.derivedData/Build/Products/Debug -Isystem /Applications/Xcode-27.0.0-Release.Candidate.app/Contents/Developer/Platforms/MacOSX.platform/Developer/usr/lib -F /Users/admin/builder/spi-builder-workspace/.derivedData/Build/Products/Debug/PackageFrameworks -F /Users/admin/builder/spi-builder-workspace/.derivedData/Build/Products/Debug -F /Applications/Xcode-27.0.0-Release.Candidate.app/Contents/Developer/Platforms/MacOSX.platform/Developer/Library/Frameworks -c -j10 -enable-batch-mode -incremental -Xcc -ivfsstatcache -Xcc /Users/admin/builder/spi-builder-workspace/.derivedData/SDKStatCaches.noindex/macosx27.0-26A425-e829b21a6f8c9b70876ba0858053c0446a22442a12e9d48fe1a705f55a1adfc4.sdkstatcache -output-file-map /Users/admin/builder/spi-builder-workspace/.derivedData/Build/Intermediates.noindex/NetworkS.build/Debug/NetworkSTests-p.build/Objects-normal/arm64/NetworkSTests-OutputFileMap.json -save-temps -no-color-diagnostics -explicit-module-build -module-cache-path /Users/admin/builder/spi-builder-workspace/.derivedData/Build/Intermediates.noindex/SwiftExplicitPrecompiledModules -clang-scanner-module-cache-path /Users/admin/builder/spi-builder-workspace/.derivedData/ModuleCache.noindex -sdk-module-cache-path /Users/admin/builder/spi-builder-workspace/.derivedData/SDKExplicitPrecompiledModules -emit-dependencies -emit-module -emit-module-path /Users/admin/builder/spi-builder-workspace/.derivedData/Build/Intermediates.noindex/NetworkS.build/Debug/NetworkSTests-p.build/Objects-normal/arm64/NetworkSTests.swiftmodule -serialize-diagnostics -dependency-scan-serialize-diagnostics-path /Users/admin/builder/spi-builder-workspace/.derivedData/Build/Intermediates.noindex/NetworkS.build/Debug/NetworkSTests-p.build/Objects-normal/arm64/NetworkSTests-dependency-scan.dia -validate-clang-modules-once -clang-build-session-file /Users/admin/builder/spi-builder-workspace/.derivedData/ModuleCache.noindex/Session.modulevalidation -Xcc -fmodules-prune-interval\=86400 -Xcc -fmodules-prune-after\=345600 -emit-const-values -const-gather-protocols-list /Users/admin/builder/spi-builder-workspace/.derivedData/Build/Intermediates.noindex/NetworkS.build/Debug/NetworkSTests-p.build/Objects-normal/arm64/NetworkSTests_const_extract_protocols.json -Xcc -I/Users/admin/builder/spi-builder-workspace/.derivedData/Build/Products/Debug/include -Xcc -I/Users/admin/builder/spi-builder-workspace/.derivedData/Build/Intermediates.noindex/NetworkS.build/Debug/NetworkSTests-p.build/DerivedSources-normal/arm64 -Xcc -I/Users/admin/builder/spi-builder-workspace/.derivedData/Build/Intermediates.noindex/NetworkS.build/Debug/NetworkSTests-p.build/DerivedSources/arm64 -Xcc -I/Users/admin/builder/spi-builder-workspace/.derivedData/Build/Intermediates.noindex/NetworkS.build/Debug/NetworkSTests-p.build/DerivedSources -Xcc -DSWIFT_PACKAGE -Xcc -DDEBUG\=1 -working-directory /Users/admin/builder/spi-builder-workspace/.swiftpm/xcode -experimental-emit-module-separately -disable-cmo
SwiftDriverJobDiscovery normal arm64 Compiling RequestMethod.swift, RequestURL.swift, NetworkSessionAdapter.swift (in target 'NetworkS' from project 'NetworkS')
SwiftDriverJobDiscovery normal arm64 Compiling NetworkConnectionChecker.swift, NetworkError.swift, NetworkLogger.swift, NetworkRequest.swift (in target 'NetworkS' from project 'NetworkS')
SwiftDriver\ Compilation NetworkS normal arm64 com.apple.xcode.tools.swift.compiler (in target 'NetworkS' from project 'NetworkS')
cd /Users/admin/builder/spi-builder-workspace/.swiftpm/xcode
builtin-Swift-Compilation -- /Applications/Xcode-27.0.0-Release.Candidate.app/Contents/Developer/Toolchains/XcodeDefault.xctoolchain/usr/bin/swiftc -parse-as-library -module-name NetworkS -Onone @/Users/admin/builder/spi-builder-workspace/.derivedData/Build/Intermediates.noindex/NetworkS.build/Debug/NetworkS-t.build/Objects-normal/arm64/NetworkS.SwiftFileList -DSWIFT_PACKAGE -DDEBUG -DSWIFT_MODULE_RESOURCE_BUNDLE_UNAVAILABLE -DXcode -plugin-path /Applications/Xcode-27.0.0-Release.Candidate.app/Contents/Developer/Toolchains/XcodeDefault.xctoolchain/usr/lib/swift/host/plugins/testing -enable-experimental-feature DebugDescriptionMacro -sdk /Applications/Xcode-27.0.0-Release.Candidate.app/Contents/Developer/Platforms/MacOSX.platform/Developer/SDKs/MacOSX27.0.sdk -target arm64-apple-macos12.0 -g -module-cache-path /Users/admin/builder/spi-builder-workspace/.derivedData/ModuleCache.noindex -Xfrontend -serialize-debugging-options -profile-coverage-mapping -profile-generate -enable-testing -index-store-path /Users/admin/builder/spi-builder-workspace/.derivedData/Index.noindex/DataStore -Xcc -D_LIBCPP_HARDENING_MODE\=_LIBCPP_HARDENING_MODE_DEBUG -swift-version 5 -I /Users/admin/builder/spi-builder-workspace/.derivedData/Build/Products/Debug -Isystem /Applications/Xcode-27.0.0-Release.Candidate.app/Contents/Developer/Platforms/MacOSX.platform/Developer/usr/lib -F /Users/admin/builder/spi-builder-workspace/.derivedData/Build/Products/Debug -F /Applications/Xcode-27.0.0-Release.Candidate.app/Contents/Developer/Platforms/MacOSX.platform/Developer/Library/Frameworks -c -j10 -enable-batch-mode -incremental -Xcc -ivfsstatcache -Xcc /Users/admin/builder/spi-builder-workspace/.derivedData/SDKStatCaches.noindex/macosx27.0-26A425-e829b21a6f8c9b70876ba0858053c0446a22442a12e9d48fe1a705f55a1adfc4.sdkstatcache -output-file-map /Users/admin/builder/spi-builder-workspace/.derivedData/Build/Intermediates.noindex/NetworkS.build/Debug/NetworkS-t.build/Objects-normal/arm64/NetworkS-OutputFileMap.json -save-temps -no-color-diagnostics -explicit-module-build -module-cache-path /Users/admin/builder/spi-builder-workspace/.derivedData/Build/Intermediates.noindex/SwiftExplicitPrecompiledModules -clang-scanner-module-cache-path /Users/admin/builder/spi-builder-workspace/.derivedData/ModuleCache.noindex -sdk-module-cache-path /Users/admin/builder/spi-builder-workspace/.derivedData/SDKExplicitPrecompiledModules -emit-dependencies -emit-module -emit-module-path /Users/admin/builder/spi-builder-workspace/.derivedData/Build/Intermediates.noindex/NetworkS.build/Debug/NetworkS-t.build/Objects-normal/arm64/NetworkS.swiftmodule -serialize-diagnostics -dependency-scan-serialize-diagnostics-path /Users/admin/builder/spi-builder-workspace/.derivedData/Build/Intermediates.noindex/NetworkS.build/Debug/NetworkS-t.build/Objects-normal/arm64/NetworkS-dependency-scan.dia -validate-clang-modules-once -clang-build-session-file /Users/admin/builder/spi-builder-workspace/.derivedData/ModuleCache.noindex/Session.modulevalidation -Xcc -fmodules-prune-interval\=86400 -Xcc -fmodules-prune-after\=345600 -emit-const-values -const-gather-protocols-list /Users/admin/builder/spi-builder-workspace/.derivedData/Build/Intermediates.noindex/NetworkS.build/Debug/NetworkS-t.build/Objects-normal/arm64/NetworkS_const_extract_protocols.json -Xcc -I/Users/admin/builder/spi-builder-workspace/.derivedData/Build/Products/Debug/include -Xcc -I/Users/admin/builder/spi-builder-workspace/.derivedData/Build/Intermediates.noindex/NetworkS.build/Debug/NetworkS-t.build/DerivedSources-normal/arm64 -Xcc -I/Users/admin/builder/spi-builder-workspace/.derivedData/Build/Intermediates.noindex/NetworkS.build/Debug/NetworkS-t.build/DerivedSources/arm64 -Xcc -I/Users/admin/builder/spi-builder-workspace/.derivedData/Build/Intermediates.noindex/NetworkS.build/Debug/NetworkS-t.build/DerivedSources -Xcc -DSWIFT_PACKAGE -Xcc -DDEBUG\=1 -emit-objc-header -emit-objc-header-path /Users/admin/builder/spi-builder-workspace/.derivedData/Build/Intermediates.noindex/NetworkS.build/Debug/NetworkS-t.build/Objects-normal/arm64/NetworkS-Swift.h -working-directory /Users/admin/builder/spi-builder-workspace/.swiftpm/xcode -experimental-emit-module-separately -disable-cmo
Ld /Users/admin/builder/spi-builder-workspace/.derivedData/Build/Products/Debug/NetworkS.o normal (in target 'NetworkS' from project 'NetworkS')
cd /Users/admin/builder/spi-builder-workspace
/Applications/Xcode-27.0.0-Release.Candidate.app/Contents/Developer/Toolchains/XcodeDefault.xctoolchain/usr/bin/clang -Xlinker -reproducible -target arm64-apple-macos12.0 -r -isysroot /Applications/Xcode-27.0.0-Release.Candidate.app/Contents/Developer/Platforms/MacOSX.platform/Developer/SDKs/MacOSX27.0.sdk -O0 -Xlinker -no_warn_duplicate_libraries -F/Users/admin/builder/spi-builder-workspace/.derivedData/Build/Intermediates.noindex/EagerLinkingTBDs/Debug -F/Users/admin/builder/spi-builder-workspace/.derivedData/Build/Products/Debug -iframework /Applications/Xcode-27.0.0-Release.Candidate.app/Contents/Developer/Platforms/MacOSX.platform/Developer/Library/Frameworks -filelist /Users/admin/builder/spi-builder-workspace/.derivedData/Build/Intermediates.noindex/NetworkS.build/Debug/NetworkS-t.build/Objects-normal/arm64/NetworkS.LinkFileList -nostdlib -Xlinker -object_path_lto -Xlinker /Users/admin/builder/spi-builder-workspace/.derivedData/Build/Intermediates.noindex/NetworkS.build/Debug/NetworkS-t.build/Objects-normal/arm64/NetworkS_lto.o -Xlinker -no_deduplicate -Xlinker -debug_variant -Xlinker -dependency_info -Xlinker /Users/admin/builder/spi-builder-workspace/.derivedData/Build/Intermediates.noindex/NetworkS.build/Debug/NetworkS-t.build/Objects-normal/arm64/NetworkS_dependency_info.dat -fobjc-link-runtime -L/Applications/Xcode-27.0.0-Release.Candidate.app/Contents/Developer/Toolchains/XcodeDefault.xctoolchain/usr/lib/swift/macosx -L/usr/lib/swift -Xlinker -add_ast_path -Xlinker /Users/admin/builder/spi-builder-workspace/.derivedData/Build/Intermediates.noindex/NetworkS.build/Debug/NetworkS-t.build/Objects-normal/arm64/NetworkS.swiftmodule -o /Users/admin/builder/spi-builder-workspace/.derivedData/Build/Products/Debug/NetworkS.o
ExtractAppIntentsMetadata (in target 'NetworkS' from project 'NetworkS')
cd /Users/admin/builder/spi-builder-workspace
/Applications/Xcode-27.0.0-Release.Candidate.app/Contents/Developer/Toolchains/XcodeDefault.xctoolchain/usr/bin/appintentsmetadataprocessor --toolchain-dir /var/run/com.apple.security.cryptexd/mnt/com.apple.MobileAsset.MetalToolchain-v27.1.266.1.AJUzpl/Metal.xctoolchain --module-name NetworkS --sdk-root /Applications/Xcode-27.0.0-Release.Candidate.app/Contents/Developer/Platforms/MacOSX.platform/Developer/SDKs/MacOSX27.0.sdk --xcode-version 27A266a --platform-family macOS --deployment-target 12.0 --bundle-identifier spi-builder-workspace.NetworkS --output /Users/admin/builder/spi-builder-workspace/.derivedData/Build/Products/Debug/NetworkS.appintents --target-triple arm64-apple-macos12.0 --binary-file /Users/admin/builder/spi-builder-workspace/.derivedData/Build/Products/Debug/NetworkS.o --dependency-file /Users/admin/builder/spi-builder-workspace/.derivedData/Build/Intermediates.noindex/NetworkS.build/Debug/NetworkS-t.build/Objects-normal/arm64/NetworkS_dependency_info.dat --stringsdata-file /Users/admin/builder/spi-builder-workspace/.derivedData/Build/Intermediates.noindex/NetworkS.build/Debug/NetworkS-t.build/Objects-normal/arm64/ExtractedAppShortcutsMetadata.stringsdata --source-file-list /Users/admin/builder/spi-builder-workspace/.derivedData/Build/Intermediates.noindex/NetworkS.build/Debug/NetworkS-t.build/Objects-normal/arm64/NetworkS.SwiftFileList --metadata-file-list /Users/admin/builder/spi-builder-workspace/.derivedData/Build/Intermediates.noindex/NetworkS.build/Debug/NetworkS-t.build/NetworkS.DependencyMetadataFileList --static-metadata-file-list /Users/admin/builder/spi-builder-workspace/.derivedData/Build/Intermediates.noindex/NetworkS.build/Debug/NetworkS-t.build/NetworkS.DependencyStaticMetadataFileList --swift-const-vals-list /Users/admin/builder/spi-builder-workspace/.derivedData/Build/Intermediates.noindex/NetworkS.build/Debug/NetworkS-t.build/Objects-normal/arm64/NetworkS.SwiftConstValuesFileList --force --compile-time-extraction --deployment-aware-processing --no-app-shortcuts-localization
2026-09-19 13:31:20.480 appintentsmetadataprocessor[718:4506] Starting appintentsmetadataprocessor export
2026-09-19 13:31:20.567 appintentsmetadataprocessor[718:4506] Extracted no relevant App Intents symbols, skipping writing output
ProcessInfoPlistFile /Users/admin/builder/spi-builder-workspace/.derivedData/Build/Products/Debug/NetworkSTests.xctest/Contents/Info.plist /Users/admin/builder/spi-builder-workspace/.derivedData/Build/Intermediates.noindex/NetworkS.build/Debug/NetworkSTests-p.build/empty-NetworkSTests.plist (in target 'NetworkSTests-product' from project 'NetworkS')
cd /Users/admin/builder/spi-builder-workspace
builtin-infoPlistUtility /Users/admin/builder/spi-builder-workspace/.derivedData/Build/Intermediates.noindex/NetworkS.build/Debug/NetworkSTests-p.build/empty-NetworkSTests.plist -producttype com.apple.product-type.bundle.unit-test -expandbuildsettings -platform macosx -o /Users/admin/builder/spi-builder-workspace/.derivedData/Build/Products/Debug/NetworkSTests.xctest/Contents/Info.plist
CpResource /Users/admin/builder/spi-builder-workspace/.derivedData/Build/Products/Debug/NetworkSTests.xctest/Contents/Resources/NetworkS_NetworkSTests.bundle /Users/admin/builder/spi-builder-workspace/.derivedData/Build/Products/Debug/NetworkS_NetworkSTests.bundle (in target 'NetworkSTests-product' from project 'NetworkS')
cd /Users/admin/builder/spi-builder-workspace
builtin-copy -exclude .DS_Store -exclude CVS -exclude .svn -exclude .git -exclude .hg -resolve-src-symlinks /Users/admin/builder/spi-builder-workspace/.derivedData/Build/Products/Debug/NetworkS_NetworkSTests.bundle /Users/admin/builder/spi-builder-workspace/.derivedData/Build/Products/Debug/NetworkSTests.xctest/Contents/Resources
SwiftExplicitDependencyGeneratePcm arm64 /Users/admin/builder/spi-builder-workspace/.derivedData/SDKExplicitPrecompiledModules/IOSurface-1TUG4NQVIPJF59WSUNATZ447F.pcm
SwiftExplicitDependencyGeneratePcm arm64 /Users/admin/builder/spi-builder-workspace/.derivedData/SDKExplicitPrecompiledModules/CoreGraphics-5TRMNDB7ZP6FFMRNSZCWEOZMD.pcm
SwiftExplicitDependencyGeneratePcm arm64 /Users/admin/builder/spi-builder-workspace/.derivedData/SDKExplicitPrecompiledModules/Symbols-2NFSQR6R0R96WH1KKGBXW1J.pcm
SwiftExplicitDependencyGeneratePcm arm64 /Users/admin/builder/spi-builder-workspace/.derivedData/SDKExplicitPrecompiledModules/DeveloperToolsSupport-13SNQ6N57G3DOS3KQA7V91OE7.pcm
SwiftExplicitDependencyGeneratePcm arm64 /Users/admin/builder/spi-builder-workspace/.derivedData/SDKExplicitPrecompiledModules/CoreData-4EPJ39F9L3QQ9486B5AMG5G6J.pcm
SwiftExplicitDependencyGeneratePcm arm64 /Users/admin/builder/spi-builder-workspace/.derivedData/SDKExplicitPrecompiledModules/_Builtin_tgmath-52XE6HC8DWOG6S7B5QAI046D1.pcm
SwiftExplicitDependencyGeneratePcm arm64 /Users/admin/builder/spi-builder-workspace/.derivedData/SDKExplicitPrecompiledModules/_Builtin_intrinsics-4O6R03GTH5FLWSHEUBP0Z3GZ2.pcm
SwiftExplicitDependencyGeneratePcm arm64 /Users/admin/builder/spi-builder-workspace/.derivedData/SDKExplicitPrecompiledModules/CUPS-45MNISAOHSEBD6VQA5G0MXN9H.pcm
SwiftExplicitDependencyGeneratePcm arm64 /Users/admin/builder/spi-builder-workspace/.derivedData/SDKExplicitPrecompiledModules/OSLog-1GSRGGGEESVJH9OULZA91RAA3.pcm
SwiftExplicitDependencyGeneratePcm arm64 /Users/admin/builder/spi-builder-workspace/.derivedData/SDKExplicitPrecompiledModules/UniformTypeIdentifiers-5LG8RE3Q01MBLZVRR3FFHHL5H.pcm
SwiftExplicitDependencyGeneratePcm arm64 /Users/admin/builder/spi-builder-workspace/.derivedData/SDKExplicitPrecompiledModules/DataDetection-5GDUUWT6YIA10PE5D9A8SXWZ9.pcm
SwiftExplicitDependencyGeneratePcm arm64 /Users/admin/builder/spi-builder-workspace/.derivedData/SDKExplicitPrecompiledModules/CoreTransferable-2HJ1Z8HJBPECRD89AVJ0X7S63.pcm
SwiftExplicitDependencyGeneratePcm arm64 /Users/admin/builder/spi-builder-workspace/.derivedData/SDKExplicitPrecompiledModules/ColorSync-BBCIZDDQ6O3QECFAWJQ6RU4ZJ.pcm
SwiftExplicitDependencyGeneratePcm arm64 /Users/admin/builder/spi-builder-workspace/.derivedData/SDKExplicitPrecompiledModules/Metal-KM8CI04R5X5OUWMGRMNZE4KP.pcm
SwiftExplicitDependencyGeneratePcm arm64 /Users/admin/builder/spi-builder-workspace/.derivedData/SDKExplicitPrecompiledModules/OpenGL-FXV81CD8YS42YTVJKJH1VLGA.pcm
SwiftExplicitDependencyGeneratePcm arm64 /Users/admin/builder/spi-builder-workspace/.derivedData/SDKExplicitPrecompiledModules/CoreText-C1WSF2HWGIKVJ2XHWBKXQBSEY.pcm
SwiftExplicitDependencyGeneratePcm arm64 /Users/admin/builder/spi-builder-workspace/.derivedData/SDKExplicitPrecompiledModules/ImageIO-88YNP2EU498GB5YXIFJ9ANNYW.pcm
SwiftExplicitDependencyGeneratePcm arm64 /Users/admin/builder/spi-builder-workspace/.derivedData/SDKExplicitPrecompiledModules/Accessibility-6F38G4T85MOHD9AA2EH4U2PJS.pcm
SwiftExplicitDependencyGeneratePcm arm64 /Users/admin/builder/spi-builder-workspace/.derivedData/SDKExplicitPrecompiledModules/simd-A9TKR8OE9APRJ1RNS7F0OBY4Q.pcm
SwiftExplicitDependencyGeneratePcm arm64 /Users/admin/builder/spi-builder-workspace/.derivedData/SDKExplicitPrecompiledModules/ApplicationServices-ALXSS633FQY42UMJSLR6MNLSK.pcm
SwiftExplicitDependencyGeneratePcm arm64 /Users/admin/builder/spi-builder-workspace/.derivedData/SDKExplicitPrecompiledModules/CoreVideo-11TKSDKW0L2K02H4B9ZHWLM3B.pcm
SwiftExplicitDependencyGeneratePcm arm64 /Users/admin/builder/spi-builder-workspace/.derivedData/SDKExplicitPrecompiledModules/CoreImage-AKYY8VSFWQ6KIIXG3EQJ7PW5T.pcm
SwiftExplicitDependencyGeneratePcm arm64 /Users/admin/builder/spi-builder-workspace/.derivedData/SDKExplicitPrecompiledModules/QuartzCore-AP21NXF3BYPWOG416U3DI6QME.pcm
SwiftExplicitDependencyGeneratePcm arm64 /Users/admin/builder/spi-builder-workspace/.derivedData/SDKExplicitPrecompiledModules/SwiftUICore-ESLJM4CVIQEQNCRTK6KPAF1I7.pcm
SwiftExplicitDependencyGeneratePcm arm64 /Users/admin/builder/spi-builder-workspace/.derivedData/SDKExplicitPrecompiledModules/AppKit-C2WRQ26QXORUMMNQB0M8H4QYD.pcm
SwiftExplicitDependencyGeneratePcm arm64 /Users/admin/builder/spi-builder-workspace/.derivedData/SDKExplicitPrecompiledModules/Spatial-2JNOU2HNJ0Q174XCFCD0GCOUQ.pcm
SwiftExplicitDependencyGeneratePcm arm64 /Users/admin/builder/spi-builder-workspace/.derivedData/Build/Intermediates.noindex/SwiftExplicitPrecompiledModules/XCUIAutomation-AEHNBFPZWHEC82B6NF57SIW2S.pcm
SwiftExplicitDependencyGeneratePcm arm64 /Users/admin/builder/spi-builder-workspace/.derivedData/Build/Intermediates.noindex/SwiftExplicitPrecompiledModules/XCTest-C9YAGYQVOUPXZ7FEDN89Z7HVX.pcm
SwiftExplicitDependencyCompileModuleFromInterface arm64 /Users/admin/builder/spi-builder-workspace/.derivedData/Build/Intermediates.noindex/SwiftExplicitPrecompiledModules/XCUIAutomation-20XSIP2TUJ15D.swiftmodule
SwiftExplicitDependencyCompileModuleFromInterface arm64 /Users/admin/builder/spi-builder-workspace/.derivedData/Build/Intermediates.noindex/SwiftExplicitPrecompiledModules/XCTest-IW28ATHHIMAZ.swiftmodule
SwiftCompile normal arm64 Compiling\ HttpbinOrgURL.swift /Users/admin/builder/spi-builder-workspace/Tests/NetworkSTests/URLs/HttpbinOrgURL.swift (in target 'NetworkSTests-product' from project 'NetworkS')
SwiftCompile normal arm64 /Users/admin/builder/spi-builder-workspace/Tests/NetworkSTests/URLs/HttpbinOrgURL.swift (in target 'NetworkSTests-product' from project 'NetworkS')
cd /Users/admin/builder/spi-builder-workspace/.swiftpm/xcode
builtin-SwiftPerFileCompile HttpbinOrgURL.swift
SwiftEmitModule normal arm64 Emitting\ module\ for\ NetworkSTests (in target 'NetworkSTests-product' from project 'NetworkS')
SwiftCompile normal arm64 (in target 'NetworkSTests-product' from project 'NetworkS')
cd /Users/admin/builder/spi-builder-workspace/.swiftpm/xcode
SwiftCompile normal arm64 Compiling\ SessionRenewalTest.swift /Users/admin/builder/spi-builder-workspace/Tests/NetworkSTests/Tests/SessionRenewalTest.swift (in target 'NetworkSTests-product' from project 'NetworkS')
SwiftCompile normal arm64 /Users/admin/builder/spi-builder-workspace/Tests/NetworkSTests/Tests/SessionRenewalTest.swift (in target 'NetworkSTests-product' from project 'NetworkS')
cd /Users/admin/builder/spi-builder-workspace/.swiftpm/xcode
builtin-SwiftPerFileCompile SessionRenewalTest.swift
SwiftCompile normal arm64 Compiling\ MockRequest.swift,\ PngImageRequest.swift /Users/admin/builder/spi-builder-workspace/Tests/NetworkSTests/Requests/MockRequest.swift /Users/admin/builder/spi-builder-workspace/Tests/NetworkSTests/Requests/PngImageRequest.swift (in target 'NetworkSTests-product' from project 'NetworkS')
SwiftCompile normal arm64 /Users/admin/builder/spi-builder-workspace/Tests/NetworkSTests/Requests/MockRequest.swift (in target 'NetworkSTests-product' from project 'NetworkS')
cd /Users/admin/builder/spi-builder-workspace/.swiftpm/xcode
builtin-SwiftPerFileCompile MockRequest.swift
SwiftCompile normal arm64 /Users/admin/builder/spi-builder-workspace/Tests/NetworkSTests/Requests/PngImageRequest.swift (in target 'NetworkSTests-product' from project 'NetworkS')
cd /Users/admin/builder/spi-builder-workspace/.swiftpm/xcode
builtin-SwiftPerFileCompile PngImageRequest.swift
SwiftCompile normal arm64 Compiling\ AuthChallengeRequestTests.swift,\ CachedResponseTests.swift /Users/admin/builder/spi-builder-workspace/Tests/NetworkSTests/Tests/AuthChallengeRequestTests.swift /Users/admin/builder/spi-builder-workspace/Tests/NetworkSTests/Tests/CachedResponseTests.swift (in target 'NetworkSTests-product' from project 'NetworkS')
SwiftCompile normal arm64 /Users/admin/builder/spi-builder-workspace/Tests/NetworkSTests/Tests/AuthChallengeRequestTests.swift (in target 'NetworkSTests-product' from project 'NetworkS')
cd /Users/admin/builder/spi-builder-workspace/.swiftpm/xcode
builtin-SwiftPerFileCompile AuthChallengeRequestTests.swift
SwiftCompile normal arm64 /Users/admin/builder/spi-builder-workspace/Tests/NetworkSTests/Tests/CachedResponseTests.swift (in target 'NetworkSTests-product' from project 'NetworkS')
cd /Users/admin/builder/spi-builder-workspace/.swiftpm/xcode
builtin-SwiftPerFileCompile CachedResponseTests.swift
SwiftCompile normal arm64 Compiling\ GeneratedAssetSymbols.swift /Users/admin/builder/spi-builder-workspace/.derivedData/Build/Intermediates.noindex/NetworkS.build/Debug/NetworkSTests-p.build/DerivedSources/GeneratedAssetSymbols.swift (in target 'NetworkSTests-product' from project 'NetworkS')
SwiftCompile normal arm64 /Users/admin/builder/spi-builder-workspace/.derivedData/Build/Intermediates.noindex/NetworkS.build/Debug/NetworkSTests-p.build/DerivedSources/GeneratedAssetSymbols.swift (in target 'NetworkSTests-product' from project 'NetworkS')
cd /Users/admin/builder/spi-builder-workspace/.swiftpm/xcode
builtin-SwiftPerFileCompile GeneratedAssetSymbols.swift
SwiftCompile normal arm64 Compiling\ GroupRequestTests.swift,\ MockRequestTests.swift /Users/admin/builder/spi-builder-workspace/Tests/NetworkSTests/Tests/GroupRequestTests.swift /Users/admin/builder/spi-builder-workspace/Tests/NetworkSTests/Tests/MockRequestTests.swift (in target 'NetworkSTests-product' from project 'NetworkS')
SwiftCompile normal arm64 /Users/admin/builder/spi-builder-workspace/Tests/NetworkSTests/Tests/GroupRequestTests.swift (in target 'NetworkSTests-product' from project 'NetworkS')
cd /Users/admin/builder/spi-builder-workspace/.swiftpm/xcode
builtin-SwiftPerFileCompile GroupRequestTests.swift
SwiftCompile normal arm64 /Users/admin/builder/spi-builder-workspace/Tests/NetworkSTests/Tests/MockRequestTests.swift (in target 'NetworkSTests-product' from project 'NetworkS')
cd /Users/admin/builder/spi-builder-workspace/.swiftpm/xcode
builtin-SwiftPerFileCompile MockRequestTests.swift
SwiftCompile normal arm64 Compiling\ NetworkSTests.swift,\ RequestTests.swift /Users/admin/builder/spi-builder-workspace/Tests/NetworkSTests/Tests/NetworkSTests.swift /Users/admin/builder/spi-builder-workspace/Tests/NetworkSTests/Tests/RequestTests.swift (in target 'NetworkSTests-product' from project 'NetworkS')
/Users/admin/builder/spi-builder-workspace/Tests/NetworkSTests/Tests/RequestTests.swift:54:21: error: cannot find 'UIImage' in scope
52 |
53 | let bundle = Bundle.module
54 | let image = UIImage(named: "image32x32", in: bundle, with: nil)
| `- error: cannot find 'UIImage' in scope
55 | guard let uploadImageData = image?.pngData() else {
56 | return XCTAssert(false)
Failed frontend command:
/Applications/Xcode-27.0.0-Release.Candidate.app/Contents/Developer/Toolchains/XcodeDefault.xctoolchain/usr/bin/swift-frontend -frontend -c /Users/admin/builder/spi-builder-workspace/.derivedData/Build/Intermediates.noindex/NetworkS.build/Debug/NetworkSTests-p.build/DerivedSources/resource_bundle_accessor.swift /Users/admin/builder/spi-builder-workspace/Tests/NetworkSTests/Requests/AnythingRequest.swift /Users/admin/builder/spi-builder-workspace/Tests/NetworkSTests/Requests/MockRequest.swift /Users/admin/builder/spi-builder-workspace/Tests/NetworkSTests/Requests/PngImageRequest.swift /Users/admin/builder/spi-builder-workspace/Tests/NetworkSTests/Requests/StatusRequest.swift /Users/admin/builder/spi-builder-workspace/Tests/NetworkSTests/Requests/UploadRequest.swift /Users/admin/builder/spi-builder-workspace/Tests/NetworkSTests/Tests/AuthChallengeRequestTests.swift /Users/admin/builder/spi-builder-workspace/Tests/NetworkSTests/Tests/CachedResponseTests.swift /Users/admin/builder/spi-builder-workspace/Tests/NetworkSTests/Tests/GroupRequestTests.swift /Users/admin/builder/spi-builder-workspace/Tests/NetworkSTests/Tests/MockRequestTests.swift -primary-file /Users/admin/builder/spi-builder-workspace/Tests/NetworkSTests/Tests/NetworkSTests.swift -primary-file /Users/admin/builder/spi-builder-workspace/Tests/NetworkSTests/Tests/RequestTests.swift /Users/admin/builder/spi-builder-workspace/Tests/NetworkSTests/Tests/SessionRenewalTest.swift /Users/admin/builder/spi-builder-workspace/Tests/NetworkSTests/URLs/HttpbinOrgURL.swift /Users/admin/builder/spi-builder-workspace/Tests/NetworkSTests/URLs/MockURL.swift /Users/admin/builder/spi-builder-workspace/.derivedData/Build/Intermediates.noindex/NetworkS.build/Debug/NetworkSTests-p.build/DerivedSources/GeneratedAssetSymbols.swift -emit-dependencies-path /Users/admin/builder/spi-builder-workspace/.derivedData/Build/Intermediates.noindex/NetworkS.build/Debug/NetworkSTests-p.build/Objects-normal/arm64/NetworkSTests.d -emit-const-values-path /Users/admin/builder/spi-builder-workspace/.derivedData/Build/Intermediates.noindex/NetworkS.build/Debug/NetworkSTests-p.build/Objects-normal/arm64/NetworkSTests.swiftconstvalues -emit-reference-dependencies-path /Users/admin/builder/spi-builder-workspace/.derivedData/Build/Intermediates.noindex/NetworkS.build/Debug/NetworkSTests-p.build/Objects-normal/arm64/NetworkSTests.swiftdeps -serialize-diagnostics-path /Users/admin/builder/spi-builder-workspace/.derivedData/Build/Intermediates.noindex/NetworkS.build/Debug/NetworkSTests-p.build/Objects-normal/arm64/NetworkSTests.dia -emit-dependencies-path /Users/admin/builder/spi-builder-workspace/.derivedData/Build/Intermediates.noindex/NetworkS.build/Debug/NetworkSTests-p.build/Objects-normal/arm64/RequestTests.d -emit-const-values-path /Users/admin/builder/spi-builder-workspace/.derivedData/Build/Intermediates.noindex/NetworkS.build/Debug/NetworkSTests-p.build/Objects-normal/arm64/RequestTests.swiftconstvalues -emit-reference-dependencies-path /Users/admin/builder/spi-builder-workspace/.derivedData/Build/Intermediates.noindex/NetworkS.build/Debug/NetworkSTests-p.build/Objects-normal/arm64/RequestTests.swiftdeps -serialize-diagnostics-path /Users/admin/builder/spi-builder-workspace/.derivedData/Build/Intermediates.noindex/NetworkS.build/Debug/NetworkSTests-p.build/Objects-normal/arm64/RequestTests.dia -target arm64-apple-macos14.0 -module-can-import-version DeveloperToolsSupport 24.0.24 24.0.24 -disable-cross-import-overlay-search -load-resolved-plugin /Applications/Xcode-27.0.0-Release.Candidate.app/Contents/Developer/Platforms/MacOSX.platform/Developer/usr/lib/swift/host/plugins/libFoundationMacros.dylib\#/Applications/Xcode-27.0.0-Release.Candidate.app/Contents/Developer/Platforms/MacOSX.platform/Developer/usr/bin/swift-plugin-server\#FoundationMacros -load-resolved-plugin /Applications/Xcode-27.0.0-Release.Candidate.app/Contents/Developer/Platforms/MacOSX.platform/Developer/usr/lib/swift/host/plugins/libObservationMacros.dylib\#/Applications/Xcode-27.0.0-Release.Candidate.app/Contents/Developer/Platforms/MacOSX.platform/Developer/usr/bin/swift-plugin-server\#ObservationMacros -load-resolved-plugin /Applications/Xcode-27.0.0-Release.Candidate.app/Contents/Developer/Platforms/MacOSX.platform/Developer/usr/lib/swift/host/plugins/libPreviewsMacros.dylib\#/Applications/Xcode-27.0.0-Release.Candidate.app/Contents/Developer/Platforms/MacOSX.platform/Developer/usr/bin/swift-plugin-server\#PreviewsMacros -load-resolved-plugin /Applications/Xcode-27.0.0-Release.Candidate.app/Contents/Developer/Platforms/MacOSX.platform/Developer/usr/lib/swift/host/plugins/libSwiftMacros.dylib\#/Applications/Xcode-27.0.0-Release.Candidate.app/Contents/Developer/Platforms/MacOSX.platform/Developer/usr/bin/swift-plugin-server\#SwiftMacros -load-resolved-plugin /Applications/Xcode-27.0.0-Release.Candidate.app/Contents/Developer/Platforms/MacOSX.platform/Developer/usr/lib/swift/host/plugins/libSwiftUIMacros.dylib\#/Applications/Xcode-27.0.0-Release.Candidate.app/Contents/Developer/Platforms/MacOSX.platform/Developer/usr/bin/swift-plugin-server\#SwiftUIMacros -disable-implicit-swift-modules -Xcc -fno-implicit-modules -Xcc -fno-implicit-module-maps -explicit-swift-module-map-file /Users/admin/builder/spi-builder-workspace/.derivedData/Build/Intermediates.noindex/NetworkS.build/Debug/NetworkSTests-p.build/Objects-normal/arm64/NetworkSTests-dependencies-1.json -Xllvm -aarch64-use-tbi -enable-objc-interop -stack-check -sdk /Applications/Xcode-27.0.0-Release.Candidate.app/Contents/Developer/Platforms/MacOSX.platform/Developer/SDKs/MacOSX27.0.sdk -I /Users/admin/builder/spi-builder-workspace/.derivedData/Build/Products/Debug -Isystem /Applications/Xcode-27.0.0-Release.Candidate.app/Contents/Developer/Platforms/MacOSX.platform/Developer/usr/lib -F /Users/admin/builder/spi-builder-workspace/.derivedData/Build/Products/Debug/PackageFrameworks -F /Users/admin/builder/spi-builder-workspace/.derivedData/Build/Products/Debug -F /Applications/Xcode-27.0.0-Release.Candidate.app/Contents/Developer/Platforms/MacOSX.platform/Developer/Library/Frameworks -module-cache-path /Users/admin/builder/spi-builder-workspace/.derivedData/Build/Intermediates.noindex/SwiftExplicitPrecompiledModules -no-color-diagnostics -Xcc -fno-color-diagnostics -enable-testing -g -debug-info-format\=dwarf -dwarf-version\=4 -profile-generate -profile-coverage-mapping -swift-version 5 -Onone -D SWIFT_PACKAGE -D DEBUG -D SWIFT_MODULE_RESOURCE_BUNDLE_AVAILABLE -D Xcode -serialize-debugging-options -enable-experimental-feature DebugDescriptionMacro -empty-abi-descriptor -validate-clang-modules-once -clang-build-session-file /Users/admin/builder/spi-builder-workspace/.derivedData/ModuleCache.noindex/Session.modulevalidation -Xcc -working-directory -Xcc /Users/admin/builder/spi-builder-workspace/.swiftpm/xcode -enable-anonymous-context-mangled-names -file-compilation-dir /Users/admin/builder/spi-builder-workspace/.swiftpm/xcode -Xcc -D_LIBCPP_HARDENING_MODE\=_LIBCPP_HARDENING_MODE_DEBUG -Xcc -ivfsstatcache -Xcc /Users/admin/builder/spi-builder-workspace/.derivedData/SDKStatCaches.noindex/macosx27.0-26A425-e829b21a6f8c9b70876ba0858053c0446a22442a12e9d48fe1a705f55a1adfc4.sdkstatcache -Xcc -fmodules-prune-interval\=86400 -Xcc -fmodules-prune-after\=345600 -Xcc -I/Users/admin/builder/spi-builder-workspace/.derivedData/Build/Products/Debug/include -Xcc -I/Users/admin/builder/spi-builder-workspace/.derivedData/Build/Intermediates.noindex/NetworkS.build/Debug/NetworkSTests-p.build/DerivedSources-normal/arm64 -Xcc -I/Users/admin/builder/spi-builder-workspace/.derivedData/Build/Intermediates.noindex/NetworkS.build/Debug/NetworkSTests-p.build/DerivedSources/arm64 -Xcc -I/Users/admin/builder/spi-builder-workspace/.derivedData/Build/Intermediates.noindex/NetworkS.build/Debug/NetworkSTests-p.build/DerivedSources -Xcc -DSWIFT_PACKAGE -Xcc -DDEBUG\=1 -no-auto-bridging-header-chaining -module-name NetworkSTests -const-gather-protocols-file /Users/admin/builder/spi-builder-workspace/.derivedData/Build/Intermediates.noindex/NetworkS.build/Debug/NetworkSTests-p.build/Objects-normal/arm64/NetworkSTests_const_extract_protocols.json -disable-clang-spi -clang-target arm64-apple-macos27.0 -target-sdk-version 27.0 -target-sdk-name macosx27.0 -in-process-plugin-server-path /Applications/Xcode-27.0.0-Release.Candidate.app/Contents/Developer/Toolchains/XcodeDefault.xctoolchain/usr/lib/swift/host/libSwiftInProcPluginServer.dylib -parse-as-library -o /Users/admin/builder/spi-builder-workspace/.derivedData/Build/Intermediates.noindex/NetworkS.build/Debug/NetworkSTests-p.build/Objects-normal/arm64/NetworkSTests.o -o /Users/admin/builder/spi-builder-workspace/.derivedData/Build/Intermediates.noindex/NetworkS.build/Debug/NetworkSTests-p.build/Objects-normal/arm64/RequestTests.o -debug-module-path /Users/admin/builder/spi-builder-workspace/.derivedData/Build/Intermediates.noindex/NetworkS.build/Debug/NetworkSTests-p.build/Objects-normal/arm64/NetworkSTests.swiftmodule -index-unit-output-path /NetworkS.build/Debug/NetworkSTests-p.build/Objects-normal/arm64/NetworkSTests.o -index-unit-output-path /NetworkS.build/Debug/NetworkSTests-p.build/Objects-normal/arm64/RequestTests.o -index-store-path /Users/admin/builder/spi-builder-workspace/.derivedData/Index.noindex/DataStore -index-system-modules
SwiftCompile normal arm64 /Users/admin/builder/spi-builder-workspace/Tests/NetworkSTests/Tests/NetworkSTests.swift (in target 'NetworkSTests-product' from project 'NetworkS')
cd /Users/admin/builder/spi-builder-workspace/.swiftpm/xcode
builtin-SwiftPerFileCompile NetworkSTests.swift
SwiftCompile normal arm64 /Users/admin/builder/spi-builder-workspace/Tests/NetworkSTests/Tests/RequestTests.swift (in target 'NetworkSTests-product' from project 'NetworkS')
cd /Users/admin/builder/spi-builder-workspace/.swiftpm/xcode
builtin-SwiftPerFileCompile RequestTests.swift
SwiftCompile normal arm64 Compiling\ MockURL.swift /Users/admin/builder/spi-builder-workspace/Tests/NetworkSTests/URLs/MockURL.swift (in target 'NetworkSTests-product' from project 'NetworkS')
SwiftCompile normal arm64 /Users/admin/builder/spi-builder-workspace/Tests/NetworkSTests/URLs/MockURL.swift (in target 'NetworkSTests-product' from project 'NetworkS')
cd /Users/admin/builder/spi-builder-workspace/.swiftpm/xcode
builtin-SwiftPerFileCompile MockURL.swift
SwiftCompile normal arm64 Compiling\ StatusRequest.swift,\ UploadRequest.swift /Users/admin/builder/spi-builder-workspace/Tests/NetworkSTests/Requests/StatusRequest.swift /Users/admin/builder/spi-builder-workspace/Tests/NetworkSTests/Requests/UploadRequest.swift (in target 'NetworkSTests-product' from project 'NetworkS')
SwiftCompile normal arm64 /Users/admin/builder/spi-builder-workspace/Tests/NetworkSTests/Requests/StatusRequest.swift (in target 'NetworkSTests-product' from project 'NetworkS')
cd /Users/admin/builder/spi-builder-workspace/.swiftpm/xcode
builtin-SwiftPerFileCompile StatusRequest.swift
SwiftCompile normal arm64 /Users/admin/builder/spi-builder-workspace/Tests/NetworkSTests/Requests/UploadRequest.swift (in target 'NetworkSTests-product' from project 'NetworkS')
cd /Users/admin/builder/spi-builder-workspace/.swiftpm/xcode
builtin-SwiftPerFileCompile UploadRequest.swift
SwiftCompile normal arm64 Compiling\ resource_bundle_accessor.swift,\ AnythingRequest.swift /Users/admin/builder/spi-builder-workspace/.derivedData/Build/Intermediates.noindex/NetworkS.build/Debug/NetworkSTests-p.build/DerivedSources/resource_bundle_accessor.swift /Users/admin/builder/spi-builder-workspace/Tests/NetworkSTests/Requests/AnythingRequest.swift (in target 'NetworkSTests-product' from project 'NetworkS')
SwiftCompile normal arm64 /Users/admin/builder/spi-builder-workspace/.derivedData/Build/Intermediates.noindex/NetworkS.build/Debug/NetworkSTests-p.build/DerivedSources/resource_bundle_accessor.swift (in target 'NetworkSTests-product' from project 'NetworkS')
cd /Users/admin/builder/spi-builder-workspace/.swiftpm/xcode
builtin-SwiftPerFileCompile resource_bundle_accessor.swift
SwiftCompile normal arm64 /Users/admin/builder/spi-builder-workspace/Tests/NetworkSTests/Requests/AnythingRequest.swift (in target 'NetworkSTests-product' from project 'NetworkS')
cd /Users/admin/builder/spi-builder-workspace/.swiftpm/xcode
builtin-SwiftPerFileCompile AnythingRequest.swift
SwiftDriverJobDiscovery normal arm64 Compiling MockURL.swift (in target 'NetworkSTests-product' from project 'NetworkS')
SwiftDriverJobDiscovery normal arm64 Compiling HttpbinOrgURL.swift (in target 'NetworkSTests-product' from project 'NetworkS')
SwiftDriverJobDiscovery normal arm64 Compiling StatusRequest.swift, UploadRequest.swift (in target 'NetworkSTests-product' from project 'NetworkS')
SwiftDriverJobDiscovery normal arm64 Emitting module for NetworkSTests (in target 'NetworkSTests-product' from project 'NetworkS')
SwiftDriver\ Compilation\ Requirements NetworkSTests normal arm64 com.apple.xcode.tools.swift.compiler (in target 'NetworkSTests-product' from project 'NetworkS')
cd /Users/admin/builder/spi-builder-workspace/.swiftpm/xcode
builtin-Swift-Compilation-Requirements -- /Applications/Xcode-27.0.0-Release.Candidate.app/Contents/Developer/Toolchains/XcodeDefault.xctoolchain/usr/bin/swiftc -parse-as-library -module-name NetworkSTests -Onone @/Users/admin/builder/spi-builder-workspace/.derivedData/Build/Intermediates.noindex/NetworkS.build/Debug/NetworkSTests-p.build/Objects-normal/arm64/NetworkSTests.SwiftFileList -DSWIFT_PACKAGE -DDEBUG -DSWIFT_MODULE_RESOURCE_BUNDLE_AVAILABLE -DXcode -plugin-path /Applications/Xcode-27.0.0-Release.Candidate.app/Contents/Developer/Toolchains/XcodeDefault.xctoolchain/usr/lib/swift/host/plugins/testing -enable-experimental-feature DebugDescriptionMacro -sdk /Applications/Xcode-27.0.0-Release.Candidate.app/Contents/Developer/Platforms/MacOSX.platform/Developer/SDKs/MacOSX27.0.sdk -target arm64-apple-macos14.0 -g -module-cache-path /Users/admin/builder/spi-builder-workspace/.derivedData/ModuleCache.noindex -Xfrontend -serialize-debugging-options -profile-coverage-mapping -profile-generate -enable-testing -index-store-path /Users/admin/builder/spi-builder-workspace/.derivedData/Index.noindex/DataStore -Xcc -D_LIBCPP_HARDENING_MODE\=_LIBCPP_HARDENING_MODE_DEBUG -swift-version 5 -I /Users/admin/builder/spi-builder-workspace/.derivedData/Build/Products/Debug -Isystem /Applications/Xcode-27.0.0-Release.Candidate.app/Contents/Developer/Platforms/MacOSX.platform/Developer/usr/lib -F /Users/admin/builder/spi-builder-workspace/.derivedData/Build/Products/Debug/PackageFrameworks -F /Users/admin/builder/spi-builder-workspace/.derivedData/Build/Products/Debug -F /Applications/Xcode-27.0.0-Release.Candidate.app/Contents/Developer/Platforms/MacOSX.platform/Developer/Library/Frameworks -c -j10 -enable-batch-mode -incremental -Xcc -ivfsstatcache -Xcc /Users/admin/builder/spi-builder-workspace/.derivedData/SDKStatCaches.noindex/macosx27.0-26A425-e829b21a6f8c9b70876ba0858053c0446a22442a12e9d48fe1a705f55a1adfc4.sdkstatcache -output-file-map /Users/admin/builder/spi-builder-workspace/.derivedData/Build/Intermediates.noindex/NetworkS.build/Debug/NetworkSTests-p.build/Objects-normal/arm64/NetworkSTests-OutputFileMap.json -save-temps -no-color-diagnostics -explicit-module-build -module-cache-path /Users/admin/builder/spi-builder-workspace/.derivedData/Build/Intermediates.noindex/SwiftExplicitPrecompiledModules -clang-scanner-module-cache-path /Users/admin/builder/spi-builder-workspace/.derivedData/ModuleCache.noindex -sdk-module-cache-path /Users/admin/builder/spi-builder-workspace/.derivedData/SDKExplicitPrecompiledModules -emit-dependencies -emit-module -emit-module-path /Users/admin/builder/spi-builder-workspace/.derivedData/Build/Intermediates.noindex/NetworkS.build/Debug/NetworkSTests-p.build/Objects-normal/arm64/NetworkSTests.swiftmodule -serialize-diagnostics -dependency-scan-serialize-diagnostics-path /Users/admin/builder/spi-builder-workspace/.derivedData/Build/Intermediates.noindex/NetworkS.build/Debug/NetworkSTests-p.build/Objects-normal/arm64/NetworkSTests-dependency-scan.dia -validate-clang-modules-once -clang-build-session-file /Users/admin/builder/spi-builder-workspace/.derivedData/ModuleCache.noindex/Session.modulevalidation -Xcc -fmodules-prune-interval\=86400 -Xcc -fmodules-prune-after\=345600 -emit-const-values -const-gather-protocols-list /Users/admin/builder/spi-builder-workspace/.derivedData/Build/Intermediates.noindex/NetworkS.build/Debug/NetworkSTests-p.build/Objects-normal/arm64/NetworkSTests_const_extract_protocols.json -Xcc -I/Users/admin/builder/spi-builder-workspace/.derivedData/Build/Products/Debug/include -Xcc -I/Users/admin/builder/spi-builder-workspace/.derivedData/Build/Intermediates.noindex/NetworkS.build/Debug/NetworkSTests-p.build/DerivedSources-normal/arm64 -Xcc -I/Users/admin/builder/spi-builder-workspace/.derivedData/Build/Intermediates.noindex/NetworkS.build/Debug/NetworkSTests-p.build/DerivedSources/arm64 -Xcc -I/Users/admin/builder/spi-builder-workspace/.derivedData/Build/Intermediates.noindex/NetworkS.build/Debug/NetworkSTests-p.build/DerivedSources -Xcc -DSWIFT_PACKAGE -Xcc -DDEBUG\=1 -working-directory /Users/admin/builder/spi-builder-workspace/.swiftpm/xcode -experimental-emit-module-separately -disable-cmo
Copy /Users/admin/builder/spi-builder-workspace/.derivedData/Build/Products/Debug/NetworkSTests.swiftmodule/arm64-apple-macos.swiftmodule /Users/admin/builder/spi-builder-workspace/.derivedData/Build/Intermediates.noindex/NetworkS.build/Debug/NetworkSTests-p.build/Objects-normal/arm64/NetworkSTests.swiftmodule (in target 'NetworkSTests-product' from project 'NetworkS')
cd /Users/admin/builder/spi-builder-workspace
builtin-copy -exclude .DS_Store -exclude CVS -exclude .svn -exclude .git -exclude .hg -resolve-src-symlinks -rename /Users/admin/builder/spi-builder-workspace/.derivedData/Build/Intermediates.noindex/NetworkS.build/Debug/NetworkSTests-p.build/Objects-normal/arm64/NetworkSTests.swiftmodule /Users/admin/builder/spi-builder-workspace/.derivedData/Build/Products/Debug/NetworkSTests.swiftmodule/arm64-apple-macos.swiftmodule
Copy /Users/admin/builder/spi-builder-workspace/.derivedData/Build/Products/Debug/NetworkSTests.swiftmodule/arm64-apple-macos.abi.json /Users/admin/builder/spi-builder-workspace/.derivedData/Build/Intermediates.noindex/NetworkS.build/Debug/NetworkSTests-p.build/Objects-normal/arm64/NetworkSTests.abi.json (in target 'NetworkSTests-product' from project 'NetworkS')
cd /Users/admin/builder/spi-builder-workspace
builtin-copy -exclude .DS_Store -exclude CVS -exclude .svn -exclude .git -exclude .hg -resolve-src-symlinks -rename /Users/admin/builder/spi-builder-workspace/.derivedData/Build/Intermediates.noindex/NetworkS.build/Debug/NetworkSTests-p.build/Objects-normal/arm64/NetworkSTests.abi.json /Users/admin/builder/spi-builder-workspace/.derivedData/Build/Products/Debug/NetworkSTests.swiftmodule/arm64-apple-macos.abi.json
Copy /Users/admin/builder/spi-builder-workspace/.derivedData/Build/Products/Debug/NetworkSTests.swiftmodule/arm64-apple-macos.swiftdoc /Users/admin/builder/spi-builder-workspace/.derivedData/Build/Intermediates.noindex/NetworkS.build/Debug/NetworkSTests-p.build/Objects-normal/arm64/NetworkSTests.swiftdoc (in target 'NetworkSTests-product' from project 'NetworkS')
cd /Users/admin/builder/spi-builder-workspace
builtin-copy -exclude .DS_Store -exclude CVS -exclude .svn -exclude .git -exclude .hg -resolve-src-symlinks -rename /Users/admin/builder/spi-builder-workspace/.derivedData/Build/Intermediates.noindex/NetworkS.build/Debug/NetworkSTests-p.build/Objects-normal/arm64/NetworkSTests.swiftdoc /Users/admin/builder/spi-builder-workspace/.derivedData/Build/Products/Debug/NetworkSTests.swiftmodule/arm64-apple-macos.swiftdoc
Copy /Users/admin/builder/spi-builder-workspace/.derivedData/Build/Products/Debug/NetworkSTests.swiftmodule/Project/arm64-apple-macos.swiftsourceinfo /Users/admin/builder/spi-builder-workspace/.derivedData/Build/Intermediates.noindex/NetworkS.build/Debug/NetworkSTests-p.build/Objects-normal/arm64/NetworkSTests.swiftsourceinfo (in target 'NetworkSTests-product' from project 'NetworkS')
cd /Users/admin/builder/spi-builder-workspace
builtin-copy -exclude .DS_Store -exclude CVS -exclude .svn -exclude .git -exclude .hg -resolve-src-symlinks -rename /Users/admin/builder/spi-builder-workspace/.derivedData/Build/Intermediates.noindex/NetworkS.build/Debug/NetworkSTests-p.build/Objects-normal/arm64/NetworkSTests.swiftsourceinfo /Users/admin/builder/spi-builder-workspace/.derivedData/Build/Products/Debug/NetworkSTests.swiftmodule/Project/arm64-apple-macos.swiftsourceinfo
SwiftDriverJobDiscovery normal arm64 Compiling MockRequest.swift, PngImageRequest.swift (in target 'NetworkSTests-product' from project 'NetworkS')
SwiftDriverJobDiscovery normal arm64 Compiling resource_bundle_accessor.swift, AnythingRequest.swift (in target 'NetworkSTests-product' from project 'NetworkS')
SwiftDriverJobDiscovery normal arm64 Compiling GeneratedAssetSymbols.swift (in target 'NetworkSTests-product' from project 'NetworkS')
PruneExplicitPrecompiledModules /Users/admin/builder/spi-builder-workspace/.derivedData/Build/Intermediates.noindex/SwiftExplicitPrecompiledModules
PruneExplicitPrecompiledModules /Users/admin/builder/spi-builder-workspace/.derivedData/SDKExplicitPrecompiledModules
PruneExplicitPrecompiledModules /Users/admin/builder/spi-builder-workspace/.derivedData/Build/Intermediates.noindex/ExplicitPrecompiledModules
2026-09-19 13:31:09.565 xcodebuild[645:4139] [MT] IDERunDestination: Supported platforms for the buildables in the current scheme is empty.
2026-09-19 13:31:09.711 xcodebuild[645:4139] [MT] IDERunDestination: Supported platforms for the buildables in the current scheme is empty.
--- xcodebuild: WARNING: Using the first of multiple matching destinations:
{ platform:macOS, arch:arm64, id:05fc2f4aa09f92f7fac1f473e79c613d6e90fafd, name:My Mac }
{ platform:macOS, arch:arm64, variant:Mac Catalyst, id:05fc2f4aa09f92f7fac1f473e79c613d6e90fafd, name:My Mac }
{ platform:macOS, arch:arm64, variant:DriverKit, id:05fc2f4aa09f92f7fac1f473e79c613d6e90fafd, name:My Mac }
{ platform:macOS, arch:arm64, variant:Designed for [iPad,iPhone], id:05fc2f4aa09f92f7fac1f473e79c613d6e90fafd, name:My Mac }
** BUILD FAILED **
The following build commands failed:
SwiftCompile normal arm64 Compiling\ NetworkSTests.swift,\ RequestTests.swift /Users/admin/builder/spi-builder-workspace/Tests/NetworkSTests/Tests/NetworkSTests.swift /Users/admin/builder/spi-builder-workspace/Tests/NetworkSTests/Tests/RequestTests.swift (in target 'NetworkSTests-product' from project 'NetworkS')
SwiftCompile normal arm64 /Users/admin/builder/spi-builder-workspace/Tests/NetworkSTests/Tests/RequestTests.swift (in target 'NetworkSTests-product' from project 'NetworkS')
Building workspace NetworkS with scheme NetworkS
(3 failures)
Command line invocation:
/Applications/Xcode-27.0.0-Release.Candidate.app/Contents/Developer/usr/bin/xcodebuild -IDEClonedSourcePackagesDirPathOverride=/Users/admin/builder/spi-builder-workspace/.dependencies -resolvePackageDependencies
Resolve Package Graph
Resolved source packages:
NetworkS: /Users/admin/builder/spi-builder-workspace
resolved source packages: NetworkS
2026-09-19 13:31:24.596 xcodebuild[760:4721] [MT] IDERunDestination: Supported platforms for the buildables in the current scheme is empty.
2026-09-19 13:31:24.699 xcodebuild[760:4721] [MT] IDERunDestination: Supported platforms for the buildables in the current scheme is empty.
{
"dependencies" : [
],
"manifest_display_name" : "NetworkS",
"name" : "NetworkS",
"path" : "/Users/admin/builder/spi-builder-workspace",
"platforms" : [
{
"name" : "ios",
"version" : "13.0"
}
],
"products" : [
{
"name" : "NetworkS",
"targets" : [
"NetworkS"
],
"type" : {
"library" : [
"automatic"
]
}
}
],
"targets" : [
{
"c99name" : "NetworkSTests",
"module_type" : "SwiftTarget",
"name" : "NetworkSTests",
"path" : "Tests/NetworkSTests",
"resources" : [
{
"path" : "/Users/admin/builder/spi-builder-workspace/Tests/NetworkSTests/Assets.xcassets",
"rule" : {
"process" : {
}
}
},
{
"path" : "/Users/admin/builder/spi-builder-workspace/Tests/NetworkSTests/httpbin.org.cer",
"rule" : {
"process" : {
}
}
}
],
"sources" : [
"Requests/AnythingRequest.swift",
"Requests/MockRequest.swift",
"Requests/PngImageRequest.swift",
"Requests/StatusRequest.swift",
"Requests/UploadRequest.swift",
"Tests/AuthChallengeRequestTests.swift",
"Tests/CachedResponseTests.swift",
"Tests/GroupRequestTests.swift",
"Tests/MockRequestTests.swift",
"Tests/NetworkSTests.swift",
"Tests/RequestTests.swift",
"Tests/SessionRenewalTest.swift",
"URLs/HttpbinOrgURL.swift",
"URLs/MockURL.swift"
],
"target_dependencies" : [
"NetworkS"
],
"type" : "test"
},
{
"c99name" : "NetworkS",
"module_type" : "SwiftTarget",
"name" : "NetworkS",
"path" : "Sources/NetworkS",
"product_memberships" : [
"NetworkS"
],
"sources" : [
"ConsoleLogger.swift",
"FailureResponse.swift",
"MultipartFormDataRequest.swift",
"NetworkCompose.swift",
"NetworkConnectionChecker.swift",
"NetworkError.swift",
"NetworkLogger.swift",
"NetworkRequest.swift",
"NetworkResponse.swift",
"NetworkService.swift",
"NetworkWorker.swift",
"Request task/CacheRequestTask.swift",
"Request task/MockRequestTask.swift",
"Request task/NetworkRequestTask.swift",
"Request task/RequestTask.swift",
"Request task/TaskOperation.swift",
"Request task/TaskRunner.swift",
"Request task/UtilRequestTask.swift",
"RequestContentEncoding.swift",
"RequestMethod.swift",
"RequestURL.swift",
"Session interface/NetworkSessionAdapter.swift",
"Session interface/NetworkSessionInterface.swift",
"Session/SessionAuthChallengeService.swift",
"Session/SessionAuthChallenger.swift",
"Session/SessionDelegationHandler.swift",
"Session/SessionLifeCycle.swift",
"Session/SessionLifeCycleService.swift",
"Session/SessionRenewalService.swift",
"Session/SessionTaskDataKeeper.swift",
"SuccessResponse.swift",
"Utils/Data+extension.swift",
"Utils/PathInitializable.swift",
"Utils/String+extension.swift"
],
"type" : "library"
}
],
"tools_version" : "5.7"
}
{
"workspace" : {
"name" : "NetworkS",
"schemes" : [
"NetworkS"
]
}
}
2026-09-19 13:31:25.798 xcodebuild[768:4788] [MT] IDERunDestination: Supported platforms for the buildables in the current scheme is empty.
2026-09-19 13:31:25.899 xcodebuild[768:4788] [MT] IDERunDestination: Supported platforms for the buildables in the current scheme is empty.
Running build ...
env DEVELOPER_DIR=/Applications/Xcode-27.0.0-Release.Candidate.app xcrun xcodebuild -IDEClonedSourcePackagesDirPathOverride=$PWD/.dependencies -skipMacroValidation -skipPackagePluginValidation -derivedDataPath $PWD/.derivedData build -scheme NetworkS -destination platform=macOS,arch=arm64
Command line invocation:
/Applications/Xcode-27.0.0-Release.Candidate.app/Contents/Developer/usr/bin/xcodebuild -IDEClonedSourcePackagesDirPathOverride=/Users/admin/builder/spi-builder-workspace/.dependencies -skipMacroValidation -skipPackagePluginValidation -derivedDataPath /Users/admin/builder/spi-builder-workspace/.derivedData build -scheme NetworkS -destination platform=macOS,arch=arm64
Resolve Package Graph
Resolved source packages:
NetworkS: /Users/admin/builder/spi-builder-workspace
ComputePackagePrebuildTargetDependencyGraph
Prepare packages
CreateBuildRequest
SendProjectDescription
CreateBuildOperation
ComputeTargetDependencyGraph
note: Building targets in dependency order
note: Target dependency graph (4 targets)
Target 'NetworkSTests-product' in project 'NetworkS'
➜ Explicit dependency on target 'NetworkS_NetworkSTests' in project 'NetworkS'
➜ Explicit dependency on target 'NetworkS' in project 'NetworkS'
Target 'NetworkS_NetworkSTests' in project 'NetworkS' (no dependencies)
Target 'NetworkS-product' in project 'NetworkS'
➜ Explicit dependency on target 'NetworkS' in project 'NetworkS'
Target 'NetworkS' in project 'NetworkS' (no dependencies)
GatherProvisioningInputs
CreateBuildDescription
ClangStatCache /Applications/Xcode-27.0.0-Release.Candidate.app/Contents/Developer/Toolchains/XcodeDefault.xctoolchain/usr/bin/clang-stat-cache /Applications/Xcode-27.0.0-Release.Candidate.app/Contents/Developer/Platforms/MacOSX.platform/Developer/SDKs/MacOSX27.0.sdk /Users/admin/builder/spi-builder-workspace/.derivedData/SDKStatCaches.noindex/macosx27.0-26A425-e829b21a6f8c9b70876ba0858053c0446a22442a12e9d48fe1a705f55a1adfc4.sdkstatcache
cd /Users/admin/builder/spi-builder-workspace/.swiftpm/xcode
/Applications/Xcode-27.0.0-Release.Candidate.app/Contents/Developer/Toolchains/XcodeDefault.xctoolchain/usr/bin/clang-stat-cache /Applications/Xcode-27.0.0-Release.Candidate.app/Contents/Developer/Platforms/MacOSX.platform/Developer/SDKs/MacOSX27.0.sdk -o /Users/admin/builder/spi-builder-workspace/.derivedData/SDKStatCaches.noindex/macosx27.0-26A425-e829b21a6f8c9b70876ba0858053c0446a22442a12e9d48fe1a705f55a1adfc4.sdkstatcache
CpResource /Users/admin/builder/spi-builder-workspace/.derivedData/Build/Products/Debug/NetworkSTests.xctest/Contents/Resources/NetworkS_NetworkSTests.bundle /Users/admin/builder/spi-builder-workspace/.derivedData/Build/Products/Debug/NetworkS_NetworkSTests.bundle (in target 'NetworkSTests-product' from project 'NetworkS')
cd /Users/admin/builder/spi-builder-workspace
builtin-copy -exclude .DS_Store -exclude CVS -exclude .svn -exclude .git -exclude .hg -resolve-src-symlinks /Users/admin/builder/spi-builder-workspace/.derivedData/Build/Products/Debug/NetworkS_NetworkSTests.bundle /Users/admin/builder/spi-builder-workspace/.derivedData/Build/Products/Debug/NetworkSTests.xctest/Contents/Resources
SwiftDriver NetworkSTests normal arm64 com.apple.xcode.tools.swift.compiler (in target 'NetworkSTests-product' from project 'NetworkS')
cd /Users/admin/builder/spi-builder-workspace/.swiftpm/xcode
builtin-SwiftDriver -- /Applications/Xcode-27.0.0-Release.Candidate.app/Contents/Developer/Toolchains/XcodeDefault.xctoolchain/usr/bin/swiftc -parse-as-library -module-name NetworkSTests -Onone @/Users/admin/builder/spi-builder-workspace/.derivedData/Build/Intermediates.noindex/NetworkS.build/Debug/NetworkSTests-p.build/Objects-normal/arm64/NetworkSTests.SwiftFileList -DSWIFT_PACKAGE -DDEBUG -DSWIFT_MODULE_RESOURCE_BUNDLE_AVAILABLE -DXcode -plugin-path /Applications/Xcode-27.0.0-Release.Candidate.app/Contents/Developer/Toolchains/XcodeDefault.xctoolchain/usr/lib/swift/host/plugins/testing -enable-experimental-feature DebugDescriptionMacro -sdk /Applications/Xcode-27.0.0-Release.Candidate.app/Contents/Developer/Platforms/MacOSX.platform/Developer/SDKs/MacOSX27.0.sdk -target arm64-apple-macos14.0 -g -module-cache-path /Users/admin/builder/spi-builder-workspace/.derivedData/ModuleCache.noindex -Xfrontend -serialize-debugging-options -profile-coverage-mapping -profile-generate -enable-testing -index-store-path /Users/admin/builder/spi-builder-workspace/.derivedData/Index.noindex/DataStore -Xcc -D_LIBCPP_HARDENING_MODE\=_LIBCPP_HARDENING_MODE_DEBUG -swift-version 5 -I /Users/admin/builder/spi-builder-workspace/.derivedData/Build/Products/Debug -Isystem /Applications/Xcode-27.0.0-Release.Candidate.app/Contents/Developer/Platforms/MacOSX.platform/Developer/usr/lib -F /Users/admin/builder/spi-builder-workspace/.derivedData/Build/Products/Debug/PackageFrameworks -F /Users/admin/builder/spi-builder-workspace/.derivedData/Build/Products/Debug -F /Applications/Xcode-27.0.0-Release.Candidate.app/Contents/Developer/Platforms/MacOSX.platform/Developer/Library/Frameworks -c -j10 -enable-batch-mode -incremental -Xcc -ivfsstatcache -Xcc /Users/admin/builder/spi-builder-workspace/.derivedData/SDKStatCaches.noindex/macosx27.0-26A425-e829b21a6f8c9b70876ba0858053c0446a22442a12e9d48fe1a705f55a1adfc4.sdkstatcache -output-file-map /Users/admin/builder/spi-builder-workspace/.derivedData/Build/Intermediates.noindex/NetworkS.build/Debug/NetworkSTests-p.build/Objects-normal/arm64/NetworkSTests-OutputFileMap.json -save-temps -no-color-diagnostics -explicit-module-build -module-cache-path /Users/admin/builder/spi-builder-workspace/.derivedData/Build/Intermediates.noindex/SwiftExplicitPrecompiledModules -clang-scanner-module-cache-path /Users/admin/builder/spi-builder-workspace/.derivedData/ModuleCache.noindex -sdk-module-cache-path /Users/admin/builder/spi-builder-workspace/.derivedData/SDKExplicitPrecompiledModules -emit-dependencies -emit-module -emit-module-path /Users/admin/builder/spi-builder-workspace/.derivedData/Build/Intermediates.noindex/NetworkS.build/Debug/NetworkSTests-p.build/Objects-normal/arm64/NetworkSTests.swiftmodule -serialize-diagnostics -dependency-scan-serialize-diagnostics-path /Users/admin/builder/spi-builder-workspace/.derivedData/Build/Intermediates.noindex/NetworkS.build/Debug/NetworkSTests-p.build/Objects-normal/arm64/NetworkSTests-dependency-scan.dia -validate-clang-modules-once -clang-build-session-file /Users/admin/builder/spi-builder-workspace/.derivedData/ModuleCache.noindex/Session.modulevalidation -Xcc -fmodules-prune-interval\=86400 -Xcc -fmodules-prune-after\=345600 -emit-const-values -const-gather-protocols-list /Users/admin/builder/spi-builder-workspace/.derivedData/Build/Intermediates.noindex/NetworkS.build/Debug/NetworkSTests-p.build/Objects-normal/arm64/NetworkSTests_const_extract_protocols.json -Xcc -I/Users/admin/builder/spi-builder-workspace/.derivedData/Build/Products/Debug/include -Xcc -I/Users/admin/builder/spi-builder-workspace/.derivedData/Build/Intermediates.noindex/NetworkS.build/Debug/NetworkSTests-p.build/DerivedSources-normal/arm64 -Xcc -I/Users/admin/builder/spi-builder-workspace/.derivedData/Build/Intermediates.noindex/NetworkS.build/Debug/NetworkSTests-p.build/DerivedSources/arm64 -Xcc -I/Users/admin/builder/spi-builder-workspace/.derivedData/Build/Intermediates.noindex/NetworkS.build/Debug/NetworkSTests-p.build/DerivedSources -Xcc -DSWIFT_PACKAGE -Xcc -DDEBUG\=1 -working-directory /Users/admin/builder/spi-builder-workspace/.swiftpm/xcode -experimental-emit-module-separately -disable-cmo
SwiftCompile normal arm64 Compiling\ CachedResponseTests.swift /Users/admin/builder/spi-builder-workspace/Tests/NetworkSTests/Tests/CachedResponseTests.swift (in target 'NetworkSTests-product' from project 'NetworkS')
SwiftCompile normal arm64 /Users/admin/builder/spi-builder-workspace/Tests/NetworkSTests/Tests/CachedResponseTests.swift (in target 'NetworkSTests-product' from project 'NetworkS')
cd /Users/admin/builder/spi-builder-workspace/.swiftpm/xcode
builtin-SwiftPerFileCompile CachedResponseTests.swift
SwiftCompile normal arm64 Compiling\ GroupRequestTests.swift /Users/admin/builder/spi-builder-workspace/Tests/NetworkSTests/Tests/GroupRequestTests.swift (in target 'NetworkSTests-product' from project 'NetworkS')
SwiftCompile normal arm64 /Users/admin/builder/spi-builder-workspace/Tests/NetworkSTests/Tests/GroupRequestTests.swift (in target 'NetworkSTests-product' from project 'NetworkS')
cd /Users/admin/builder/spi-builder-workspace/.swiftpm/xcode
builtin-SwiftPerFileCompile GroupRequestTests.swift
SwiftEmitModule normal arm64 Emitting\ module\ for\ NetworkSTests (in target 'NetworkSTests-product' from project 'NetworkS')
SwiftCompile normal arm64 (in target 'NetworkSTests-product' from project 'NetworkS')
cd /Users/admin/builder/spi-builder-workspace/.swiftpm/xcode
SwiftCompile normal arm64 Compiling\ AuthChallengeRequestTests.swift /Users/admin/builder/spi-builder-workspace/Tests/NetworkSTests/Tests/AuthChallengeRequestTests.swift (in target 'NetworkSTests-product' from project 'NetworkS')
SwiftCompile normal arm64 /Users/admin/builder/spi-builder-workspace/Tests/NetworkSTests/Tests/AuthChallengeRequestTests.swift (in target 'NetworkSTests-product' from project 'NetworkS')
cd /Users/admin/builder/spi-builder-workspace/.swiftpm/xcode
builtin-SwiftPerFileCompile AuthChallengeRequestTests.swift
SwiftCompile normal arm64 Compiling\ MockRequestTests.swift /Users/admin/builder/spi-builder-workspace/Tests/NetworkSTests/Tests/MockRequestTests.swift (in target 'NetworkSTests-product' from project 'NetworkS')
SwiftCompile normal arm64 /Users/admin/builder/spi-builder-workspace/Tests/NetworkSTests/Tests/MockRequestTests.swift (in target 'NetworkSTests-product' from project 'NetworkS')
cd /Users/admin/builder/spi-builder-workspace/.swiftpm/xcode
builtin-SwiftPerFileCompile MockRequestTests.swift
SwiftCompile normal arm64 Compiling\ SessionRenewalTest.swift /Users/admin/builder/spi-builder-workspace/Tests/NetworkSTests/Tests/SessionRenewalTest.swift (in target 'NetworkSTests-product' from project 'NetworkS')
SwiftCompile normal arm64 /Users/admin/builder/spi-builder-workspace/Tests/NetworkSTests/Tests/SessionRenewalTest.swift (in target 'NetworkSTests-product' from project 'NetworkS')
cd /Users/admin/builder/spi-builder-workspace/.swiftpm/xcode
builtin-SwiftPerFileCompile SessionRenewalTest.swift
SwiftCompile normal arm64 Compiling\ RequestTests.swift /Users/admin/builder/spi-builder-workspace/Tests/NetworkSTests/Tests/RequestTests.swift (in target 'NetworkSTests-product' from project 'NetworkS')
/Users/admin/builder/spi-builder-workspace/Tests/NetworkSTests/Tests/RequestTests.swift:54:21: error: cannot find 'UIImage' in scope
52 |
53 | let bundle = Bundle.module
54 | let image = UIImage(named: "image32x32", in: bundle, with: nil)
| `- error: cannot find 'UIImage' in scope
55 | guard let uploadImageData = image?.pngData() else {
56 | return XCTAssert(false)
Failed frontend command:
/Applications/Xcode-27.0.0-Release.Candidate.app/Contents/Developer/Toolchains/XcodeDefault.xctoolchain/usr/bin/swift-frontend -frontend -c /Users/admin/builder/spi-builder-workspace/.derivedData/Build/Intermediates.noindex/NetworkS.build/Debug/NetworkSTests-p.build/DerivedSources/resource_bundle_accessor.swift /Users/admin/builder/spi-builder-workspace/Tests/NetworkSTests/Requests/AnythingRequest.swift /Users/admin/builder/spi-builder-workspace/Tests/NetworkSTests/Requests/MockRequest.swift /Users/admin/builder/spi-builder-workspace/Tests/NetworkSTests/Requests/PngImageRequest.swift /Users/admin/builder/spi-builder-workspace/Tests/NetworkSTests/Requests/StatusRequest.swift /Users/admin/builder/spi-builder-workspace/Tests/NetworkSTests/Requests/UploadRequest.swift /Users/admin/builder/spi-builder-workspace/Tests/NetworkSTests/Tests/AuthChallengeRequestTests.swift /Users/admin/builder/spi-builder-workspace/Tests/NetworkSTests/Tests/CachedResponseTests.swift /Users/admin/builder/spi-builder-workspace/Tests/NetworkSTests/Tests/GroupRequestTests.swift /Users/admin/builder/spi-builder-workspace/Tests/NetworkSTests/Tests/MockRequestTests.swift /Users/admin/builder/spi-builder-workspace/Tests/NetworkSTests/Tests/NetworkSTests.swift -primary-file /Users/admin/builder/spi-builder-workspace/Tests/NetworkSTests/Tests/RequestTests.swift /Users/admin/builder/spi-builder-workspace/Tests/NetworkSTests/Tests/SessionRenewalTest.swift /Users/admin/builder/spi-builder-workspace/Tests/NetworkSTests/URLs/HttpbinOrgURL.swift /Users/admin/builder/spi-builder-workspace/Tests/NetworkSTests/URLs/MockURL.swift /Users/admin/builder/spi-builder-workspace/.derivedData/Build/Intermediates.noindex/NetworkS.build/Debug/NetworkSTests-p.build/DerivedSources/GeneratedAssetSymbols.swift -emit-dependencies-path /Users/admin/builder/spi-builder-workspace/.derivedData/Build/Intermediates.noindex/NetworkS.build/Debug/NetworkSTests-p.build/Objects-normal/arm64/RequestTests.d -emit-const-values-path /Users/admin/builder/spi-builder-workspace/.derivedData/Build/Intermediates.noindex/NetworkS.build/Debug/NetworkSTests-p.build/Objects-normal/arm64/RequestTests.swiftconstvalues -emit-reference-dependencies-path /Users/admin/builder/spi-builder-workspace/.derivedData/Build/Intermediates.noindex/NetworkS.build/Debug/NetworkSTests-p.build/Objects-normal/arm64/RequestTests.swiftdeps -serialize-diagnostics-path /Users/admin/builder/spi-builder-workspace/.derivedData/Build/Intermediates.noindex/NetworkS.build/Debug/NetworkSTests-p.build/Objects-normal/arm64/RequestTests.dia -target arm64-apple-macos14.0 -module-can-import-version DeveloperToolsSupport 24.0.24 24.0.24 -disable-cross-import-overlay-search -load-resolved-plugin /Applications/Xcode-27.0.0-Release.Candidate.app/Contents/Developer/Platforms/MacOSX.platform/Developer/usr/lib/swift/host/plugins/libFoundationMacros.dylib\#/Applications/Xcode-27.0.0-Release.Candidate.app/Contents/Developer/Platforms/MacOSX.platform/Developer/usr/bin/swift-plugin-server\#FoundationMacros -load-resolved-plugin /Applications/Xcode-27.0.0-Release.Candidate.app/Contents/Developer/Platforms/MacOSX.platform/Developer/usr/lib/swift/host/plugins/libObservationMacros.dylib\#/Applications/Xcode-27.0.0-Release.Candidate.app/Contents/Developer/Platforms/MacOSX.platform/Developer/usr/bin/swift-plugin-server\#ObservationMacros -load-resolved-plugin /Applications/Xcode-27.0.0-Release.Candidate.app/Contents/Developer/Platforms/MacOSX.platform/Developer/usr/lib/swift/host/plugins/libPreviewsMacros.dylib\#/Applications/Xcode-27.0.0-Release.Candidate.app/Contents/Developer/Platforms/MacOSX.platform/Developer/usr/bin/swift-plugin-server\#PreviewsMacros -load-resolved-plugin /Applications/Xcode-27.0.0-Release.Candidate.app/Contents/Developer/Platforms/MacOSX.platform/Developer/usr/lib/swift/host/plugins/libSwiftMacros.dylib\#/Applications/Xcode-27.0.0-Release.Candidate.app/Contents/Developer/Platforms/MacOSX.platform/Developer/usr/bin/swift-plugin-server\#SwiftMacros -load-resolved-plugin /Applications/Xcode-27.0.0-Release.Candidate.app/Contents/Developer/Platforms/MacOSX.platform/Developer/usr/lib/swift/host/plugins/libSwiftUIMacros.dylib\#/Applications/Xcode-27.0.0-Release.Candidate.app/Contents/Developer/Platforms/MacOSX.platform/Developer/usr/bin/swift-plugin-server\#SwiftUIMacros -disable-implicit-swift-modules -Xcc -fno-implicit-modules -Xcc -fno-implicit-module-maps -explicit-swift-module-map-file /Users/admin/builder/spi-builder-workspace/.derivedData/Build/Intermediates.noindex/NetworkS.build/Debug/NetworkSTests-p.build/Objects-normal/arm64/NetworkSTests-dependencies-1.json -Xllvm -aarch64-use-tbi -enable-objc-interop -stack-check -sdk /Applications/Xcode-27.0.0-Release.Candidate.app/Contents/Developer/Platforms/MacOSX.platform/Developer/SDKs/MacOSX27.0.sdk -I /Users/admin/builder/spi-builder-workspace/.derivedData/Build/Products/Debug -Isystem /Applications/Xcode-27.0.0-Release.Candidate.app/Contents/Developer/Platforms/MacOSX.platform/Developer/usr/lib -F /Users/admin/builder/spi-builder-workspace/.derivedData/Build/Products/Debug/PackageFrameworks -F /Users/admin/builder/spi-builder-workspace/.derivedData/Build/Products/Debug -F /Applications/Xcode-27.0.0-Release.Candidate.app/Contents/Developer/Platforms/MacOSX.platform/Developer/Library/Frameworks -module-cache-path /Users/admin/builder/spi-builder-workspace/.derivedData/Build/Intermediates.noindex/SwiftExplicitPrecompiledModules -no-color-diagnostics -Xcc -fno-color-diagnostics -enable-testing -g -debug-info-format\=dwarf -dwarf-version\=4 -profile-generate -profile-coverage-mapping -swift-version 5 -Onone -D SWIFT_PACKAGE -D DEBUG -D SWIFT_MODULE_RESOURCE_BUNDLE_AVAILABLE -D Xcode -serialize-debugging-options -enable-experimental-feature DebugDescriptionMacro -empty-abi-descriptor -validate-clang-modules-once -clang-build-session-file /Users/admin/builder/spi-builder-workspace/.derivedData/ModuleCache.noindex/Session.modulevalidation -Xcc -working-directory -Xcc /Users/admin/builder/spi-builder-workspace/.swiftpm/xcode -enable-anonymous-context-mangled-names -file-compilation-dir /Users/admin/builder/spi-builder-workspace/.swiftpm/xcode -Xcc -D_LIBCPP_HARDENING_MODE\=_LIBCPP_HARDENING_MODE_DEBUG -Xcc -ivfsstatcache -Xcc /Users/admin/builder/spi-builder-workspace/.derivedData/SDKStatCaches.noindex/macosx27.0-26A425-e829b21a6f8c9b70876ba0858053c0446a22442a12e9d48fe1a705f55a1adfc4.sdkstatcache -Xcc -fmodules-prune-interval\=86400 -Xcc -fmodules-prune-after\=345600 -Xcc -I/Users/admin/builder/spi-builder-workspace/.derivedData/Build/Products/Debug/include -Xcc -I/Users/admin/builder/spi-builder-workspace/.derivedData/Build/Intermediates.noindex/NetworkS.build/Debug/NetworkSTests-p.build/DerivedSources-normal/arm64 -Xcc -I/Users/admin/builder/spi-builder-workspace/.derivedData/Build/Intermediates.noindex/NetworkS.build/Debug/NetworkSTests-p.build/DerivedSources/arm64 -Xcc -I/Users/admin/builder/spi-builder-workspace/.derivedData/Build/Intermediates.noindex/NetworkS.build/Debug/NetworkSTests-p.build/DerivedSources -Xcc -DSWIFT_PACKAGE -Xcc -DDEBUG\=1 -no-auto-bridging-header-chaining -module-name NetworkSTests -const-gather-protocols-file /Users/admin/builder/spi-builder-workspace/.derivedData/Build/Intermediates.noindex/NetworkS.build/Debug/NetworkSTests-p.build/Objects-normal/arm64/NetworkSTests_const_extract_protocols.json -disable-clang-spi -clang-target arm64-apple-macos27.0 -target-sdk-version 27.0 -target-sdk-name macosx27.0 -in-process-plugin-server-path /Applications/Xcode-27.0.0-Release.Candidate.app/Contents/Developer/Toolchains/XcodeDefault.xctoolchain/usr/lib/swift/host/libSwiftInProcPluginServer.dylib -parse-as-library -o /Users/admin/builder/spi-builder-workspace/.derivedData/Build/Intermediates.noindex/NetworkS.build/Debug/NetworkSTests-p.build/Objects-normal/arm64/RequestTests.o -debug-module-path /Users/admin/builder/spi-builder-workspace/.derivedData/Build/Intermediates.noindex/NetworkS.build/Debug/NetworkSTests-p.build/Objects-normal/arm64/NetworkSTests.swiftmodule -index-unit-output-path /NetworkS.build/Debug/NetworkSTests-p.build/Objects-normal/arm64/RequestTests.o -index-store-path /Users/admin/builder/spi-builder-workspace/.derivedData/Index.noindex/DataStore -index-system-modules
SwiftCompile normal arm64 /Users/admin/builder/spi-builder-workspace/Tests/NetworkSTests/Tests/RequestTests.swift (in target 'NetworkSTests-product' from project 'NetworkS')
cd /Users/admin/builder/spi-builder-workspace/.swiftpm/xcode
builtin-SwiftPerFileCompile RequestTests.swift
SwiftCompile normal arm64 Compiling\ NetworkSTests.swift /Users/admin/builder/spi-builder-workspace/Tests/NetworkSTests/Tests/NetworkSTests.swift (in target 'NetworkSTests-product' from project 'NetworkS')
SwiftCompile normal arm64 /Users/admin/builder/spi-builder-workspace/Tests/NetworkSTests/Tests/NetworkSTests.swift (in target 'NetworkSTests-product' from project 'NetworkS')
cd /Users/admin/builder/spi-builder-workspace/.swiftpm/xcode
builtin-SwiftPerFileCompile NetworkSTests.swift
SwiftDriverJobDiscovery normal arm64 Compiling NetworkSTests.swift (in target 'NetworkSTests-product' from project 'NetworkS')
PruneExplicitPrecompiledModules /Users/admin/builder/spi-builder-workspace/.derivedData/Build/Intermediates.noindex/ExplicitPrecompiledModules
PruneExplicitPrecompiledModules /Users/admin/builder/spi-builder-workspace/.derivedData/Build/Intermediates.noindex/SwiftExplicitPrecompiledModules
PruneExplicitPrecompiledModules /Users/admin/builder/spi-builder-workspace/.derivedData/SDKExplicitPrecompiledModules
2026-09-19 13:31:26.795 xcodebuild[769:4815] [MT] IDERunDestination: Supported platforms for the buildables in the current scheme is empty.
2026-09-19 13:31:26.898 xcodebuild[769:4815] [MT] IDERunDestination: Supported platforms for the buildables in the current scheme is empty.
--- xcodebuild: WARNING: Using the first of multiple matching destinations:
{ platform:macOS, arch:arm64, id:05fc2f4aa09f92f7fac1f473e79c613d6e90fafd, name:My Mac }
{ platform:macOS, arch:arm64, variant:Mac Catalyst, id:05fc2f4aa09f92f7fac1f473e79c613d6e90fafd, name:My Mac }
{ platform:macOS, arch:arm64, variant:DriverKit, id:05fc2f4aa09f92f7fac1f473e79c613d6e90fafd, name:My Mac }
{ platform:macOS, arch:arm64, variant:Designed for [iPad,iPhone], id:05fc2f4aa09f92f7fac1f473e79c613d6e90fafd, name:My Mac }
** BUILD FAILED **
The following build commands failed:
SwiftCompile normal arm64 Compiling\ RequestTests.swift /Users/admin/builder/spi-builder-workspace/Tests/NetworkSTests/Tests/RequestTests.swift (in target 'NetworkSTests-product' from project 'NetworkS')
SwiftCompile normal arm64 /Users/admin/builder/spi-builder-workspace/Tests/NetworkSTests/Tests/RequestTests.swift (in target 'NetworkSTests-product' from project 'NetworkS')
Building workspace NetworkS with scheme NetworkS
(3 failures)
BUILD FAILURE 6.4 macosXcodebuild