The Swift Package Index logo.Swift Package Index

Build Information

Failed to build NotionKit, reference v0.2.0 (4a4adc), with Swift 6.4 for Linux on 23 Sep 2026 08:26:28 UTC.

Build Command

bash -c docker run --pull=always --rm -v "checkouts-53886770-0":/host -w "$PWD" -e JAVA_HOME="/root/.sdkman/candidates/java/current" -e SPI_BUILD="1" -e SPI_PROCESSING="1" registry.gitlab.com/saguaro1/spi-images:basic-6.4-latest swift build --triple x86_64-unknown-linux-gnu 2>&1

Build Log

========================================
RunAll
========================================
Builder version: 5.1.0
Interrupt handler set up.
========================================
Checkout
========================================
Clone URL: https://github.com/elvisperlika/notion-kit.git
Reference: v0.2.0
Initialized empty Git repository in /host/spi-builder-workspace/.git/
hint: Using 'master' as the name for the initial branch. This default branch name
hint: is subject to change. To configure the initial branch name to use in all
hint: of your new repositories, which will suppress this warning, call:
hint:
hint: 	git config --global init.defaultBranch <name>
hint:
hint: Names commonly chosen instead of 'master' are 'main', 'trunk' and
hint: 'development'. The just-created branch can be renamed via this command:
hint:
hint: 	git branch -m <name>
From https://github.com/elvisperlika/notion-kit
 * tag               v0.2.0     -> FETCH_HEAD
HEAD is now at 4a4adc0 Merge pull request #11 from elvisperlika/search
Cloned https://github.com/elvisperlika/notion-kit.git
Revision (git rev-parse @):
4a4adc01166d5c5072f60320f199b9c20ee067a4
SUCCESS checkout https://github.com/elvisperlika/notion-kit.git at v0.2.0
========================================
Build
========================================
Selected platform:         linux
Swift version:             6.4
Building package at path:  $PWD
https://github.com/elvisperlika/notion-kit.git
Running build ...
bash -c docker run --pull=always --rm -v "checkouts-53886770-0":/host -w "$PWD" -e JAVA_HOME="/root/.sdkman/candidates/java/current" -e SPI_BUILD="1" -e SPI_PROCESSING="1" registry.gitlab.com/saguaro1/spi-images:basic-6.4-latest swift build --triple x86_64-unknown-linux-gnu 2>&1
basic-6.4-latest: Pulling from saguaro1/spi-images
Digest: sha256:c77fcce225e223ac0fafed844619173fc6de8d62dd560eeb28db3182af6a282b
Status: Image is up to date for registry.gitlab.com/saguaro1/spi-images:basic-6.4-latest
Fetching https://github.com/thebarndog/swift-dotenv.git
[1/531] Fetching swift-dotenv
Fetched https://github.com/thebarndog/swift-dotenv.git (0.54s)
Computing version for https://github.com/thebarndog/swift-dotenv.git
Computed https://github.com/thebarndog/swift-dotenv.git at 2.1.0 (0.71s)
Creating working copy for https://github.com/thebarndog/swift-dotenv.git
Working copy of https://github.com/thebarndog/swift-dotenv.git resolved at 2.1.0
Building for debugging...
[Planning deferred tasks]
error: SwiftCompile normal x86_64 failed with a nonzero exit code. Command line:     cd /host

/host/spi-builder-workspace/Sources/NotionKit/Utility/HTTPUtilty.swift:14:6: error: cannot find type 'URLRequest' in scope
12 |   url: URL,
13 |   method: String
14 | ) -> URLRequest {
   |      `- error: cannot find type 'URLRequest' in scope
15 |   var request = URLRequest(url: url)
16 |   request.httpMethod = method
/host/spi-builder-workspace/Sources/NotionKit/Utility/HTTPUtilty.swift:27:35: error: 'URLResponse' is unavailable: This type has moved to the FoundationNetworking module. Import that module to use it.
25 | /// - Parameter response: The URLResponse to validate.
26 | /// - Throws: An error if the response status code is not in the 200-299 range.
27 | func validateResponse(_ response: URLResponse) throws {
   |                                   `- error: 'URLResponse' is unavailable: This type has moved to the FoundationNetworking module. Import that module to use it.
28 |   guard let httpResponse = response as? HTTPURLResponse,
29 |     (200...299).contains(httpResponse.statusCode)
Foundation.URLResponse:2:18: note: 'URLResponse' has been explicitly marked unavailable here
1 | @available(*, unavailable, message: "This type has moved to the FoundationNetworking module. Import that module to use it.")
2 | public typealias URLResponse = AnyObject
  |                  `- note: 'URLResponse' has been explicitly marked unavailable here
Failed frontend command:
/usr/bin/swift-frontend -frontend -emit-module -experimental-skip-non-inlinable-function-bodies-without-types /host/spi-builder-workspace/Sources/NotionKit/Config.swift /host/spi-builder-workspace/Sources/NotionKit/NotionClient.swift /host/spi-builder-workspace/Sources/NotionKit/NotionError.swift /host/spi-builder-workspace/Sources/NotionKit/NotionProtocol.swift /host/spi-builder-workspace/Sources/NotionKit/Pages/PageModels.swift /host/spi-builder-workspace/Sources/NotionKit/Pagination/Pagination.swift /host/spi-builder-workspace/Sources/NotionKit/Search/Client+Search.swift /host/spi-builder-workspace/Sources/NotionKit/Search/SearchModels.swift /host/spi-builder-workspace/Sources/NotionKit/Users/Client+Users.swift /host/spi-builder-workspace/Sources/NotionKit/Users/UserModels.swift /host/spi-builder-workspace/Sources/NotionKit/Utility/HTTPUtilty.swift -target x86_64-unknown-linux-gnu -disable-objc-interop -I /host/spi-builder-workspace/.build/out/Products/Debug-linux-x86_64 -module-cache-path /host/spi-builder-workspace/.build/out/ModuleCache.noindex -color-diagnostics -Xcc -fcolor-diagnostics -enable-testing -g -debug-info-format\=dwarf -dwarf-version\=4 -swift-version 6 -Onone -D SWIFT_PACKAGE -D DEBUG -D SWIFT_MODULE_RESOURCE_BUNDLE_UNAVAILABLE -D Xcode -serialize-debugging-options -enable-experimental-feature DebugDescriptionMacro -empty-abi-descriptor -external-plugin-path /usr/lib/swift/host/plugins/testing\#/usr/bin/swift-plugin-server -validate-clang-modules-once -clang-build-session-file /host/spi-builder-workspace/.build/out/ModuleCache.noindex/Session.modulevalidation -Xcc -working-directory -Xcc /host -enable-anonymous-context-mangled-names -file-compilation-dir /host -Xcc -fno-omit-frame-pointer -Xcc -D_LIBCPP_HARDENING_MODE\=_LIBCPP_HARDENING_MODE_DEBUG -Xcc -fmodules-prune-interval\=86400 -Xcc -fmodules-prune-after\=345600 -Xcc -I/host/spi-builder-workspace/.build/out/Products/Debug-linux-x86_64/include -Xcc -I/host/spi-builder-workspace/.build/out/Intermediates.noindex/NotionKit.build/Debug-linux-x86_64/NotionKit-t.build/DerivedSources-normal/x86_64 -Xcc -I/host/spi-builder-workspace/.build/out/Intermediates.noindex/NotionKit.build/Debug-linux-x86_64/NotionKit-t.build/DerivedSources/x86_64 -Xcc -I/host/spi-builder-workspace/.build/out/Intermediates.noindex/NotionKit.build/Debug-linux-x86_64/NotionKit-t.build/DerivedSources -Xcc -DSWIFT_PACKAGE -Xcc -DDEBUG\=1 -no-auto-bridging-header-chaining -module-name NotionKit -package-name spi_builder_workspace -const-gather-protocols-file /host/spi-builder-workspace/.build/out/Intermediates.noindex/NotionKit.build/Debug-linux-x86_64/NotionKit-t.build/Objects-normal/x86_64/NotionKit_const_extract_protocols.json -in-process-plugin-server-path /usr/lib/swift/host/libSwiftInProcPluginServer.so -plugin-path /usr/lib/swift/host/plugins -plugin-path /usr/local/lib/swift/host/plugins -emit-module-doc-path /host/spi-builder-workspace/.build/out/Intermediates.noindex/NotionKit.build/Debug-linux-x86_64/NotionKit-t.build/Objects-normal/x86_64/Modules/NotionKit.swiftdoc -emit-module-source-info-path /host/spi-builder-workspace/.build/out/Intermediates.noindex/NotionKit.build/Debug-linux-x86_64/NotionKit-t.build/Objects-normal/x86_64/Modules/NotionKit.swiftsourceinfo -emit-objc-header-path /host/spi-builder-workspace/.build/out/Intermediates.noindex/NotionKit.build/Debug-linux-x86_64/NotionKit-t.build/Objects-normal/x86_64/NotionKit-Swift.h -serialize-diagnostics-path /host/spi-builder-workspace/.build/out/Intermediates.noindex/NotionKit.build/Debug-linux-x86_64/NotionKit-t.build/Objects-normal/x86_64/NotionKit-primary-emit-module.dia -emit-dependencies-path /host/spi-builder-workspace/.build/out/Intermediates.noindex/NotionKit.build/Debug-linux-x86_64/NotionKit-t.build/Objects-normal/x86_64/NotionKit-primary-emit-module.d -parse-as-library -o /host/spi-builder-workspace/.build/out/Intermediates.noindex/NotionKit.build/Debug-linux-x86_64/NotionKit-t.build/Objects-normal/x86_64/Modules/NotionKit.swiftmodule
[28 / 36] NotionKit
error: Build failed
BUILD FAILURE 6.4 linux