The Swift Package Index logo.Swift Package Index

Build Information

Failed to build RouteKit, reference 0.1.6 (17444a), with Swift 6.3 for Wasm on 20 Jul 2026 14:39:27 UTC.

Build Command

bash -c docker run --pull=always --rm -v "checkouts-54344849-1":/host -w "$PWD" -e JAVA_HOME="/root/.sdkman/candidates/java/current" -e SPI_BUILD="1" -e SPI_PROCESSING="1" registry.gitlab.com/saguaro1/spi-images:wasm-6.3-latest swift build --swift-sdk swift-6.3.2-RELEASE_wasm 2>&1

Build Log

========================================
RunAll
========================================
Builder version: 333316120c8b89ed7d21f1b34865290794301d91
Interrupt handler set up.
========================================
Checkout
========================================
Clone URL: https://github.com/kaVish2214/RouteKit.git
Reference: 0.1.6
Initialized empty Git repository in /host/spi-builder-workspace/.git/
hint: Using 'master' as the name for the initial branch. This default branch name
hint: is subject to change. To configure the initial branch name to use in all
hint: of your new repositories, which will suppress this warning, call:
hint:
hint: 	git config --global init.defaultBranch <name>
hint:
hint: Names commonly chosen instead of 'master' are 'main', 'trunk' and
hint: 'development'. The just-created branch can be renamed via this command:
hint:
hint: 	git branch -m <name>
From https://github.com/kaVish2214/RouteKit
 * tag               0.1.6      -> FETCH_HEAD
HEAD is now at 17444a5 Minor improvements and clean up
Cloned https://github.com/kaVish2214/RouteKit.git
Revision (git rev-parse @):
17444a519791d6d13955f3369cc7a5c13904c4ee
SUCCESS checkout https://github.com/kaVish2214/RouteKit.git at 0.1.6
========================================
Build
========================================
Selected platform:         wasm
Swift version:             6.3
Building package at path:  $PWD
https://github.com/kaVish2214/RouteKit.git
Running build ...
bash -c docker run --pull=always --rm -v "checkouts-54344849-1":/host -w "$PWD" -e JAVA_HOME="/root/.sdkman/candidates/java/current" -e SPI_BUILD="1" -e SPI_PROCESSING="1" registry.gitlab.com/saguaro1/spi-images:wasm-6.3-latest swift build --swift-sdk swift-6.3.2-RELEASE_wasm 2>&1
wasm-6.3-latest: Pulling from saguaro1/spi-images
Digest: sha256:501b6bfc4ca8a27c305c68f9d5c778f996de82635741ab45476a03ffa6fa26d2
Status: Image is up to date for registry.gitlab.com/saguaro1/spi-images:wasm-6.3-latest
Fetching https://github.com/kaVish2214/AuthSessionKit
Fetching https://github.com/kaVish2214/UtilityKit
[1/272] Fetching utilitykit
Fetched https://github.com/kaVish2214/UtilityKit from cache (0.45s)
[1/414] Fetching authsessionkit
Fetched https://github.com/kaVish2214/AuthSessionKit from cache (0.50s)
Computing version for https://github.com/kaVish2214/AuthSessionKit
Computed https://github.com/kaVish2214/AuthSessionKit at 0.1.1 (0.65s)
Fetching https://github.com/kaVish2214/BiometricAuthKit
[1/320] Fetching biometricauthkit
Fetched https://github.com/kaVish2214/BiometricAuthKit from cache (0.45s)
Computing version for https://github.com/kaVish2214/UtilityKit
Computed https://github.com/kaVish2214/UtilityKit at 0.1.1 (0.60s)
Fetching https://github.com/hmlongco/Factory
[1/23821] Fetching factory
Fetched https://github.com/hmlongco/Factory from cache (0.85s)
Computing version for https://github.com/kaVish2214/BiometricAuthKit
Computed https://github.com/kaVish2214/BiometricAuthKit at 0.1.1 (0.99s)
Computing version for https://github.com/hmlongco/Factory
Computed https://github.com/hmlongco/Factory at 2.5.3 (0.15s)
Creating working copy for https://github.com/hmlongco/Factory
Working copy of https://github.com/hmlongco/Factory resolved at 2.5.3
Creating working copy for https://github.com/kaVish2214/AuthSessionKit
Working copy of https://github.com/kaVish2214/AuthSessionKit resolved at 0.1.1
Creating working copy for https://github.com/kaVish2214/UtilityKit
Working copy of https://github.com/kaVish2214/UtilityKit resolved at 0.1.1
Creating working copy for https://github.com/kaVish2214/BiometricAuthKit
Working copy of https://github.com/kaVish2214/BiometricAuthKit resolved at 0.1.1
Building for debugging...
[0/10] Copying PrivacyInfo.xcprivacy
[1/10] Write sources
[9/10] Write swift-version-24593BA9C3E375BF.txt
error: emit-module command failed with exit code 1 (use -v to see invocation)
[11/41] Emitting module Factory
/root/.swiftpm/swift-sdks/swift-6.3.2-RELEASE_wasm.artifactbundle/swift-6.3.2-RELEASE_wasm/wasm32-unknown-wasip1/swift.xctoolchain/usr/lib/swift_static/CoreFoundation/CoreFoundation.h:28:10: note: while building module 'wasi_emulated_signal' imported from /root/.swiftpm/swift-sdks/swift-6.3.2-RELEASE_wasm.artifactbundle/swift-6.3.2-RELEASE_wasm/wasm32-unknown-wasip1/swift.xctoolchain/usr/lib/swift_static/CoreFoundation/CoreFoundation.h:28:
 26 | #include <setjmp.h>
 27 | #endif
 28 | #include <signal.h>
    |          `- note: while building module 'wasi_emulated_signal' imported from /root/.swiftpm/swift-sdks/swift-6.3.2-RELEASE_wasm.artifactbundle/swift-6.3.2-RELEASE_wasm/wasm32-unknown-wasip1/swift.xctoolchain/usr/lib/swift_static/CoreFoundation/CoreFoundation.h:28:
 29 | #include <stddef.h>
 30 | #include <stdio.h>
<module-includes>:1:10: note: in file included from <module-includes>:1:
1 | #include "signal.h"
  |          `- note: in file included from <module-includes>:1:
2 |
/root/.swiftpm/swift-sdks/swift-6.3.2-RELEASE_wasm.artifactbundle/swift-6.3.2-RELEASE_wasm/wasm32-unknown-wasip1/WASI.sdk/include/wasm32-wasip1/signal.h:2:2: error: "wasm lacks signal support; to enable minimal signal emulation, compile with -D_WASI_EMULATED_SIGNAL and link with -lwasi-emulated-signal"
  1 | #ifndef _WASI_EMULATED_SIGNAL
  2 | #error "wasm lacks signal support; to enable minimal signal emulation, \
    |  `- error: "wasm lacks signal support; to enable minimal signal emulation, compile with -D_WASI_EMULATED_SIGNAL and link with -lwasi-emulated-signal"
  3 | compile with -D_WASI_EMULATED_SIGNAL and link with -lwasi-emulated-signal"
  4 | #else
<module-includes>:1:10: note: in file included from <module-includes>:1:
1 | #include "CoreFoundation.h"
  |          `- note: in file included from <module-includes>:1:
2 |
/root/.swiftpm/swift-sdks/swift-6.3.2-RELEASE_wasm.artifactbundle/swift-6.3.2-RELEASE_wasm/wasm32-unknown-wasip1/swift.xctoolchain/usr/lib/swift_static/CoreFoundation/CoreFoundation.h:28:10: error: could not build module 'wasi_emulated_signal'
 26 | #include <setjmp.h>
 27 | #endif
 28 | #include <signal.h>
    |          `- error: could not build module 'wasi_emulated_signal'
 29 | #include <stddef.h>
 30 | #include <stdio.h>
/root/.swiftpm/swift-sdks/swift-6.3.2-RELEASE_wasm.artifactbundle/swift-6.3.2-RELEASE_wasm/wasm32-unknown-wasip1/swift.xctoolchain/usr/lib/swift_static/CoreFoundation/ForSwiftFoundationOnly.h:86:10: note: while building module 'wasi_emulated_mman' imported from /root/.swiftpm/swift-sdks/swift-6.3.2-RELEASE_wasm.artifactbundle/swift-6.3.2-RELEASE_wasm/wasm32-unknown-wasip1/swift.xctoolchain/usr/lib/swift_static/CoreFoundation/ForSwiftFoundationOnly.h:86:
 84 | #undef _WASI_EMULATED_MMAN
 85 | #define _WASI_EMULATED_MMAN
 86 | #include <sys/mman.h>
    |          `- note: while building module 'wasi_emulated_mman' imported from /root/.swiftpm/swift-sdks/swift-6.3.2-RELEASE_wasm.artifactbundle/swift-6.3.2-RELEASE_wasm/wasm32-unknown-wasip1/swift.xctoolchain/usr/lib/swift_static/CoreFoundation/ForSwiftFoundationOnly.h:86:
 87 | #elif TARGET_OS_LINUX
 88 | #include <errno.h>
<module-includes>:1:10: note: in file included from <module-includes>:1:
1 | #include "sys/mman.h"
  |          `- note: in file included from <module-includes>:1:
2 |
/root/.swiftpm/swift-sdks/swift-6.3.2-RELEASE_wasm.artifactbundle/swift-6.3.2-RELEASE_wasm/wasm32-unknown-wasip1/WASI.sdk/include/wasm32-wasip1/sys/mman.h:2:2: error: "WASI lacks a true mmap; to enable minimal mmap emulation, compile with -D_WASI_EMULATED_MMAN and link with -lwasi-emulated-mman"
  1 | #ifndef _WASI_EMULATED_MMAN
  2 | #error "WASI lacks a true mmap; to enable minimal mmap emulation, \
    |  `- error: "WASI lacks a true mmap; to enable minimal mmap emulation, compile with -D_WASI_EMULATED_MMAN and link with -lwasi-emulated-mman"
  3 | compile with -D_WASI_EMULATED_MMAN and link with -lwasi-emulated-mman"
  4 | #else
/host/spi-builder-workspace/.build/checkouts/Factory/Sources/Factory/Factory/Scopes.swift:27:8: error: could not build C module 'CoreFoundation'
 25 | //
 26 |
 27 | import CoreFoundation
    |        `- error: could not build C module 'CoreFoundation'
 28 | import Foundation
 29 |
[12/42] Compiling BiometricAuthInterface AuthRequestor.swift
/host/spi-builder-workspace/.build/checkouts/BiometricAuthKit/Sources/BiometricAuthInterface/Interface/Enum/AuthError.swift:15:8: error: no such module 'LocalAuthentication'
 13 |
 14 | import Foundation
 15 | import LocalAuthentication
    |        `- error: no such module 'LocalAuthentication'
 16 |
 17 |
[13/42] Compiling Factory Modifiers.swift
/root/.swiftpm/swift-sdks/swift-6.3.2-RELEASE_wasm.artifactbundle/swift-6.3.2-RELEASE_wasm/wasm32-unknown-wasip1/swift.xctoolchain/usr/lib/swift_static/CoreFoundation/CoreFoundation.h:28:10: note: while building module 'wasi_emulated_signal' imported from /root/.swiftpm/swift-sdks/swift-6.3.2-RELEASE_wasm.artifactbundle/swift-6.3.2-RELEASE_wasm/wasm32-unknown-wasip1/swift.xctoolchain/usr/lib/swift_static/CoreFoundation/CoreFoundation.h:28:
 26 | #include <setjmp.h>
 27 | #endif
 28 | #include <signal.h>
    |          `- note: while building module 'wasi_emulated_signal' imported from /root/.swiftpm/swift-sdks/swift-6.3.2-RELEASE_wasm.artifactbundle/swift-6.3.2-RELEASE_wasm/wasm32-unknown-wasip1/swift.xctoolchain/usr/lib/swift_static/CoreFoundation/CoreFoundation.h:28:
 29 | #include <stddef.h>
 30 | #include <stdio.h>
<module-includes>:1:10: note: in file included from <module-includes>:1:
1 | #include "signal.h"
  |          `- note: in file included from <module-includes>:1:
2 |
/root/.swiftpm/swift-sdks/swift-6.3.2-RELEASE_wasm.artifactbundle/swift-6.3.2-RELEASE_wasm/wasm32-unknown-wasip1/WASI.sdk/include/wasm32-wasip1/signal.h:2:2: error: "wasm lacks signal support; to enable minimal signal emulation, compile with -D_WASI_EMULATED_SIGNAL and link with -lwasi-emulated-signal"
  1 | #ifndef _WASI_EMULATED_SIGNAL
  2 | #error "wasm lacks signal support; to enable minimal signal emulation, \
    |  `- error: "wasm lacks signal support; to enable minimal signal emulation, compile with -D_WASI_EMULATED_SIGNAL and link with -lwasi-emulated-signal"
  3 | compile with -D_WASI_EMULATED_SIGNAL and link with -lwasi-emulated-signal"
  4 | #else
<module-includes>:1:10: note: in file included from <module-includes>:1:
1 | #include "CoreFoundation.h"
  |          `- note: in file included from <module-includes>:1:
2 |
/root/.swiftpm/swift-sdks/swift-6.3.2-RELEASE_wasm.artifactbundle/swift-6.3.2-RELEASE_wasm/wasm32-unknown-wasip1/swift.xctoolchain/usr/lib/swift_static/CoreFoundation/CoreFoundation.h:28:10: error: could not build module 'wasi_emulated_signal'
 26 | #include <setjmp.h>
 27 | #endif
 28 | #include <signal.h>
    |          `- error: could not build module 'wasi_emulated_signal'
 29 | #include <stddef.h>
 30 | #include <stdio.h>
/root/.swiftpm/swift-sdks/swift-6.3.2-RELEASE_wasm.artifactbundle/swift-6.3.2-RELEASE_wasm/wasm32-unknown-wasip1/swift.xctoolchain/usr/lib/swift_static/CoreFoundation/ForSwiftFoundationOnly.h:86:10: note: while building module 'wasi_emulated_mman' imported from /root/.swiftpm/swift-sdks/swift-6.3.2-RELEASE_wasm.artifactbundle/swift-6.3.2-RELEASE_wasm/wasm32-unknown-wasip1/swift.xctoolchain/usr/lib/swift_static/CoreFoundation/ForSwiftFoundationOnly.h:86:
 84 | #undef _WASI_EMULATED_MMAN
 85 | #define _WASI_EMULATED_MMAN
 86 | #include <sys/mman.h>
    |          `- note: while building module 'wasi_emulated_mman' imported from /root/.swiftpm/swift-sdks/swift-6.3.2-RELEASE_wasm.artifactbundle/swift-6.3.2-RELEASE_wasm/wasm32-unknown-wasip1/swift.xctoolchain/usr/lib/swift_static/CoreFoundation/ForSwiftFoundationOnly.h:86:
 87 | #elif TARGET_OS_LINUX
 88 | #include <errno.h>
<module-includes>:1:10: note: in file included from <module-includes>:1:
1 | #include "sys/mman.h"
  |          `- note: in file included from <module-includes>:1:
2 |
/root/.swiftpm/swift-sdks/swift-6.3.2-RELEASE_wasm.artifactbundle/swift-6.3.2-RELEASE_wasm/wasm32-unknown-wasip1/WASI.sdk/include/wasm32-wasip1/sys/mman.h:2:2: error: "WASI lacks a true mmap; to enable minimal mmap emulation, compile with -D_WASI_EMULATED_MMAN and link with -lwasi-emulated-mman"
  1 | #ifndef _WASI_EMULATED_MMAN
  2 | #error "WASI lacks a true mmap; to enable minimal mmap emulation, \
    |  `- error: "WASI lacks a true mmap; to enable minimal mmap emulation, compile with -D_WASI_EMULATED_MMAN and link with -lwasi-emulated-mman"
  3 | compile with -D_WASI_EMULATED_MMAN and link with -lwasi-emulated-mman"
  4 | #else
/host/spi-builder-workspace/.build/checkouts/Factory/Sources/Factory/Factory/Scopes.swift:27:8: error: could not build C module 'CoreFoundation'
 25 | //
 26 |
 27 | import CoreFoundation
    |        `- error: could not build C module 'CoreFoundation'
 28 | import Foundation
 29 |
[14/42] Compiling Factory Registrations.swift
/root/.swiftpm/swift-sdks/swift-6.3.2-RELEASE_wasm.artifactbundle/swift-6.3.2-RELEASE_wasm/wasm32-unknown-wasip1/swift.xctoolchain/usr/lib/swift_static/CoreFoundation/CoreFoundation.h:28:10: note: while building module 'wasi_emulated_signal' imported from /root/.swiftpm/swift-sdks/swift-6.3.2-RELEASE_wasm.artifactbundle/swift-6.3.2-RELEASE_wasm/wasm32-unknown-wasip1/swift.xctoolchain/usr/lib/swift_static/CoreFoundation/CoreFoundation.h:28:
 26 | #include <setjmp.h>
 27 | #endif
 28 | #include <signal.h>
    |          `- note: while building module 'wasi_emulated_signal' imported from /root/.swiftpm/swift-sdks/swift-6.3.2-RELEASE_wasm.artifactbundle/swift-6.3.2-RELEASE_wasm/wasm32-unknown-wasip1/swift.xctoolchain/usr/lib/swift_static/CoreFoundation/CoreFoundation.h:28:
 29 | #include <stddef.h>
 30 | #include <stdio.h>
<module-includes>:1:10: note: in file included from <module-includes>:1:
1 | #include "signal.h"
  |          `- note: in file included from <module-includes>:1:
2 |
/root/.swiftpm/swift-sdks/swift-6.3.2-RELEASE_wasm.artifactbundle/swift-6.3.2-RELEASE_wasm/wasm32-unknown-wasip1/WASI.sdk/include/wasm32-wasip1/signal.h:2:2: error: "wasm lacks signal support; to enable minimal signal emulation, compile with -D_WASI_EMULATED_SIGNAL and link with -lwasi-emulated-signal"
  1 | #ifndef _WASI_EMULATED_SIGNAL
  2 | #error "wasm lacks signal support; to enable minimal signal emulation, \
    |  `- error: "wasm lacks signal support; to enable minimal signal emulation, compile with -D_WASI_EMULATED_SIGNAL and link with -lwasi-emulated-signal"
  3 | compile with -D_WASI_EMULATED_SIGNAL and link with -lwasi-emulated-signal"
  4 | #else
<module-includes>:1:10: note: in file included from <module-includes>:1:
1 | #include "CoreFoundation.h"
  |          `- note: in file included from <module-includes>:1:
2 |
/root/.swiftpm/swift-sdks/swift-6.3.2-RELEASE_wasm.artifactbundle/swift-6.3.2-RELEASE_wasm/wasm32-unknown-wasip1/swift.xctoolchain/usr/lib/swift_static/CoreFoundation/CoreFoundation.h:28:10: error: could not build module 'wasi_emulated_signal'
 26 | #include <setjmp.h>
 27 | #endif
 28 | #include <signal.h>
    |          `- error: could not build module 'wasi_emulated_signal'
 29 | #include <stddef.h>
 30 | #include <stdio.h>
/root/.swiftpm/swift-sdks/swift-6.3.2-RELEASE_wasm.artifactbundle/swift-6.3.2-RELEASE_wasm/wasm32-unknown-wasip1/swift.xctoolchain/usr/lib/swift_static/CoreFoundation/ForSwiftFoundationOnly.h:86:10: note: while building module 'wasi_emulated_mman' imported from /root/.swiftpm/swift-sdks/swift-6.3.2-RELEASE_wasm.artifactbundle/swift-6.3.2-RELEASE_wasm/wasm32-unknown-wasip1/swift.xctoolchain/usr/lib/swift_static/CoreFoundation/ForSwiftFoundationOnly.h:86:
 84 | #undef _WASI_EMULATED_MMAN
 85 | #define _WASI_EMULATED_MMAN
 86 | #include <sys/mman.h>
    |          `- note: while building module 'wasi_emulated_mman' imported from /root/.swiftpm/swift-sdks/swift-6.3.2-RELEASE_wasm.artifactbundle/swift-6.3.2-RELEASE_wasm/wasm32-unknown-wasip1/swift.xctoolchain/usr/lib/swift_static/CoreFoundation/ForSwiftFoundationOnly.h:86:
 87 | #elif TARGET_OS_LINUX
 88 | #include <errno.h>
<module-includes>:1:10: note: in file included from <module-includes>:1:
1 | #include "sys/mman.h"
  |          `- note: in file included from <module-includes>:1:
2 |
/root/.swiftpm/swift-sdks/swift-6.3.2-RELEASE_wasm.artifactbundle/swift-6.3.2-RELEASE_wasm/wasm32-unknown-wasip1/WASI.sdk/include/wasm32-wasip1/sys/mman.h:2:2: error: "WASI lacks a true mmap; to enable minimal mmap emulation, compile with -D_WASI_EMULATED_MMAN and link with -lwasi-emulated-mman"
  1 | #ifndef _WASI_EMULATED_MMAN
  2 | #error "WASI lacks a true mmap; to enable minimal mmap emulation, \
    |  `- error: "WASI lacks a true mmap; to enable minimal mmap emulation, compile with -D_WASI_EMULATED_MMAN and link with -lwasi-emulated-mman"
  3 | compile with -D_WASI_EMULATED_MMAN and link with -lwasi-emulated-mman"
  4 | #else
/host/spi-builder-workspace/.build/checkouts/Factory/Sources/Factory/Factory/Scopes.swift:27:8: error: could not build C module 'CoreFoundation'
 25 | //
 26 |
 27 | import CoreFoundation
    |        `- error: could not build C module 'CoreFoundation'
 28 | import Foundation
 29 |
[15/42] Compiling Factory Resolutions.swift
/root/.swiftpm/swift-sdks/swift-6.3.2-RELEASE_wasm.artifactbundle/swift-6.3.2-RELEASE_wasm/wasm32-unknown-wasip1/swift.xctoolchain/usr/lib/swift_static/CoreFoundation/CoreFoundation.h:28:10: note: while building module 'wasi_emulated_signal' imported from /root/.swiftpm/swift-sdks/swift-6.3.2-RELEASE_wasm.artifactbundle/swift-6.3.2-RELEASE_wasm/wasm32-unknown-wasip1/swift.xctoolchain/usr/lib/swift_static/CoreFoundation/CoreFoundation.h:28:
 26 | #include <setjmp.h>
 27 | #endif
 28 | #include <signal.h>
    |          `- note: while building module 'wasi_emulated_signal' imported from /root/.swiftpm/swift-sdks/swift-6.3.2-RELEASE_wasm.artifactbundle/swift-6.3.2-RELEASE_wasm/wasm32-unknown-wasip1/swift.xctoolchain/usr/lib/swift_static/CoreFoundation/CoreFoundation.h:28:
 29 | #include <stddef.h>
 30 | #include <stdio.h>
<module-includes>:1:10: note: in file included from <module-includes>:1:
1 | #include "signal.h"
  |          `- note: in file included from <module-includes>:1:
2 |
/root/.swiftpm/swift-sdks/swift-6.3.2-RELEASE_wasm.artifactbundle/swift-6.3.2-RELEASE_wasm/wasm32-unknown-wasip1/WASI.sdk/include/wasm32-wasip1/signal.h:2:2: error: "wasm lacks signal support; to enable minimal signal emulation, compile with -D_WASI_EMULATED_SIGNAL and link with -lwasi-emulated-signal"
  1 | #ifndef _WASI_EMULATED_SIGNAL
  2 | #error "wasm lacks signal support; to enable minimal signal emulation, \
    |  `- error: "wasm lacks signal support; to enable minimal signal emulation, compile with -D_WASI_EMULATED_SIGNAL and link with -lwasi-emulated-signal"
  3 | compile with -D_WASI_EMULATED_SIGNAL and link with -lwasi-emulated-signal"
  4 | #else
<module-includes>:1:10: note: in file included from <module-includes>:1:
1 | #include "CoreFoundation.h"
  |          `- note: in file included from <module-includes>:1:
2 |
/root/.swiftpm/swift-sdks/swift-6.3.2-RELEASE_wasm.artifactbundle/swift-6.3.2-RELEASE_wasm/wasm32-unknown-wasip1/swift.xctoolchain/usr/lib/swift_static/CoreFoundation/CoreFoundation.h:28:10: error: could not build module 'wasi_emulated_signal'
 26 | #include <setjmp.h>
 27 | #endif
 28 | #include <signal.h>
    |          `- error: could not build module 'wasi_emulated_signal'
 29 | #include <stddef.h>
 30 | #include <stdio.h>
/root/.swiftpm/swift-sdks/swift-6.3.2-RELEASE_wasm.artifactbundle/swift-6.3.2-RELEASE_wasm/wasm32-unknown-wasip1/swift.xctoolchain/usr/lib/swift_static/CoreFoundation/ForSwiftFoundationOnly.h:86:10: note: while building module 'wasi_emulated_mman' imported from /root/.swiftpm/swift-sdks/swift-6.3.2-RELEASE_wasm.artifactbundle/swift-6.3.2-RELEASE_wasm/wasm32-unknown-wasip1/swift.xctoolchain/usr/lib/swift_static/CoreFoundation/ForSwiftFoundationOnly.h:86:
 84 | #undef _WASI_EMULATED_MMAN
 85 | #define _WASI_EMULATED_MMAN
 86 | #include <sys/mman.h>
    |          `- note: while building module 'wasi_emulated_mman' imported from /root/.swiftpm/swift-sdks/swift-6.3.2-RELEASE_wasm.artifactbundle/swift-6.3.2-RELEASE_wasm/wasm32-unknown-wasip1/swift.xctoolchain/usr/lib/swift_static/CoreFoundation/ForSwiftFoundationOnly.h:86:
 87 | #elif TARGET_OS_LINUX
 88 | #include <errno.h>
<module-includes>:1:10: note: in file included from <module-includes>:1:
1 | #include "sys/mman.h"
  |          `- note: in file included from <module-includes>:1:
2 |
/root/.swiftpm/swift-sdks/swift-6.3.2-RELEASE_wasm.artifactbundle/swift-6.3.2-RELEASE_wasm/wasm32-unknown-wasip1/WASI.sdk/include/wasm32-wasip1/sys/mman.h:2:2: error: "WASI lacks a true mmap; to enable minimal mmap emulation, compile with -D_WASI_EMULATED_MMAN and link with -lwasi-emulated-mman"
  1 | #ifndef _WASI_EMULATED_MMAN
  2 | #error "WASI lacks a true mmap; to enable minimal mmap emulation, \
    |  `- error: "WASI lacks a true mmap; to enable minimal mmap emulation, compile with -D_WASI_EMULATED_MMAN and link with -lwasi-emulated-mman"
  3 | compile with -D_WASI_EMULATED_MMAN and link with -lwasi-emulated-mman"
  4 | #else
/host/spi-builder-workspace/.build/checkouts/Factory/Sources/Factory/Factory/Scopes.swift:27:8: error: could not build C module 'CoreFoundation'
 25 | //
 26 |
 27 | import CoreFoundation
    |        `- error: could not build C module 'CoreFoundation'
 28 | import Foundation
 29 |
[16/42] Compiling Factory Resolver.swift
/root/.swiftpm/swift-sdks/swift-6.3.2-RELEASE_wasm.artifactbundle/swift-6.3.2-RELEASE_wasm/wasm32-unknown-wasip1/swift.xctoolchain/usr/lib/swift_static/CoreFoundation/CoreFoundation.h:28:10: note: while building module 'wasi_emulated_signal' imported from /root/.swiftpm/swift-sdks/swift-6.3.2-RELEASE_wasm.artifactbundle/swift-6.3.2-RELEASE_wasm/wasm32-unknown-wasip1/swift.xctoolchain/usr/lib/swift_static/CoreFoundation/CoreFoundation.h:28:
 26 | #include <setjmp.h>
 27 | #endif
 28 | #include <signal.h>
    |          `- note: while building module 'wasi_emulated_signal' imported from /root/.swiftpm/swift-sdks/swift-6.3.2-RELEASE_wasm.artifactbundle/swift-6.3.2-RELEASE_wasm/wasm32-unknown-wasip1/swift.xctoolchain/usr/lib/swift_static/CoreFoundation/CoreFoundation.h:28:
 29 | #include <stddef.h>
 30 | #include <stdio.h>
<module-includes>:1:10: note: in file included from <module-includes>:1:
1 | #include "signal.h"
  |          `- note: in file included from <module-includes>:1:
2 |
/root/.swiftpm/swift-sdks/swift-6.3.2-RELEASE_wasm.artifactbundle/swift-6.3.2-RELEASE_wasm/wasm32-unknown-wasip1/WASI.sdk/include/wasm32-wasip1/signal.h:2:2: error: "wasm lacks signal support; to enable minimal signal emulation, compile with -D_WASI_EMULATED_SIGNAL and link with -lwasi-emulated-signal"
  1 | #ifndef _WASI_EMULATED_SIGNAL
  2 | #error "wasm lacks signal support; to enable minimal signal emulation, \
    |  `- error: "wasm lacks signal support; to enable minimal signal emulation, compile with -D_WASI_EMULATED_SIGNAL and link with -lwasi-emulated-signal"
  3 | compile with -D_WASI_EMULATED_SIGNAL and link with -lwasi-emulated-signal"
  4 | #else
<module-includes>:1:10: note: in file included from <module-includes>:1:
1 | #include "CoreFoundation.h"
  |          `- note: in file included from <module-includes>:1:
2 |
/root/.swiftpm/swift-sdks/swift-6.3.2-RELEASE_wasm.artifactbundle/swift-6.3.2-RELEASE_wasm/wasm32-unknown-wasip1/swift.xctoolchain/usr/lib/swift_static/CoreFoundation/CoreFoundation.h:28:10: error: could not build module 'wasi_emulated_signal'
 26 | #include <setjmp.h>
 27 | #endif
 28 | #include <signal.h>
    |          `- error: could not build module 'wasi_emulated_signal'
 29 | #include <stddef.h>
 30 | #include <stdio.h>
/root/.swiftpm/swift-sdks/swift-6.3.2-RELEASE_wasm.artifactbundle/swift-6.3.2-RELEASE_wasm/wasm32-unknown-wasip1/swift.xctoolchain/usr/lib/swift_static/CoreFoundation/ForSwiftFoundationOnly.h:86:10: note: while building module 'wasi_emulated_mman' imported from /root/.swiftpm/swift-sdks/swift-6.3.2-RELEASE_wasm.artifactbundle/swift-6.3.2-RELEASE_wasm/wasm32-unknown-wasip1/swift.xctoolchain/usr/lib/swift_static/CoreFoundation/ForSwiftFoundationOnly.h:86:
 84 | #undef _WASI_EMULATED_MMAN
 85 | #define _WASI_EMULATED_MMAN
 86 | #include <sys/mman.h>
    |          `- note: while building module 'wasi_emulated_mman' imported from /root/.swiftpm/swift-sdks/swift-6.3.2-RELEASE_wasm.artifactbundle/swift-6.3.2-RELEASE_wasm/wasm32-unknown-wasip1/swift.xctoolchain/usr/lib/swift_static/CoreFoundation/ForSwiftFoundationOnly.h:86:
 87 | #elif TARGET_OS_LINUX
 88 | #include <errno.h>
<module-includes>:1:10: note: in file included from <module-includes>:1:
1 | #include "sys/mman.h"
  |          `- note: in file included from <module-includes>:1:
2 |
/root/.swiftpm/swift-sdks/swift-6.3.2-RELEASE_wasm.artifactbundle/swift-6.3.2-RELEASE_wasm/wasm32-unknown-wasip1/WASI.sdk/include/wasm32-wasip1/sys/mman.h:2:2: error: "WASI lacks a true mmap; to enable minimal mmap emulation, compile with -D_WASI_EMULATED_MMAN and link with -lwasi-emulated-mman"
  1 | #ifndef _WASI_EMULATED_MMAN
  2 | #error "WASI lacks a true mmap; to enable minimal mmap emulation, \
    |  `- error: "WASI lacks a true mmap; to enable minimal mmap emulation, compile with -D_WASI_EMULATED_MMAN and link with -lwasi-emulated-mman"
  3 | compile with -D_WASI_EMULATED_MMAN and link with -lwasi-emulated-mman"
  4 | #else
/host/spi-builder-workspace/.build/checkouts/Factory/Sources/Factory/Factory/Scopes.swift:27:8: error: could not build C module 'CoreFoundation'
 25 | //
 26 |
 27 | import CoreFoundation
    |        `- error: could not build C module 'CoreFoundation'
 28 | import Foundation
 29 |
[17/42] Compiling Factory Scopes.swift
/root/.swiftpm/swift-sdks/swift-6.3.2-RELEASE_wasm.artifactbundle/swift-6.3.2-RELEASE_wasm/wasm32-unknown-wasip1/swift.xctoolchain/usr/lib/swift_static/CoreFoundation/CoreFoundation.h:28:10: note: while building module 'wasi_emulated_signal' imported from /root/.swiftpm/swift-sdks/swift-6.3.2-RELEASE_wasm.artifactbundle/swift-6.3.2-RELEASE_wasm/wasm32-unknown-wasip1/swift.xctoolchain/usr/lib/swift_static/CoreFoundation/CoreFoundation.h:28:
 26 | #include <setjmp.h>
 27 | #endif
 28 | #include <signal.h>
    |          `- note: while building module 'wasi_emulated_signal' imported from /root/.swiftpm/swift-sdks/swift-6.3.2-RELEASE_wasm.artifactbundle/swift-6.3.2-RELEASE_wasm/wasm32-unknown-wasip1/swift.xctoolchain/usr/lib/swift_static/CoreFoundation/CoreFoundation.h:28:
 29 | #include <stddef.h>
 30 | #include <stdio.h>
<module-includes>:1:10: note: in file included from <module-includes>:1:
1 | #include "signal.h"
  |          `- note: in file included from <module-includes>:1:
2 |
/root/.swiftpm/swift-sdks/swift-6.3.2-RELEASE_wasm.artifactbundle/swift-6.3.2-RELEASE_wasm/wasm32-unknown-wasip1/WASI.sdk/include/wasm32-wasip1/signal.h:2:2: error: "wasm lacks signal support; to enable minimal signal emulation, compile with -D_WASI_EMULATED_SIGNAL and link with -lwasi-emulated-signal"
  1 | #ifndef _WASI_EMULATED_SIGNAL
  2 | #error "wasm lacks signal support; to enable minimal signal emulation, \
    |  `- error: "wasm lacks signal support; to enable minimal signal emulation, compile with -D_WASI_EMULATED_SIGNAL and link with -lwasi-emulated-signal"
  3 | compile with -D_WASI_EMULATED_SIGNAL and link with -lwasi-emulated-signal"
  4 | #else
<module-includes>:1:10: note: in file included from <module-includes>:1:
1 | #include "CoreFoundation.h"
  |          `- note: in file included from <module-includes>:1:
2 |
/root/.swiftpm/swift-sdks/swift-6.3.2-RELEASE_wasm.artifactbundle/swift-6.3.2-RELEASE_wasm/wasm32-unknown-wasip1/swift.xctoolchain/usr/lib/swift_static/CoreFoundation/CoreFoundation.h:28:10: error: could not build module 'wasi_emulated_signal'
 26 | #include <setjmp.h>
 27 | #endif
 28 | #include <signal.h>
    |          `- error: could not build module 'wasi_emulated_signal'
 29 | #include <stddef.h>
 30 | #include <stdio.h>
/root/.swiftpm/swift-sdks/swift-6.3.2-RELEASE_wasm.artifactbundle/swift-6.3.2-RELEASE_wasm/wasm32-unknown-wasip1/swift.xctoolchain/usr/lib/swift_static/CoreFoundation/ForSwiftFoundationOnly.h:86:10: note: while building module 'wasi_emulated_mman' imported from /root/.swiftpm/swift-sdks/swift-6.3.2-RELEASE_wasm.artifactbundle/swift-6.3.2-RELEASE_wasm/wasm32-unknown-wasip1/swift.xctoolchain/usr/lib/swift_static/CoreFoundation/ForSwiftFoundationOnly.h:86:
 84 | #undef _WASI_EMULATED_MMAN
 85 | #define _WASI_EMULATED_MMAN
 86 | #include <sys/mman.h>
    |          `- note: while building module 'wasi_emulated_mman' imported from /root/.swiftpm/swift-sdks/swift-6.3.2-RELEASE_wasm.artifactbundle/swift-6.3.2-RELEASE_wasm/wasm32-unknown-wasip1/swift.xctoolchain/usr/lib/swift_static/CoreFoundation/ForSwiftFoundationOnly.h:86:
 87 | #elif TARGET_OS_LINUX
 88 | #include <errno.h>
<module-includes>:1:10: note: in file included from <module-includes>:1:
1 | #include "sys/mman.h"
  |          `- note: in file included from <module-includes>:1:
2 |
/root/.swiftpm/swift-sdks/swift-6.3.2-RELEASE_wasm.artifactbundle/swift-6.3.2-RELEASE_wasm/wasm32-unknown-wasip1/WASI.sdk/include/wasm32-wasip1/sys/mman.h:2:2: error: "WASI lacks a true mmap; to enable minimal mmap emulation, compile with -D_WASI_EMULATED_MMAN and link with -lwasi-emulated-mman"
  1 | #ifndef _WASI_EMULATED_MMAN
  2 | #error "WASI lacks a true mmap; to enable minimal mmap emulation, \
    |  `- error: "WASI lacks a true mmap; to enable minimal mmap emulation, compile with -D_WASI_EMULATED_MMAN and link with -lwasi-emulated-mman"
  3 | compile with -D_WASI_EMULATED_MMAN and link with -lwasi-emulated-mman"
  4 | #else
/host/spi-builder-workspace/.build/checkouts/Factory/Sources/Factory/Factory/Scopes.swift:27:8: error: could not build C module 'CoreFoundation'
 25 | //
 26 |
 27 | import CoreFoundation
    |        `- error: could not build C module 'CoreFoundation'
 28 | import Foundation
 29 |
[18/42] Compiling MultiCastDelegate DelegateSubscriptionHandle.swift
/host/spi-builder-workspace/.build/checkouts/UtilityKit/Sources/MultiCastDelegate/Classes/DelegateSubscriptionHandle.swift:43:34: error: cannot find type 'NSHashTable' in scope
41 |
42 |     private let lock = NSLock()
43 |     private let delegateStorage: NSHashTable<AnyObject> = .weakObjects()
   |                                  `- error: cannot find type 'NSHashTable' in scope
44 |     private let queueStorage: NSMapTable<AnyObject, DispatchQueue> = .weakToStrongObjects()
45 |
/host/spi-builder-workspace/.build/checkouts/UtilityKit/Sources/MultiCastDelegate/Classes/DelegateSubscriptionHandle.swift:44:31: error: cannot find type 'NSMapTable' in scope
42 |     private let lock = NSLock()
43 |     private let delegateStorage: NSHashTable<AnyObject> = .weakObjects()
44 |     private let queueStorage: NSMapTable<AnyObject, DispatchQueue> = .weakToStrongObjects()
   |                               `- error: cannot find type 'NSMapTable' in scope
45 |
46 |     // MARK: - Initializer
/host/spi-builder-workspace/.build/checkouts/UtilityKit/Sources/MultiCastDelegate/Classes/DelegateSubscriptionHandle.swift:58:79: error: cannot find type 'DispatchQueue' in scope
56 |     }
57 |
58 |     public func subscribe(_ subscriber: any MultiCastDelegate, receive queue: DispatchQueue) {
   |                                                                               `- error: cannot find type 'DispatchQueue' in scope
59 |         lock.lock()
60 |         defer { lock.unlock() }
/host/spi-builder-workspace/.build/checkouts/UtilityKit/Sources/MultiCastDelegate/Classes/DelegateSubscriptionHandle.swift:72:65: error: cannot find type 'DispatchQueue' in scope
70 |     }
71 |
72 |     public func queue(for subscriber: any MultiCastDelegate) -> DispatchQueue {
   |                                                                 `- error: cannot find type 'DispatchQueue' in scope
73 |         lock.lock()
74 |         defer { lock.unlock() }
/host/spi-builder-workspace/.build/checkouts/UtilityKit/Sources/MultiCastDelegate/Interface/DelegateSubscription.swift:50:72: error: cannot find type 'DispatchQueue' in scope
48 |     ///   - subscriber: The delegate to register.
49 |     ///   - queue: The dispatch queue on which the subscriber will receive callbacks.
50 |     func subscribe(_ subscriber: any MultiCastDelegate, receive queue: DispatchQueue)
   |                                                                        `- error: cannot find type 'DispatchQueue' in scope
51 |
52 |     /// Removes a previously registered subscriber.
/host/spi-builder-workspace/.build/checkouts/UtilityKit/Sources/MultiCastDelegate/Interface/DelegateSubscription.swift:63:58: error: cannot find type 'DispatchQueue' in scope
61 |     /// - Parameter subscriber: The delegate whose queue is requested.
62 |     /// - Returns: The queue the subscriber was registered with, or `.main` if not found.
63 |     func queue(for subscriber: any MultiCastDelegate) -> DispatchQueue
   |                                                          `- error: cannot find type 'DispatchQueue' in scope
64 | }
65 |
/host/spi-builder-workspace/.build/checkouts/UtilityKit/Sources/MultiCastDelegate/Classes/DelegateSubscriptionHandle.swift:75:56: error: no '??' candidates produce the expected contextual result type '_'
73 |         lock.lock()
74 |         defer { lock.unlock() }
75 |         return queueStorage.object(forKey: subscriber) ?? .main
   |                                                        `- error: no '??' candidates produce the expected contextual result type '_'
76 |     }
77 | }
Swift.??:1:13: note: '??' produces '_', not the expected contextual result type '_'
1 | public func ?? <T>(optional: consuming T?, defaultValue: @autoclosure () throws -> T) rethrows -> T where T : ~Copyable
  |             `- note: '??' produces '_', not the expected contextual result type '_'
Swift.??:1:13: note: '??' produces 'T?', not the expected contextual result type '_'
1 | public func ?? <T>(optional: consuming T?, defaultValue: @autoclosure () throws -> T?) rethrows -> T? where T : ~Copyable
  |             `- note: '??' produces 'T?', not the expected contextual result type '_'
[19/42] Compiling Factory resource_bundle_accessor.swift
/root/.swiftpm/swift-sdks/swift-6.3.2-RELEASE_wasm.artifactbundle/swift-6.3.2-RELEASE_wasm/wasm32-unknown-wasip1/swift.xctoolchain/usr/lib/swift_static/CoreFoundation/CoreFoundation.h:28:10: note: while building module 'wasi_emulated_signal' imported from /root/.swiftpm/swift-sdks/swift-6.3.2-RELEASE_wasm.artifactbundle/swift-6.3.2-RELEASE_wasm/wasm32-unknown-wasip1/swift.xctoolchain/usr/lib/swift_static/CoreFoundation/CoreFoundation.h:28:
 26 | #include <setjmp.h>
 27 | #endif
 28 | #include <signal.h>
    |          `- note: while building module 'wasi_emulated_signal' imported from /root/.swiftpm/swift-sdks/swift-6.3.2-RELEASE_wasm.artifactbundle/swift-6.3.2-RELEASE_wasm/wasm32-unknown-wasip1/swift.xctoolchain/usr/lib/swift_static/CoreFoundation/CoreFoundation.h:28:
 29 | #include <stddef.h>
 30 | #include <stdio.h>
<module-includes>:1:10: note: in file included from <module-includes>:1:
1 | #include "signal.h"
  |          `- note: in file included from <module-includes>:1:
2 |
/root/.swiftpm/swift-sdks/swift-6.3.2-RELEASE_wasm.artifactbundle/swift-6.3.2-RELEASE_wasm/wasm32-unknown-wasip1/WASI.sdk/include/wasm32-wasip1/signal.h:2:2: error: "wasm lacks signal support; to enable minimal signal emulation, compile with -D_WASI_EMULATED_SIGNAL and link with -lwasi-emulated-signal"
  1 | #ifndef _WASI_EMULATED_SIGNAL
  2 | #error "wasm lacks signal support; to enable minimal signal emulation, \
    |  `- error: "wasm lacks signal support; to enable minimal signal emulation, compile with -D_WASI_EMULATED_SIGNAL and link with -lwasi-emulated-signal"
  3 | compile with -D_WASI_EMULATED_SIGNAL and link with -lwasi-emulated-signal"
  4 | #else
<module-includes>:1:10: note: in file included from <module-includes>:1:
1 | #include "CoreFoundation.h"
  |          `- note: in file included from <module-includes>:1:
2 |
/root/.swiftpm/swift-sdks/swift-6.3.2-RELEASE_wasm.artifactbundle/swift-6.3.2-RELEASE_wasm/wasm32-unknown-wasip1/swift.xctoolchain/usr/lib/swift_static/CoreFoundation/CoreFoundation.h:28:10: error: could not build module 'wasi_emulated_signal'
 26 | #include <setjmp.h>
 27 | #endif
 28 | #include <signal.h>
    |          `- error: could not build module 'wasi_emulated_signal'
 29 | #include <stddef.h>
 30 | #include <stdio.h>
/root/.swiftpm/swift-sdks/swift-6.3.2-RELEASE_wasm.artifactbundle/swift-6.3.2-RELEASE_wasm/wasm32-unknown-wasip1/swift.xctoolchain/usr/lib/swift_static/CoreFoundation/ForSwiftFoundationOnly.h:86:10: note: while building module 'wasi_emulated_mman' imported from /root/.swiftpm/swift-sdks/swift-6.3.2-RELEASE_wasm.artifactbundle/swift-6.3.2-RELEASE_wasm/wasm32-unknown-wasip1/swift.xctoolchain/usr/lib/swift_static/CoreFoundation/ForSwiftFoundationOnly.h:86:
 84 | #undef _WASI_EMULATED_MMAN
 85 | #define _WASI_EMULATED_MMAN
 86 | #include <sys/mman.h>
    |          `- note: while building module 'wasi_emulated_mman' imported from /root/.swiftpm/swift-sdks/swift-6.3.2-RELEASE_wasm.artifactbundle/swift-6.3.2-RELEASE_wasm/wasm32-unknown-wasip1/swift.xctoolchain/usr/lib/swift_static/CoreFoundation/ForSwiftFoundationOnly.h:86:
 87 | #elif TARGET_OS_LINUX
 88 | #include <errno.h>
<module-includes>:1:10: note: in file included from <module-includes>:1:
1 | #include "sys/mman.h"
  |          `- note: in file included from <module-includes>:1:
2 |
/root/.swiftpm/swift-sdks/swift-6.3.2-RELEASE_wasm.artifactbundle/swift-6.3.2-RELEASE_wasm/wasm32-unknown-wasip1/WASI.sdk/include/wasm32-wasip1/sys/mman.h:2:2: error: "WASI lacks a true mmap; to enable minimal mmap emulation, compile with -D_WASI_EMULATED_MMAN and link with -lwasi-emulated-mman"
  1 | #ifndef _WASI_EMULATED_MMAN
  2 | #error "WASI lacks a true mmap; to enable minimal mmap emulation, \
    |  `- error: "WASI lacks a true mmap; to enable minimal mmap emulation, compile with -D_WASI_EMULATED_MMAN and link with -lwasi-emulated-mman"
  3 | compile with -D_WASI_EMULATED_MMAN and link with -lwasi-emulated-mman"
  4 | #else
/host/spi-builder-workspace/.build/checkouts/Factory/Sources/Factory/Factory/Scopes.swift:27:8: error: could not build C module 'CoreFoundation'
 25 | //
 26 |
 27 | import CoreFoundation
    |        `- error: could not build C module 'CoreFoundation'
 28 | import Foundation
 29 |
[20/42] Compiling Factory Key.swift
/root/.swiftpm/swift-sdks/swift-6.3.2-RELEASE_wasm.artifactbundle/swift-6.3.2-RELEASE_wasm/wasm32-unknown-wasip1/swift.xctoolchain/usr/lib/swift_static/CoreFoundation/CoreFoundation.h:28:10: note: while building module 'wasi_emulated_signal' imported from /root/.swiftpm/swift-sdks/swift-6.3.2-RELEASE_wasm.artifactbundle/swift-6.3.2-RELEASE_wasm/wasm32-unknown-wasip1/swift.xctoolchain/usr/lib/swift_static/CoreFoundation/CoreFoundation.h:28:
 26 | #include <setjmp.h>
 27 | #endif
 28 | #include <signal.h>
    |          `- note: while building module 'wasi_emulated_signal' imported from /root/.swiftpm/swift-sdks/swift-6.3.2-RELEASE_wasm.artifactbundle/swift-6.3.2-RELEASE_wasm/wasm32-unknown-wasip1/swift.xctoolchain/usr/lib/swift_static/CoreFoundation/CoreFoundation.h:28:
 29 | #include <stddef.h>
 30 | #include <stdio.h>
<module-includes>:1:10: note: in file included from <module-includes>:1:
1 | #include "signal.h"
  |          `- note: in file included from <module-includes>:1:
2 |
/root/.swiftpm/swift-sdks/swift-6.3.2-RELEASE_wasm.artifactbundle/swift-6.3.2-RELEASE_wasm/wasm32-unknown-wasip1/WASI.sdk/include/wasm32-wasip1/signal.h:2:2: error: "wasm lacks signal support; to enable minimal signal emulation, compile with -D_WASI_EMULATED_SIGNAL and link with -lwasi-emulated-signal"
  1 | #ifndef _WASI_EMULATED_SIGNAL
  2 | #error "wasm lacks signal support; to enable minimal signal emulation, \
    |  `- error: "wasm lacks signal support; to enable minimal signal emulation, compile with -D_WASI_EMULATED_SIGNAL and link with -lwasi-emulated-signal"
  3 | compile with -D_WASI_EMULATED_SIGNAL and link with -lwasi-emulated-signal"
  4 | #else
<module-includes>:1:10: note: in file included from <module-includes>:1:
1 | #include "CoreFoundation.h"
  |          `- note: in file included from <module-includes>:1:
2 |
/root/.swiftpm/swift-sdks/swift-6.3.2-RELEASE_wasm.artifactbundle/swift-6.3.2-RELEASE_wasm/wasm32-unknown-wasip1/swift.xctoolchain/usr/lib/swift_static/CoreFoundation/CoreFoundation.h:28:10: error: could not build module 'wasi_emulated_signal'
 26 | #include <setjmp.h>
 27 | #endif
 28 | #include <signal.h>
    |          `- error: could not build module 'wasi_emulated_signal'
 29 | #include <stddef.h>
 30 | #include <stdio.h>
/root/.swiftpm/swift-sdks/swift-6.3.2-RELEASE_wasm.artifactbundle/swift-6.3.2-RELEASE_wasm/wasm32-unknown-wasip1/swift.xctoolchain/usr/lib/swift_static/CoreFoundation/ForSwiftFoundationOnly.h:86:10: note: while building module 'wasi_emulated_mman' imported from /root/.swiftpm/swift-sdks/swift-6.3.2-RELEASE_wasm.artifactbundle/swift-6.3.2-RELEASE_wasm/wasm32-unknown-wasip1/swift.xctoolchain/usr/lib/swift_static/CoreFoundation/ForSwiftFoundationOnly.h:86:
 84 | #undef _WASI_EMULATED_MMAN
 85 | #define _WASI_EMULATED_MMAN
 86 | #include <sys/mman.h>
    |          `- note: while building module 'wasi_emulated_mman' imported from /root/.swiftpm/swift-sdks/swift-6.3.2-RELEASE_wasm.artifactbundle/swift-6.3.2-RELEASE_wasm/wasm32-unknown-wasip1/swift.xctoolchain/usr/lib/swift_static/CoreFoundation/ForSwiftFoundationOnly.h:86:
 87 | #elif TARGET_OS_LINUX
 88 | #include <errno.h>
<module-includes>:1:10: note: in file included from <module-includes>:1:
1 | #include "sys/mman.h"
  |          `- note: in file included from <module-includes>:1:
2 |
/root/.swiftpm/swift-sdks/swift-6.3.2-RELEASE_wasm.artifactbundle/swift-6.3.2-RELEASE_wasm/wasm32-unknown-wasip1/WASI.sdk/include/wasm32-wasip1/sys/mman.h:2:2: error: "WASI lacks a true mmap; to enable minimal mmap emulation, compile with -D_WASI_EMULATED_MMAN and link with -lwasi-emulated-mman"
  1 | #ifndef _WASI_EMULATED_MMAN
  2 | #error "WASI lacks a true mmap; to enable minimal mmap emulation, \
    |  `- error: "WASI lacks a true mmap; to enable minimal mmap emulation, compile with -D_WASI_EMULATED_MMAN and link with -lwasi-emulated-mman"
  3 | compile with -D_WASI_EMULATED_MMAN and link with -lwasi-emulated-mman"
  4 | #else
/host/spi-builder-workspace/.build/checkouts/Factory/Sources/Factory/Factory/Scopes.swift:27:8: error: could not build C module 'CoreFoundation'
 25 | //
 26 |
 27 | import CoreFoundation
    |        `- error: could not build C module 'CoreFoundation'
 28 | import Foundation
 29 |
[21/42] Compiling Factory Locking.swift
/root/.swiftpm/swift-sdks/swift-6.3.2-RELEASE_wasm.artifactbundle/swift-6.3.2-RELEASE_wasm/wasm32-unknown-wasip1/swift.xctoolchain/usr/lib/swift_static/CoreFoundation/CoreFoundation.h:28:10: note: while building module 'wasi_emulated_signal' imported from /root/.swiftpm/swift-sdks/swift-6.3.2-RELEASE_wasm.artifactbundle/swift-6.3.2-RELEASE_wasm/wasm32-unknown-wasip1/swift.xctoolchain/usr/lib/swift_static/CoreFoundation/CoreFoundation.h:28:
 26 | #include <setjmp.h>
 27 | #endif
 28 | #include <signal.h>
    |          `- note: while building module 'wasi_emulated_signal' imported from /root/.swiftpm/swift-sdks/swift-6.3.2-RELEASE_wasm.artifactbundle/swift-6.3.2-RELEASE_wasm/wasm32-unknown-wasip1/swift.xctoolchain/usr/lib/swift_static/CoreFoundation/CoreFoundation.h:28:
 29 | #include <stddef.h>
 30 | #include <stdio.h>
<module-includes>:1:10: note: in file included from <module-includes>:1:
1 | #include "signal.h"
  |          `- note: in file included from <module-includes>:1:
2 |
/root/.swiftpm/swift-sdks/swift-6.3.2-RELEASE_wasm.artifactbundle/swift-6.3.2-RELEASE_wasm/wasm32-unknown-wasip1/WASI.sdk/include/wasm32-wasip1/signal.h:2:2: error: "wasm lacks signal support; to enable minimal signal emulation, compile with -D_WASI_EMULATED_SIGNAL and link with -lwasi-emulated-signal"
  1 | #ifndef _WASI_EMULATED_SIGNAL
  2 | #error "wasm lacks signal support; to enable minimal signal emulation, \
    |  `- error: "wasm lacks signal support; to enable minimal signal emulation, compile with -D_WASI_EMULATED_SIGNAL and link with -lwasi-emulated-signal"
  3 | compile with -D_WASI_EMULATED_SIGNAL and link with -lwasi-emulated-signal"
  4 | #else
<module-includes>:1:10: note: in file included from <module-includes>:1:
1 | #include "CoreFoundation.h"
  |          `- note: in file included from <module-includes>:1:
2 |
/root/.swiftpm/swift-sdks/swift-6.3.2-RELEASE_wasm.artifactbundle/swift-6.3.2-RELEASE_wasm/wasm32-unknown-wasip1/swift.xctoolchain/usr/lib/swift_static/CoreFoundation/CoreFoundation.h:28:10: error: could not build module 'wasi_emulated_signal'
 26 | #include <setjmp.h>
 27 | #endif
 28 | #include <signal.h>
    |          `- error: could not build module 'wasi_emulated_signal'
 29 | #include <stddef.h>
 30 | #include <stdio.h>
/root/.swiftpm/swift-sdks/swift-6.3.2-RELEASE_wasm.artifactbundle/swift-6.3.2-RELEASE_wasm/wasm32-unknown-wasip1/swift.xctoolchain/usr/lib/swift_static/CoreFoundation/ForSwiftFoundationOnly.h:86:10: note: while building module 'wasi_emulated_mman' imported from /root/.swiftpm/swift-sdks/swift-6.3.2-RELEASE_wasm.artifactbundle/swift-6.3.2-RELEASE_wasm/wasm32-unknown-wasip1/swift.xctoolchain/usr/lib/swift_static/CoreFoundation/ForSwiftFoundationOnly.h:86:
 84 | #undef _WASI_EMULATED_MMAN
 85 | #define _WASI_EMULATED_MMAN
 86 | #include <sys/mman.h>
    |          `- note: while building module 'wasi_emulated_mman' imported from /root/.swiftpm/swift-sdks/swift-6.3.2-RELEASE_wasm.artifactbundle/swift-6.3.2-RELEASE_wasm/wasm32-unknown-wasip1/swift.xctoolchain/usr/lib/swift_static/CoreFoundation/ForSwiftFoundationOnly.h:86:
 87 | #elif TARGET_OS_LINUX
 88 | #include <errno.h>
<module-includes>:1:10: note: in file included from <module-includes>:1:
1 | #include "sys/mman.h"
  |          `- note: in file included from <module-includes>:1:
2 |
/root/.swiftpm/swift-sdks/swift-6.3.2-RELEASE_wasm.artifactbundle/swift-6.3.2-RELEASE_wasm/wasm32-unknown-wasip1/WASI.sdk/include/wasm32-wasip1/sys/mman.h:2:2: error: "WASI lacks a true mmap; to enable minimal mmap emulation, compile with -D_WASI_EMULATED_MMAN and link with -lwasi-emulated-mman"
  1 | #ifndef _WASI_EMULATED_MMAN
  2 | #error "WASI lacks a true mmap; to enable minimal mmap emulation, \
    |  `- error: "WASI lacks a true mmap; to enable minimal mmap emulation, compile with -D_WASI_EMULATED_MMAN and link with -lwasi-emulated-mman"
  3 | compile with -D_WASI_EMULATED_MMAN and link with -lwasi-emulated-mman"
  4 | #else
/host/spi-builder-workspace/.build/checkouts/Factory/Sources/Factory/Factory/Scopes.swift:27:8: error: could not build C module 'CoreFoundation'
 25 | //
 26 |
 27 | import CoreFoundation
    |        `- error: could not build C module 'CoreFoundation'
 28 | import Foundation
 29 |
[22/42] Compiling BiometricAuthInterface AuthType.swift
/host/spi-builder-workspace/.build/checkouts/BiometricAuthKit/Sources/BiometricAuthInterface/Interface/Enum/AuthError.swift:15:8: error: no such module 'LocalAuthentication'
 13 |
 14 | import Foundation
 15 | import LocalAuthentication
    |        `- error: no such module 'LocalAuthentication'
 16 |
 17 |
[23/42] Compiling BiometricAuthInterface AuthDelegator.swift
/host/spi-builder-workspace/.build/checkouts/BiometricAuthKit/Sources/BiometricAuthInterface/Interface/Enum/AuthError.swift:15:8: error: no such module 'LocalAuthentication'
 13 |
 14 | import Foundation
 15 | import LocalAuthentication
    |        `- error: no such module 'LocalAuthentication'
 16 |
 17 |
[24/42] Compiling MultiCastDelegate MultiCastDelegate.swift
[25/42] Compiling MultiCastDelegate DelegateSubscription.swift
/host/spi-builder-workspace/.build/checkouts/UtilityKit/Sources/MultiCastDelegate/Interface/DelegateSubscription.swift:50:72: error: cannot find type 'DispatchQueue' in scope
48 |     ///   - subscriber: The delegate to register.
49 |     ///   - queue: The dispatch queue on which the subscriber will receive callbacks.
50 |     func subscribe(_ subscriber: any MultiCastDelegate, receive queue: DispatchQueue)
   |                                                                        `- error: cannot find type 'DispatchQueue' in scope
51 |
52 |     /// Removes a previously registered subscriber.
/host/spi-builder-workspace/.build/checkouts/UtilityKit/Sources/MultiCastDelegate/Interface/DelegateSubscription.swift:63:58: error: cannot find type 'DispatchQueue' in scope
61 |     /// - Parameter subscriber: The delegate whose queue is requested.
62 |     /// - Returns: The queue the subscriber was registered with, or `.main` if not found.
63 |     func queue(for subscriber: any MultiCastDelegate) -> DispatchQueue
   |                                                          `- error: cannot find type 'DispatchQueue' in scope
64 | }
65 |
[26/42] Compiling MultiCastDelegate DelegateMultiCasting.swift
/host/spi-builder-workspace/.build/checkouts/UtilityKit/Sources/MultiCastDelegate/Interface/DelegateMultiCasting.swift:77:65: error: cannot find type 'DispatchQueue' in scope
 75 |     ///   - delegate: The delegate to register. Must conform to ``MultiCastDelegate``.
 76 |     ///   - queue: The dispatch queue on which the delegate will receive callbacks.
 77 |     func subscribeDelegate(_ delegate: Delegate, receive queue: DispatchQueue)
    |                                                                 `- error: cannot find type 'DispatchQueue' in scope
 78 |
 79 |     /// Removes a previously registered delegate.
/host/spi-builder-workspace/.build/checkouts/UtilityKit/Sources/MultiCastDelegate/Interface/DelegateMultiCasting.swift:103:72: error: cannot find type 'DispatchQueue' in scope
101 |     /// Default: forwards to ``DelegateSubscription/subscribe(_:receive:)``
102 |     /// after bridging `Delegate` to `any MultiCastDelegate`.
103 |     public func subscribeDelegate(_ delegate: Delegate, receive queue: DispatchQueue) {
    |                                                                        `- error: cannot find type 'DispatchQueue' in scope
104 |         guard let delegate = delegate as? any MultiCastDelegate else { return }
105 |         delegates.subscribe(delegate, receive: queue)
/host/spi-builder-workspace/.build/checkouts/UtilityKit/Sources/MultiCastDelegate/Interface/DelegateSubscription.swift:50:72: error: cannot find type 'DispatchQueue' in scope
48 |     ///   - subscriber: The delegate to register.
49 |     ///   - queue: The dispatch queue on which the subscriber will receive callbacks.
50 |     func subscribe(_ subscriber: any MultiCastDelegate, receive queue: DispatchQueue)
   |                                                                        `- error: cannot find type 'DispatchQueue' in scope
51 |
52 |     /// Removes a previously registered subscriber.
/host/spi-builder-workspace/.build/checkouts/UtilityKit/Sources/MultiCastDelegate/Interface/DelegateSubscription.swift:63:58: error: cannot find type 'DispatchQueue' in scope
61 |     /// - Parameter subscriber: The delegate whose queue is requested.
62 |     /// - Returns: The queue the subscriber was registered with, or `.main` if not found.
63 |     func queue(for subscriber: any MultiCastDelegate) -> DispatchQueue
   |                                                          `- error: cannot find type 'DispatchQueue' in scope
64 | }
65 |
error: emit-module command failed with exit code 1 (use -v to see invocation)
[27/42] Compiling BiometricAuthInterface AuthResult.swift
/host/spi-builder-workspace/.build/checkouts/BiometricAuthKit/Sources/BiometricAuthInterface/Interface/Enum/AuthError.swift:15:8: error: no such module 'LocalAuthentication'
 13 |
 14 | import Foundation
 15 | import LocalAuthentication
    |        `- error: no such module 'LocalAuthentication'
 16 |
 17 |
[28/42] Emitting module MultiCastDelegate
/host/spi-builder-workspace/.build/checkouts/UtilityKit/Sources/MultiCastDelegate/Classes/DelegateSubscriptionHandle.swift:43:34: error: cannot find type 'NSHashTable' in scope
41 |
42 |     private let lock = NSLock()
43 |     private let delegateStorage: NSHashTable<AnyObject> = .weakObjects()
   |                                  `- error: cannot find type 'NSHashTable' in scope
44 |     private let queueStorage: NSMapTable<AnyObject, DispatchQueue> = .weakToStrongObjects()
45 |
/host/spi-builder-workspace/.build/checkouts/UtilityKit/Sources/MultiCastDelegate/Classes/DelegateSubscriptionHandle.swift:44:31: error: cannot find type 'NSMapTable' in scope
42 |     private let lock = NSLock()
43 |     private let delegateStorage: NSHashTable<AnyObject> = .weakObjects()
44 |     private let queueStorage: NSMapTable<AnyObject, DispatchQueue> = .weakToStrongObjects()
   |                               `- error: cannot find type 'NSMapTable' in scope
45 |
46 |     // MARK: - Initializer
/host/spi-builder-workspace/.build/checkouts/UtilityKit/Sources/MultiCastDelegate/Classes/DelegateSubscriptionHandle.swift:58:79: error: cannot find type 'DispatchQueue' in scope
56 |     }
57 |
58 |     public func subscribe(_ subscriber: any MultiCastDelegate, receive queue: DispatchQueue) {
   |                                                                               `- error: cannot find type 'DispatchQueue' in scope
59 |         lock.lock()
60 |         defer { lock.unlock() }
/host/spi-builder-workspace/.build/checkouts/UtilityKit/Sources/MultiCastDelegate/Classes/DelegateSubscriptionHandle.swift:72:65: error: cannot find type 'DispatchQueue' in scope
70 |     }
71 |
72 |     public func queue(for subscriber: any MultiCastDelegate) -> DispatchQueue {
   |                                                                 `- error: cannot find type 'DispatchQueue' in scope
73 |         lock.lock()
74 |         defer { lock.unlock() }
/host/spi-builder-workspace/.build/checkouts/UtilityKit/Sources/MultiCastDelegate/Interface/DelegateSubscription.swift:50:72: error: cannot find type 'DispatchQueue' in scope
48 |     ///   - subscriber: The delegate to register.
49 |     ///   - queue: The dispatch queue on which the subscriber will receive callbacks.
50 |     func subscribe(_ subscriber: any MultiCastDelegate, receive queue: DispatchQueue)
   |                                                                        `- error: cannot find type 'DispatchQueue' in scope
51 |
52 |     /// Removes a previously registered subscriber.
/host/spi-builder-workspace/.build/checkouts/UtilityKit/Sources/MultiCastDelegate/Interface/DelegateSubscription.swift:63:58: error: cannot find type 'DispatchQueue' in scope
61 |     /// - Parameter subscriber: The delegate whose queue is requested.
62 |     /// - Returns: The queue the subscriber was registered with, or `.main` if not found.
63 |     func queue(for subscriber: any MultiCastDelegate) -> DispatchQueue
   |                                                          `- error: cannot find type 'DispatchQueue' in scope
64 | }
65 |
/host/spi-builder-workspace/.build/checkouts/UtilityKit/Sources/MultiCastDelegate/Interface/DelegateMultiCasting.swift:77:65: error: cannot find type 'DispatchQueue' in scope
 75 |     ///   - delegate: The delegate to register. Must conform to ``MultiCastDelegate``.
 76 |     ///   - queue: The dispatch queue on which the delegate will receive callbacks.
 77 |     func subscribeDelegate(_ delegate: Delegate, receive queue: DispatchQueue)
    |                                                                 `- error: cannot find type 'DispatchQueue' in scope
 78 |
 79 |     /// Removes a previously registered delegate.
/host/spi-builder-workspace/.build/checkouts/UtilityKit/Sources/MultiCastDelegate/Interface/DelegateMultiCasting.swift:103:72: error: cannot find type 'DispatchQueue' in scope
101 |     /// Default: forwards to ``DelegateSubscription/subscribe(_:receive:)``
102 |     /// after bridging `Delegate` to `any MultiCastDelegate`.
103 |     public func subscribeDelegate(_ delegate: Delegate, receive queue: DispatchQueue) {
    |                                                                        `- error: cannot find type 'DispatchQueue' in scope
104 |         guard let delegate = delegate as? any MultiCastDelegate else { return }
105 |         delegates.subscribe(delegate, receive: queue)
[29/42] Compiling Factory Contexts.swift
/root/.swiftpm/swift-sdks/swift-6.3.2-RELEASE_wasm.artifactbundle/swift-6.3.2-RELEASE_wasm/wasm32-unknown-wasip1/swift.xctoolchain/usr/lib/swift_static/CoreFoundation/CoreFoundation.h:28:10: note: while building module 'wasi_emulated_signal' imported from /root/.swiftpm/swift-sdks/swift-6.3.2-RELEASE_wasm.artifactbundle/swift-6.3.2-RELEASE_wasm/wasm32-unknown-wasip1/swift.xctoolchain/usr/lib/swift_static/CoreFoundation/CoreFoundation.h:28:
 26 | #include <setjmp.h>
 27 | #endif
 28 | #include <signal.h>
    |          `- note: while building module 'wasi_emulated_signal' imported from /root/.swiftpm/swift-sdks/swift-6.3.2-RELEASE_wasm.artifactbundle/swift-6.3.2-RELEASE_wasm/wasm32-unknown-wasip1/swift.xctoolchain/usr/lib/swift_static/CoreFoundation/CoreFoundation.h:28:
 29 | #include <stddef.h>
 30 | #include <stdio.h>
<module-includes>:1:10: note: in file included from <module-includes>:1:
1 | #include "signal.h"
  |          `- note: in file included from <module-includes>:1:
2 |
/root/.swiftpm/swift-sdks/swift-6.3.2-RELEASE_wasm.artifactbundle/swift-6.3.2-RELEASE_wasm/wasm32-unknown-wasip1/WASI.sdk/include/wasm32-wasip1/signal.h:2:2: error: "wasm lacks signal support; to enable minimal signal emulation, compile with -D_WASI_EMULATED_SIGNAL and link with -lwasi-emulated-signal"
  1 | #ifndef _WASI_EMULATED_SIGNAL
  2 | #error "wasm lacks signal support; to enable minimal signal emulation, \
    |  `- error: "wasm lacks signal support; to enable minimal signal emulation, compile with -D_WASI_EMULATED_SIGNAL and link with -lwasi-emulated-signal"
  3 | compile with -D_WASI_EMULATED_SIGNAL and link with -lwasi-emulated-signal"
  4 | #else
<module-includes>:1:10: note: in file included from <module-includes>:1:
1 | #include "CoreFoundation.h"
  |          `- note: in file included from <module-includes>:1:
2 |
/root/.swiftpm/swift-sdks/swift-6.3.2-RELEASE_wasm.artifactbundle/swift-6.3.2-RELEASE_wasm/wasm32-unknown-wasip1/swift.xctoolchain/usr/lib/swift_static/CoreFoundation/CoreFoundation.h:28:10: error: could not build module 'wasi_emulated_signal'
 26 | #include <setjmp.h>
 27 | #endif
 28 | #include <signal.h>
    |          `- error: could not build module 'wasi_emulated_signal'
 29 | #include <stddef.h>
 30 | #include <stdio.h>
/root/.swiftpm/swift-sdks/swift-6.3.2-RELEASE_wasm.artifactbundle/swift-6.3.2-RELEASE_wasm/wasm32-unknown-wasip1/swift.xctoolchain/usr/lib/swift_static/CoreFoundation/ForSwiftFoundationOnly.h:86:10: note: while building module 'wasi_emulated_mman' imported from /root/.swiftpm/swift-sdks/swift-6.3.2-RELEASE_wasm.artifactbundle/swift-6.3.2-RELEASE_wasm/wasm32-unknown-wasip1/swift.xctoolchain/usr/lib/swift_static/CoreFoundation/ForSwiftFoundationOnly.h:86:
 84 | #undef _WASI_EMULATED_MMAN
 85 | #define _WASI_EMULATED_MMAN
 86 | #include <sys/mman.h>
    |          `- note: while building module 'wasi_emulated_mman' imported from /root/.swiftpm/swift-sdks/swift-6.3.2-RELEASE_wasm.artifactbundle/swift-6.3.2-RELEASE_wasm/wasm32-unknown-wasip1/swift.xctoolchain/usr/lib/swift_static/CoreFoundation/ForSwiftFoundationOnly.h:86:
 87 | #elif TARGET_OS_LINUX
 88 | #include <errno.h>
<module-includes>:1:10: note: in file included from <module-includes>:1:
1 | #include "sys/mman.h"
  |          `- note: in file included from <module-includes>:1:
2 |
/root/.swiftpm/swift-sdks/swift-6.3.2-RELEASE_wasm.artifactbundle/swift-6.3.2-RELEASE_wasm/wasm32-unknown-wasip1/WASI.sdk/include/wasm32-wasip1/sys/mman.h:2:2: error: "WASI lacks a true mmap; to enable minimal mmap emulation, compile with -D_WASI_EMULATED_MMAN and link with -lwasi-emulated-mman"
  1 | #ifndef _WASI_EMULATED_MMAN
  2 | #error "WASI lacks a true mmap; to enable minimal mmap emulation, \
    |  `- error: "WASI lacks a true mmap; to enable minimal mmap emulation, compile with -D_WASI_EMULATED_MMAN and link with -lwasi-emulated-mman"
  3 | compile with -D_WASI_EMULATED_MMAN and link with -lwasi-emulated-mman"
  4 | #else
/host/spi-builder-workspace/.build/checkouts/Factory/Sources/Factory/Factory/Scopes.swift:27:8: error: could not build C module 'CoreFoundation'
 25 | //
 26 |
 27 | import CoreFoundation
    |        `- error: could not build C module 'CoreFoundation'
 28 | import Foundation
 29 |
[30/42] Compiling Factory Factory.swift
/root/.swiftpm/swift-sdks/swift-6.3.2-RELEASE_wasm.artifactbundle/swift-6.3.2-RELEASE_wasm/wasm32-unknown-wasip1/swift.xctoolchain/usr/lib/swift_static/CoreFoundation/CoreFoundation.h:28:10: note: while building module 'wasi_emulated_signal' imported from /root/.swiftpm/swift-sdks/swift-6.3.2-RELEASE_wasm.artifactbundle/swift-6.3.2-RELEASE_wasm/wasm32-unknown-wasip1/swift.xctoolchain/usr/lib/swift_static/CoreFoundation/CoreFoundation.h:28:
 26 | #include <setjmp.h>
 27 | #endif
 28 | #include <signal.h>
    |          `- note: while building module 'wasi_emulated_signal' imported from /root/.swiftpm/swift-sdks/swift-6.3.2-RELEASE_wasm.artifactbundle/swift-6.3.2-RELEASE_wasm/wasm32-unknown-wasip1/swift.xctoolchain/usr/lib/swift_static/CoreFoundation/CoreFoundation.h:28:
 29 | #include <stddef.h>
 30 | #include <stdio.h>
<module-includes>:1:10: note: in file included from <module-includes>:1:
1 | #include "signal.h"
  |          `- note: in file included from <module-includes>:1:
2 |
/root/.swiftpm/swift-sdks/swift-6.3.2-RELEASE_wasm.artifactbundle/swift-6.3.2-RELEASE_wasm/wasm32-unknown-wasip1/WASI.sdk/include/wasm32-wasip1/signal.h:2:2: error: "wasm lacks signal support; to enable minimal signal emulation, compile with -D_WASI_EMULATED_SIGNAL and link with -lwasi-emulated-signal"
  1 | #ifndef _WASI_EMULATED_SIGNAL
  2 | #error "wasm lacks signal support; to enable minimal signal emulation, \
    |  `- error: "wasm lacks signal support; to enable minimal signal emulation, compile with -D_WASI_EMULATED_SIGNAL and link with -lwasi-emulated-signal"
  3 | compile with -D_WASI_EMULATED_SIGNAL and link with -lwasi-emulated-signal"
  4 | #else
<module-includes>:1:10: note: in file included from <module-includes>:1:
1 | #include "CoreFoundation.h"
  |          `- note: in file included from <module-includes>:1:
2 |
/root/.swiftpm/swift-sdks/swift-6.3.2-RELEASE_wasm.artifactbundle/swift-6.3.2-RELEASE_wasm/wasm32-unknown-wasip1/swift.xctoolchain/usr/lib/swift_static/CoreFoundation/CoreFoundation.h:28:10: error: could not build module 'wasi_emulated_signal'
 26 | #include <setjmp.h>
 27 | #endif
 28 | #include <signal.h>
    |          `- error: could not build module 'wasi_emulated_signal'
 29 | #include <stddef.h>
 30 | #include <stdio.h>
/root/.swiftpm/swift-sdks/swift-6.3.2-RELEASE_wasm.artifactbundle/swift-6.3.2-RELEASE_wasm/wasm32-unknown-wasip1/swift.xctoolchain/usr/lib/swift_static/CoreFoundation/ForSwiftFoundationOnly.h:86:10: note: while building module 'wasi_emulated_mman' imported from /root/.swiftpm/swift-sdks/swift-6.3.2-RELEASE_wasm.artifactbundle/swift-6.3.2-RELEASE_wasm/wasm32-unknown-wasip1/swift.xctoolchain/usr/lib/swift_static/CoreFoundation/ForSwiftFoundationOnly.h:86:
 84 | #undef _WASI_EMULATED_MMAN
 85 | #define _WASI_EMULATED_MMAN
 86 | #include <sys/mman.h>
    |          `- note: while building module 'wasi_emulated_mman' imported from /root/.swiftpm/swift-sdks/swift-6.3.2-RELEASE_wasm.artifactbundle/swift-6.3.2-RELEASE_wasm/wasm32-unknown-wasip1/swift.xctoolchain/usr/lib/swift_static/CoreFoundation/ForSwiftFoundationOnly.h:86:
 87 | #elif TARGET_OS_LINUX
 88 | #include <errno.h>
<module-includes>:1:10: note: in file included from <module-includes>:1:
1 | #include "sys/mman.h"
  |          `- note: in file included from <module-includes>:1:
2 |
/root/.swiftpm/swift-sdks/swift-6.3.2-RELEASE_wasm.artifactbundle/swift-6.3.2-RELEASE_wasm/wasm32-unknown-wasip1/WASI.sdk/include/wasm32-wasip1/sys/mman.h:2:2: error: "WASI lacks a true mmap; to enable minimal mmap emulation, compile with -D_WASI_EMULATED_MMAN and link with -lwasi-emulated-mman"
  1 | #ifndef _WASI_EMULATED_MMAN
  2 | #error "WASI lacks a true mmap; to enable minimal mmap emulation, \
    |  `- error: "WASI lacks a true mmap; to enable minimal mmap emulation, compile with -D_WASI_EMULATED_MMAN and link with -lwasi-emulated-mman"
  3 | compile with -D_WASI_EMULATED_MMAN and link with -lwasi-emulated-mman"
  4 | #else
/host/spi-builder-workspace/.build/checkouts/Factory/Sources/Factory/Factory/Scopes.swift:27:8: error: could not build C module 'CoreFoundation'
 25 | //
 26 |
 27 | import CoreFoundation
    |        `- error: could not build C module 'CoreFoundation'
 28 | import Foundation
 29 |
[31/42] Compiling Factory Aliases.swift
/root/.swiftpm/swift-sdks/swift-6.3.2-RELEASE_wasm.artifactbundle/swift-6.3.2-RELEASE_wasm/wasm32-unknown-wasip1/swift.xctoolchain/usr/lib/swift_static/CoreFoundation/CoreFoundation.h:28:10: note: while building module 'wasi_emulated_signal' imported from /root/.swiftpm/swift-sdks/swift-6.3.2-RELEASE_wasm.artifactbundle/swift-6.3.2-RELEASE_wasm/wasm32-unknown-wasip1/swift.xctoolchain/usr/lib/swift_static/CoreFoundation/CoreFoundation.h:28:
 26 | #include <setjmp.h>
 27 | #endif
 28 | #include <signal.h>
    |          `- note: while building module 'wasi_emulated_signal' imported from /root/.swiftpm/swift-sdks/swift-6.3.2-RELEASE_wasm.artifactbundle/swift-6.3.2-RELEASE_wasm/wasm32-unknown-wasip1/swift.xctoolchain/usr/lib/swift_static/CoreFoundation/CoreFoundation.h:28:
 29 | #include <stddef.h>
 30 | #include <stdio.h>
<module-includes>:1:10: note: in file included from <module-includes>:1:
1 | #include "signal.h"
  |          `- note: in file included from <module-includes>:1:
2 |
/root/.swiftpm/swift-sdks/swift-6.3.2-RELEASE_wasm.artifactbundle/swift-6.3.2-RELEASE_wasm/wasm32-unknown-wasip1/WASI.sdk/include/wasm32-wasip1/signal.h:2:2: error: "wasm lacks signal support; to enable minimal signal emulation, compile with -D_WASI_EMULATED_SIGNAL and link with -lwasi-emulated-signal"
  1 | #ifndef _WASI_EMULATED_SIGNAL
  2 | #error "wasm lacks signal support; to enable minimal signal emulation, \
    |  `- error: "wasm lacks signal support; to enable minimal signal emulation, compile with -D_WASI_EMULATED_SIGNAL and link with -lwasi-emulated-signal"
  3 | compile with -D_WASI_EMULATED_SIGNAL and link with -lwasi-emulated-signal"
  4 | #else
<module-includes>:1:10: note: in file included from <module-includes>:1:
1 | #include "CoreFoundation.h"
  |          `- note: in file included from <module-includes>:1:
2 |
/root/.swiftpm/swift-sdks/swift-6.3.2-RELEASE_wasm.artifactbundle/swift-6.3.2-RELEASE_wasm/wasm32-unknown-wasip1/swift.xctoolchain/usr/lib/swift_static/CoreFoundation/CoreFoundation.h:28:10: error: could not build module 'wasi_emulated_signal'
 26 | #include <setjmp.h>
 27 | #endif
 28 | #include <signal.h>
    |          `- error: could not build module 'wasi_emulated_signal'
 29 | #include <stddef.h>
 30 | #include <stdio.h>
/root/.swiftpm/swift-sdks/swift-6.3.2-RELEASE_wasm.artifactbundle/swift-6.3.2-RELEASE_wasm/wasm32-unknown-wasip1/swift.xctoolchain/usr/lib/swift_static/CoreFoundation/ForSwiftFoundationOnly.h:86:10: note: while building module 'wasi_emulated_mman' imported from /root/.swiftpm/swift-sdks/swift-6.3.2-RELEASE_wasm.artifactbundle/swift-6.3.2-RELEASE_wasm/wasm32-unknown-wasip1/swift.xctoolchain/usr/lib/swift_static/CoreFoundation/ForSwiftFoundationOnly.h:86:
 84 | #undef _WASI_EMULATED_MMAN
 85 | #define _WASI_EMULATED_MMAN
 86 | #include <sys/mman.h>
    |          `- note: while building module 'wasi_emulated_mman' imported from /root/.swiftpm/swift-sdks/swift-6.3.2-RELEASE_wasm.artifactbundle/swift-6.3.2-RELEASE_wasm/wasm32-unknown-wasip1/swift.xctoolchain/usr/lib/swift_static/CoreFoundation/ForSwiftFoundationOnly.h:86:
 87 | #elif TARGET_OS_LINUX
 88 | #include <errno.h>
<module-includes>:1:10: note: in file included from <module-includes>:1:
1 | #include "sys/mman.h"
  |          `- note: in file included from <module-includes>:1:
2 |
/root/.swiftpm/swift-sdks/swift-6.3.2-RELEASE_wasm.artifactbundle/swift-6.3.2-RELEASE_wasm/wasm32-unknown-wasip1/WASI.sdk/include/wasm32-wasip1/sys/mman.h:2:2: error: "WASI lacks a true mmap; to enable minimal mmap emulation, compile with -D_WASI_EMULATED_MMAN and link with -lwasi-emulated-mman"
  1 | #ifndef _WASI_EMULATED_MMAN
  2 | #error "WASI lacks a true mmap; to enable minimal mmap emulation, \
    |  `- error: "WASI lacks a true mmap; to enable minimal mmap emulation, compile with -D_WASI_EMULATED_MMAN and link with -lwasi-emulated-mman"
  3 | compile with -D_WASI_EMULATED_MMAN and link with -lwasi-emulated-mman"
  4 | #else
/host/spi-builder-workspace/.build/checkouts/Factory/Sources/Factory/Factory/Scopes.swift:27:8: error: could not build C module 'CoreFoundation'
 25 | //
 26 |
 27 | import CoreFoundation
    |        `- error: could not build C module 'CoreFoundation'
 28 | import Foundation
 29 |
[32/42] Compiling Factory Containers.swift
/root/.swiftpm/swift-sdks/swift-6.3.2-RELEASE_wasm.artifactbundle/swift-6.3.2-RELEASE_wasm/wasm32-unknown-wasip1/swift.xctoolchain/usr/lib/swift_static/CoreFoundation/CoreFoundation.h:28:10: note: while building module 'wasi_emulated_signal' imported from /root/.swiftpm/swift-sdks/swift-6.3.2-RELEASE_wasm.artifactbundle/swift-6.3.2-RELEASE_wasm/wasm32-unknown-wasip1/swift.xctoolchain/usr/lib/swift_static/CoreFoundation/CoreFoundation.h:28:
 26 | #include <setjmp.h>
 27 | #endif
 28 | #include <signal.h>
    |          `- note: while building module 'wasi_emulated_signal' imported from /root/.swiftpm/swift-sdks/swift-6.3.2-RELEASE_wasm.artifactbundle/swift-6.3.2-RELEASE_wasm/wasm32-unknown-wasip1/swift.xctoolchain/usr/lib/swift_static/CoreFoundation/CoreFoundation.h:28:
 29 | #include <stddef.h>
 30 | #include <stdio.h>
<module-includes>:1:10: note: in file included from <module-includes>:1:
1 | #include "signal.h"
  |          `- note: in file included from <module-includes>:1:
2 |
/root/.swiftpm/swift-sdks/swift-6.3.2-RELEASE_wasm.artifactbundle/swift-6.3.2-RELEASE_wasm/wasm32-unknown-wasip1/WASI.sdk/include/wasm32-wasip1/signal.h:2:2: error: "wasm lacks signal support; to enable minimal signal emulation, compile with -D_WASI_EMULATED_SIGNAL and link with -lwasi-emulated-signal"
  1 | #ifndef _WASI_EMULATED_SIGNAL
  2 | #error "wasm lacks signal support; to enable minimal signal emulation, \
    |  `- error: "wasm lacks signal support; to enable minimal signal emulation, compile with -D_WASI_EMULATED_SIGNAL and link with -lwasi-emulated-signal"
  3 | compile with -D_WASI_EMULATED_SIGNAL and link with -lwasi-emulated-signal"
  4 | #else
<module-includes>:1:10: note: in file included from <module-includes>:1:
1 | #include "CoreFoundation.h"
  |          `- note: in file included from <module-includes>:1:
2 |
/root/.swiftpm/swift-sdks/swift-6.3.2-RELEASE_wasm.artifactbundle/swift-6.3.2-RELEASE_wasm/wasm32-unknown-wasip1/swift.xctoolchain/usr/lib/swift_static/CoreFoundation/CoreFoundation.h:28:10: error: could not build module 'wasi_emulated_signal'
 26 | #include <setjmp.h>
 27 | #endif
 28 | #include <signal.h>
    |          `- error: could not build module 'wasi_emulated_signal'
 29 | #include <stddef.h>
 30 | #include <stdio.h>
/root/.swiftpm/swift-sdks/swift-6.3.2-RELEASE_wasm.artifactbundle/swift-6.3.2-RELEASE_wasm/wasm32-unknown-wasip1/swift.xctoolchain/usr/lib/swift_static/CoreFoundation/ForSwiftFoundationOnly.h:86:10: note: while building module 'wasi_emulated_mman' imported from /root/.swiftpm/swift-sdks/swift-6.3.2-RELEASE_wasm.artifactbundle/swift-6.3.2-RELEASE_wasm/wasm32-unknown-wasip1/swift.xctoolchain/usr/lib/swift_static/CoreFoundation/ForSwiftFoundationOnly.h:86:
 84 | #undef _WASI_EMULATED_MMAN
 85 | #define _WASI_EMULATED_MMAN
 86 | #include <sys/mman.h>
    |          `- note: while building module 'wasi_emulated_mman' imported from /root/.swiftpm/swift-sdks/swift-6.3.2-RELEASE_wasm.artifactbundle/swift-6.3.2-RELEASE_wasm/wasm32-unknown-wasip1/swift.xctoolchain/usr/lib/swift_static/CoreFoundation/ForSwiftFoundationOnly.h:86:
 87 | #elif TARGET_OS_LINUX
 88 | #include <errno.h>
<module-includes>:1:10: note: in file included from <module-includes>:1:
1 | #include "sys/mman.h"
  |          `- note: in file included from <module-includes>:1:
2 |
/root/.swiftpm/swift-sdks/swift-6.3.2-RELEASE_wasm.artifactbundle/swift-6.3.2-RELEASE_wasm/wasm32-unknown-wasip1/WASI.sdk/include/wasm32-wasip1/sys/mman.h:2:2: error: "WASI lacks a true mmap; to enable minimal mmap emulation, compile with -D_WASI_EMULATED_MMAN and link with -lwasi-emulated-mman"
  1 | #ifndef _WASI_EMULATED_MMAN
  2 | #error "WASI lacks a true mmap; to enable minimal mmap emulation, \
    |  `- error: "WASI lacks a true mmap; to enable minimal mmap emulation, compile with -D_WASI_EMULATED_MMAN and link with -lwasi-emulated-mman"
  3 | compile with -D_WASI_EMULATED_MMAN and link with -lwasi-emulated-mman"
  4 | #else
/host/spi-builder-workspace/.build/checkouts/Factory/Sources/Factory/Factory/Scopes.swift:27:8: error: could not build C module 'CoreFoundation'
 25 | //
 26 |
 27 | import CoreFoundation
    |        `- error: could not build C module 'CoreFoundation'
 28 | import Foundation
 29 |
[33/42] Compiling Factory Globals.swift
/root/.swiftpm/swift-sdks/swift-6.3.2-RELEASE_wasm.artifactbundle/swift-6.3.2-RELEASE_wasm/wasm32-unknown-wasip1/swift.xctoolchain/usr/lib/swift_static/CoreFoundation/CoreFoundation.h:28:10: note: while building module 'wasi_emulated_signal' imported from /root/.swiftpm/swift-sdks/swift-6.3.2-RELEASE_wasm.artifactbundle/swift-6.3.2-RELEASE_wasm/wasm32-unknown-wasip1/swift.xctoolchain/usr/lib/swift_static/CoreFoundation/CoreFoundation.h:28:
 26 | #include <setjmp.h>
 27 | #endif
 28 | #include <signal.h>
    |          `- note: while building module 'wasi_emulated_signal' imported from /root/.swiftpm/swift-sdks/swift-6.3.2-RELEASE_wasm.artifactbundle/swift-6.3.2-RELEASE_wasm/wasm32-unknown-wasip1/swift.xctoolchain/usr/lib/swift_static/CoreFoundation/CoreFoundation.h:28:
 29 | #include <stddef.h>
 30 | #include <stdio.h>
<module-includes>:1:10: note: in file included from <module-includes>:1:
1 | #include "signal.h"
  |          `- note: in file included from <module-includes>:1:
2 |
/root/.swiftpm/swift-sdks/swift-6.3.2-RELEASE_wasm.artifactbundle/swift-6.3.2-RELEASE_wasm/wasm32-unknown-wasip1/WASI.sdk/include/wasm32-wasip1/signal.h:2:2: error: "wasm lacks signal support; to enable minimal signal emulation, compile with -D_WASI_EMULATED_SIGNAL and link with -lwasi-emulated-signal"
  1 | #ifndef _WASI_EMULATED_SIGNAL
  2 | #error "wasm lacks signal support; to enable minimal signal emulation, \
    |  `- error: "wasm lacks signal support; to enable minimal signal emulation, compile with -D_WASI_EMULATED_SIGNAL and link with -lwasi-emulated-signal"
  3 | compile with -D_WASI_EMULATED_SIGNAL and link with -lwasi-emulated-signal"
  4 | #else
<module-includes>:1:10: note: in file included from <module-includes>:1:
1 | #include "CoreFoundation.h"
  |          `- note: in file included from <module-includes>:1:
2 |
/root/.swiftpm/swift-sdks/swift-6.3.2-RELEASE_wasm.artifactbundle/swift-6.3.2-RELEASE_wasm/wasm32-unknown-wasip1/swift.xctoolchain/usr/lib/swift_static/CoreFoundation/CoreFoundation.h:28:10: error: could not build module 'wasi_emulated_signal'
 26 | #include <setjmp.h>
 27 | #endif
 28 | #include <signal.h>
    |          `- error: could not build module 'wasi_emulated_signal'
 29 | #include <stddef.h>
 30 | #include <stdio.h>
/root/.swiftpm/swift-sdks/swift-6.3.2-RELEASE_wasm.artifactbundle/swift-6.3.2-RELEASE_wasm/wasm32-unknown-wasip1/swift.xctoolchain/usr/lib/swift_static/CoreFoundation/ForSwiftFoundationOnly.h:86:10: note: while building module 'wasi_emulated_mman' imported from /root/.swiftpm/swift-sdks/swift-6.3.2-RELEASE_wasm.artifactbundle/swift-6.3.2-RELEASE_wasm/wasm32-unknown-wasip1/swift.xctoolchain/usr/lib/swift_static/CoreFoundation/ForSwiftFoundationOnly.h:86:
 84 | #undef _WASI_EMULATED_MMAN
 85 | #define _WASI_EMULATED_MMAN
 86 | #include <sys/mman.h>
    |          `- note: while building module 'wasi_emulated_mman' imported from /root/.swiftpm/swift-sdks/swift-6.3.2-RELEASE_wasm.artifactbundle/swift-6.3.2-RELEASE_wasm/wasm32-unknown-wasip1/swift.xctoolchain/usr/lib/swift_static/CoreFoundation/ForSwiftFoundationOnly.h:86:
 87 | #elif TARGET_OS_LINUX
 88 | #include <errno.h>
<module-includes>:1:10: note: in file included from <module-includes>:1:
1 | #include "sys/mman.h"
  |          `- note: in file included from <module-includes>:1:
2 |
/root/.swiftpm/swift-sdks/swift-6.3.2-RELEASE_wasm.artifactbundle/swift-6.3.2-RELEASE_wasm/wasm32-unknown-wasip1/WASI.sdk/include/wasm32-wasip1/sys/mman.h:2:2: error: "WASI lacks a true mmap; to enable minimal mmap emulation, compile with -D_WASI_EMULATED_MMAN and link with -lwasi-emulated-mman"
  1 | #ifndef _WASI_EMULATED_MMAN
  2 | #error "WASI lacks a true mmap; to enable minimal mmap emulation, \
    |  `- error: "WASI lacks a true mmap; to enable minimal mmap emulation, compile with -D_WASI_EMULATED_MMAN and link with -lwasi-emulated-mman"
  3 | compile with -D_WASI_EMULATED_MMAN and link with -lwasi-emulated-mman"
  4 | #else
/host/spi-builder-workspace/.build/checkouts/Factory/Sources/Factory/Factory/Scopes.swift:27:8: error: could not build C module 'CoreFoundation'
 25 | //
 26 |
 27 | import CoreFoundation
    |        `- error: could not build C module 'CoreFoundation'
 28 | import Foundation
 29 |
[34/42] Compiling Factory Injections.swift
/root/.swiftpm/swift-sdks/swift-6.3.2-RELEASE_wasm.artifactbundle/swift-6.3.2-RELEASE_wasm/wasm32-unknown-wasip1/swift.xctoolchain/usr/lib/swift_static/CoreFoundation/CoreFoundation.h:28:10: note: while building module 'wasi_emulated_signal' imported from /root/.swiftpm/swift-sdks/swift-6.3.2-RELEASE_wasm.artifactbundle/swift-6.3.2-RELEASE_wasm/wasm32-unknown-wasip1/swift.xctoolchain/usr/lib/swift_static/CoreFoundation/CoreFoundation.h:28:
 26 | #include <setjmp.h>
 27 | #endif
 28 | #include <signal.h>
    |          `- note: while building module 'wasi_emulated_signal' imported from /root/.swiftpm/swift-sdks/swift-6.3.2-RELEASE_wasm.artifactbundle/swift-6.3.2-RELEASE_wasm/wasm32-unknown-wasip1/swift.xctoolchain/usr/lib/swift_static/CoreFoundation/CoreFoundation.h:28:
 29 | #include <stddef.h>
 30 | #include <stdio.h>
<module-includes>:1:10: note: in file included from <module-includes>:1:
1 | #include "signal.h"
  |          `- note: in file included from <module-includes>:1:
2 |
/root/.swiftpm/swift-sdks/swift-6.3.2-RELEASE_wasm.artifactbundle/swift-6.3.2-RELEASE_wasm/wasm32-unknown-wasip1/WASI.sdk/include/wasm32-wasip1/signal.h:2:2: error: "wasm lacks signal support; to enable minimal signal emulation, compile with -D_WASI_EMULATED_SIGNAL and link with -lwasi-emulated-signal"
  1 | #ifndef _WASI_EMULATED_SIGNAL
  2 | #error "wasm lacks signal support; to enable minimal signal emulation, \
    |  `- error: "wasm lacks signal support; to enable minimal signal emulation, compile with -D_WASI_EMULATED_SIGNAL and link with -lwasi-emulated-signal"
  3 | compile with -D_WASI_EMULATED_SIGNAL and link with -lwasi-emulated-signal"
  4 | #else
<module-includes>:1:10: note: in file included from <module-includes>:1:
1 | #include "CoreFoundation.h"
  |          `- note: in file included from <module-includes>:1:
2 |
/root/.swiftpm/swift-sdks/swift-6.3.2-RELEASE_wasm.artifactbundle/swift-6.3.2-RELEASE_wasm/wasm32-unknown-wasip1/swift.xctoolchain/usr/lib/swift_static/CoreFoundation/CoreFoundation.h:28:10: error: could not build module 'wasi_emulated_signal'
 26 | #include <setjmp.h>
 27 | #endif
 28 | #include <signal.h>
    |          `- error: could not build module 'wasi_emulated_signal'
 29 | #include <stddef.h>
 30 | #include <stdio.h>
/root/.swiftpm/swift-sdks/swift-6.3.2-RELEASE_wasm.artifactbundle/swift-6.3.2-RELEASE_wasm/wasm32-unknown-wasip1/swift.xctoolchain/usr/lib/swift_static/CoreFoundation/ForSwiftFoundationOnly.h:86:10: note: while building module 'wasi_emulated_mman' imported from /root/.swiftpm/swift-sdks/swift-6.3.2-RELEASE_wasm.artifactbundle/swift-6.3.2-RELEASE_wasm/wasm32-unknown-wasip1/swift.xctoolchain/usr/lib/swift_static/CoreFoundation/ForSwiftFoundationOnly.h:86:
 84 | #undef _WASI_EMULATED_MMAN
 85 | #define _WASI_EMULATED_MMAN
 86 | #include <sys/mman.h>
    |          `- note: while building module 'wasi_emulated_mman' imported from /root/.swiftpm/swift-sdks/swift-6.3.2-RELEASE_wasm.artifactbundle/swift-6.3.2-RELEASE_wasm/wasm32-unknown-wasip1/swift.xctoolchain/usr/lib/swift_static/CoreFoundation/ForSwiftFoundationOnly.h:86:
 87 | #elif TARGET_OS_LINUX
 88 | #include <errno.h>
<module-includes>:1:10: note: in file included from <module-includes>:1:
1 | #include "sys/mman.h"
  |          `- note: in file included from <module-includes>:1:
2 |
/root/.swiftpm/swift-sdks/swift-6.3.2-RELEASE_wasm.artifactbundle/swift-6.3.2-RELEASE_wasm/wasm32-unknown-wasip1/WASI.sdk/include/wasm32-wasip1/sys/mman.h:2:2: error: "WASI lacks a true mmap; to enable minimal mmap emulation, compile with -D_WASI_EMULATED_MMAN and link with -lwasi-emulated-mman"
  1 | #ifndef _WASI_EMULATED_MMAN
  2 | #error "WASI lacks a true mmap; to enable minimal mmap emulation, \
    |  `- error: "WASI lacks a true mmap; to enable minimal mmap emulation, compile with -D_WASI_EMULATED_MMAN and link with -lwasi-emulated-mman"
  3 | compile with -D_WASI_EMULATED_MMAN and link with -lwasi-emulated-mman"
  4 | #else
/host/spi-builder-workspace/.build/checkouts/Factory/Sources/Factory/Factory/Scopes.swift:27:8: error: could not build C module 'CoreFoundation'
 25 | //
 26 |
 27 | import CoreFoundation
    |        `- error: could not build C module 'CoreFoundation'
 28 | import Foundation
 29 |
[35/42] Compiling BiometricAuthInterface AuthPolicy.swift
/host/spi-builder-workspace/.build/checkouts/BiometricAuthKit/Sources/BiometricAuthInterface/Interface/Enum/AuthError.swift:15:8: error: no such module 'LocalAuthentication'
 13 |
 14 | import Foundation
 15 | import LocalAuthentication
    |        `- error: no such module 'LocalAuthentication'
 16 |
 17 |
[36/42] Compiling BiometricAuthInterface AuthError.swift
/host/spi-builder-workspace/.build/checkouts/BiometricAuthKit/Sources/BiometricAuthInterface/Interface/Enum/AuthError.swift:15:8: error: no such module 'LocalAuthentication'
 13 |
 14 | import Foundation
 15 | import LocalAuthentication
    |        `- error: no such module 'LocalAuthentication'
 16 |
 17 |
error: emit-module command failed with exit code 1 (use -v to see invocation)
[37/42] Emitting module BiometricAuthInterface
/host/spi-builder-workspace/.build/checkouts/BiometricAuthKit/Sources/BiometricAuthInterface/Interface/Enum/AuthError.swift:15:8: error: no such module 'LocalAuthentication'
 13 |
 14 | import Foundation
 15 | import LocalAuthentication
    |        `- error: no such module 'LocalAuthentication'
 16 |
 17 |
[38/42] Compiling BiometricAuthInterface BiometricAuthentication.swift
/host/spi-builder-workspace/.build/checkouts/BiometricAuthKit/Sources/BiometricAuthInterface/Interface/Enum/AuthError.swift:15:8: error: no such module 'LocalAuthentication'
 13 |
 14 | import Foundation
 15 | import LocalAuthentication
    |        `- error: no such module 'LocalAuthentication'
 16 |
 17 |
BUILD FAILURE 6.3 wasm