Build Information
Failed to build SwiftLogExport, reference 1.1.0 (9eea5b), with Swift 6.1 for Wasm on 22 Aug 2026 12:05:47 UTC.
Build Command
bash -c docker run --pull=always --rm -v "checkouts-53886769-1":/host -w "$PWD" -e JAVA_HOME="/root/.sdkman/candidates/java/current" -e SPI_BUILD="1" -e SPI_PROCESSING="1" registry.gitlab.com/saguaro1/spi-images:wasm-6.1-latest swift build --swift-sdk wasm32-unknown-wasi 2>&1Build Log
========================================
RunAll
========================================
Builder version: 5.0.2
Interrupt handler set up.
========================================
Checkout
========================================
Clone URL: https://github.com/atacan/SwiftLogExport.git
Reference: 1.1.0
Initialized empty Git repository in /host/spi-builder-workspace/.git/
hint: Using 'master' as the name for the initial branch. This default branch name
hint: is subject to change. To configure the initial branch name to use in all
hint: of your new repositories, which will suppress this warning, call:
hint:
hint: git config --global init.defaultBranch <name>
hint:
hint: Names commonly chosen instead of 'master' are 'main', 'trunk' and
hint: 'development'. The just-created branch can be renamed via this command:
hint:
hint: git branch -m <name>
From https://github.com/atacan/SwiftLogExport
* tag 1.1.0 -> FETCH_HEAD
HEAD is now at 9eea5b1 Add Testing SPI for observing the record buffer and correct batching documentation
Cloned https://github.com/atacan/SwiftLogExport.git
Revision (git rev-parse @):
9eea5b1150ee0ca324751fb8b2c205c986ea3929
SUCCESS checkout https://github.com/atacan/SwiftLogExport.git at 1.1.0
========================================
Build
========================================
Selected platform: wasm
Swift version: 6.1
Building package at path: $PWD
https://github.com/atacan/SwiftLogExport.git
https://github.com/atacan/SwiftLogExport.git
WARNING: environment variable SUPPRESS_SWIFT_6_FLAGS is not set
Running build ...
bash -c docker run --pull=always --rm -v "checkouts-53886769-1":/host -w "$PWD" -e JAVA_HOME="/root/.sdkman/candidates/java/current" -e SPI_BUILD="1" -e SPI_PROCESSING="1" registry.gitlab.com/saguaro1/spi-images:wasm-6.1-latest swift build --swift-sdk wasm32-unknown-wasi -Xswiftc -Xfrontend -Xswiftc -stats-output-dir -Xswiftc -Xfrontend -Xswiftc .stats -Xswiftc -strict-concurrency=complete -Xswiftc -enable-upcoming-feature -Xswiftc StrictConcurrency -Xswiftc -enable-upcoming-feature -Xswiftc DisableOutwardActorInference -Xswiftc -enable-upcoming-feature -Xswiftc GlobalActorIsolatedTypesUsability -Xswiftc -enable-upcoming-feature -Xswiftc InferSendableFromCaptures 2>&1
wasm-6.1-latest: Pulling from saguaro1/spi-images
Digest: sha256:290f441d1f5b7bf0dbbe61e8b7514208804cdcb507d57b3c762463ad036298f7
Status: Image is up to date for registry.gitlab.com/saguaro1/spi-images:wasm-6.1-latest
Fetching https://github.com/swift-server/swift-service-lifecycle.git
Fetching https://github.com/apple/swift-async-algorithms.git
Fetching https://github.com/apple/swift-log.git
Fetching https://github.com/apple/swift-collections.git
[1/7954] Fetching swift-log
[4297/10765] Fetching swift-log, swift-service-lifecycle
[10766/37553] Fetching swift-log, swift-service-lifecycle, swift-collections
[27643/44212] Fetching swift-log, swift-service-lifecycle, swift-collections, swift-async-algorithms
Fetched https://github.com/swift-server/swift-service-lifecycle.git from cache (1.22s)
Fetched https://github.com/apple/swift-async-algorithms.git from cache (1.22s)
Fetched https://github.com/apple/swift-log.git from cache (1.22s)
Fetched https://github.com/apple/swift-collections.git from cache (1.23s)
Computing version for https://github.com/apple/swift-async-algorithms.git
Computed https://github.com/apple/swift-async-algorithms.git at 1.1.5 (1.49s)
Computing version for https://github.com/swift-server/swift-service-lifecycle.git
Computed https://github.com/swift-server/swift-service-lifecycle.git at 2.12.0 (0.22s)
Computing version for https://github.com/apple/swift-log.git
Computed https://github.com/apple/swift-log.git at 1.15.0 (0.22s)
Computing version for https://github.com/apple/swift-collections.git
Computed https://github.com/apple/swift-collections.git at 1.6.0 (0.33s)
Creating working copy for https://github.com/apple/swift-collections.git
Working copy of https://github.com/apple/swift-collections.git resolved at 1.6.0
Creating working copy for https://github.com/apple/swift-async-algorithms.git
Working copy of https://github.com/apple/swift-async-algorithms.git resolved at 1.1.5
Creating working copy for https://github.com/apple/swift-log.git
Working copy of https://github.com/apple/swift-log.git resolved at 1.15.0
Creating working copy for https://github.com/swift-server/swift-service-lifecycle.git
Working copy of https://github.com/swift-server/swift-service-lifecycle.git resolved at 2.12.0
Building for debugging...
[0/11] Write sources
[10/11] Write swift-version-24593BA9C3E375BF.txt
[12/43] Emitting module InternalCollectionsUtilities
<unknown>:0: warning: upcoming feature 'InferSendableFromCaptures' is already enabled as of Swift version 6
<unknown>:0: warning: upcoming feature 'GlobalActorIsolatedTypesUsability' is already enabled as of Swift version 6
<unknown>:0: warning: upcoming feature 'DisableOutwardActorInference' is already enabled as of Swift version 6
[13/45] Compiling Logging LoggingSystem.swift
<unknown>:0: warning: upcoming feature 'InferSendableFromCaptures' is already enabled as of Swift version 6
<unknown>:0: warning: upcoming feature 'GlobalActorIsolatedTypesUsability' is already enabled as of Swift version 6
<unknown>:0: warning: upcoming feature 'DisableOutwardActorInference' is already enabled as of Swift version 6
[14/45] Compiling InternalCollectionsUtilities _SortedCollection.swift
<unknown>:0: warning: upcoming feature 'InferSendableFromCaptures' is already enabled as of Swift version 6
<unknown>:0: warning: upcoming feature 'GlobalActorIsolatedTypesUsability' is already enabled as of Swift version 6
<unknown>:0: warning: upcoming feature 'DisableOutwardActorInference' is already enabled as of Swift version 6
[15/45] Compiling InternalCollectionsUtilities _UniqueCollection.swift
<unknown>:0: warning: upcoming feature 'InferSendableFromCaptures' is already enabled as of Swift version 6
<unknown>:0: warning: upcoming feature 'GlobalActorIsolatedTypesUsability' is already enabled as of Swift version 6
<unknown>:0: warning: upcoming feature 'DisableOutwardActorInference' is already enabled as of Swift version 6
[16/46] Compiling ConcurrencyHelpers LockedValueBox.swift
[17/46] Compiling Logging Logger.swift
<unknown>:0: warning: upcoming feature 'InferSendableFromCaptures' is already enabled as of Swift version 6
<unknown>:0: warning: upcoming feature 'GlobalActorIsolatedTypesUsability' is already enabled as of Swift version 6
<unknown>:0: warning: upcoming feature 'DisableOutwardActorInference' is already enabled as of Swift version 6
[18/46] Compiling Logging Logger+With.swift
unable to find node: pound
unable to find node: pound
<unknown>:0: warning: upcoming feature 'InferSendableFromCaptures' is already enabled as of Swift version 6
<unknown>:0: warning: upcoming feature 'GlobalActorIsolatedTypesUsability' is already enabled as of Swift version 6
<unknown>:0: warning: upcoming feature 'DisableOutwardActorInference' is already enabled as of Swift version 6
[19/46] Compiling Logging Logger+Attributes.swift
<unknown>:0: warning: upcoming feature 'InferSendableFromCaptures' is already enabled as of Swift version 6
<unknown>:0: warning: upcoming feature 'GlobalActorIsolatedTypesUsability' is already enabled as of Swift version 6
<unknown>:0: warning: upcoming feature 'DisableOutwardActorInference' is already enabled as of Swift version 6
[20/46] Compiling Logging LogEvent.swift
<unknown>:0: warning: upcoming feature 'InferSendableFromCaptures' is already enabled as of Swift version 6
<unknown>:0: warning: upcoming feature 'GlobalActorIsolatedTypesUsability' is already enabled as of Swift version 6
<unknown>:0: warning: upcoming feature 'DisableOutwardActorInference' is already enabled as of Swift version 6
[21/46] Compiling Logging LogHandler.swift
<unknown>:0: warning: upcoming feature 'InferSendableFromCaptures' is already enabled as of Swift version 6
<unknown>:0: warning: upcoming feature 'GlobalActorIsolatedTypesUsability' is already enabled as of Swift version 6
<unknown>:0: warning: upcoming feature 'DisableOutwardActorInference' is already enabled as of Swift version 6
[22/46] Compiling InternalCollectionsUtilities String+Padding.swift
<unknown>:0: warning: upcoming feature 'InferSendableFromCaptures' is already enabled as of Swift version 6
<unknown>:0: warning: upcoming feature 'GlobalActorIsolatedTypesUsability' is already enabled as of Swift version 6
<unknown>:0: warning: upcoming feature 'DisableOutwardActorInference' is already enabled as of Swift version 6
[23/46] Compiling InternalCollectionsUtilities _UnsafeBitSet+Index.swift
<unknown>:0: warning: upcoming feature 'InferSendableFromCaptures' is already enabled as of Swift version 6
<unknown>:0: warning: upcoming feature 'GlobalActorIsolatedTypesUsability' is already enabled as of Swift version 6
<unknown>:0: warning: upcoming feature 'DisableOutwardActorInference' is already enabled as of Swift version 6
[24/46] Compiling InternalCollectionsUtilities _UnsafeBitSet+_Word.swift
<unknown>:0: warning: upcoming feature 'InferSendableFromCaptures' is already enabled as of Swift version 6
<unknown>:0: warning: upcoming feature 'GlobalActorIsolatedTypesUsability' is already enabled as of Swift version 6
<unknown>:0: warning: upcoming feature 'DisableOutwardActorInference' is already enabled as of Swift version 6
[25/46] Compiling InternalCollectionsUtilities _UnsafeBitSet.swift
<unknown>:0: warning: upcoming feature 'InferSendableFromCaptures' is already enabled as of Swift version 6
<unknown>:0: warning: upcoming feature 'GlobalActorIsolatedTypesUsability' is already enabled as of Swift version 6
<unknown>:0: warning: upcoming feature 'DisableOutwardActorInference' is already enabled as of Swift version 6
[26/46] Compiling InternalCollectionsUtilities UnsafeMutableRawBufferPointer+Extras.swift
<unknown>:0: warning: upcoming feature 'InferSendableFromCaptures' is already enabled as of Swift version 6
<unknown>:0: warning: upcoming feature 'GlobalActorIsolatedTypesUsability' is already enabled as of Swift version 6
<unknown>:0: warning: upcoming feature 'DisableOutwardActorInference' is already enabled as of Swift version 6
[27/46] Compiling InternalCollectionsUtilities UnsafeRawBufferPointer+Extras.swift
<unknown>:0: warning: upcoming feature 'InferSendableFromCaptures' is already enabled as of Swift version 6
<unknown>:0: warning: upcoming feature 'GlobalActorIsolatedTypesUsability' is already enabled as of Swift version 6
<unknown>:0: warning: upcoming feature 'DisableOutwardActorInference' is already enabled as of Swift version 6
[28/46] Compiling InternalCollectionsUtilities UnsafeBufferPointer+Extras.swift
<unknown>:0: warning: upcoming feature 'InferSendableFromCaptures' is already enabled as of Swift version 6
<unknown>:0: warning: upcoming feature 'GlobalActorIsolatedTypesUsability' is already enabled as of Swift version 6
<unknown>:0: warning: upcoming feature 'DisableOutwardActorInference' is already enabled as of Swift version 6
[29/46] Compiling InternalCollectionsUtilities UnsafeMutableBufferPointer+Extras.swift
<unknown>:0: warning: upcoming feature 'InferSendableFromCaptures' is already enabled as of Swift version 6
<unknown>:0: warning: upcoming feature 'GlobalActorIsolatedTypesUsability' is already enabled as of Swift version 6
<unknown>:0: warning: upcoming feature 'DisableOutwardActorInference' is already enabled as of Swift version 6
[30/46] Compiling Logging MetadataProvider.swift
<unknown>:0: warning: upcoming feature 'InferSendableFromCaptures' is already enabled as of Swift version 6
<unknown>:0: warning: upcoming feature 'GlobalActorIsolatedTypesUsability' is already enabled as of Swift version 6
<unknown>:0: warning: upcoming feature 'DisableOutwardActorInference' is already enabled as of Swift version 6
[31/46] Compiling Logging StreamLogHandler.swift
<unknown>:0: warning: upcoming feature 'InferSendableFromCaptures' is already enabled as of Swift version 6
<unknown>:0: warning: upcoming feature 'GlobalActorIsolatedTypesUsability' is already enabled as of Swift version 6
<unknown>:0: warning: upcoming feature 'DisableOutwardActorInference' is already enabled as of Swift version 6
<unknown>:0: warning: upcoming feature 'InferSendableFromCaptures' is already enabled as of Swift version 6
<unknown>:0: warning: upcoming feature 'GlobalActorIsolatedTypesUsability' is already enabled as of Swift version 6
<unknown>:0: warning: upcoming feature 'DisableOutwardActorInference' is already enabled as of Swift version 6
<unknown>:0: warning: upcoming feature 'InferSendableFromCaptures' is already enabled as of Swift version 6
<unknown>:0: warning: upcoming feature 'GlobalActorIsolatedTypesUsability' is already enabled as of Swift version 6
<unknown>:0: warning: upcoming feature 'DisableOutwardActorInference' is already enabled as of Swift version 6
[34/46] Compiling Logging SwiftLogNoOpLogHandler.swift
<unknown>:0: warning: upcoming feature 'InferSendableFromCaptures' is already enabled as of Swift version 6
<unknown>:0: warning: upcoming feature 'GlobalActorIsolatedTypesUsability' is already enabled as of Swift version 6
<unknown>:0: warning: upcoming feature 'DisableOutwardActorInference' is already enabled as of Swift version 6
[35/46] Compiling Logging Locks.swift
<unknown>:0: warning: upcoming feature 'InferSendableFromCaptures' is already enabled as of Swift version 6
<unknown>:0: warning: upcoming feature 'GlobalActorIsolatedTypesUsability' is already enabled as of Swift version 6
<unknown>:0: warning: upcoming feature 'DisableOutwardActorInference' is already enabled as of Swift version 6
[36/46] Compiling Logging MultiplexLogHandler.swift
<unknown>:0: warning: upcoming feature 'InferSendableFromCaptures' is already enabled as of Swift version 6
<unknown>:0: warning: upcoming feature 'GlobalActorIsolatedTypesUsability' is already enabled as of Swift version 6
<unknown>:0: warning: upcoming feature 'DisableOutwardActorInference' is already enabled as of Swift version 6
<unknown>:0: warning: upcoming feature 'InferSendableFromCaptures' is already enabled as of Swift version 6
<unknown>:0: warning: upcoming feature 'GlobalActorIsolatedTypesUsability' is already enabled as of Swift version 6
<unknown>:0: warning: upcoming feature 'DisableOutwardActorInference' is already enabled as of Swift version 6
<unknown>:0: warning: upcoming feature 'InferSendableFromCaptures' is already enabled as of Swift version 6
<unknown>:0: warning: upcoming feature 'GlobalActorIsolatedTypesUsability' is already enabled as of Swift version 6
<unknown>:0: warning: upcoming feature 'DisableOutwardActorInference' is already enabled as of Swift version 6
<unknown>:0: warning: upcoming feature 'InferSendableFromCaptures' is already enabled as of Swift version 6
<unknown>:0: warning: upcoming feature 'GlobalActorIsolatedTypesUsability' is already enabled as of Swift version 6
<unknown>:0: warning: upcoming feature 'DisableOutwardActorInference' is already enabled as of Swift version 6
<unknown>:0: warning: upcoming feature 'InferSendableFromCaptures' is already enabled as of Swift version 6
<unknown>:0: warning: upcoming feature 'GlobalActorIsolatedTypesUsability' is already enabled as of Swift version 6
<unknown>:0: warning: upcoming feature 'DisableOutwardActorInference' is already enabled as of Swift version 6
[41/46] Emitting module Logging
unable to find node: pound
unable to find node: pound
<unknown>:0: warning: upcoming feature 'InferSendableFromCaptures' is already enabled as of Swift version 6
<unknown>:0: warning: upcoming feature 'GlobalActorIsolatedTypesUsability' is already enabled as of Swift version 6
<unknown>:0: warning: upcoming feature 'DisableOutwardActorInference' is already enabled as of Swift version 6
[42/47] Compiling ConcurrencyHelpers Lock.swift
[43/47] Emitting module ConcurrencyHelpers
[44/47] Compiling InternalCollectionsUtilities LifetimeOverride.swift
<unknown>:0: warning: upcoming feature 'InferSendableFromCaptures' is already enabled as of Swift version 6
<unknown>:0: warning: upcoming feature 'GlobalActorIsolatedTypesUsability' is already enabled as of Swift version 6
<unknown>:0: warning: upcoming feature 'DisableOutwardActorInference' is already enabled as of Swift version 6
[45/47] Compiling InternalCollectionsUtilities RandomAccessCollection+Offsets.swift
<unknown>:0: warning: upcoming feature 'InferSendableFromCaptures' is already enabled as of Swift version 6
<unknown>:0: warning: upcoming feature 'GlobalActorIsolatedTypesUsability' is already enabled as of Swift version 6
<unknown>:0: warning: upcoming feature 'DisableOutwardActorInference' is already enabled as of Swift version 6
[46/47] Compiling InternalCollectionsUtilities Span+Extras.swift
<unknown>:0: warning: upcoming feature 'InferSendableFromCaptures' is already enabled as of Swift version 6
<unknown>:0: warning: upcoming feature 'GlobalActorIsolatedTypesUsability' is already enabled as of Swift version 6
<unknown>:0: warning: upcoming feature 'DisableOutwardActorInference' is already enabled as of Swift version 6
[50/145] Compiling OrderedCollections OrderedSet+Partial RangeReplaceableCollection.swift
<unknown>:0: warning: upcoming feature 'InferSendableFromCaptures' is already enabled as of Swift version 6
<unknown>:0: warning: upcoming feature 'GlobalActorIsolatedTypesUsability' is already enabled as of Swift version 6
<unknown>:0: warning: upcoming feature 'DisableOutwardActorInference' is already enabled as of Swift version 6
[51/145] Compiling OrderedCollections OrderedSet+Partial SetAlgebra formIntersection.swift
<unknown>:0: warning: upcoming feature 'InferSendableFromCaptures' is already enabled as of Swift version 6
<unknown>:0: warning: upcoming feature 'GlobalActorIsolatedTypesUsability' is already enabled as of Swift version 6
<unknown>:0: warning: upcoming feature 'DisableOutwardActorInference' is already enabled as of Swift version 6
[52/145] Compiling OrderedCollections OrderedSet+Partial SetAlgebra formSymmetricDifference.swift
<unknown>:0: warning: upcoming feature 'InferSendableFromCaptures' is already enabled as of Swift version 6
<unknown>:0: warning: upcoming feature 'GlobalActorIsolatedTypesUsability' is already enabled as of Swift version 6
<unknown>:0: warning: upcoming feature 'DisableOutwardActorInference' is already enabled as of Swift version 6
[53/145] Compiling OrderedCollections OrderedSet+Partial SetAlgebra formUnion.swift
<unknown>:0: warning: upcoming feature 'InferSendableFromCaptures' is already enabled as of Swift version 6
<unknown>:0: warning: upcoming feature 'GlobalActorIsolatedTypesUsability' is already enabled as of Swift version 6
<unknown>:0: warning: upcoming feature 'DisableOutwardActorInference' is already enabled as of Swift version 6
[54/145] Compiling OrderedCollections OrderedSet+Partial SetAlgebra intersection.swift
<unknown>:0: warning: upcoming feature 'InferSendableFromCaptures' is already enabled as of Swift version 6
<unknown>:0: warning: upcoming feature 'GlobalActorIsolatedTypesUsability' is already enabled as of Swift version 6
<unknown>:0: warning: upcoming feature 'DisableOutwardActorInference' is already enabled as of Swift version 6
[55/145] Compiling OrderedCollections OrderedSet+Initializers.swift
<unknown>:0: warning: upcoming feature 'InferSendableFromCaptures' is already enabled as of Swift version 6
<unknown>:0: warning: upcoming feature 'GlobalActorIsolatedTypesUsability' is already enabled as of Swift version 6
<unknown>:0: warning: upcoming feature 'DisableOutwardActorInference' is already enabled as of Swift version 6
[56/145] Compiling OrderedCollections OrderedSet+Insertions.swift
<unknown>:0: warning: upcoming feature 'InferSendableFromCaptures' is already enabled as of Swift version 6
<unknown>:0: warning: upcoming feature 'GlobalActorIsolatedTypesUsability' is already enabled as of Swift version 6
<unknown>:0: warning: upcoming feature 'DisableOutwardActorInference' is already enabled as of Swift version 6
[57/145] Compiling OrderedCollections OrderedSet+Invariants.swift
<unknown>:0: warning: upcoming feature 'InferSendableFromCaptures' is already enabled as of Swift version 6
<unknown>:0: warning: upcoming feature 'GlobalActorIsolatedTypesUsability' is already enabled as of Swift version 6
<unknown>:0: warning: upcoming feature 'DisableOutwardActorInference' is already enabled as of Swift version 6
[58/145] Compiling OrderedCollections OrderedSet+Move.swift
<unknown>:0: warning: upcoming feature 'InferSendableFromCaptures' is already enabled as of Swift version 6
<unknown>:0: warning: upcoming feature 'GlobalActorIsolatedTypesUsability' is already enabled as of Swift version 6
<unknown>:0: warning: upcoming feature 'DisableOutwardActorInference' is already enabled as of Swift version 6
[59/145] Compiling OrderedCollections OrderedSet+Partial MutableCollection.swift
<unknown>:0: warning: upcoming feature 'InferSendableFromCaptures' is already enabled as of Swift version 6
<unknown>:0: warning: upcoming feature 'GlobalActorIsolatedTypesUsability' is already enabled as of Swift version 6
<unknown>:0: warning: upcoming feature 'DisableOutwardActorInference' is already enabled as of Swift version 6
[60/145] Compiling OrderedCollections OrderedDictionary+Partial MutableCollection.swift
<unknown>:0: warning: upcoming feature 'InferSendableFromCaptures' is already enabled as of Swift version 6
<unknown>:0: warning: upcoming feature 'GlobalActorIsolatedTypesUsability' is already enabled as of Swift version 6
<unknown>:0: warning: upcoming feature 'DisableOutwardActorInference' is already enabled as of Swift version 6
[61/145] Compiling OrderedCollections OrderedDictionary+Partial RangeReplaceableCollection.swift
<unknown>:0: warning: upcoming feature 'InferSendableFromCaptures' is already enabled as of Swift version 6
<unknown>:0: warning: upcoming feature 'GlobalActorIsolatedTypesUsability' is already enabled as of Swift version 6
<unknown>:0: warning: upcoming feature 'DisableOutwardActorInference' is already enabled as of Swift version 6
[62/145] Compiling OrderedCollections OrderedDictionary+Sendable.swift
<unknown>:0: warning: upcoming feature 'InferSendableFromCaptures' is already enabled as of Swift version 6
<unknown>:0: warning: upcoming feature 'GlobalActorIsolatedTypesUsability' is already enabled as of Swift version 6
<unknown>:0: warning: upcoming feature 'DisableOutwardActorInference' is already enabled as of Swift version 6
[63/145] Compiling OrderedCollections OrderedDictionary+Sequence.swift
<unknown>:0: warning: upcoming feature 'InferSendableFromCaptures' is already enabled as of Swift version 6
<unknown>:0: warning: upcoming feature 'GlobalActorIsolatedTypesUsability' is already enabled as of Swift version 6
<unknown>:0: warning: upcoming feature 'DisableOutwardActorInference' is already enabled as of Swift version 6
[64/145] Compiling OrderedCollections OrderedSet+Hashable.swift
<unknown>:0: warning: upcoming feature 'InferSendableFromCaptures' is already enabled as of Swift version 6
<unknown>:0: warning: upcoming feature 'GlobalActorIsolatedTypesUsability' is already enabled as of Swift version 6
<unknown>:0: warning: upcoming feature 'DisableOutwardActorInference' is already enabled as of Swift version 6
[65/149] Emitting module ContainersPreview
<unknown>:0: warning: upcoming feature 'InferSendableFromCaptures' is already enabled as of Swift version 6
<unknown>:0: warning: upcoming feature 'GlobalActorIsolatedTypesUsability' is already enabled as of Swift version 6
<unknown>:0: warning: upcoming feature 'DisableOutwardActorInference' is already enabled as of Swift version 6
[66/149] Compiling OrderedCollections OrderedDictionary+Codable.swift
<unknown>:0: warning: upcoming feature 'InferSendableFromCaptures' is already enabled as of Swift version 6
<unknown>:0: warning: upcoming feature 'GlobalActorIsolatedTypesUsability' is already enabled as of Swift version 6
<unknown>:0: warning: upcoming feature 'DisableOutwardActorInference' is already enabled as of Swift version 6
[67/149] Compiling OrderedCollections OrderedDictionary+CustomReflectable.swift
<unknown>:0: warning: upcoming feature 'InferSendableFromCaptures' is already enabled as of Swift version 6
<unknown>:0: warning: upcoming feature 'GlobalActorIsolatedTypesUsability' is already enabled as of Swift version 6
<unknown>:0: warning: upcoming feature 'DisableOutwardActorInference' is already enabled as of Swift version 6
[68/149] Compiling OrderedCollections OrderedDictionary+Deprecations.swift
<unknown>:0: warning: upcoming feature 'InferSendableFromCaptures' is already enabled as of Swift version 6
<unknown>:0: warning: upcoming feature 'GlobalActorIsolatedTypesUsability' is already enabled as of Swift version 6
<unknown>:0: warning: upcoming feature 'DisableOutwardActorInference' is already enabled as of Swift version 6
[69/149] Compiling OrderedCollections OrderedDictionary+Descriptions.swift
<unknown>:0: warning: upcoming feature 'InferSendableFromCaptures' is already enabled as of Swift version 6
<unknown>:0: warning: upcoming feature 'GlobalActorIsolatedTypesUsability' is already enabled as of Swift version 6
<unknown>:0: warning: upcoming feature 'DisableOutwardActorInference' is already enabled as of Swift version 6
[70/149] Compiling OrderedCollections OrderedDictionary+Elements.SubSequence.swift
<unknown>:0: warning: upcoming feature 'InferSendableFromCaptures' is already enabled as of Swift version 6
<unknown>:0: warning: upcoming feature 'GlobalActorIsolatedTypesUsability' is already enabled as of Swift version 6
<unknown>:0: warning: upcoming feature 'DisableOutwardActorInference' is already enabled as of Swift version 6
[71/149] Compiling OrderedCollections OrderedDictionary+Elements.swift
<unknown>:0: warning: upcoming feature 'InferSendableFromCaptures' is already enabled as of Swift version 6
<unknown>:0: warning: upcoming feature 'GlobalActorIsolatedTypesUsability' is already enabled as of Swift version 6
<unknown>:0: warning: upcoming feature 'DisableOutwardActorInference' is already enabled as of Swift version 6
[72/149] Compiling OrderedCollections OrderedDictionary+Equatable.swift
<unknown>:0: warning: upcoming feature 'InferSendableFromCaptures' is already enabled as of Swift version 6
<unknown>:0: warning: upcoming feature 'GlobalActorIsolatedTypesUsability' is already enabled as of Swift version 6
<unknown>:0: warning: upcoming feature 'DisableOutwardActorInference' is already enabled as of Swift version 6
[73/149] Compiling OrderedCollections OrderedDictionary+ExpressibleByDictionaryLiteral.swift
<unknown>:0: warning: upcoming feature 'InferSendableFromCaptures' is already enabled as of Swift version 6
<unknown>:0: warning: upcoming feature 'GlobalActorIsolatedTypesUsability' is already enabled as of Swift version 6
<unknown>:0: warning: upcoming feature 'DisableOutwardActorInference' is already enabled as of Swift version 6
[74/149] Compiling OrderedCollections _HashTable+Bucket.swift
<unknown>:0: warning: upcoming feature 'InferSendableFromCaptures' is already enabled as of Swift version 6
<unknown>:0: warning: upcoming feature 'GlobalActorIsolatedTypesUsability' is already enabled as of Swift version 6
<unknown>:0: warning: upcoming feature 'DisableOutwardActorInference' is already enabled as of Swift version 6
[75/149] Compiling OrderedCollections _HashTable+BucketIterator.swift
<unknown>:0: warning: upcoming feature 'InferSendableFromCaptures' is already enabled as of Swift version 6
<unknown>:0: warning: upcoming feature 'GlobalActorIsolatedTypesUsability' is already enabled as of Swift version 6
<unknown>:0: warning: upcoming feature 'DisableOutwardActorInference' is already enabled as of Swift version 6
[76/149] Compiling OrderedCollections _HashTable+Constants.swift
<unknown>:0: warning: upcoming feature 'InferSendableFromCaptures' is already enabled as of Swift version 6
<unknown>:0: warning: upcoming feature 'GlobalActorIsolatedTypesUsability' is already enabled as of Swift version 6
<unknown>:0: warning: upcoming feature 'DisableOutwardActorInference' is already enabled as of Swift version 6
[77/149] Compiling OrderedCollections _HashTable+CustomStringConvertible.swift
<unknown>:0: warning: upcoming feature 'InferSendableFromCaptures' is already enabled as of Swift version 6
<unknown>:0: warning: upcoming feature 'GlobalActorIsolatedTypesUsability' is already enabled as of Swift version 6
<unknown>:0: warning: upcoming feature 'DisableOutwardActorInference' is already enabled as of Swift version 6
[78/149] Compiling OrderedCollections _HashTable+Testing.swift
<unknown>:0: warning: upcoming feature 'InferSendableFromCaptures' is already enabled as of Swift version 6
<unknown>:0: warning: upcoming feature 'GlobalActorIsolatedTypesUsability' is already enabled as of Swift version 6
<unknown>:0: warning: upcoming feature 'DisableOutwardActorInference' is already enabled as of Swift version 6
[79/149] Compiling OrderedCollections _HashTable+UnsafeHandle.swift
<unknown>:0: warning: upcoming feature 'InferSendableFromCaptures' is already enabled as of Swift version 6
<unknown>:0: warning: upcoming feature 'GlobalActorIsolatedTypesUsability' is already enabled as of Swift version 6
<unknown>:0: warning: upcoming feature 'DisableOutwardActorInference' is already enabled as of Swift version 6
[80/149] Compiling OrderedCollections _HashTable.swift
<unknown>:0: warning: upcoming feature 'InferSendableFromCaptures' is already enabled as of Swift version 6
<unknown>:0: warning: upcoming feature 'GlobalActorIsolatedTypesUsability' is already enabled as of Swift version 6
<unknown>:0: warning: upcoming feature 'DisableOutwardActorInference' is already enabled as of Swift version 6
[81/149] Compiling OrderedCollections _Hashtable+Header.swift
<unknown>:0: warning: upcoming feature 'InferSendableFromCaptures' is already enabled as of Swift version 6
<unknown>:0: warning: upcoming feature 'GlobalActorIsolatedTypesUsability' is already enabled as of Swift version 6
<unknown>:0: warning: upcoming feature 'DisableOutwardActorInference' is already enabled as of Swift version 6
[82/149] Compiling OrderedCollections OrderedDictionary+Hashable.swift
<unknown>:0: warning: upcoming feature 'InferSendableFromCaptures' is already enabled as of Swift version 6
<unknown>:0: warning: upcoming feature 'GlobalActorIsolatedTypesUsability' is already enabled as of Swift version 6
<unknown>:0: warning: upcoming feature 'DisableOutwardActorInference' is already enabled as of Swift version 6
[83/149] Compiling OrderedCollections OrderedDictionary+Initializers.swift
<unknown>:0: warning: upcoming feature 'InferSendableFromCaptures' is already enabled as of Swift version 6
<unknown>:0: warning: upcoming feature 'GlobalActorIsolatedTypesUsability' is already enabled as of Swift version 6
<unknown>:0: warning: upcoming feature 'DisableOutwardActorInference' is already enabled as of Swift version 6
[84/149] Compiling OrderedCollections OrderedDictionary+Invariants.swift
<unknown>:0: warning: upcoming feature 'InferSendableFromCaptures' is already enabled as of Swift version 6
<unknown>:0: warning: upcoming feature 'GlobalActorIsolatedTypesUsability' is already enabled as of Swift version 6
<unknown>:0: warning: upcoming feature 'DisableOutwardActorInference' is already enabled as of Swift version 6
[85/149] Compiling OrderedCollections OrderedDictionary+Move.swift
<unknown>:0: warning: upcoming feature 'InferSendableFromCaptures' is already enabled as of Swift version 6
<unknown>:0: warning: upcoming feature 'GlobalActorIsolatedTypesUsability' is already enabled as of Swift version 6
<unknown>:0: warning: upcoming feature 'DisableOutwardActorInference' is already enabled as of Swift version 6
[86/149] Compiling ContainersPreview Ref.swift
<unknown>:0: warning: upcoming feature 'InferSendableFromCaptures' is already enabled as of Swift version 6
<unknown>:0: warning: upcoming feature 'GlobalActorIsolatedTypesUsability' is already enabled as of Swift version 6
<unknown>:0: warning: upcoming feature 'DisableOutwardActorInference' is already enabled as of Swift version 6
[87/149] Compiling ContainersPreview Shared.swift
<unknown>:0: warning: upcoming feature 'InferSendableFromCaptures' is already enabled as of Swift version 6
<unknown>:0: warning: upcoming feature 'GlobalActorIsolatedTypesUsability' is already enabled as of Swift version 6
<unknown>:0: warning: upcoming feature 'DisableOutwardActorInference' is already enabled as of Swift version 6
[88/149] Compiling ContainersPreview SpanIterator.swift
<unknown>:0: warning: upcoming feature 'InferSendableFromCaptures' is already enabled as of Swift version 6
<unknown>:0: warning: upcoming feature 'GlobalActorIsolatedTypesUsability' is already enabled as of Swift version 6
<unknown>:0: warning: upcoming feature 'DisableOutwardActorInference' is already enabled as of Swift version 6
[89/149] Compiling ContainersPreview UniqueBox.swift
<unknown>:0: warning: upcoming feature 'InferSendableFromCaptures' is already enabled as of Swift version 6
<unknown>:0: warning: upcoming feature 'GlobalActorIsolatedTypesUsability' is already enabled as of Swift version 6
<unknown>:0: warning: upcoming feature 'DisableOutwardActorInference' is already enabled as of Swift version 6
[90/150] Compiling UnixSignals UnixSignalsSequence.swift
[91/150] Compiling UnixSignals UnixSignal.swift
[92/150] Emitting module UnixSignals
<unknown>:0: warning: upcoming feature 'InferSendableFromCaptures' is already enabled as of Swift version 6
<unknown>:0: warning: upcoming feature 'GlobalActorIsolatedTypesUsability' is already enabled as of Swift version 6
<unknown>:0: warning: upcoming feature 'DisableOutwardActorInference' is already enabled as of Swift version 6
<unknown>:0: warning: upcoming feature 'InferSendableFromCaptures' is already enabled as of Swift version 6
<unknown>:0: warning: upcoming feature 'GlobalActorIsolatedTypesUsability' is already enabled as of Swift version 6
<unknown>:0: warning: upcoming feature 'DisableOutwardActorInference' is already enabled as of Swift version 6
<unknown>:0: warning: upcoming feature 'InferSendableFromCaptures' is already enabled as of Swift version 6
<unknown>:0: warning: upcoming feature 'GlobalActorIsolatedTypesUsability' is already enabled as of Swift version 6
<unknown>:0: warning: upcoming feature 'DisableOutwardActorInference' is already enabled as of Swift version 6
<unknown>:0: warning: upcoming feature 'InferSendableFromCaptures' is already enabled as of Swift version 6
<unknown>:0: warning: upcoming feature 'GlobalActorIsolatedTypesUsability' is already enabled as of Swift version 6
<unknown>:0: warning: upcoming feature 'DisableOutwardActorInference' is already enabled as of Swift version 6
<unknown>:0: warning: upcoming feature 'InferSendableFromCaptures' is already enabled as of Swift version 6
<unknown>:0: warning: upcoming feature 'GlobalActorIsolatedTypesUsability' is already enabled as of Swift version 6
<unknown>:0: warning: upcoming feature 'DisableOutwardActorInference' is already enabled as of Swift version 6
<unknown>:0: warning: upcoming feature 'InferSendableFromCaptures' is already enabled as of Swift version 6
<unknown>:0: warning: upcoming feature 'GlobalActorIsolatedTypesUsability' is already enabled as of Swift version 6
<unknown>:0: warning: upcoming feature 'DisableOutwardActorInference' is already enabled as of Swift version 6
<unknown>:0: warning: upcoming feature 'InferSendableFromCaptures' is already enabled as of Swift version 6
<unknown>:0: warning: upcoming feature 'GlobalActorIsolatedTypesUsability' is already enabled as of Swift version 6
<unknown>:0: warning: upcoming feature 'DisableOutwardActorInference' is already enabled as of Swift version 6
[102/151] Compiling OrderedCollections OrderedSet+Partial SetAlgebra isSubset.swift
<unknown>:0: warning: upcoming feature 'InferSendableFromCaptures' is already enabled as of Swift version 6
<unknown>:0: warning: upcoming feature 'GlobalActorIsolatedTypesUsability' is already enabled as of Swift version 6
<unknown>:0: warning: upcoming feature 'DisableOutwardActorInference' is already enabled as of Swift version 6
[103/151] Compiling OrderedCollections OrderedSet+Partial SetAlgebra isSuperset.swift
<unknown>:0: warning: upcoming feature 'InferSendableFromCaptures' is already enabled as of Swift version 6
<unknown>:0: warning: upcoming feature 'GlobalActorIsolatedTypesUsability' is already enabled as of Swift version 6
<unknown>:0: warning: upcoming feature 'DisableOutwardActorInference' is already enabled as of Swift version 6
[104/151] Compiling OrderedCollections OrderedSet+Partial SetAlgebra subtract.swift
<unknown>:0: warning: upcoming feature 'InferSendableFromCaptures' is already enabled as of Swift version 6
<unknown>:0: warning: upcoming feature 'GlobalActorIsolatedTypesUsability' is already enabled as of Swift version 6
<unknown>:0: warning: upcoming feature 'DisableOutwardActorInference' is already enabled as of Swift version 6
[105/151] Compiling OrderedCollections OrderedSet+Partial SetAlgebra subtracting.swift
<unknown>:0: warning: upcoming feature 'InferSendableFromCaptures' is already enabled as of Swift version 6
<unknown>:0: warning: upcoming feature 'GlobalActorIsolatedTypesUsability' is already enabled as of Swift version 6
<unknown>:0: warning: upcoming feature 'DisableOutwardActorInference' is already enabled as of Swift version 6
[106/151] Compiling OrderedCollections OrderedSet+Partial SetAlgebra symmetricDifference.swift
<unknown>:0: warning: upcoming feature 'InferSendableFromCaptures' is already enabled as of Swift version 6
<unknown>:0: warning: upcoming feature 'GlobalActorIsolatedTypesUsability' is already enabled as of Swift version 6
<unknown>:0: warning: upcoming feature 'DisableOutwardActorInference' is already enabled as of Swift version 6
[107/151] Compiling OrderedCollections OrderedSet+Partial SetAlgebra union.swift
<unknown>:0: warning: upcoming feature 'InferSendableFromCaptures' is already enabled as of Swift version 6
<unknown>:0: warning: upcoming feature 'GlobalActorIsolatedTypesUsability' is already enabled as of Swift version 6
<unknown>:0: warning: upcoming feature 'DisableOutwardActorInference' is already enabled as of Swift version 6
[108/151] Compiling OrderedCollections OrderedSet+Partial SetAlgebra+Basics.swift
<unknown>:0: warning: upcoming feature 'InferSendableFromCaptures' is already enabled as of Swift version 6
<unknown>:0: warning: upcoming feature 'GlobalActorIsolatedTypesUsability' is already enabled as of Swift version 6
<unknown>:0: warning: upcoming feature 'DisableOutwardActorInference' is already enabled as of Swift version 6
[109/151] Compiling OrderedCollections OrderedSet+RandomAccessCollection.swift
<unknown>:0: warning: upcoming feature 'InferSendableFromCaptures' is already enabled as of Swift version 6
<unknown>:0: warning: upcoming feature 'GlobalActorIsolatedTypesUsability' is already enabled as of Swift version 6
<unknown>:0: warning: upcoming feature 'DisableOutwardActorInference' is already enabled as of Swift version 6
[110/151] Compiling OrderedCollections OrderedSet+ReserveCapacity.swift
<unknown>:0: warning: upcoming feature 'InferSendableFromCaptures' is already enabled as of Swift version 6
<unknown>:0: warning: upcoming feature 'GlobalActorIsolatedTypesUsability' is already enabled as of Swift version 6
<unknown>:0: warning: upcoming feature 'DisableOutwardActorInference' is already enabled as of Swift version 6
[111/199] Compiling DequeModule UniqueDeque+Hashable.swift
<unknown>:0: warning: upcoming feature 'InferSendableFromCaptures' is already enabled as of Swift version 6
<unknown>:0: warning: upcoming feature 'GlobalActorIsolatedTypesUsability' is already enabled as of Swift version 6
<unknown>:0: warning: upcoming feature 'DisableOutwardActorInference' is already enabled as of Swift version 6
[112/199] Compiling DequeModule UniqueDeque+Initializers.swift
<unknown>:0: warning: upcoming feature 'InferSendableFromCaptures' is already enabled as of Swift version 6
<unknown>:0: warning: upcoming feature 'GlobalActorIsolatedTypesUsability' is already enabled as of Swift version 6
<unknown>:0: warning: upcoming feature 'DisableOutwardActorInference' is already enabled as of Swift version 6
[113/199] Compiling DequeModule UniqueDeque+Insertions.swift
<unknown>:0: warning: upcoming feature 'InferSendableFromCaptures' is already enabled as of Swift version 6
<unknown>:0: warning: upcoming feature 'GlobalActorIsolatedTypesUsability' is already enabled as of Swift version 6
<unknown>:0: warning: upcoming feature 'DisableOutwardActorInference' is already enabled as of Swift version 6
[114/199] Compiling DequeModule UniqueDeque+Prepend.swift
<unknown>:0: warning: upcoming feature 'InferSendableFromCaptures' is already enabled as of Swift version 6
<unknown>:0: warning: upcoming feature 'GlobalActorIsolatedTypesUsability' is already enabled as of Swift version 6
<unknown>:0: warning: upcoming feature 'DisableOutwardActorInference' is already enabled as of Swift version 6
[115/199] Compiling DequeModule UniqueDeque+Removals.swift
<unknown>:0: warning: upcoming feature 'InferSendableFromCaptures' is already enabled as of Swift version 6
<unknown>:0: warning: upcoming feature 'GlobalActorIsolatedTypesUsability' is already enabled as of Swift version 6
<unknown>:0: warning: upcoming feature 'DisableOutwardActorInference' is already enabled as of Swift version 6
[116/204] Compiling DequeModule UniqueDeque+Container.swift
<unknown>:0: warning: upcoming feature 'InferSendableFromCaptures' is already enabled as of Swift version 6
<unknown>:0: warning: upcoming feature 'GlobalActorIsolatedTypesUsability' is already enabled as of Swift version 6
<unknown>:0: warning: upcoming feature 'DisableOutwardActorInference' is already enabled as of Swift version 6
[117/204] Compiling DequeModule UniqueDeque+Deprecated.swift
<unknown>:0: warning: upcoming feature 'InferSendableFromCaptures' is already enabled as of Swift version 6
<unknown>:0: warning: upcoming feature 'GlobalActorIsolatedTypesUsability' is already enabled as of Swift version 6
<unknown>:0: warning: upcoming feature 'DisableOutwardActorInference' is already enabled as of Swift version 6
[118/204] Compiling DequeModule UniqueDeque+Descriptions.swift
<unknown>:0: warning: upcoming feature 'InferSendableFromCaptures' is already enabled as of Swift version 6
<unknown>:0: warning: upcoming feature 'GlobalActorIsolatedTypesUsability' is already enabled as of Swift version 6
<unknown>:0: warning: upcoming feature 'DisableOutwardActorInference' is already enabled as of Swift version 6
[119/204] Compiling DequeModule UniqueDeque+Equatable.swift
<unknown>:0: warning: upcoming feature 'InferSendableFromCaptures' is already enabled as of Swift version 6
<unknown>:0: warning: upcoming feature 'GlobalActorIsolatedTypesUsability' is already enabled as of Swift version 6
<unknown>:0: warning: upcoming feature 'DisableOutwardActorInference' is already enabled as of Swift version 6
[120/204] Compiling DequeModule UniqueDeque+Experimental.swift
<unknown>:0: warning: upcoming feature 'InferSendableFromCaptures' is already enabled as of Swift version 6
<unknown>:0: warning: upcoming feature 'GlobalActorIsolatedTypesUsability' is already enabled as of Swift version 6
<unknown>:0: warning: upcoming feature 'DisableOutwardActorInference' is already enabled as of Swift version 6
[121/204] Compiling DequeModule RigidDeque+Equatable.swift
<unknown>:0: warning: upcoming feature 'InferSendableFromCaptures' is already enabled as of Swift version 6
<unknown>:0: warning: upcoming feature 'GlobalActorIsolatedTypesUsability' is already enabled as of Swift version 6
<unknown>:0: warning: upcoming feature 'DisableOutwardActorInference' is already enabled as of Swift version 6
[122/204] Compiling DequeModule RigidDeque+Experimental.swift
<unknown>:0: warning: upcoming feature 'InferSendableFromCaptures' is already enabled as of Swift version 6
<unknown>:0: warning: upcoming feature 'GlobalActorIsolatedTypesUsability' is already enabled as of Swift version 6
<unknown>:0: warning: upcoming feature 'DisableOutwardActorInference' is already enabled as of Swift version 6
[123/204] Compiling DequeModule RigidDeque+Hashable.swift
<unknown>:0: warning: upcoming feature 'InferSendableFromCaptures' is already enabled as of Swift version 6
<unknown>:0: warning: upcoming feature 'GlobalActorIsolatedTypesUsability' is already enabled as of Swift version 6
<unknown>:0: warning: upcoming feature 'DisableOutwardActorInference' is already enabled as of Swift version 6
[124/204] Compiling DequeModule RigidDeque+Initializers.swift
<unknown>:0: warning: upcoming feature 'InferSendableFromCaptures' is already enabled as of Swift version 6
<unknown>:0: warning: upcoming feature 'GlobalActorIsolatedTypesUsability' is already enabled as of Swift version 6
<unknown>:0: warning: upcoming feature 'DisableOutwardActorInference' is already enabled as of Swift version 6
[125/204] Compiling DequeModule RigidDeque+Insertions.swift
<unknown>:0: warning: upcoming feature 'InferSendableFromCaptures' is already enabled as of Swift version 6
<unknown>:0: warning: upcoming feature 'GlobalActorIsolatedTypesUsability' is already enabled as of Swift version 6
<unknown>:0: warning: upcoming feature 'DisableOutwardActorInference' is already enabled as of Swift version 6
[126/204] Compiling DequeModule RigidDeque+Prepend.swift
<unknown>:0: warning: upcoming feature 'InferSendableFromCaptures' is already enabled as of Swift version 6
<unknown>:0: warning: upcoming feature 'GlobalActorIsolatedTypesUsability' is already enabled as of Swift version 6
<unknown>:0: warning: upcoming feature 'DisableOutwardActorInference' is already enabled as of Swift version 6
[127/204] Compiling DequeModule RigidDeque+Removals.swift
<unknown>:0: warning: upcoming feature 'InferSendableFromCaptures' is already enabled as of Swift version 6
<unknown>:0: warning: upcoming feature 'GlobalActorIsolatedTypesUsability' is already enabled as of Swift version 6
<unknown>:0: warning: upcoming feature 'DisableOutwardActorInference' is already enabled as of Swift version 6
[128/204] Compiling DequeModule RigidDeque+Replacements.swift
<unknown>:0: warning: upcoming feature 'InferSendableFromCaptures' is already enabled as of Swift version 6
<unknown>:0: warning: upcoming feature 'GlobalActorIsolatedTypesUsability' is already enabled as of Swift version 6
<unknown>:0: warning: upcoming feature 'DisableOutwardActorInference' is already enabled as of Swift version 6
[129/204] Compiling DequeModule RigidDeque+Testing.swift
<unknown>:0: warning: upcoming feature 'InferSendableFromCaptures' is already enabled as of Swift version 6
<unknown>:0: warning: upcoming feature 'GlobalActorIsolatedTypesUsability' is already enabled as of Swift version 6
<unknown>:0: warning: upcoming feature 'DisableOutwardActorInference' is already enabled as of Swift version 6
[130/204] Compiling DequeModule RigidDeque.swift
<unknown>:0: warning: upcoming feature 'InferSendableFromCaptures' is already enabled as of Swift version 6
<unknown>:0: warning: upcoming feature 'GlobalActorIsolatedTypesUsability' is already enabled as of Swift version 6
<unknown>:0: warning: upcoming feature 'DisableOutwardActorInference' is already enabled as of Swift version 6
[131/204] Compiling DequeModule UniqueDeque+Append.swift
<unknown>:0: warning: upcoming feature 'InferSendableFromCaptures' is already enabled as of Swift version 6
<unknown>:0: warning: upcoming feature 'GlobalActorIsolatedTypesUsability' is already enabled as of Swift version 6
<unknown>:0: warning: upcoming feature 'DisableOutwardActorInference' is already enabled as of Swift version 6
[132/204] Compiling DequeModule UniqueDeque+Consumption.swift
<unknown>:0: warning: upcoming feature 'InferSendableFromCaptures' is already enabled as of Swift version 6
<unknown>:0: warning: upcoming feature 'GlobalActorIsolatedTypesUsability' is already enabled as of Swift version 6
<unknown>:0: warning: upcoming feature 'DisableOutwardActorInference' is already enabled as of Swift version 6
[133/204] Compiling DequeModule _DequeBuffer.swift
<unknown>:0: warning: upcoming feature 'InferSendableFromCaptures' is already enabled as of Swift version 6
<unknown>:0: warning: upcoming feature 'GlobalActorIsolatedTypesUsability' is already enabled as of Swift version 6
<unknown>:0: warning: upcoming feature 'DisableOutwardActorInference' is already enabled as of Swift version 6
[134/204] Compiling DequeModule _DequeBufferHeader.swift
<unknown>:0: warning: upcoming feature 'InferSendableFromCaptures' is already enabled as of Swift version 6
<unknown>:0: warning: upcoming feature 'GlobalActorIsolatedTypesUsability' is already enabled as of Swift version 6
<unknown>:0: warning: upcoming feature 'DisableOutwardActorInference' is already enabled as of Swift version 6
[135/204] Compiling DequeModule RigidDeque+Append.swift
<unknown>:0: warning: upcoming feature 'InferSendableFromCaptures' is already enabled as of Swift version 6
<unknown>:0: warning: upcoming feature 'GlobalActorIsolatedTypesUsability' is already enabled as of Swift version 6
<unknown>:0: warning: upcoming feature 'DisableOutwardActorInference' is already enabled as of Swift version 6
[136/204] Compiling DequeModule RigidDeque+Consumption.swift
<unknown>:0: warning: upcoming feature 'InferSendableFromCaptures' is already enabled as of Swift version 6
<unknown>:0: warning: upcoming feature 'GlobalActorIsolatedTypesUsability' is already enabled as of Swift version 6
<unknown>:0: warning: upcoming feature 'DisableOutwardActorInference' is already enabled as of Swift version 6
[137/204] Compiling DequeModule RigidDeque+Container.swift
<unknown>:0: warning: upcoming feature 'InferSendableFromCaptures' is already enabled as of Swift version 6
<unknown>:0: warning: upcoming feature 'GlobalActorIsolatedTypesUsability' is already enabled as of Swift version 6
<unknown>:0: warning: upcoming feature 'DisableOutwardActorInference' is already enabled as of Swift version 6
[138/204] Compiling DequeModule RigidDeque+Descriptions.swift
<unknown>:0: warning: upcoming feature 'InferSendableFromCaptures' is already enabled as of Swift version 6
<unknown>:0: warning: upcoming feature 'GlobalActorIsolatedTypesUsability' is already enabled as of Swift version 6
<unknown>:0: warning: upcoming feature 'DisableOutwardActorInference' is already enabled as of Swift version 6
[139/204] Compiling DequeModule Deque+Codable.swift
<unknown>:0: warning: upcoming feature 'InferSendableFromCaptures' is already enabled as of Swift version 6
<unknown>:0: warning: upcoming feature 'GlobalActorIsolatedTypesUsability' is already enabled as of Swift version 6
<unknown>:0: warning: upcoming feature 'DisableOutwardActorInference' is already enabled as of Swift version 6
[140/204] Compiling DequeModule Deque+Collection.swift
<unknown>:0: warning: upcoming feature 'InferSendableFromCaptures' is already enabled as of Swift version 6
<unknown>:0: warning: upcoming feature 'GlobalActorIsolatedTypesUsability' is already enabled as of Swift version 6
<unknown>:0: warning: upcoming feature 'DisableOutwardActorInference' is already enabled as of Swift version 6
[141/204] Compiling DequeModule Deque+CustomReflectable.swift
<unknown>:0: warning: upcoming feature 'InferSendableFromCaptures' is already enabled as of Swift version 6
<unknown>:0: warning: upcoming feature 'GlobalActorIsolatedTypesUsability' is already enabled as of Swift version 6
<unknown>:0: warning: upcoming feature 'DisableOutwardActorInference' is already enabled as of Swift version 6
[142/204] Compiling DequeModule Deque+Descriptions.swift
<unknown>:0: warning: upcoming feature 'InferSendableFromCaptures' is already enabled as of Swift version 6
<unknown>:0: warning: upcoming feature 'GlobalActorIsolatedTypesUsability' is already enabled as of Swift version 6
<unknown>:0: warning: upcoming feature 'DisableOutwardActorInference' is already enabled as of Swift version 6
[143/204] Compiling DequeModule Deque+Equatable.swift
<unknown>:0: warning: upcoming feature 'InferSendableFromCaptures' is already enabled as of Swift version 6
<unknown>:0: warning: upcoming feature 'GlobalActorIsolatedTypesUsability' is already enabled as of Swift version 6
<unknown>:0: warning: upcoming feature 'DisableOutwardActorInference' is already enabled as of Swift version 6
[144/204] Compiling DequeModule Deque+ExpressibleByArrayLiteral.swift
<unknown>:0: warning: upcoming feature 'InferSendableFromCaptures' is already enabled as of Swift version 6
<unknown>:0: warning: upcoming feature 'GlobalActorIsolatedTypesUsability' is already enabled as of Swift version 6
<unknown>:0: warning: upcoming feature 'DisableOutwardActorInference' is already enabled as of Swift version 6
<unknown>:0: warning: upcoming feature 'InferSendableFromCaptures' is already enabled as of Swift version 6
<unknown>:0: warning: upcoming feature 'GlobalActorIsolatedTypesUsability' is already enabled as of Swift version 6
<unknown>:0: warning: upcoming feature 'DisableOutwardActorInference' is already enabled as of Swift version 6
<unknown>:0: warning: upcoming feature 'InferSendableFromCaptures' is already enabled as of Swift version 6
<unknown>:0: warning: upcoming feature 'GlobalActorIsolatedTypesUsability' is already enabled as of Swift version 6
<unknown>:0: warning: upcoming feature 'DisableOutwardActorInference' is already enabled as of Swift version 6
<unknown>:0: warning: upcoming feature 'InferSendableFromCaptures' is already enabled as of Swift version 6
<unknown>:0: warning: upcoming feature 'GlobalActorIsolatedTypesUsability' is already enabled as of Swift version 6
<unknown>:0: warning: upcoming feature 'DisableOutwardActorInference' is already enabled as of Swift version 6
<unknown>:0: warning: upcoming feature 'InferSendableFromCaptures' is already enabled as of Swift version 6
<unknown>:0: warning: upcoming feature 'GlobalActorIsolatedTypesUsability' is already enabled as of Swift version 6
<unknown>:0: warning: upcoming feature 'DisableOutwardActorInference' is already enabled as of Swift version 6
<unknown>:0: warning: upcoming feature 'InferSendableFromCaptures' is already enabled as of Swift version 6
<unknown>:0: warning: upcoming feature 'GlobalActorIsolatedTypesUsability' is already enabled as of Swift version 6
<unknown>:0: warning: upcoming feature 'DisableOutwardActorInference' is already enabled as of Swift version 6
<unknown>:0: warning: upcoming feature 'InferSendableFromCaptures' is already enabled as of Swift version 6
<unknown>:0: warning: upcoming feature 'GlobalActorIsolatedTypesUsability' is already enabled as of Swift version 6
<unknown>:0: warning: upcoming feature 'DisableOutwardActorInference' is already enabled as of Swift version 6
<unknown>:0: warning: upcoming feature 'InferSendableFromCaptures' is already enabled as of Swift version 6
<unknown>:0: warning: upcoming feature 'GlobalActorIsolatedTypesUsability' is already enabled as of Swift version 6
<unknown>:0: warning: upcoming feature 'DisableOutwardActorInference' is already enabled as of Swift version 6
<unknown>:0: warning: upcoming feature 'InferSendableFromCaptures' is already enabled as of Swift version 6
<unknown>:0: warning: upcoming feature 'GlobalActorIsolatedTypesUsability' is already enabled as of Swift version 6
<unknown>:0: warning: upcoming feature 'DisableOutwardActorInference' is already enabled as of Swift version 6
<unknown>:0: warning: upcoming feature 'InferSendableFromCaptures' is already enabled as of Swift version 6
<unknown>:0: warning: upcoming feature 'GlobalActorIsolatedTypesUsability' is already enabled as of Swift version 6
<unknown>:0: warning: upcoming feature 'DisableOutwardActorInference' is already enabled as of Swift version 6
<unknown>:0: warning: upcoming feature 'InferSendableFromCaptures' is already enabled as of Swift version 6
<unknown>:0: warning: upcoming feature 'GlobalActorIsolatedTypesUsability' is already enabled as of Swift version 6
<unknown>:0: warning: upcoming feature 'DisableOutwardActorInference' is already enabled as of Swift version 6
[155/204] Compiling OrderedCollections OrderedDictionary+Values.swift
<unknown>:0: warning: upcoming feature 'InferSendableFromCaptures' is already enabled as of Swift version 6
<unknown>:0: warning: upcoming feature 'GlobalActorIsolatedTypesUsability' is already enabled as of Swift version 6
<unknown>:0: warning: upcoming feature 'DisableOutwardActorInference' is already enabled as of Swift version 6
[156/204] Compiling OrderedCollections OrderedDictionary.swift
<unknown>:0: warning: upcoming feature 'InferSendableFromCaptures' is already enabled as of Swift version 6
<unknown>:0: warning: upcoming feature 'GlobalActorIsolatedTypesUsability' is already enabled as of Swift version 6
<unknown>:0: warning: upcoming feature 'DisableOutwardActorInference' is already enabled as of Swift version 6
[157/204] Compiling OrderedCollections OrderedSet+Codable.swift
<unknown>:0: warning: upcoming feature 'InferSendableFromCaptures' is already enabled as of Swift version 6
<unknown>:0: warning: upcoming feature 'GlobalActorIsolatedTypesUsability' is already enabled as of Swift version 6
<unknown>:0: warning: upcoming feature 'DisableOutwardActorInference' is already enabled as of Swift version 6
[158/204] Compiling OrderedCollections OrderedSet+CustomReflectable.swift
<unknown>:0: warning: upcoming feature 'InferSendableFromCaptures' is already enabled as of Swift version 6
<unknown>:0: warning: upcoming feature 'GlobalActorIsolatedTypesUsability' is already enabled as of Swift version 6
<unknown>:0: warning: upcoming feature 'DisableOutwardActorInference' is already enabled as of Swift version 6
[159/204] Compiling OrderedCollections OrderedSet+Descriptions.swift
<unknown>:0: warning: upcoming feature 'InferSendableFromCaptures' is already enabled as of Swift version 6
<unknown>:0: warning: upcoming feature 'GlobalActorIsolatedTypesUsability' is already enabled as of Swift version 6
<unknown>:0: warning: upcoming feature 'DisableOutwardActorInference' is already enabled as of Swift version 6
[160/204] Compiling OrderedCollections OrderedSet+Diffing.swift
<unknown>:0: warning: upcoming feature 'InferSendableFromCaptures' is already enabled as of Swift version 6
<unknown>:0: warning: upcoming feature 'GlobalActorIsolatedTypesUsability' is already enabled as of Swift version 6
<unknown>:0: warning: upcoming feature 'DisableOutwardActorInference' is already enabled as of Swift version 6
[161/204] Compiling OrderedCollections OrderedSet+Equatable.swift
<unknown>:0: warning: upcoming feature 'InferSendableFromCaptures' is already enabled as of Swift version 6
<unknown>:0: warning: upcoming feature 'GlobalActorIsolatedTypesUsability' is already enabled as of Swift version 6
<unknown>:0: warning: upcoming feature 'DisableOutwardActorInference' is already enabled as of Swift version 6
[162/204] Compiling OrderedCollections OrderedSet+ExpressibleByArrayLiteral.swift
<unknown>:0: warning: upcoming feature 'InferSendableFromCaptures' is already enabled as of Swift version 6
<unknown>:0: warning: upcoming feature 'GlobalActorIsolatedTypesUsability' is already enabled as of Swift version 6
<unknown>:0: warning: upcoming feature 'DisableOutwardActorInference' is already enabled as of Swift version 6
<unknown>:0: warning: upcoming feature 'InferSendableFromCaptures' is already enabled as of Swift version 6
<unknown>:0: warning: upcoming feature 'GlobalActorIsolatedTypesUsability' is already enabled as of Swift version 6
<unknown>:0: warning: upcoming feature 'DisableOutwardActorInference' is already enabled as of Swift version 6
<unknown>:0: warning: upcoming feature 'InferSendableFromCaptures' is already enabled as of Swift version 6
<unknown>:0: warning: upcoming feature 'GlobalActorIsolatedTypesUsability' is already enabled as of Swift version 6
<unknown>:0: warning: upcoming feature 'DisableOutwardActorInference' is already enabled as of Swift version 6
<unknown>:0: warning: upcoming feature 'InferSendableFromCaptures' is already enabled as of Swift version 6
<unknown>:0: warning: upcoming feature 'GlobalActorIsolatedTypesUsability' is already enabled as of Swift version 6
<unknown>:0: warning: upcoming feature 'DisableOutwardActorInference' is already enabled as of Swift version 6
<unknown>:0: warning: upcoming feature 'InferSendableFromCaptures' is already enabled as of Swift version 6
<unknown>:0: warning: upcoming feature 'GlobalActorIsolatedTypesUsability' is already enabled as of Swift version 6
<unknown>:0: warning: upcoming feature 'DisableOutwardActorInference' is already enabled as of Swift version 6
<unknown>:0: warning: upcoming feature 'InferSendableFromCaptures' is already enabled as of Swift version 6
<unknown>:0: warning: upcoming feature 'GlobalActorIsolatedTypesUsability' is already enabled as of Swift version 6
<unknown>:0: warning: upcoming feature 'DisableOutwardActorInference' is already enabled as of Swift version 6
[168/204] Compiling DequeModule Deque+Extras.swift
<unknown>:0: warning: upcoming feature 'InferSendableFromCaptures' is already enabled as of Swift version 6
<unknown>:0: warning: upcoming feature 'GlobalActorIsolatedTypesUsability' is already enabled as of Swift version 6
<unknown>:0: warning: upcoming feature 'DisableOutwardActorInference' is already enabled as of Swift version 6
[169/204] Compiling DequeModule Deque+Hashable.swift
<unknown>:0: warning: upcoming feature 'InferSendableFromCaptures' is already enabled as of Swift version 6
<unknown>:0: warning: upcoming feature 'GlobalActorIsolatedTypesUsability' is already enabled as of Swift version 6
<unknown>:0: warning: upcoming feature 'DisableOutwardActorInference' is already enabled as of Swift version 6
[170/204] Compiling DequeModule Deque+Testing.swift
<unknown>:0: warning: upcoming feature 'InferSendableFromCaptures' is already enabled as of Swift version 6
<unknown>:0: warning: upcoming feature 'GlobalActorIsolatedTypesUsability' is already enabled as of Swift version 6
<unknown>:0: warning: upcoming feature 'DisableOutwardActorInference' is already enabled as of Swift version 6
<unknown>:0: warning: upcoming feature 'InferSendableFromCaptures' is already enabled as of Swift version 6
<unknown>:0: warning: upcoming feature 'GlobalActorIsolatedTypesUsability' is already enabled as of Swift version 6
<unknown>:0: warning: upcoming feature 'DisableOutwardActorInference' is already enabled as of Swift version 6
<unknown>:0: warning: upcoming feature 'InferSendableFromCaptures' is already enabled as of Swift version 6
<unknown>:0: warning: upcoming feature 'GlobalActorIsolatedTypesUsability' is already enabled as of Swift version 6
<unknown>:0: warning: upcoming feature 'DisableOutwardActorInference' is already enabled as of Swift version 6
<unknown>:0: warning: upcoming feature 'InferSendableFromCaptures' is already enabled as of Swift version 6
<unknown>:0: warning: upcoming feature 'GlobalActorIsolatedTypesUsability' is already enabled as of Swift version 6
<unknown>:0: warning: upcoming feature 'DisableOutwardActorInference' is already enabled as of Swift version 6
<unknown>:0: warning: upcoming feature 'InferSendableFromCaptures' is already enabled as of Swift version 6
<unknown>:0: warning: upcoming feature 'GlobalActorIsolatedTypesUsability' is already enabled as of Swift version 6
<unknown>:0: warning: upcoming feature 'DisableOutwardActorInference' is already enabled as of Swift version 6
<unknown>:0: warning: upcoming feature 'InferSendableFromCaptures' is already enabled as of Swift version 6
<unknown>:0: warning: upcoming feature 'GlobalActorIsolatedTypesUsability' is already enabled as of Swift version 6
<unknown>:0: warning: upcoming feature 'DisableOutwardActorInference' is already enabled as of Swift version 6
<unknown>:0: warning: upcoming feature 'InferSendableFromCaptures' is already enabled as of Swift version 6
<unknown>:0: warning: upcoming feature 'GlobalActorIsolatedTypesUsability' is already enabled as of Swift version 6
<unknown>:0: warning: upcoming feature 'DisableOutwardActorInference' is already enabled as of Swift version 6
<unknown>:0: warning: upcoming feature 'InferSendableFromCaptures' is already enabled as of Swift version 6
<unknown>:0: warning: upcoming feature 'GlobalActorIsolatedTypesUsability' is already enabled as of Swift version 6
<unknown>:0: warning: upcoming feature 'DisableOutwardActorInference' is already enabled as of Swift version 6
<unknown>:0: warning: upcoming feature 'InferSendableFromCaptures' is already enabled as of Swift version 6
<unknown>:0: warning: upcoming feature 'GlobalActorIsolatedTypesUsability' is already enabled as of Swift version 6
<unknown>:0: warning: upcoming feature 'DisableOutwardActorInference' is already enabled as of Swift version 6
<unknown>:0: warning: upcoming feature 'InferSendableFromCaptures' is already enabled as of Swift version 6
<unknown>:0: warning: upcoming feature 'GlobalActorIsolatedTypesUsability' is already enabled as of Swift version 6
<unknown>:0: warning: upcoming feature 'DisableOutwardActorInference' is already enabled as of Swift version 6
<unknown>:0: warning: upcoming feature 'InferSendableFromCaptures' is already enabled as of Swift version 6
<unknown>:0: warning: upcoming feature 'GlobalActorIsolatedTypesUsability' is already enabled as of Swift version 6
<unknown>:0: warning: upcoming feature 'DisableOutwardActorInference' is already enabled as of Swift version 6
<unknown>:0: warning: upcoming feature 'InferSendableFromCaptures' is already enabled as of Swift version 6
<unknown>:0: warning: upcoming feature 'GlobalActorIsolatedTypesUsability' is already enabled as of Swift version 6
<unknown>:0: warning: upcoming feature 'DisableOutwardActorInference' is already enabled as of Swift version 6
<unknown>:0: warning: upcoming feature 'InferSendableFromCaptures' is already enabled as of Swift version 6
<unknown>:0: warning: upcoming feature 'GlobalActorIsolatedTypesUsability' is already enabled as of Swift version 6
<unknown>:0: warning: upcoming feature 'DisableOutwardActorInference' is already enabled as of Swift version 6
<unknown>:0: warning: upcoming feature 'InferSendableFromCaptures' is already enabled as of Swift version 6
<unknown>:0: warning: upcoming feature 'GlobalActorIsolatedTypesUsability' is already enabled as of Swift version 6
<unknown>:0: warning: upcoming feature 'DisableOutwardActorInference' is already enabled as of Swift version 6
<unknown>:0: warning: upcoming feature 'InferSendableFromCaptures' is already enabled as of Swift version 6
<unknown>:0: warning: upcoming feature 'GlobalActorIsolatedTypesUsability' is already enabled as of Swift version 6
<unknown>:0: warning: upcoming feature 'DisableOutwardActorInference' is already enabled as of Swift version 6
<unknown>:0: warning: upcoming feature 'InferSendableFromCaptures' is already enabled as of Swift version 6
<unknown>:0: warning: upcoming feature 'GlobalActorIsolatedTypesUsability' is already enabled as of Swift version 6
<unknown>:0: warning: upcoming feature 'DisableOutwardActorInference' is already enabled as of Swift version 6
<unknown>:0: warning: upcoming feature 'InferSendableFromCaptures' is already enabled as of Swift version 6
<unknown>:0: warning: upcoming feature 'GlobalActorIsolatedTypesUsability' is already enabled as of Swift version 6
<unknown>:0: warning: upcoming feature 'DisableOutwardActorInference' is already enabled as of Swift version 6
<unknown>:0: warning: upcoming feature 'InferSendableFromCaptures' is already enabled as of Swift version 6
<unknown>:0: warning: upcoming feature 'GlobalActorIsolatedTypesUsability' is already enabled as of Swift version 6
<unknown>:0: warning: upcoming feature 'DisableOutwardActorInference' is already enabled as of Swift version 6
[188/204] Compiling DequeModule Deque._Storage.swift
<unknown>:0: warning: upcoming feature 'InferSendableFromCaptures' is already enabled as of Swift version 6
<unknown>:0: warning: upcoming feature 'GlobalActorIsolatedTypesUsability' is already enabled as of Swift version 6
<unknown>:0: warning: upcoming feature 'DisableOutwardActorInference' is already enabled as of Swift version 6
[189/204] Compiling DequeModule Deque._UnsafeHandle.swift
<unknown>:0: warning: upcoming feature 'InferSendableFromCaptures' is already enabled as of Swift version 6
<unknown>:0: warning: upcoming feature 'GlobalActorIsolatedTypesUsability' is already enabled as of Swift version 6
<unknown>:0: warning: upcoming feature 'DisableOutwardActorInference' is already enabled as of Swift version 6
[190/204] Compiling DequeModule Deque.swift
<unknown>:0: warning: upcoming feature 'InferSendableFromCaptures' is already enabled as of Swift version 6
<unknown>:0: warning: upcoming feature 'GlobalActorIsolatedTypesUsability' is already enabled as of Swift version 6
<unknown>:0: warning: upcoming feature 'DisableOutwardActorInference' is already enabled as of Swift version 6
[191/204] Compiling OrderedCollections OrderedSet+Sendable.swift
<unknown>:0: warning: upcoming feature 'InferSendableFromCaptures' is already enabled as of Swift version 6
<unknown>:0: warning: upcoming feature 'GlobalActorIsolatedTypesUsability' is already enabled as of Swift version 6
<unknown>:0: warning: upcoming feature 'DisableOutwardActorInference' is already enabled as of Swift version 6
[192/204] Compiling OrderedCollections OrderedSet+SubSequence.swift
<unknown>:0: warning: upcoming feature 'InferSendableFromCaptures' is already enabled as of Swift version 6
<unknown>:0: warning: upcoming feature 'GlobalActorIsolatedTypesUsability' is already enabled as of Swift version 6
<unknown>:0: warning: upcoming feature 'DisableOutwardActorInference' is already enabled as of Swift version 6
[193/204] Compiling OrderedCollections OrderedSet+Testing.swift
<unknown>:0: warning: upcoming feature 'InferSendableFromCaptures' is already enabled as of Swift version 6
<unknown>:0: warning: upcoming feature 'GlobalActorIsolatedTypesUsability' is already enabled as of Swift version 6
<unknown>:0: warning: upcoming feature 'DisableOutwardActorInference' is already enabled as of Swift version 6
[194/204] Compiling OrderedCollections OrderedSet+UnorderedView.swift
<unknown>:0: warning: upcoming feature 'InferSendableFromCaptures' is already enabled as of Swift version 6
<unknown>:0: warning: upcoming feature 'GlobalActorIsolatedTypesUsability' is already enabled as of Swift version 6
<unknown>:0: warning: upcoming feature 'DisableOutwardActorInference' is already enabled as of Swift version 6
[195/204] Compiling OrderedCollections OrderedSet+UnstableInternals.swift
<unknown>:0: warning: upcoming feature 'InferSendableFromCaptures' is already enabled as of Swift version 6
<unknown>:0: warning: upcoming feature 'GlobalActorIsolatedTypesUsability' is already enabled as of Swift version 6
<unknown>:0: warning: upcoming feature 'DisableOutwardActorInference' is already enabled as of Swift version 6
[196/204] Compiling OrderedCollections OrderedSet.swift
<unknown>:0: warning: upcoming feature 'InferSendableFromCaptures' is already enabled as of Swift version 6
<unknown>:0: warning: upcoming feature 'GlobalActorIsolatedTypesUsability' is already enabled as of Swift version 6
<unknown>:0: warning: upcoming feature 'DisableOutwardActorInference' is already enabled as of Swift version 6
[197/204] Compiling OrderedCollections _UnsafeBitset.swift
<unknown>:0: warning: upcoming feature 'InferSendableFromCaptures' is already enabled as of Swift version 6
<unknown>:0: warning: upcoming feature 'GlobalActorIsolatedTypesUsability' is already enabled as of Swift version 6
<unknown>:0: warning: upcoming feature 'DisableOutwardActorInference' is already enabled as of Swift version 6
[198/204] Emitting module DequeModule
<unknown>:0: warning: upcoming feature 'InferSendableFromCaptures' is already enabled as of Swift version 6
<unknown>:0: warning: upcoming feature 'GlobalActorIsolatedTypesUsability' is already enabled as of Swift version 6
<unknown>:0: warning: upcoming feature 'DisableOutwardActorInference' is already enabled as of Swift version 6
[199/204] Emitting module OrderedCollections
<unknown>:0: warning: upcoming feature 'InferSendableFromCaptures' is already enabled as of Swift version 6
<unknown>:0: warning: upcoming feature 'GlobalActorIsolatedTypesUsability' is already enabled as of Swift version 6
<unknown>:0: warning: upcoming feature 'DisableOutwardActorInference' is already enabled as of Swift version 6
[201/205] Compiling DequeModule UniqueDeque+Replacements.swift
<unknown>:0: warning: upcoming feature 'InferSendableFromCaptures' is already enabled as of Swift version 6
<unknown>:0: warning: upcoming feature 'GlobalActorIsolatedTypesUsability' is already enabled as of Swift version 6
<unknown>:0: warning: upcoming feature 'DisableOutwardActorInference' is already enabled as of Swift version 6
[202/205] Compiling DequeModule UniqueDeque.swift
<unknown>:0: warning: upcoming feature 'InferSendableFromCaptures' is already enabled as of Swift version 6
<unknown>:0: warning: upcoming feature 'GlobalActorIsolatedTypesUsability' is already enabled as of Swift version 6
<unknown>:0: warning: upcoming feature 'DisableOutwardActorInference' is already enabled as of Swift version 6
[203/205] Compiling DequeModule _DequeSlot.swift
<unknown>:0: warning: upcoming feature 'InferSendableFromCaptures' is already enabled as of Swift version 6
<unknown>:0: warning: upcoming feature 'GlobalActorIsolatedTypesUsability' is already enabled as of Swift version 6
<unknown>:0: warning: upcoming feature 'DisableOutwardActorInference' is already enabled as of Swift version 6
[204/205] Compiling DequeModule _UnsafeDequeHandle.swift
<unknown>:0: warning: upcoming feature 'InferSendableFromCaptures' is already enabled as of Swift version 6
<unknown>:0: warning: upcoming feature 'GlobalActorIsolatedTypesUsability' is already enabled as of Swift version 6
<unknown>:0: warning: upcoming feature 'DisableOutwardActorInference' is already enabled as of Swift version 6
[205/205] Compiling DequeModule _UnsafeDequeSegments.swift
<unknown>:0: warning: upcoming feature 'InferSendableFromCaptures' is already enabled as of Swift version 6
<unknown>:0: warning: upcoming feature 'GlobalActorIsolatedTypesUsability' is already enabled as of Swift version 6
<unknown>:0: warning: upcoming feature 'DisableOutwardActorInference' is already enabled as of Swift version 6
[207/259] Compiling AsyncAlgorithms AsyncAdjacentPairsSequence.swift
[208/259] Compiling AsyncAlgorithms AsyncBufferedByteIterator.swift
[209/259] Compiling AsyncAlgorithms AsyncChain2Sequence.swift
[210/259] Compiling AsyncAlgorithms AsyncChain3Sequence.swift
[211/259] Compiling AsyncAlgorithms AsyncChunkedByGroupSequence.swift
[212/259] Compiling AsyncAlgorithms AsyncChunkedOnProjectionSequence.swift
[213/259] Compiling AsyncAlgorithms AsyncChunksOfCountOrSignalSequence.swift
[214/259] Compiling AsyncAlgorithms AsyncChunksOfCountSequence.swift
[215/266] Compiling AsyncAlgorithms AsyncCompactedSequence.swift
[216/266] Compiling AsyncAlgorithms AsyncExclusiveReductionsSequence.swift
[217/266] Compiling AsyncAlgorithms AsyncInclusiveReductionsSequence.swift
[218/266] Compiling AsyncAlgorithms AsyncJoinedBySeparatorSequence.swift
[219/266] Compiling AsyncAlgorithms AsyncJoinedSequence.swift
[220/266] Compiling AsyncAlgorithms AsyncMapErrorSequence.swift
[221/266] Compiling AsyncAlgorithms AsyncRemoveDuplicatesSequence.swift
[222/266] Compiling AsyncAlgorithms AsyncShareSequence.swift
[223/266] Compiling AsyncAlgorithms AsyncSyncSequence.swift
/host/spi-builder-workspace/.build/checkouts/swift-async-algorithms/Sources/AsyncAlgorithms/Locking.swift:168:49: error: 'Primitive' is not a member type of struct 'AsyncAlgorithms.Lock'
31 | #endif
32 |
33 | internal struct Lock {
| `- note: 'Lock' declared here
34 | #if canImport(Darwin)
35 | typealias Primitive = os_unfair_lock
:
166 | }
167 |
168 | private let buffer: ManagedBuffer<State, Lock.Primitive>
| `- error: 'Primitive' is not a member type of struct 'AsyncAlgorithms.Lock'
169 |
170 | init(_ initial: State) {
[224/266] Compiling AsyncAlgorithms AsyncThrottleSequence.swift
/host/spi-builder-workspace/.build/checkouts/swift-async-algorithms/Sources/AsyncAlgorithms/Locking.swift:168:49: error: 'Primitive' is not a member type of struct 'AsyncAlgorithms.Lock'
31 | #endif
32 |
33 | internal struct Lock {
| `- note: 'Lock' declared here
34 | #if canImport(Darwin)
35 | typealias Primitive = os_unfair_lock
:
166 | }
167 |
168 | private let buffer: ManagedBuffer<State, Lock.Primitive>
| `- error: 'Primitive' is not a member type of struct 'AsyncAlgorithms.Lock'
169 |
170 | init(_ initial: State) {
[225/266] Compiling AsyncAlgorithms AsyncThrowingExclusiveReductionsSequence.swift
/host/spi-builder-workspace/.build/checkouts/swift-async-algorithms/Sources/AsyncAlgorithms/Locking.swift:168:49: error: 'Primitive' is not a member type of struct 'AsyncAlgorithms.Lock'
31 | #endif
32 |
33 | internal struct Lock {
| `- note: 'Lock' declared here
34 | #if canImport(Darwin)
35 | typealias Primitive = os_unfair_lock
:
166 | }
167 |
168 | private let buffer: ManagedBuffer<State, Lock.Primitive>
| `- error: 'Primitive' is not a member type of struct 'AsyncAlgorithms.Lock'
169 |
170 | init(_ initial: State) {
[226/266] Compiling AsyncAlgorithms AsyncThrowingInclusiveReductionsSequence.swift
/host/spi-builder-workspace/.build/checkouts/swift-async-algorithms/Sources/AsyncAlgorithms/Locking.swift:168:49: error: 'Primitive' is not a member type of struct 'AsyncAlgorithms.Lock'
31 | #endif
32 |
33 | internal struct Lock {
| `- note: 'Lock' declared here
34 | #if canImport(Darwin)
35 | typealias Primitive = os_unfair_lock
:
166 | }
167 |
168 | private let buffer: ManagedBuffer<State, Lock.Primitive>
| `- error: 'Primitive' is not a member type of struct 'AsyncAlgorithms.Lock'
169 |
170 | init(_ initial: State) {
[227/266] Compiling AsyncAlgorithms AsyncTimerSequence.swift
/host/spi-builder-workspace/.build/checkouts/swift-async-algorithms/Sources/AsyncAlgorithms/Locking.swift:168:49: error: 'Primitive' is not a member type of struct 'AsyncAlgorithms.Lock'
31 | #endif
32 |
33 | internal struct Lock {
| `- note: 'Lock' declared here
34 | #if canImport(Darwin)
35 | typealias Primitive = os_unfair_lock
:
166 | }
167 |
168 | private let buffer: ManagedBuffer<State, Lock.Primitive>
| `- error: 'Primitive' is not a member type of struct 'AsyncAlgorithms.Lock'
169 |
170 | init(_ initial: State) {
[228/266] Compiling AsyncAlgorithms AsyncBufferSequence.swift
/host/spi-builder-workspace/.build/checkouts/swift-async-algorithms/Sources/AsyncAlgorithms/Locking.swift:168:49: error: 'Primitive' is not a member type of struct 'AsyncAlgorithms.Lock'
31 | #endif
32 |
33 | internal struct Lock {
| `- note: 'Lock' declared here
34 | #if canImport(Darwin)
35 | typealias Primitive = os_unfair_lock
:
166 | }
167 |
168 | private let buffer: ManagedBuffer<State, Lock.Primitive>
| `- error: 'Primitive' is not a member type of struct 'AsyncAlgorithms.Lock'
169 |
170 | init(_ initial: State) {
[229/266] Compiling AsyncAlgorithms BoundedBufferStateMachine.swift
/host/spi-builder-workspace/.build/checkouts/swift-async-algorithms/Sources/AsyncAlgorithms/Locking.swift:168:49: error: 'Primitive' is not a member type of struct 'AsyncAlgorithms.Lock'
31 | #endif
32 |
33 | internal struct Lock {
| `- note: 'Lock' declared here
34 | #if canImport(Darwin)
35 | typealias Primitive = os_unfair_lock
:
166 | }
167 |
168 | private let buffer: ManagedBuffer<State, Lock.Primitive>
| `- error: 'Primitive' is not a member type of struct 'AsyncAlgorithms.Lock'
169 |
170 | init(_ initial: State) {
[230/266] Compiling AsyncAlgorithms BoundedBufferStorage.swift
/host/spi-builder-workspace/.build/checkouts/swift-async-algorithms/Sources/AsyncAlgorithms/Locking.swift:168:49: error: 'Primitive' is not a member type of struct 'AsyncAlgorithms.Lock'
31 | #endif
32 |
33 | internal struct Lock {
| `- note: 'Lock' declared here
34 | #if canImport(Darwin)
35 | typealias Primitive = os_unfair_lock
:
166 | }
167 |
168 | private let buffer: ManagedBuffer<State, Lock.Primitive>
| `- error: 'Primitive' is not a member type of struct 'AsyncAlgorithms.Lock'
169 |
170 | init(_ initial: State) {
error: emit-module command failed with exit code 1 (use -v to see invocation)
[231/266] Emitting module AsyncAlgorithms
/host/spi-builder-workspace/.build/checkouts/swift-async-algorithms/Sources/AsyncAlgorithms/Locking.swift:168:49: error: 'Primitive' is not a member type of struct 'AsyncAlgorithms.Lock'
31 | #endif
32 |
33 | internal struct Lock {
| `- note: 'Lock' declared here
34 | #if canImport(Darwin)
35 | typealias Primitive = os_unfair_lock
:
166 | }
167 |
168 | private let buffer: ManagedBuffer<State, Lock.Primitive>
| `- error: 'Primitive' is not a member type of struct 'AsyncAlgorithms.Lock'
169 |
170 | init(_ initial: State) {
/host/spi-builder-workspace/.build/checkouts/swift-async-algorithms/Sources/AsyncAlgorithms/Locking.swift:50:49: error: cannot find type 'Primitive' in scope
48 | #endif
49 |
50 | typealias PlatformLock = UnsafeMutablePointer<Primitive>
| `- error: cannot find type 'Primitive' in scope
51 | let platformLock: PlatformLock
52 |
/host/spi-builder-workspace/.build/checkouts/swift-async-algorithms/Sources/AsyncAlgorithms/Locking.swift:162:63: error: 'Primitive' is not a member type of struct 'AsyncAlgorithms.Lock'
31 | #endif
32 |
33 | internal struct Lock {
| `- note: 'Lock' declared here
34 | #if canImport(Darwin)
35 | typealias Primitive = os_unfair_lock
:
160 |
161 | struct ManagedCriticalState<State> {
162 | private final class LockedBuffer: ManagedBuffer<State, Lock.Primitive> {
| `- error: 'Primitive' is not a member type of struct 'AsyncAlgorithms.Lock'
163 | deinit {
164 | withUnsafeMutablePointerToElements { Lock.deinitialize($0) }
[232/266] Compiling AsyncAlgorithms Rethrow.swift
/host/spi-builder-workspace/.build/checkouts/swift-async-algorithms/Sources/AsyncAlgorithms/Locking.swift:168:49: error: 'Primitive' is not a member type of struct 'AsyncAlgorithms.Lock'
31 | #endif
32 |
33 | internal struct Lock {
| `- note: 'Lock' declared here
34 | #if canImport(Darwin)
35 | typealias Primitive = os_unfair_lock
:
166 | }
167 |
168 | private let buffer: ManagedBuffer<State, Lock.Primitive>
| `- error: 'Primitive' is not a member type of struct 'AsyncAlgorithms.Lock'
169 |
170 | init(_ initial: State) {
[233/266] Compiling AsyncAlgorithms SetAlgebra.swift
/host/spi-builder-workspace/.build/checkouts/swift-async-algorithms/Sources/AsyncAlgorithms/Locking.swift:168:49: error: 'Primitive' is not a member type of struct 'AsyncAlgorithms.Lock'
31 | #endif
32 |
33 | internal struct Lock {
| `- note: 'Lock' declared here
34 | #if canImport(Darwin)
35 | typealias Primitive = os_unfair_lock
:
166 | }
167 |
168 | private let buffer: ManagedBuffer<State, Lock.Primitive>
| `- error: 'Primitive' is not a member type of struct 'AsyncAlgorithms.Lock'
169 |
170 | init(_ initial: State) {
[234/266] Compiling AsyncAlgorithms UnsafeTransfer.swift
/host/spi-builder-workspace/.build/checkouts/swift-async-algorithms/Sources/AsyncAlgorithms/Locking.swift:168:49: error: 'Primitive' is not a member type of struct 'AsyncAlgorithms.Lock'
31 | #endif
32 |
33 | internal struct Lock {
| `- note: 'Lock' declared here
34 | #if canImport(Darwin)
35 | typealias Primitive = os_unfair_lock
:
166 | }
167 |
168 | private let buffer: ManagedBuffer<State, Lock.Primitive>
| `- error: 'Primitive' is not a member type of struct 'AsyncAlgorithms.Lock'
169 |
170 | init(_ initial: State) {
[235/266] Compiling AsyncAlgorithms AsyncZip2Sequence.swift
/host/spi-builder-workspace/.build/checkouts/swift-async-algorithms/Sources/AsyncAlgorithms/Locking.swift:168:49: error: 'Primitive' is not a member type of struct 'AsyncAlgorithms.Lock'
31 | #endif
32 |
33 | internal struct Lock {
| `- note: 'Lock' declared here
34 | #if canImport(Darwin)
35 | typealias Primitive = os_unfair_lock
:
166 | }
167 |
168 | private let buffer: ManagedBuffer<State, Lock.Primitive>
| `- error: 'Primitive' is not a member type of struct 'AsyncAlgorithms.Lock'
169 |
170 | init(_ initial: State) {
[236/266] Compiling AsyncAlgorithms AsyncZip3Sequence.swift
/host/spi-builder-workspace/.build/checkouts/swift-async-algorithms/Sources/AsyncAlgorithms/Locking.swift:168:49: error: 'Primitive' is not a member type of struct 'AsyncAlgorithms.Lock'
31 | #endif
32 |
33 | internal struct Lock {
| `- note: 'Lock' declared here
34 | #if canImport(Darwin)
35 | typealias Primitive = os_unfair_lock
:
166 | }
167 |
168 | private let buffer: ManagedBuffer<State, Lock.Primitive>
| `- error: 'Primitive' is not a member type of struct 'AsyncAlgorithms.Lock'
169 |
170 | init(_ initial: State) {
[237/266] Compiling AsyncAlgorithms ZipStateMachine.swift
/host/spi-builder-workspace/.build/checkouts/swift-async-algorithms/Sources/AsyncAlgorithms/Locking.swift:168:49: error: 'Primitive' is not a member type of struct 'AsyncAlgorithms.Lock'
31 | #endif
32 |
33 | internal struct Lock {
| `- note: 'Lock' declared here
34 | #if canImport(Darwin)
35 | typealias Primitive = os_unfair_lock
:
166 | }
167 |
168 | private let buffer: ManagedBuffer<State, Lock.Primitive>
| `- error: 'Primitive' is not a member type of struct 'AsyncAlgorithms.Lock'
169 |
170 | init(_ initial: State) {
[238/266] Compiling AsyncAlgorithms ZipStorage.swift
/host/spi-builder-workspace/.build/checkouts/swift-async-algorithms/Sources/AsyncAlgorithms/Locking.swift:168:49: error: 'Primitive' is not a member type of struct 'AsyncAlgorithms.Lock'
31 | #endif
32 |
33 | internal struct Lock {
| `- note: 'Lock' declared here
34 | #if canImport(Darwin)
35 | typealias Primitive = os_unfair_lock
:
166 | }
167 |
168 | private let buffer: ManagedBuffer<State, Lock.Primitive>
| `- error: 'Primitive' is not a member type of struct 'AsyncAlgorithms.Lock'
169 |
170 | init(_ initial: State) {
[239/266] Compiling AsyncAlgorithms AsyncMerge2Sequence.swift
/host/spi-builder-workspace/.build/checkouts/swift-async-algorithms/Sources/AsyncAlgorithms/Locking.swift:50:49: error: cannot find type 'Primitive' in scope
48 | #endif
49 |
50 | typealias PlatformLock = UnsafeMutablePointer<Primitive>
| `- error: cannot find type 'Primitive' in scope
51 | let platformLock: PlatformLock
52 |
[240/266] Compiling AsyncAlgorithms AsyncMerge3Sequence.swift
/host/spi-builder-workspace/.build/checkouts/swift-async-algorithms/Sources/AsyncAlgorithms/Locking.swift:50:49: error: cannot find type 'Primitive' in scope
48 | #endif
49 |
50 | typealias PlatformLock = UnsafeMutablePointer<Primitive>
| `- error: cannot find type 'Primitive' in scope
51 | let platformLock: PlatformLock
52 |
[241/266] Compiling AsyncAlgorithms MergeStateMachine.swift
/host/spi-builder-workspace/.build/checkouts/swift-async-algorithms/Sources/AsyncAlgorithms/Locking.swift:50:49: error: cannot find type 'Primitive' in scope
48 | #endif
49 |
50 | typealias PlatformLock = UnsafeMutablePointer<Primitive>
| `- error: cannot find type 'Primitive' in scope
51 | let platformLock: PlatformLock
52 |
[242/266] Compiling AsyncAlgorithms MergeStorage.swift
/host/spi-builder-workspace/.build/checkouts/swift-async-algorithms/Sources/AsyncAlgorithms/Locking.swift:50:49: error: cannot find type 'Primitive' in scope
48 | #endif
49 |
50 | typealias PlatformLock = UnsafeMutablePointer<Primitive>
| `- error: cannot find type 'Primitive' in scope
51 | let platformLock: PlatformLock
52 |
[243/266] Compiling AsyncAlgorithms MultiProducerSingleConsumerAsyncChannel+Internal.swift
/host/spi-builder-workspace/.build/checkouts/swift-async-algorithms/Sources/AsyncAlgorithms/Locking.swift:50:49: error: cannot find type 'Primitive' in scope
48 | #endif
49 |
50 | typealias PlatformLock = UnsafeMutablePointer<Primitive>
| `- error: cannot find type 'Primitive' in scope
51 | let platformLock: PlatformLock
52 |
[244/266] Compiling AsyncAlgorithms MultiProducerSingleConsumerAsyncChannel.swift
/host/spi-builder-workspace/.build/checkouts/swift-async-algorithms/Sources/AsyncAlgorithms/Locking.swift:50:49: error: cannot find type 'Primitive' in scope
48 | #endif
49 |
50 | typealias PlatformLock = UnsafeMutablePointer<Primitive>
| `- error: cannot find type 'Primitive' in scope
51 | let platformLock: PlatformLock
52 |
[245/266] Compiling AsyncAlgorithms RangeReplaceableCollection.swift
/host/spi-builder-workspace/.build/checkouts/swift-async-algorithms/Sources/AsyncAlgorithms/Locking.swift:50:49: error: cannot find type 'Primitive' in scope
48 | #endif
49 |
50 | typealias PlatformLock = UnsafeMutablePointer<Primitive>
| `- error: cannot find type 'Primitive' in scope
51 | let platformLock: PlatformLock
52 |
[246/266] Compiling AsyncAlgorithms UnboundedBufferStateMachine.swift
/host/spi-builder-workspace/.build/checkouts/swift-async-algorithms/Sources/AsyncAlgorithms/Locking.swift:168:49: error: 'Primitive' is not a member type of struct 'AsyncAlgorithms.Lock'
31 | #endif
32 |
33 | internal struct Lock {
| `- note: 'Lock' declared here
34 | #if canImport(Darwin)
35 | typealias Primitive = os_unfair_lock
:
166 | }
167 |
168 | private let buffer: ManagedBuffer<State, Lock.Primitive>
| `- error: 'Primitive' is not a member type of struct 'AsyncAlgorithms.Lock'
169 |
170 | init(_ initial: State) {
[247/266] Compiling AsyncAlgorithms UnboundedBufferStorage.swift
/host/spi-builder-workspace/.build/checkouts/swift-async-algorithms/Sources/AsyncAlgorithms/Locking.swift:168:49: error: 'Primitive' is not a member type of struct 'AsyncAlgorithms.Lock'
31 | #endif
32 |
33 | internal struct Lock {
| `- note: 'Lock' declared here
34 | #if canImport(Darwin)
35 | typealias Primitive = os_unfair_lock
:
166 | }
167 |
168 | private let buffer: ManagedBuffer<State, Lock.Primitive>
| `- error: 'Primitive' is not a member type of struct 'AsyncAlgorithms.Lock'
169 |
170 | init(_ initial: State) {
[248/266] Compiling AsyncAlgorithms AsyncChannel.swift
/host/spi-builder-workspace/.build/checkouts/swift-async-algorithms/Sources/AsyncAlgorithms/Locking.swift:168:49: error: 'Primitive' is not a member type of struct 'AsyncAlgorithms.Lock'
31 | #endif
32 |
33 | internal struct Lock {
| `- note: 'Lock' declared here
34 | #if canImport(Darwin)
35 | typealias Primitive = os_unfair_lock
:
166 | }
167 |
168 | private let buffer: ManagedBuffer<State, Lock.Primitive>
| `- error: 'Primitive' is not a member type of struct 'AsyncAlgorithms.Lock'
169 |
170 | init(_ initial: State) {
[249/266] Compiling AsyncAlgorithms AsyncThrowingChannel.swift
/host/spi-builder-workspace/.build/checkouts/swift-async-algorithms/Sources/AsyncAlgorithms/Locking.swift:168:49: error: 'Primitive' is not a member type of struct 'AsyncAlgorithms.Lock'
31 | #endif
32 |
33 | internal struct Lock {
| `- note: 'Lock' declared here
34 | #if canImport(Darwin)
35 | typealias Primitive = os_unfair_lock
:
166 | }
167 |
168 | private let buffer: ManagedBuffer<State, Lock.Primitive>
| `- error: 'Primitive' is not a member type of struct 'AsyncAlgorithms.Lock'
169 |
170 | init(_ initial: State) {
[250/266] Compiling AsyncAlgorithms ChannelStateMachine.swift
/host/spi-builder-workspace/.build/checkouts/swift-async-algorithms/Sources/AsyncAlgorithms/Locking.swift:168:49: error: 'Primitive' is not a member type of struct 'AsyncAlgorithms.Lock'
31 | #endif
32 |
33 | internal struct Lock {
| `- note: 'Lock' declared here
34 | #if canImport(Darwin)
35 | typealias Primitive = os_unfair_lock
:
166 | }
167 |
168 | private let buffer: ManagedBuffer<State, Lock.Primitive>
| `- error: 'Primitive' is not a member type of struct 'AsyncAlgorithms.Lock'
169 |
170 | init(_ initial: State) {
[251/266] Compiling AsyncAlgorithms ChannelStorage.swift
/host/spi-builder-workspace/.build/checkouts/swift-async-algorithms/Sources/AsyncAlgorithms/Locking.swift:168:49: error: 'Primitive' is not a member type of struct 'AsyncAlgorithms.Lock'
31 | #endif
32 |
33 | internal struct Lock {
| `- note: 'Lock' declared here
34 | #if canImport(Darwin)
35 | typealias Primitive = os_unfair_lock
:
166 | }
167 |
168 | private let buffer: ManagedBuffer<State, Lock.Primitive>
| `- error: 'Primitive' is not a member type of struct 'AsyncAlgorithms.Lock'
169 |
170 | init(_ initial: State) {
[252/266] Compiling AsyncAlgorithms AsyncCombineLatest2Sequence.swift
/host/spi-builder-workspace/.build/checkouts/swift-async-algorithms/Sources/AsyncAlgorithms/Locking.swift:168:49: error: 'Primitive' is not a member type of struct 'AsyncAlgorithms.Lock'
31 | #endif
32 |
33 | internal struct Lock {
| `- note: 'Lock' declared here
34 | #if canImport(Darwin)
35 | typealias Primitive = os_unfair_lock
:
166 | }
167 |
168 | private let buffer: ManagedBuffer<State, Lock.Primitive>
| `- error: 'Primitive' is not a member type of struct 'AsyncAlgorithms.Lock'
169 |
170 | init(_ initial: State) {
[253/266] Compiling AsyncAlgorithms AsyncCombineLatest3Sequence.swift
/host/spi-builder-workspace/.build/checkouts/swift-async-algorithms/Sources/AsyncAlgorithms/Locking.swift:168:49: error: 'Primitive' is not a member type of struct 'AsyncAlgorithms.Lock'
31 | #endif
32 |
33 | internal struct Lock {
| `- note: 'Lock' declared here
34 | #if canImport(Darwin)
35 | typealias Primitive = os_unfair_lock
:
166 | }
167 |
168 | private let buffer: ManagedBuffer<State, Lock.Primitive>
| `- error: 'Primitive' is not a member type of struct 'AsyncAlgorithms.Lock'
169 |
170 | init(_ initial: State) {
[254/266] Compiling AsyncAlgorithms CombineLatestStateMachine.swift
/host/spi-builder-workspace/.build/checkouts/swift-async-algorithms/Sources/AsyncAlgorithms/Locking.swift:168:49: error: 'Primitive' is not a member type of struct 'AsyncAlgorithms.Lock'
31 | #endif
32 |
33 | internal struct Lock {
| `- note: 'Lock' declared here
34 | #if canImport(Darwin)
35 | typealias Primitive = os_unfair_lock
:
166 | }
167 |
168 | private let buffer: ManagedBuffer<State, Lock.Primitive>
| `- error: 'Primitive' is not a member type of struct 'AsyncAlgorithms.Lock'
169 |
170 | init(_ initial: State) {
[255/266] Compiling AsyncAlgorithms CombineLatestStorage.swift
/host/spi-builder-workspace/.build/checkouts/swift-async-algorithms/Sources/AsyncAlgorithms/Locking.swift:168:49: error: 'Primitive' is not a member type of struct 'AsyncAlgorithms.Lock'
31 | #endif
32 |
33 | internal struct Lock {
| `- note: 'Lock' declared here
34 | #if canImport(Darwin)
35 | typealias Primitive = os_unfair_lock
:
166 | }
167 |
168 | private let buffer: ManagedBuffer<State, Lock.Primitive>
| `- error: 'Primitive' is not a member type of struct 'AsyncAlgorithms.Lock'
169 |
170 | init(_ initial: State) {
[256/266] Compiling AsyncAlgorithms AsyncDebounceSequence.swift
/host/spi-builder-workspace/.build/checkouts/swift-async-algorithms/Sources/AsyncAlgorithms/Locking.swift:168:49: error: 'Primitive' is not a member type of struct 'AsyncAlgorithms.Lock'
31 | #endif
32 |
33 | internal struct Lock {
| `- note: 'Lock' declared here
34 | #if canImport(Darwin)
35 | typealias Primitive = os_unfair_lock
:
166 | }
167 |
168 | private let buffer: ManagedBuffer<State, Lock.Primitive>
| `- error: 'Primitive' is not a member type of struct 'AsyncAlgorithms.Lock'
169 |
170 | init(_ initial: State) {
[257/266] Compiling AsyncAlgorithms DebounceStateMachine.swift
/host/spi-builder-workspace/.build/checkouts/swift-async-algorithms/Sources/AsyncAlgorithms/Locking.swift:168:49: error: 'Primitive' is not a member type of struct 'AsyncAlgorithms.Lock'
31 | #endif
32 |
33 | internal struct Lock {
| `- note: 'Lock' declared here
34 | #if canImport(Darwin)
35 | typealias Primitive = os_unfair_lock
:
166 | }
167 |
168 | private let buffer: ManagedBuffer<State, Lock.Primitive>
| `- error: 'Primitive' is not a member type of struct 'AsyncAlgorithms.Lock'
169 |
170 | init(_ initial: State) {
[258/266] Compiling AsyncAlgorithms DebounceStorage.swift
/host/spi-builder-workspace/.build/checkouts/swift-async-algorithms/Sources/AsyncAlgorithms/Locking.swift:168:49: error: 'Primitive' is not a member type of struct 'AsyncAlgorithms.Lock'
31 | #endif
32 |
33 | internal struct Lock {
| `- note: 'Lock' declared here
34 | #if canImport(Darwin)
35 | typealias Primitive = os_unfair_lock
:
166 | }
167 |
168 | private let buffer: ManagedBuffer<State, Lock.Primitive>
| `- error: 'Primitive' is not a member type of struct 'AsyncAlgorithms.Lock'
169 |
170 | init(_ initial: State) {
[259/266] Compiling AsyncAlgorithms Dictionary.swift
/host/spi-builder-workspace/.build/checkouts/swift-async-algorithms/Sources/AsyncAlgorithms/Locking.swift:168:49: error: 'Primitive' is not a member type of struct 'AsyncAlgorithms.Lock'
31 | #endif
32 |
33 | internal struct Lock {
| `- note: 'Lock' declared here
34 | #if canImport(Darwin)
35 | typealias Primitive = os_unfair_lock
:
166 | }
167 |
168 | private let buffer: ManagedBuffer<State, Lock.Primitive>
| `- error: 'Primitive' is not a member type of struct 'AsyncAlgorithms.Lock'
169 |
170 | init(_ initial: State) {
[260/266] Compiling AsyncAlgorithms AsyncFlatMapLatestSequence.swift
/host/spi-builder-workspace/.build/checkouts/swift-async-algorithms/Sources/AsyncAlgorithms/Locking.swift:50:49: error: cannot find type 'Primitive' in scope
48 | #endif
49 |
50 | typealias PlatformLock = UnsafeMutablePointer<Primitive>
| `- error: cannot find type 'Primitive' in scope
51 | let platformLock: PlatformLock
52 |
/host/spi-builder-workspace/.build/checkouts/swift-async-algorithms/Sources/AsyncAlgorithms/Locking.swift:162:63: error: 'Primitive' is not a member type of struct 'AsyncAlgorithms.Lock'
31 | #endif
32 |
33 | internal struct Lock {
| `- note: 'Lock' declared here
34 | #if canImport(Darwin)
35 | typealias Primitive = os_unfair_lock
:
160 |
161 | struct ManagedCriticalState<State> {
162 | private final class LockedBuffer: ManagedBuffer<State, Lock.Primitive> {
| `- error: 'Primitive' is not a member type of struct 'AsyncAlgorithms.Lock'
163 | deinit {
164 | withUnsafeMutablePointerToElements { Lock.deinitialize($0) }
/host/spi-builder-workspace/.build/checkouts/swift-async-algorithms/Sources/AsyncAlgorithms/Locking.swift:168:49: error: 'Primitive' is not a member type of struct 'AsyncAlgorithms.Lock'
31 | #endif
32 |
33 | internal struct Lock {
| `- note: 'Lock' declared here
34 | #if canImport(Darwin)
35 | typealias Primitive = os_unfair_lock
:
166 | }
167 |
168 | private let buffer: ManagedBuffer<State, Lock.Primitive>
| `- error: 'Primitive' is not a member type of struct 'AsyncAlgorithms.Lock'
169 |
170 | init(_ initial: State) {
/host/spi-builder-workspace/.build/checkouts/swift-async-algorithms/Sources/AsyncAlgorithms/Locking.swift:164:7: error: type of expression is ambiguous without a type annotation
162 | private final class LockedBuffer: ManagedBuffer<State, Lock.Primitive> {
163 | deinit {
164 | withUnsafeMutablePointerToElements { Lock.deinitialize($0) }
| `- error: type of expression is ambiguous without a type annotation
165 | }
166 | }
/host/spi-builder-workspace/.build/checkouts/swift-async-algorithms/Sources/AsyncAlgorithms/Locking.swift:171:12: error: type of expression is ambiguous without a type annotation
169 |
170 | init(_ initial: State) {
171 | buffer = LockedBuffer.create(minimumCapacity: 1) { buffer in
| `- error: type of expression is ambiguous without a type annotation
172 | buffer.withUnsafeMutablePointerToElements { Lock.initialize($0) }
173 | return initial
[261/266] Compiling AsyncAlgorithms FlatMapLatestStateMachine.swift
/host/spi-builder-workspace/.build/checkouts/swift-async-algorithms/Sources/AsyncAlgorithms/Locking.swift:50:49: error: cannot find type 'Primitive' in scope
48 | #endif
49 |
50 | typealias PlatformLock = UnsafeMutablePointer<Primitive>
| `- error: cannot find type 'Primitive' in scope
51 | let platformLock: PlatformLock
52 |
/host/spi-builder-workspace/.build/checkouts/swift-async-algorithms/Sources/AsyncAlgorithms/Locking.swift:162:63: error: 'Primitive' is not a member type of struct 'AsyncAlgorithms.Lock'
31 | #endif
32 |
33 | internal struct Lock {
| `- note: 'Lock' declared here
34 | #if canImport(Darwin)
35 | typealias Primitive = os_unfair_lock
:
160 |
161 | struct ManagedCriticalState<State> {
162 | private final class LockedBuffer: ManagedBuffer<State, Lock.Primitive> {
| `- error: 'Primitive' is not a member type of struct 'AsyncAlgorithms.Lock'
163 | deinit {
164 | withUnsafeMutablePointerToElements { Lock.deinitialize($0) }
/host/spi-builder-workspace/.build/checkouts/swift-async-algorithms/Sources/AsyncAlgorithms/Locking.swift:168:49: error: 'Primitive' is not a member type of struct 'AsyncAlgorithms.Lock'
31 | #endif
32 |
33 | internal struct Lock {
| `- note: 'Lock' declared here
34 | #if canImport(Darwin)
35 | typealias Primitive = os_unfair_lock
:
166 | }
167 |
168 | private let buffer: ManagedBuffer<State, Lock.Primitive>
| `- error: 'Primitive' is not a member type of struct 'AsyncAlgorithms.Lock'
169 |
170 | init(_ initial: State) {
/host/spi-builder-workspace/.build/checkouts/swift-async-algorithms/Sources/AsyncAlgorithms/Locking.swift:164:7: error: type of expression is ambiguous without a type annotation
162 | private final class LockedBuffer: ManagedBuffer<State, Lock.Primitive> {
163 | deinit {
164 | withUnsafeMutablePointerToElements { Lock.deinitialize($0) }
| `- error: type of expression is ambiguous without a type annotation
165 | }
166 | }
/host/spi-builder-workspace/.build/checkouts/swift-async-algorithms/Sources/AsyncAlgorithms/Locking.swift:171:12: error: type of expression is ambiguous without a type annotation
169 |
170 | init(_ initial: State) {
171 | buffer = LockedBuffer.create(minimumCapacity: 1) { buffer in
| `- error: type of expression is ambiguous without a type annotation
172 | buffer.withUnsafeMutablePointerToElements { Lock.initialize($0) }
173 | return initial
[262/266] Compiling AsyncAlgorithms FlatMapLatestStorage.swift
/host/spi-builder-workspace/.build/checkouts/swift-async-algorithms/Sources/AsyncAlgorithms/Locking.swift:50:49: error: cannot find type 'Primitive' in scope
48 | #endif
49 |
50 | typealias PlatformLock = UnsafeMutablePointer<Primitive>
| `- error: cannot find type 'Primitive' in scope
51 | let platformLock: PlatformLock
52 |
/host/spi-builder-workspace/.build/checkouts/swift-async-algorithms/Sources/AsyncAlgorithms/Locking.swift:162:63: error: 'Primitive' is not a member type of struct 'AsyncAlgorithms.Lock'
31 | #endif
32 |
33 | internal struct Lock {
| `- note: 'Lock' declared here
34 | #if canImport(Darwin)
35 | typealias Primitive = os_unfair_lock
:
160 |
161 | struct ManagedCriticalState<State> {
162 | private final class LockedBuffer: ManagedBuffer<State, Lock.Primitive> {
| `- error: 'Primitive' is not a member type of struct 'AsyncAlgorithms.Lock'
163 | deinit {
164 | withUnsafeMutablePointerToElements { Lock.deinitialize($0) }
/host/spi-builder-workspace/.build/checkouts/swift-async-algorithms/Sources/AsyncAlgorithms/Locking.swift:168:49: error: 'Primitive' is not a member type of struct 'AsyncAlgorithms.Lock'
31 | #endif
32 |
33 | internal struct Lock {
| `- note: 'Lock' declared here
34 | #if canImport(Darwin)
35 | typealias Primitive = os_unfair_lock
:
166 | }
167 |
168 | private let buffer: ManagedBuffer<State, Lock.Primitive>
| `- error: 'Primitive' is not a member type of struct 'AsyncAlgorithms.Lock'
169 |
170 | init(_ initial: State) {
/host/spi-builder-workspace/.build/checkouts/swift-async-algorithms/Sources/AsyncAlgorithms/Locking.swift:164:7: error: type of expression is ambiguous without a type annotation
162 | private final class LockedBuffer: ManagedBuffer<State, Lock.Primitive> {
163 | deinit {
164 | withUnsafeMutablePointerToElements { Lock.deinitialize($0) }
| `- error: type of expression is ambiguous without a type annotation
165 | }
166 | }
/host/spi-builder-workspace/.build/checkouts/swift-async-algorithms/Sources/AsyncAlgorithms/Locking.swift:171:12: error: type of expression is ambiguous without a type annotation
169 |
170 | init(_ initial: State) {
171 | buffer = LockedBuffer.create(minimumCapacity: 1) { buffer in
| `- error: type of expression is ambiguous without a type annotation
172 | buffer.withUnsafeMutablePointerToElements { Lock.initialize($0) }
173 | return initial
[263/266] Compiling AsyncAlgorithms Disconnected.swift
/host/spi-builder-workspace/.build/checkouts/swift-async-algorithms/Sources/AsyncAlgorithms/Locking.swift:50:49: error: cannot find type 'Primitive' in scope
48 | #endif
49 |
50 | typealias PlatformLock = UnsafeMutablePointer<Primitive>
| `- error: cannot find type 'Primitive' in scope
51 | let platformLock: PlatformLock
52 |
/host/spi-builder-workspace/.build/checkouts/swift-async-algorithms/Sources/AsyncAlgorithms/Locking.swift:162:63: error: 'Primitive' is not a member type of struct 'AsyncAlgorithms.Lock'
31 | #endif
32 |
33 | internal struct Lock {
| `- note: 'Lock' declared here
34 | #if canImport(Darwin)
35 | typealias Primitive = os_unfair_lock
:
160 |
161 | struct ManagedCriticalState<State> {
162 | private final class LockedBuffer: ManagedBuffer<State, Lock.Primitive> {
| `- error: 'Primitive' is not a member type of struct 'AsyncAlgorithms.Lock'
163 | deinit {
164 | withUnsafeMutablePointerToElements { Lock.deinitialize($0) }
/host/spi-builder-workspace/.build/checkouts/swift-async-algorithms/Sources/AsyncAlgorithms/Locking.swift:168:49: error: 'Primitive' is not a member type of struct 'AsyncAlgorithms.Lock'
31 | #endif
32 |
33 | internal struct Lock {
| `- note: 'Lock' declared here
34 | #if canImport(Darwin)
35 | typealias Primitive = os_unfair_lock
:
166 | }
167 |
168 | private let buffer: ManagedBuffer<State, Lock.Primitive>
| `- error: 'Primitive' is not a member type of struct 'AsyncAlgorithms.Lock'
169 |
170 | init(_ initial: State) {
/host/spi-builder-workspace/.build/checkouts/swift-async-algorithms/Sources/AsyncAlgorithms/Locking.swift:164:7: error: type of expression is ambiguous without a type annotation
162 | private final class LockedBuffer: ManagedBuffer<State, Lock.Primitive> {
163 | deinit {
164 | withUnsafeMutablePointerToElements { Lock.deinitialize($0) }
| `- error: type of expression is ambiguous without a type annotation
165 | }
166 | }
/host/spi-builder-workspace/.build/checkouts/swift-async-algorithms/Sources/AsyncAlgorithms/Locking.swift:171:12: error: type of expression is ambiguous without a type annotation
169 |
170 | init(_ initial: State) {
171 | buffer = LockedBuffer.create(minimumCapacity: 1) { buffer in
| `- error: type of expression is ambiguous without a type annotation
172 | buffer.withUnsafeMutablePointerToElements { Lock.initialize($0) }
173 | return initial
[264/266] Compiling AsyncAlgorithms _TinyArray.swift
/host/spi-builder-workspace/.build/checkouts/swift-async-algorithms/Sources/AsyncAlgorithms/Locking.swift:50:49: error: cannot find type 'Primitive' in scope
48 | #endif
49 |
50 | typealias PlatformLock = UnsafeMutablePointer<Primitive>
| `- error: cannot find type 'Primitive' in scope
51 | let platformLock: PlatformLock
52 |
/host/spi-builder-workspace/.build/checkouts/swift-async-algorithms/Sources/AsyncAlgorithms/Locking.swift:162:63: error: 'Primitive' is not a member type of struct 'AsyncAlgorithms.Lock'
31 | #endif
32 |
33 | internal struct Lock {
| `- note: 'Lock' declared here
34 | #if canImport(Darwin)
35 | typealias Primitive = os_unfair_lock
:
160 |
161 | struct ManagedCriticalState<State> {
162 | private final class LockedBuffer: ManagedBuffer<State, Lock.Primitive> {
| `- error: 'Primitive' is not a member type of struct 'AsyncAlgorithms.Lock'
163 | deinit {
164 | withUnsafeMutablePointerToElements { Lock.deinitialize($0) }
/host/spi-builder-workspace/.build/checkouts/swift-async-algorithms/Sources/AsyncAlgorithms/Locking.swift:168:49: error: 'Primitive' is not a member type of struct 'AsyncAlgorithms.Lock'
31 | #endif
32 |
33 | internal struct Lock {
| `- note: 'Lock' declared here
34 | #if canImport(Darwin)
35 | typealias Primitive = os_unfair_lock
:
166 | }
167 |
168 | private let buffer: ManagedBuffer<State, Lock.Primitive>
| `- error: 'Primitive' is not a member type of struct 'AsyncAlgorithms.Lock'
169 |
170 | init(_ initial: State) {
/host/spi-builder-workspace/.build/checkouts/swift-async-algorithms/Sources/AsyncAlgorithms/Locking.swift:164:7: error: type of expression is ambiguous without a type annotation
162 | private final class LockedBuffer: ManagedBuffer<State, Lock.Primitive> {
163 | deinit {
164 | withUnsafeMutablePointerToElements { Lock.deinitialize($0) }
| `- error: type of expression is ambiguous without a type annotation
165 | }
166 | }
/host/spi-builder-workspace/.build/checkouts/swift-async-algorithms/Sources/AsyncAlgorithms/Locking.swift:171:12: error: type of expression is ambiguous without a type annotation
169 |
170 | init(_ initial: State) {
171 | buffer = LockedBuffer.create(minimumCapacity: 1) { buffer in
| `- error: type of expression is ambiguous without a type annotation
172 | buffer.withUnsafeMutablePointerToElements { Lock.initialize($0) }
173 | return initial
[265/266] Compiling AsyncAlgorithms AsyncInterspersedSequence.swift
/host/spi-builder-workspace/.build/checkouts/swift-async-algorithms/Sources/AsyncAlgorithms/Locking.swift:50:49: error: cannot find type 'Primitive' in scope
48 | #endif
49 |
50 | typealias PlatformLock = UnsafeMutablePointer<Primitive>
| `- error: cannot find type 'Primitive' in scope
51 | let platformLock: PlatformLock
52 |
/host/spi-builder-workspace/.build/checkouts/swift-async-algorithms/Sources/AsyncAlgorithms/Locking.swift:162:63: error: 'Primitive' is not a member type of struct 'AsyncAlgorithms.Lock'
31 | #endif
32 |
33 | internal struct Lock {
| `- note: 'Lock' declared here
34 | #if canImport(Darwin)
35 | typealias Primitive = os_unfair_lock
:
160 |
161 | struct ManagedCriticalState<State> {
162 | private final class LockedBuffer: ManagedBuffer<State, Lock.Primitive> {
| `- error: 'Primitive' is not a member type of struct 'AsyncAlgorithms.Lock'
163 | deinit {
164 | withUnsafeMutablePointerToElements { Lock.deinitialize($0) }
/host/spi-builder-workspace/.build/checkouts/swift-async-algorithms/Sources/AsyncAlgorithms/Locking.swift:168:49: error: 'Primitive' is not a member type of struct 'AsyncAlgorithms.Lock'
31 | #endif
32 |
33 | internal struct Lock {
| `- note: 'Lock' declared here
34 | #if canImport(Darwin)
35 | typealias Primitive = os_unfair_lock
:
166 | }
167 |
168 | private let buffer: ManagedBuffer<State, Lock.Primitive>
| `- error: 'Primitive' is not a member type of struct 'AsyncAlgorithms.Lock'
169 |
170 | init(_ initial: State) {
/host/spi-builder-workspace/.build/checkouts/swift-async-algorithms/Sources/AsyncAlgorithms/Locking.swift:164:7: error: type of expression is ambiguous without a type annotation
162 | private final class LockedBuffer: ManagedBuffer<State, Lock.Primitive> {
163 | deinit {
164 | withUnsafeMutablePointerToElements { Lock.deinitialize($0) }
| `- error: type of expression is ambiguous without a type annotation
165 | }
166 | }
/host/spi-builder-workspace/.build/checkouts/swift-async-algorithms/Sources/AsyncAlgorithms/Locking.swift:171:12: error: type of expression is ambiguous without a type annotation
169 |
170 | init(_ initial: State) {
171 | buffer = LockedBuffer.create(minimumCapacity: 1) { buffer in
| `- error: type of expression is ambiguous without a type annotation
172 | buffer.withUnsafeMutablePointerToElements { Lock.initialize($0) }
173 | return initial
[266/266] Compiling AsyncAlgorithms Locking.swift
/host/spi-builder-workspace/.build/checkouts/swift-async-algorithms/Sources/AsyncAlgorithms/Locking.swift:50:49: error: cannot find type 'Primitive' in scope
48 | #endif
49 |
50 | typealias PlatformLock = UnsafeMutablePointer<Primitive>
| `- error: cannot find type 'Primitive' in scope
51 | let platformLock: PlatformLock
52 |
/host/spi-builder-workspace/.build/checkouts/swift-async-algorithms/Sources/AsyncAlgorithms/Locking.swift:162:63: error: 'Primitive' is not a member type of struct 'AsyncAlgorithms.Lock'
31 | #endif
32 |
33 | internal struct Lock {
| `- note: 'Lock' declared here
34 | #if canImport(Darwin)
35 | typealias Primitive = os_unfair_lock
:
160 |
161 | struct ManagedCriticalState<State> {
162 | private final class LockedBuffer: ManagedBuffer<State, Lock.Primitive> {
| `- error: 'Primitive' is not a member type of struct 'AsyncAlgorithms.Lock'
163 | deinit {
164 | withUnsafeMutablePointerToElements { Lock.deinitialize($0) }
/host/spi-builder-workspace/.build/checkouts/swift-async-algorithms/Sources/AsyncAlgorithms/Locking.swift:168:49: error: 'Primitive' is not a member type of struct 'AsyncAlgorithms.Lock'
31 | #endif
32 |
33 | internal struct Lock {
| `- note: 'Lock' declared here
34 | #if canImport(Darwin)
35 | typealias Primitive = os_unfair_lock
:
166 | }
167 |
168 | private let buffer: ManagedBuffer<State, Lock.Primitive>
| `- error: 'Primitive' is not a member type of struct 'AsyncAlgorithms.Lock'
169 |
170 | init(_ initial: State) {
/host/spi-builder-workspace/.build/checkouts/swift-async-algorithms/Sources/AsyncAlgorithms/Locking.swift:164:7: error: type of expression is ambiguous without a type annotation
162 | private final class LockedBuffer: ManagedBuffer<State, Lock.Primitive> {
163 | deinit {
164 | withUnsafeMutablePointerToElements { Lock.deinitialize($0) }
| `- error: type of expression is ambiguous without a type annotation
165 | }
166 | }
/host/spi-builder-workspace/.build/checkouts/swift-async-algorithms/Sources/AsyncAlgorithms/Locking.swift:171:12: error: type of expression is ambiguous without a type annotation
169 |
170 | init(_ initial: State) {
171 | buffer = LockedBuffer.create(minimumCapacity: 1) { buffer in
| `- error: type of expression is ambiguous without a type annotation
172 | buffer.withUnsafeMutablePointerToElements { Lock.initialize($0) }
173 | return initial
Running build ...
bash -c docker run --pull=always --rm -v "checkouts-53886769-1":/host -w "$PWD" -e JAVA_HOME="/root/.sdkman/candidates/java/current" -e SPI_BUILD="1" -e SPI_PROCESSING="1" registry.gitlab.com/saguaro1/spi-images:wasm-6.1-latest swift build --swift-sdk wasm32-unknown-wasi 2>&1
wasm-6.1-latest: Pulling from saguaro1/spi-images
Digest: sha256:290f441d1f5b7bf0dbbe61e8b7514208804cdcb507d57b3c762463ad036298f7
Status: Image is up to date for registry.gitlab.com/saguaro1/spi-images:wasm-6.1-latest
[0/1] Planning build
Building for debugging...
[0/1] Write swift-version-24593BA9C3E375BF.txt
[2/33] Compiling InternalCollectionsUtilities UnsafeMutableRawBufferPointer+Extras.swift
[3/33] Compiling InternalCollectionsUtilities UnsafeRawBufferPointer+Extras.swift
[4/35] Compiling Logging LoggingSystem.swift
[5/36] Compiling ConcurrencyHelpers Lock.swift
[6/36] Compiling ConcurrencyHelpers LockedValueBox.swift
[7/36] Emitting module ConcurrencyHelpers
[8/37] Compiling InternalCollectionsUtilities _SortedCollection.swift
[9/37] Compiling InternalCollectionsUtilities _UniqueCollection.swift
[11/37] Compiling Logging MetadataProvider.swift
[12/37] Compiling InternalCollectionsUtilities UnsafeBufferPointer+Extras.swift
[13/37] Compiling InternalCollectionsUtilities UnsafeMutableBufferPointer+Extras.swift
[14/37] Emitting module InternalCollectionsUtilities
[15/37] Compiling Logging Logger+Attributes.swift
[16/37] Compiling InternalCollectionsUtilities String+Padding.swift
[17/37] Compiling InternalCollectionsUtilities _UnsafeBitSet+Index.swift
[18/40] Compiling Logging Logger+With.swift
unable to find node: pound
unable to find node: pound
[19/40] Compiling Logging Logger.swift
[20/40] Compiling InternalCollectionsUtilities Integer rank.swift
[21/40] Compiling InternalCollectionsUtilities UInt+first and last set bit.swift
[22/40] Emitting module Logging
unable to find node: pound
unable to find node: pound
[23/40] Compiling InternalCollectionsUtilities UInt+reversed.swift
[24/40] Compiling InternalCollectionsUtilities _UnsafeBitSet+_Word.swift
[26/41] Compiling InternalCollectionsUtilities LifetimeOverride.swift
[27/41] Compiling InternalCollectionsUtilities RandomAccessCollection+Offsets.swift
[28/41] Compiling InternalCollectionsUtilities Span+Extras.swift
[30/41] Compiling InternalCollectionsUtilities _UnsafeBitSet.swift
[34/41] Compiling InternalCollectionsUtilities Debugging.swift
[35/41] Compiling InternalCollectionsUtilities Descriptions.swift
[36/41] Compiling InternalCollectionsUtilities FixedWidthInteger+roundUpToPowerOfTwo.swift
[39/42] Compiling UnixSignals UnixSignalsSequence.swift
[40/42] Emitting module UnixSignals
[41/42] Compiling UnixSignals UnixSignal.swift
[44/136] Compiling OrderedCollections OrderedDictionary+Deprecations.swift
[45/136] Compiling OrderedCollections OrderedDictionary+Descriptions.swift
[46/136] Compiling OrderedCollections OrderedDictionary+Elements.SubSequence.swift
[47/136] Compiling OrderedCollections OrderedDictionary+Elements.swift
[48/136] Compiling OrderedCollections OrderedDictionary+Equatable.swift
[49/136] Compiling OrderedCollections OrderedSet+Descriptions.swift
[50/136] Compiling OrderedCollections OrderedSet+Diffing.swift
[51/136] Compiling OrderedCollections OrderedSet+Equatable.swift
[52/136] Compiling OrderedCollections OrderedSet+ExpressibleByArrayLiteral.swift
[53/136] Compiling OrderedCollections OrderedDictionary+Hashable.swift
[54/140] Compiling OrderedCollections OrderedDictionary+Sendable.swift
[55/140] Compiling OrderedCollections OrderedDictionary+Sequence.swift
[56/140] Compiling OrderedCollections OrderedSet+Hashable.swift
[57/140] Compiling OrderedCollections OrderedSet+Initializers.swift
[58/140] Compiling OrderedCollections OrderedSet+Insertions.swift
[59/140] Compiling OrderedCollections _HashTable+Bucket.swift
[60/140] Compiling OrderedCollections _HashTable+BucketIterator.swift
[61/140] Compiling OrderedCollections _HashTable+Constants.swift
[62/140] Compiling OrderedCollections _HashTable+CustomStringConvertible.swift
[63/140] Compiling OrderedCollections _HashTable+Testing.swift
[64/140] Emitting module ContainersPreview
[65/140] Compiling OrderedCollections _HashTable+UnsafeHandle.swift
[66/140] Compiling OrderedCollections _HashTable.swift
[67/140] Compiling OrderedCollections _Hashtable+Header.swift
[68/140] Compiling OrderedCollections OrderedDictionary+Codable.swift
[69/140] Compiling OrderedCollections OrderedDictionary+CustomReflectable.swift
[70/140] Compiling OrderedCollections OrderedDictionary+Initializers.swift
[71/140] Compiling OrderedCollections OrderedDictionary+Invariants.swift
[72/140] Compiling OrderedCollections OrderedDictionary+Move.swift
[73/140] Compiling OrderedCollections OrderedDictionary+Partial MutableCollection.swift
[74/140] Compiling OrderedCollections OrderedDictionary+Partial RangeReplaceableCollection.swift
[75/140] Compiling OrderedCollections OrderedDictionary+ExpressibleByDictionaryLiteral.swift
[76/140] Compiling OrderedCollections OrderedDictionary+Values.swift
[77/140] Compiling OrderedCollections OrderedDictionary.swift
[78/140] Compiling OrderedCollections OrderedSet+Codable.swift
[79/140] Compiling OrderedCollections OrderedSet+CustomReflectable.swift
[80/140] Compiling ContainersPreview Ref.swift
[81/140] Compiling ContainersPreview Shared.swift
[82/140] Compiling ContainersPreview SpanIterator.swift
[83/140] Compiling ContainersPreview UniqueBox.swift
[85/141] Compiling OrderedCollections OrderedSet+Partial SetAlgebra formSymmetricDifference.swift
[86/141] Compiling OrderedCollections OrderedSet+Partial SetAlgebra formUnion.swift
[87/141] Compiling OrderedCollections OrderedSet+Partial SetAlgebra intersection.swift
[88/141] Compiling OrderedCollections OrderedSet+Partial SetAlgebra isDisjoint.swift
[89/141] Compiling OrderedCollections OrderedSet+Partial SetAlgebra isEqualSet.swift
[90/141] Compiling OrderedCollections OrderedSet+Partial SetAlgebra isStrictSubset.swift
[91/141] Compiling OrderedCollections OrderedSet+Partial SetAlgebra isStrictSuperset.swift
[92/141] Compiling OrderedCollections OrderedSet+Partial SetAlgebra isSubset.swift
[93/148] Compiling OrderedCollections OrderedSet+Partial SetAlgebra isSuperset.swift
[94/148] Compiling OrderedCollections OrderedSet+Partial SetAlgebra subtract.swift
[95/148] Compiling OrderedCollections OrderedSet+Partial SetAlgebra subtracting.swift
[96/148] Compiling OrderedCollections OrderedSet+Partial SetAlgebra symmetricDifference.swift
[97/148] Compiling OrderedCollections OrderedSet+Partial SetAlgebra union.swift
[98/148] Compiling OrderedCollections OrderedSet+Partial SetAlgebra+Basics.swift
[99/148] Compiling OrderedCollections OrderedSet+RandomAccessCollection.swift
[100/148] Compiling OrderedCollections OrderedSet+ReserveCapacity.swift
[101/189] Compiling DequeModule RigidDeque+Equatable.swift
[102/189] Compiling DequeModule RigidDeque+Experimental.swift
[103/189] Compiling DequeModule RigidDeque+Hashable.swift
[104/189] Compiling DequeModule RigidDeque+Initializers.swift
[105/189] Compiling DequeModule RigidDeque+Insertions.swift
[106/189] Compiling DequeModule RigidDeque+Prepend.swift
[107/194] Compiling DequeModule UniqueDeque+Container.swift
[108/194] Compiling DequeModule UniqueDeque+Deprecated.swift
[109/194] Compiling DequeModule UniqueDeque+Descriptions.swift
[110/194] Compiling DequeModule UniqueDeque+Equatable.swift
[111/194] Compiling DequeModule UniqueDeque+Experimental.swift
[112/194] Compiling DequeModule UniqueDeque+Hashable.swift
[113/194] Compiling DequeModule UniqueDeque+Initializers.swift
[114/194] Compiling DequeModule UniqueDeque+Insertions.swift
[115/194] Compiling DequeModule UniqueDeque+Prepend.swift
[116/194] Compiling DequeModule UniqueDeque+Removals.swift
[117/194] Compiling DequeModule _DequeBuffer.swift
[118/194] Compiling DequeModule _DequeBufferHeader.swift
[119/194] Compiling DequeModule RigidDeque+Append.swift
[120/194] Compiling DequeModule RigidDeque+Consumption.swift
[121/194] Compiling DequeModule RigidDeque+Container.swift
[122/194] Compiling DequeModule RigidDeque+Descriptions.swift
[123/194] Compiling DequeModule RigidDeque+Removals.swift
[124/194] Compiling DequeModule RigidDeque+Replacements.swift
[125/194] Compiling DequeModule RigidDeque+Testing.swift
[126/194] Compiling DequeModule RigidDeque.swift
[127/194] Compiling DequeModule UniqueDeque+Append.swift
[128/194] Compiling DequeModule UniqueDeque+Consumption.swift
[129/194] Compiling DequeModule Deque+Equatable.swift
[130/194] Compiling DequeModule Deque+ExpressibleByArrayLiteral.swift
[149/194] Compiling DequeModule Deque+Codable.swift
[150/194] Compiling DequeModule Deque+Collection.swift
[151/194] Compiling DequeModule Deque+CustomReflectable.swift
[152/194] Compiling DequeModule Deque+Descriptions.swift
[161/194] Compiling DequeModule Deque+Extras.swift
[162/194] Compiling DequeModule Deque+Hashable.swift
[163/194] Compiling DequeModule Deque+Testing.swift
[164/194] Compiling DequeModule Deque._Storage.swift
[165/194] Compiling DequeModule Deque._UnsafeHandle.swift
[166/194] Compiling DequeModule Deque.swift
[181/194] Compiling OrderedCollections OrderedSet+Sendable.swift
[182/194] Compiling OrderedCollections OrderedSet+SubSequence.swift
[183/194] Compiling OrderedCollections OrderedSet+Testing.swift
[184/194] Compiling OrderedCollections OrderedSet+UnorderedView.swift
[185/194] Compiling OrderedCollections OrderedSet+UnstableInternals.swift
[186/194] Compiling OrderedCollections OrderedSet.swift
[187/194] Compiling OrderedCollections _UnsafeBitset.swift
[188/194] Emitting module OrderedCollections
[189/195] Emitting module DequeModule
[191/195] Compiling DequeModule UniqueDeque+Replacements.swift
[192/195] Compiling DequeModule UniqueDeque.swift
[193/195] Compiling DequeModule _DequeSlot.swift
[194/195] Compiling DequeModule _UnsafeDequeHandle.swift
[195/195] Compiling DequeModule _UnsafeDequeSegments.swift
[197/249] Compiling AsyncAlgorithms AsyncFlatMapLatestSequence.swift
/host/spi-builder-workspace/.build/checkouts/swift-async-algorithms/Sources/AsyncAlgorithms/Locking.swift:50:49: error: cannot find type 'Primitive' in scope
48 | #endif
49 |
50 | typealias PlatformLock = UnsafeMutablePointer<Primitive>
| `- error: cannot find type 'Primitive' in scope
51 | let platformLock: PlatformLock
52 |
/host/spi-builder-workspace/.build/checkouts/swift-async-algorithms/Sources/AsyncAlgorithms/Locking.swift:162:63: error: 'Primitive' is not a member type of struct 'AsyncAlgorithms.Lock'
31 | #endif
32 |
33 | internal struct Lock {
| `- note: 'Lock' declared here
34 | #if canImport(Darwin)
35 | typealias Primitive = os_unfair_lock
:
160 |
161 | struct ManagedCriticalState<State> {
162 | private final class LockedBuffer: ManagedBuffer<State, Lock.Primitive> {
| `- error: 'Primitive' is not a member type of struct 'AsyncAlgorithms.Lock'
163 | deinit {
164 | withUnsafeMutablePointerToElements { Lock.deinitialize($0) }
/host/spi-builder-workspace/.build/checkouts/swift-async-algorithms/Sources/AsyncAlgorithms/Locking.swift:168:49: error: 'Primitive' is not a member type of struct 'AsyncAlgorithms.Lock'
31 | #endif
32 |
33 | internal struct Lock {
| `- note: 'Lock' declared here
34 | #if canImport(Darwin)
35 | typealias Primitive = os_unfair_lock
:
166 | }
167 |
168 | private let buffer: ManagedBuffer<State, Lock.Primitive>
| `- error: 'Primitive' is not a member type of struct 'AsyncAlgorithms.Lock'
169 |
170 | init(_ initial: State) {
/host/spi-builder-workspace/.build/checkouts/swift-async-algorithms/Sources/AsyncAlgorithms/Locking.swift:164:7: error: type of expression is ambiguous without a type annotation
162 | private final class LockedBuffer: ManagedBuffer<State, Lock.Primitive> {
163 | deinit {
164 | withUnsafeMutablePointerToElements { Lock.deinitialize($0) }
| `- error: type of expression is ambiguous without a type annotation
165 | }
166 | }
/host/spi-builder-workspace/.build/checkouts/swift-async-algorithms/Sources/AsyncAlgorithms/Locking.swift:171:12: error: type of expression is ambiguous without a type annotation
169 |
170 | init(_ initial: State) {
171 | buffer = LockedBuffer.create(minimumCapacity: 1) { buffer in
| `- error: type of expression is ambiguous without a type annotation
172 | buffer.withUnsafeMutablePointerToElements { Lock.initialize($0) }
173 | return initial
[198/249] Compiling AsyncAlgorithms FlatMapLatestStateMachine.swift
/host/spi-builder-workspace/.build/checkouts/swift-async-algorithms/Sources/AsyncAlgorithms/Locking.swift:50:49: error: cannot find type 'Primitive' in scope
48 | #endif
49 |
50 | typealias PlatformLock = UnsafeMutablePointer<Primitive>
| `- error: cannot find type 'Primitive' in scope
51 | let platformLock: PlatformLock
52 |
/host/spi-builder-workspace/.build/checkouts/swift-async-algorithms/Sources/AsyncAlgorithms/Locking.swift:162:63: error: 'Primitive' is not a member type of struct 'AsyncAlgorithms.Lock'
31 | #endif
32 |
33 | internal struct Lock {
| `- note: 'Lock' declared here
34 | #if canImport(Darwin)
35 | typealias Primitive = os_unfair_lock
:
160 |
161 | struct ManagedCriticalState<State> {
162 | private final class LockedBuffer: ManagedBuffer<State, Lock.Primitive> {
| `- error: 'Primitive' is not a member type of struct 'AsyncAlgorithms.Lock'
163 | deinit {
164 | withUnsafeMutablePointerToElements { Lock.deinitialize($0) }
/host/spi-builder-workspace/.build/checkouts/swift-async-algorithms/Sources/AsyncAlgorithms/Locking.swift:168:49: error: 'Primitive' is not a member type of struct 'AsyncAlgorithms.Lock'
31 | #endif
32 |
33 | internal struct Lock {
| `- note: 'Lock' declared here
34 | #if canImport(Darwin)
35 | typealias Primitive = os_unfair_lock
:
166 | }
167 |
168 | private let buffer: ManagedBuffer<State, Lock.Primitive>
| `- error: 'Primitive' is not a member type of struct 'AsyncAlgorithms.Lock'
169 |
170 | init(_ initial: State) {
/host/spi-builder-workspace/.build/checkouts/swift-async-algorithms/Sources/AsyncAlgorithms/Locking.swift:164:7: error: type of expression is ambiguous without a type annotation
162 | private final class LockedBuffer: ManagedBuffer<State, Lock.Primitive> {
163 | deinit {
164 | withUnsafeMutablePointerToElements { Lock.deinitialize($0) }
| `- error: type of expression is ambiguous without a type annotation
165 | }
166 | }
/host/spi-builder-workspace/.build/checkouts/swift-async-algorithms/Sources/AsyncAlgorithms/Locking.swift:171:12: error: type of expression is ambiguous without a type annotation
169 |
170 | init(_ initial: State) {
171 | buffer = LockedBuffer.create(minimumCapacity: 1) { buffer in
| `- error: type of expression is ambiguous without a type annotation
172 | buffer.withUnsafeMutablePointerToElements { Lock.initialize($0) }
173 | return initial
[199/249] Compiling AsyncAlgorithms FlatMapLatestStorage.swift
/host/spi-builder-workspace/.build/checkouts/swift-async-algorithms/Sources/AsyncAlgorithms/Locking.swift:50:49: error: cannot find type 'Primitive' in scope
48 | #endif
49 |
50 | typealias PlatformLock = UnsafeMutablePointer<Primitive>
| `- error: cannot find type 'Primitive' in scope
51 | let platformLock: PlatformLock
52 |
/host/spi-builder-workspace/.build/checkouts/swift-async-algorithms/Sources/AsyncAlgorithms/Locking.swift:162:63: error: 'Primitive' is not a member type of struct 'AsyncAlgorithms.Lock'
31 | #endif
32 |
33 | internal struct Lock {
| `- note: 'Lock' declared here
34 | #if canImport(Darwin)
35 | typealias Primitive = os_unfair_lock
:
160 |
161 | struct ManagedCriticalState<State> {
162 | private final class LockedBuffer: ManagedBuffer<State, Lock.Primitive> {
| `- error: 'Primitive' is not a member type of struct 'AsyncAlgorithms.Lock'
163 | deinit {
164 | withUnsafeMutablePointerToElements { Lock.deinitialize($0) }
/host/spi-builder-workspace/.build/checkouts/swift-async-algorithms/Sources/AsyncAlgorithms/Locking.swift:168:49: error: 'Primitive' is not a member type of struct 'AsyncAlgorithms.Lock'
31 | #endif
32 |
33 | internal struct Lock {
| `- note: 'Lock' declared here
34 | #if canImport(Darwin)
35 | typealias Primitive = os_unfair_lock
:
166 | }
167 |
168 | private let buffer: ManagedBuffer<State, Lock.Primitive>
| `- error: 'Primitive' is not a member type of struct 'AsyncAlgorithms.Lock'
169 |
170 | init(_ initial: State) {
/host/spi-builder-workspace/.build/checkouts/swift-async-algorithms/Sources/AsyncAlgorithms/Locking.swift:164:7: error: type of expression is ambiguous without a type annotation
162 | private final class LockedBuffer: ManagedBuffer<State, Lock.Primitive> {
163 | deinit {
164 | withUnsafeMutablePointerToElements { Lock.deinitialize($0) }
| `- error: type of expression is ambiguous without a type annotation
165 | }
166 | }
/host/spi-builder-workspace/.build/checkouts/swift-async-algorithms/Sources/AsyncAlgorithms/Locking.swift:171:12: error: type of expression is ambiguous without a type annotation
169 |
170 | init(_ initial: State) {
171 | buffer = LockedBuffer.create(minimumCapacity: 1) { buffer in
| `- error: type of expression is ambiguous without a type annotation
172 | buffer.withUnsafeMutablePointerToElements { Lock.initialize($0) }
173 | return initial
[200/249] Compiling AsyncAlgorithms Disconnected.swift
/host/spi-builder-workspace/.build/checkouts/swift-async-algorithms/Sources/AsyncAlgorithms/Locking.swift:50:49: error: cannot find type 'Primitive' in scope
48 | #endif
49 |
50 | typealias PlatformLock = UnsafeMutablePointer<Primitive>
| `- error: cannot find type 'Primitive' in scope
51 | let platformLock: PlatformLock
52 |
/host/spi-builder-workspace/.build/checkouts/swift-async-algorithms/Sources/AsyncAlgorithms/Locking.swift:162:63: error: 'Primitive' is not a member type of struct 'AsyncAlgorithms.Lock'
31 | #endif
32 |
33 | internal struct Lock {
| `- note: 'Lock' declared here
34 | #if canImport(Darwin)
35 | typealias Primitive = os_unfair_lock
:
160 |
161 | struct ManagedCriticalState<State> {
162 | private final class LockedBuffer: ManagedBuffer<State, Lock.Primitive> {
| `- error: 'Primitive' is not a member type of struct 'AsyncAlgorithms.Lock'
163 | deinit {
164 | withUnsafeMutablePointerToElements { Lock.deinitialize($0) }
/host/spi-builder-workspace/.build/checkouts/swift-async-algorithms/Sources/AsyncAlgorithms/Locking.swift:168:49: error: 'Primitive' is not a member type of struct 'AsyncAlgorithms.Lock'
31 | #endif
32 |
33 | internal struct Lock {
| `- note: 'Lock' declared here
34 | #if canImport(Darwin)
35 | typealias Primitive = os_unfair_lock
:
166 | }
167 |
168 | private let buffer: ManagedBuffer<State, Lock.Primitive>
| `- error: 'Primitive' is not a member type of struct 'AsyncAlgorithms.Lock'
169 |
170 | init(_ initial: State) {
/host/spi-builder-workspace/.build/checkouts/swift-async-algorithms/Sources/AsyncAlgorithms/Locking.swift:164:7: error: type of expression is ambiguous without a type annotation
162 | private final class LockedBuffer: ManagedBuffer<State, Lock.Primitive> {
163 | deinit {
164 | withUnsafeMutablePointerToElements { Lock.deinitialize($0) }
| `- error: type of expression is ambiguous without a type annotation
165 | }
166 | }
/host/spi-builder-workspace/.build/checkouts/swift-async-algorithms/Sources/AsyncAlgorithms/Locking.swift:171:12: error: type of expression is ambiguous without a type annotation
169 |
170 | init(_ initial: State) {
171 | buffer = LockedBuffer.create(minimumCapacity: 1) { buffer in
| `- error: type of expression is ambiguous without a type annotation
172 | buffer.withUnsafeMutablePointerToElements { Lock.initialize($0) }
173 | return initial
[201/249] Compiling AsyncAlgorithms _TinyArray.swift
/host/spi-builder-workspace/.build/checkouts/swift-async-algorithms/Sources/AsyncAlgorithms/Locking.swift:50:49: error: cannot find type 'Primitive' in scope
48 | #endif
49 |
50 | typealias PlatformLock = UnsafeMutablePointer<Primitive>
| `- error: cannot find type 'Primitive' in scope
51 | let platformLock: PlatformLock
52 |
/host/spi-builder-workspace/.build/checkouts/swift-async-algorithms/Sources/AsyncAlgorithms/Locking.swift:162:63: error: 'Primitive' is not a member type of struct 'AsyncAlgorithms.Lock'
31 | #endif
32 |
33 | internal struct Lock {
| `- note: 'Lock' declared here
34 | #if canImport(Darwin)
35 | typealias Primitive = os_unfair_lock
:
160 |
161 | struct ManagedCriticalState<State> {
162 | private final class LockedBuffer: ManagedBuffer<State, Lock.Primitive> {
| `- error: 'Primitive' is not a member type of struct 'AsyncAlgorithms.Lock'
163 | deinit {
164 | withUnsafeMutablePointerToElements { Lock.deinitialize($0) }
/host/spi-builder-workspace/.build/checkouts/swift-async-algorithms/Sources/AsyncAlgorithms/Locking.swift:168:49: error: 'Primitive' is not a member type of struct 'AsyncAlgorithms.Lock'
31 | #endif
32 |
33 | internal struct Lock {
| `- note: 'Lock' declared here
34 | #if canImport(Darwin)
35 | typealias Primitive = os_unfair_lock
:
166 | }
167 |
168 | private let buffer: ManagedBuffer<State, Lock.Primitive>
| `- error: 'Primitive' is not a member type of struct 'AsyncAlgorithms.Lock'
169 |
170 | init(_ initial: State) {
/host/spi-builder-workspace/.build/checkouts/swift-async-algorithms/Sources/AsyncAlgorithms/Locking.swift:164:7: error: type of expression is ambiguous without a type annotation
162 | private final class LockedBuffer: ManagedBuffer<State, Lock.Primitive> {
163 | deinit {
164 | withUnsafeMutablePointerToElements { Lock.deinitialize($0) }
| `- error: type of expression is ambiguous without a type annotation
165 | }
166 | }
/host/spi-builder-workspace/.build/checkouts/swift-async-algorithms/Sources/AsyncAlgorithms/Locking.swift:171:12: error: type of expression is ambiguous without a type annotation
169 |
170 | init(_ initial: State) {
171 | buffer = LockedBuffer.create(minimumCapacity: 1) { buffer in
| `- error: type of expression is ambiguous without a type annotation
172 | buffer.withUnsafeMutablePointerToElements { Lock.initialize($0) }
173 | return initial
[202/249] Compiling AsyncAlgorithms AsyncInterspersedSequence.swift
/host/spi-builder-workspace/.build/checkouts/swift-async-algorithms/Sources/AsyncAlgorithms/Locking.swift:50:49: error: cannot find type 'Primitive' in scope
48 | #endif
49 |
50 | typealias PlatformLock = UnsafeMutablePointer<Primitive>
| `- error: cannot find type 'Primitive' in scope
51 | let platformLock: PlatformLock
52 |
/host/spi-builder-workspace/.build/checkouts/swift-async-algorithms/Sources/AsyncAlgorithms/Locking.swift:162:63: error: 'Primitive' is not a member type of struct 'AsyncAlgorithms.Lock'
31 | #endif
32 |
33 | internal struct Lock {
| `- note: 'Lock' declared here
34 | #if canImport(Darwin)
35 | typealias Primitive = os_unfair_lock
:
160 |
161 | struct ManagedCriticalState<State> {
162 | private final class LockedBuffer: ManagedBuffer<State, Lock.Primitive> {
| `- error: 'Primitive' is not a member type of struct 'AsyncAlgorithms.Lock'
163 | deinit {
164 | withUnsafeMutablePointerToElements { Lock.deinitialize($0) }
/host/spi-builder-workspace/.build/checkouts/swift-async-algorithms/Sources/AsyncAlgorithms/Locking.swift:168:49: error: 'Primitive' is not a member type of struct 'AsyncAlgorithms.Lock'
31 | #endif
32 |
33 | internal struct Lock {
| `- note: 'Lock' declared here
34 | #if canImport(Darwin)
35 | typealias Primitive = os_unfair_lock
:
166 | }
167 |
168 | private let buffer: ManagedBuffer<State, Lock.Primitive>
| `- error: 'Primitive' is not a member type of struct 'AsyncAlgorithms.Lock'
169 |
170 | init(_ initial: State) {
/host/spi-builder-workspace/.build/checkouts/swift-async-algorithms/Sources/AsyncAlgorithms/Locking.swift:164:7: error: type of expression is ambiguous without a type annotation
162 | private final class LockedBuffer: ManagedBuffer<State, Lock.Primitive> {
163 | deinit {
164 | withUnsafeMutablePointerToElements { Lock.deinitialize($0) }
| `- error: type of expression is ambiguous without a type annotation
165 | }
166 | }
/host/spi-builder-workspace/.build/checkouts/swift-async-algorithms/Sources/AsyncAlgorithms/Locking.swift:171:12: error: type of expression is ambiguous without a type annotation
169 |
170 | init(_ initial: State) {
171 | buffer = LockedBuffer.create(minimumCapacity: 1) { buffer in
| `- error: type of expression is ambiguous without a type annotation
172 | buffer.withUnsafeMutablePointerToElements { Lock.initialize($0) }
173 | return initial
[203/249] Compiling AsyncAlgorithms Locking.swift
/host/spi-builder-workspace/.build/checkouts/swift-async-algorithms/Sources/AsyncAlgorithms/Locking.swift:50:49: error: cannot find type 'Primitive' in scope
48 | #endif
49 |
50 | typealias PlatformLock = UnsafeMutablePointer<Primitive>
| `- error: cannot find type 'Primitive' in scope
51 | let platformLock: PlatformLock
52 |
/host/spi-builder-workspace/.build/checkouts/swift-async-algorithms/Sources/AsyncAlgorithms/Locking.swift:162:63: error: 'Primitive' is not a member type of struct 'AsyncAlgorithms.Lock'
31 | #endif
32 |
33 | internal struct Lock {
| `- note: 'Lock' declared here
34 | #if canImport(Darwin)
35 | typealias Primitive = os_unfair_lock
:
160 |
161 | struct ManagedCriticalState<State> {
162 | private final class LockedBuffer: ManagedBuffer<State, Lock.Primitive> {
| `- error: 'Primitive' is not a member type of struct 'AsyncAlgorithms.Lock'
163 | deinit {
164 | withUnsafeMutablePointerToElements { Lock.deinitialize($0) }
/host/spi-builder-workspace/.build/checkouts/swift-async-algorithms/Sources/AsyncAlgorithms/Locking.swift:168:49: error: 'Primitive' is not a member type of struct 'AsyncAlgorithms.Lock'
31 | #endif
32 |
33 | internal struct Lock {
| `- note: 'Lock' declared here
34 | #if canImport(Darwin)
35 | typealias Primitive = os_unfair_lock
:
166 | }
167 |
168 | private let buffer: ManagedBuffer<State, Lock.Primitive>
| `- error: 'Primitive' is not a member type of struct 'AsyncAlgorithms.Lock'
169 |
170 | init(_ initial: State) {
/host/spi-builder-workspace/.build/checkouts/swift-async-algorithms/Sources/AsyncAlgorithms/Locking.swift:164:7: error: type of expression is ambiguous without a type annotation
162 | private final class LockedBuffer: ManagedBuffer<State, Lock.Primitive> {
163 | deinit {
164 | withUnsafeMutablePointerToElements { Lock.deinitialize($0) }
| `- error: type of expression is ambiguous without a type annotation
165 | }
166 | }
/host/spi-builder-workspace/.build/checkouts/swift-async-algorithms/Sources/AsyncAlgorithms/Locking.swift:171:12: error: type of expression is ambiguous without a type annotation
169 |
170 | init(_ initial: State) {
171 | buffer = LockedBuffer.create(minimumCapacity: 1) { buffer in
| `- error: type of expression is ambiguous without a type annotation
172 | buffer.withUnsafeMutablePointerToElements { Lock.initialize($0) }
173 | return initial
[204/256] Compiling AsyncAlgorithms UnboundedBufferStateMachine.swift
/host/spi-builder-workspace/.build/checkouts/swift-async-algorithms/Sources/AsyncAlgorithms/Locking.swift:168:49: error: 'Primitive' is not a member type of struct 'AsyncAlgorithms.Lock'
31 | #endif
32 |
33 | internal struct Lock {
| `- note: 'Lock' declared here
34 | #if canImport(Darwin)
35 | typealias Primitive = os_unfair_lock
:
166 | }
167 |
168 | private let buffer: ManagedBuffer<State, Lock.Primitive>
| `- error: 'Primitive' is not a member type of struct 'AsyncAlgorithms.Lock'
169 |
170 | init(_ initial: State) {
[205/256] Compiling AsyncAlgorithms UnboundedBufferStorage.swift
/host/spi-builder-workspace/.build/checkouts/swift-async-algorithms/Sources/AsyncAlgorithms/Locking.swift:168:49: error: 'Primitive' is not a member type of struct 'AsyncAlgorithms.Lock'
31 | #endif
32 |
33 | internal struct Lock {
| `- note: 'Lock' declared here
34 | #if canImport(Darwin)
35 | typealias Primitive = os_unfair_lock
:
166 | }
167 |
168 | private let buffer: ManagedBuffer<State, Lock.Primitive>
| `- error: 'Primitive' is not a member type of struct 'AsyncAlgorithms.Lock'
169 |
170 | init(_ initial: State) {
[206/256] Compiling AsyncAlgorithms AsyncChannel.swift
/host/spi-builder-workspace/.build/checkouts/swift-async-algorithms/Sources/AsyncAlgorithms/Locking.swift:168:49: error: 'Primitive' is not a member type of struct 'AsyncAlgorithms.Lock'
31 | #endif
32 |
33 | internal struct Lock {
| `- note: 'Lock' declared here
34 | #if canImport(Darwin)
35 | typealias Primitive = os_unfair_lock
:
166 | }
167 |
168 | private let buffer: ManagedBuffer<State, Lock.Primitive>
| `- error: 'Primitive' is not a member type of struct 'AsyncAlgorithms.Lock'
169 |
170 | init(_ initial: State) {
[207/256] Compiling AsyncAlgorithms AsyncThrowingChannel.swift
/host/spi-builder-workspace/.build/checkouts/swift-async-algorithms/Sources/AsyncAlgorithms/Locking.swift:168:49: error: 'Primitive' is not a member type of struct 'AsyncAlgorithms.Lock'
31 | #endif
32 |
33 | internal struct Lock {
| `- note: 'Lock' declared here
34 | #if canImport(Darwin)
35 | typealias Primitive = os_unfair_lock
:
166 | }
167 |
168 | private let buffer: ManagedBuffer<State, Lock.Primitive>
| `- error: 'Primitive' is not a member type of struct 'AsyncAlgorithms.Lock'
169 |
170 | init(_ initial: State) {
[208/256] Compiling AsyncAlgorithms ChannelStateMachine.swift
/host/spi-builder-workspace/.build/checkouts/swift-async-algorithms/Sources/AsyncAlgorithms/Locking.swift:168:49: error: 'Primitive' is not a member type of struct 'AsyncAlgorithms.Lock'
31 | #endif
32 |
33 | internal struct Lock {
| `- note: 'Lock' declared here
34 | #if canImport(Darwin)
35 | typealias Primitive = os_unfair_lock
:
166 | }
167 |
168 | private let buffer: ManagedBuffer<State, Lock.Primitive>
| `- error: 'Primitive' is not a member type of struct 'AsyncAlgorithms.Lock'
169 |
170 | init(_ initial: State) {
[209/256] Compiling AsyncAlgorithms ChannelStorage.swift
/host/spi-builder-workspace/.build/checkouts/swift-async-algorithms/Sources/AsyncAlgorithms/Locking.swift:168:49: error: 'Primitive' is not a member type of struct 'AsyncAlgorithms.Lock'
31 | #endif
32 |
33 | internal struct Lock {
| `- note: 'Lock' declared here
34 | #if canImport(Darwin)
35 | typealias Primitive = os_unfair_lock
:
166 | }
167 |
168 | private let buffer: ManagedBuffer<State, Lock.Primitive>
| `- error: 'Primitive' is not a member type of struct 'AsyncAlgorithms.Lock'
169 |
170 | init(_ initial: State) {
[210/256] Compiling AsyncAlgorithms AsyncCombineLatest2Sequence.swift
/host/spi-builder-workspace/.build/checkouts/swift-async-algorithms/Sources/AsyncAlgorithms/Locking.swift:168:49: error: 'Primitive' is not a member type of struct 'AsyncAlgorithms.Lock'
31 | #endif
32 |
33 | internal struct Lock {
| `- note: 'Lock' declared here
34 | #if canImport(Darwin)
35 | typealias Primitive = os_unfair_lock
:
166 | }
167 |
168 | private let buffer: ManagedBuffer<State, Lock.Primitive>
| `- error: 'Primitive' is not a member type of struct 'AsyncAlgorithms.Lock'
169 |
170 | init(_ initial: State) {
[211/256] Compiling AsyncAlgorithms AsyncMerge2Sequence.swift
/host/spi-builder-workspace/.build/checkouts/swift-async-algorithms/Sources/AsyncAlgorithms/Locking.swift:50:49: error: cannot find type 'Primitive' in scope
48 | #endif
49 |
50 | typealias PlatformLock = UnsafeMutablePointer<Primitive>
| `- error: cannot find type 'Primitive' in scope
51 | let platformLock: PlatformLock
52 |
[212/256] Compiling AsyncAlgorithms AsyncMerge3Sequence.swift
/host/spi-builder-workspace/.build/checkouts/swift-async-algorithms/Sources/AsyncAlgorithms/Locking.swift:50:49: error: cannot find type 'Primitive' in scope
48 | #endif
49 |
50 | typealias PlatformLock = UnsafeMutablePointer<Primitive>
| `- error: cannot find type 'Primitive' in scope
51 | let platformLock: PlatformLock
52 |
[213/256] Compiling AsyncAlgorithms MergeStateMachine.swift
/host/spi-builder-workspace/.build/checkouts/swift-async-algorithms/Sources/AsyncAlgorithms/Locking.swift:50:49: error: cannot find type 'Primitive' in scope
48 | #endif
49 |
50 | typealias PlatformLock = UnsafeMutablePointer<Primitive>
| `- error: cannot find type 'Primitive' in scope
51 | let platformLock: PlatformLock
52 |
[214/256] Compiling AsyncAlgorithms MergeStorage.swift
/host/spi-builder-workspace/.build/checkouts/swift-async-algorithms/Sources/AsyncAlgorithms/Locking.swift:50:49: error: cannot find type 'Primitive' in scope
48 | #endif
49 |
50 | typealias PlatformLock = UnsafeMutablePointer<Primitive>
| `- error: cannot find type 'Primitive' in scope
51 | let platformLock: PlatformLock
52 |
[215/256] Compiling AsyncAlgorithms MultiProducerSingleConsumerAsyncChannel+Internal.swift
/host/spi-builder-workspace/.build/checkouts/swift-async-algorithms/Sources/AsyncAlgorithms/Locking.swift:50:49: error: cannot find type 'Primitive' in scope
48 | #endif
49 |
50 | typealias PlatformLock = UnsafeMutablePointer<Primitive>
| `- error: cannot find type 'Primitive' in scope
51 | let platformLock: PlatformLock
52 |
[216/256] Compiling AsyncAlgorithms MultiProducerSingleConsumerAsyncChannel.swift
/host/spi-builder-workspace/.build/checkouts/swift-async-algorithms/Sources/AsyncAlgorithms/Locking.swift:50:49: error: cannot find type 'Primitive' in scope
48 | #endif
49 |
50 | typealias PlatformLock = UnsafeMutablePointer<Primitive>
| `- error: cannot find type 'Primitive' in scope
51 | let platformLock: PlatformLock
52 |
[217/256] Compiling AsyncAlgorithms RangeReplaceableCollection.swift
/host/spi-builder-workspace/.build/checkouts/swift-async-algorithms/Sources/AsyncAlgorithms/Locking.swift:50:49: error: cannot find type 'Primitive' in scope
48 | #endif
49 |
50 | typealias PlatformLock = UnsafeMutablePointer<Primitive>
| `- error: cannot find type 'Primitive' in scope
51 | let platformLock: PlatformLock
52 |
error: emit-module command failed with exit code 1 (use -v to see invocation)
[218/256] Emitting module AsyncAlgorithms
/host/spi-builder-workspace/.build/checkouts/swift-async-algorithms/Sources/AsyncAlgorithms/Locking.swift:168:49: error: 'Primitive' is not a member type of struct 'AsyncAlgorithms.Lock'
31 | #endif
32 |
33 | internal struct Lock {
| `- note: 'Lock' declared here
34 | #if canImport(Darwin)
35 | typealias Primitive = os_unfair_lock
:
166 | }
167 |
168 | private let buffer: ManagedBuffer<State, Lock.Primitive>
| `- error: 'Primitive' is not a member type of struct 'AsyncAlgorithms.Lock'
169 |
170 | init(_ initial: State) {
/host/spi-builder-workspace/.build/checkouts/swift-async-algorithms/Sources/AsyncAlgorithms/Locking.swift:50:49: error: cannot find type 'Primitive' in scope
48 | #endif
49 |
50 | typealias PlatformLock = UnsafeMutablePointer<Primitive>
| `- error: cannot find type 'Primitive' in scope
51 | let platformLock: PlatformLock
52 |
/host/spi-builder-workspace/.build/checkouts/swift-async-algorithms/Sources/AsyncAlgorithms/Locking.swift:162:63: error: 'Primitive' is not a member type of struct 'AsyncAlgorithms.Lock'
31 | #endif
32 |
33 | internal struct Lock {
| `- note: 'Lock' declared here
34 | #if canImport(Darwin)
35 | typealias Primitive = os_unfair_lock
:
160 |
161 | struct ManagedCriticalState<State> {
162 | private final class LockedBuffer: ManagedBuffer<State, Lock.Primitive> {
| `- error: 'Primitive' is not a member type of struct 'AsyncAlgorithms.Lock'
163 | deinit {
164 | withUnsafeMutablePointerToElements { Lock.deinitialize($0) }
[219/256] Compiling AsyncAlgorithms AsyncAdjacentPairsSequence.swift
[220/256] Compiling AsyncAlgorithms AsyncBufferedByteIterator.swift
[221/256] Compiling AsyncAlgorithms AsyncChain2Sequence.swift
[222/256] Compiling AsyncAlgorithms AsyncChain3Sequence.swift
[223/256] Compiling AsyncAlgorithms AsyncChunkedByGroupSequence.swift
[224/256] Compiling AsyncAlgorithms AsyncChunkedOnProjectionSequence.swift
[225/256] Compiling AsyncAlgorithms AsyncChunksOfCountOrSignalSequence.swift
[226/256] Compiling AsyncAlgorithms AsyncChunksOfCountSequence.swift
[227/256] Compiling AsyncAlgorithms AsyncSyncSequence.swift
/host/spi-builder-workspace/.build/checkouts/swift-async-algorithms/Sources/AsyncAlgorithms/Locking.swift:168:49: error: 'Primitive' is not a member type of struct 'AsyncAlgorithms.Lock'
31 | #endif
32 |
33 | internal struct Lock {
| `- note: 'Lock' declared here
34 | #if canImport(Darwin)
35 | typealias Primitive = os_unfair_lock
:
166 | }
167 |
168 | private let buffer: ManagedBuffer<State, Lock.Primitive>
| `- error: 'Primitive' is not a member type of struct 'AsyncAlgorithms.Lock'
169 |
170 | init(_ initial: State) {
[228/256] Compiling AsyncAlgorithms AsyncThrottleSequence.swift
/host/spi-builder-workspace/.build/checkouts/swift-async-algorithms/Sources/AsyncAlgorithms/Locking.swift:168:49: error: 'Primitive' is not a member type of struct 'AsyncAlgorithms.Lock'
31 | #endif
32 |
33 | internal struct Lock {
| `- note: 'Lock' declared here
34 | #if canImport(Darwin)
35 | typealias Primitive = os_unfair_lock
:
166 | }
167 |
168 | private let buffer: ManagedBuffer<State, Lock.Primitive>
| `- error: 'Primitive' is not a member type of struct 'AsyncAlgorithms.Lock'
169 |
170 | init(_ initial: State) {
[229/256] Compiling AsyncAlgorithms AsyncThrowingExclusiveReductionsSequence.swift
/host/spi-builder-workspace/.build/checkouts/swift-async-algorithms/Sources/AsyncAlgorithms/Locking.swift:168:49: error: 'Primitive' is not a member type of struct 'AsyncAlgorithms.Lock'
31 | #endif
32 |
33 | internal struct Lock {
| `- note: 'Lock' declared here
34 | #if canImport(Darwin)
35 | typealias Primitive = os_unfair_lock
:
166 | }
167 |
168 | private let buffer: ManagedBuffer<State, Lock.Primitive>
| `- error: 'Primitive' is not a member type of struct 'AsyncAlgorithms.Lock'
169 |
170 | init(_ initial: State) {
[230/256] Compiling AsyncAlgorithms AsyncThrowingInclusiveReductionsSequence.swift
/host/spi-builder-workspace/.build/checkouts/swift-async-algorithms/Sources/AsyncAlgorithms/Locking.swift:168:49: error: 'Primitive' is not a member type of struct 'AsyncAlgorithms.Lock'
31 | #endif
32 |
33 | internal struct Lock {
| `- note: 'Lock' declared here
34 | #if canImport(Darwin)
35 | typealias Primitive = os_unfair_lock
:
166 | }
167 |
168 | private let buffer: ManagedBuffer<State, Lock.Primitive>
| `- error: 'Primitive' is not a member type of struct 'AsyncAlgorithms.Lock'
169 |
170 | init(_ initial: State) {
[231/256] Compiling AsyncAlgorithms AsyncTimerSequence.swift
/host/spi-builder-workspace/.build/checkouts/swift-async-algorithms/Sources/AsyncAlgorithms/Locking.swift:168:49: error: 'Primitive' is not a member type of struct 'AsyncAlgorithms.Lock'
31 | #endif
32 |
33 | internal struct Lock {
| `- note: 'Lock' declared here
34 | #if canImport(Darwin)
35 | typealias Primitive = os_unfair_lock
:
166 | }
167 |
168 | private let buffer: ManagedBuffer<State, Lock.Primitive>
| `- error: 'Primitive' is not a member type of struct 'AsyncAlgorithms.Lock'
169 |
170 | init(_ initial: State) {
[232/256] Compiling AsyncAlgorithms AsyncBufferSequence.swift
/host/spi-builder-workspace/.build/checkouts/swift-async-algorithms/Sources/AsyncAlgorithms/Locking.swift:168:49: error: 'Primitive' is not a member type of struct 'AsyncAlgorithms.Lock'
31 | #endif
32 |
33 | internal struct Lock {
| `- note: 'Lock' declared here
34 | #if canImport(Darwin)
35 | typealias Primitive = os_unfair_lock
:
166 | }
167 |
168 | private let buffer: ManagedBuffer<State, Lock.Primitive>
| `- error: 'Primitive' is not a member type of struct 'AsyncAlgorithms.Lock'
169 |
170 | init(_ initial: State) {
[233/256] Compiling AsyncAlgorithms BoundedBufferStateMachine.swift
/host/spi-builder-workspace/.build/checkouts/swift-async-algorithms/Sources/AsyncAlgorithms/Locking.swift:168:49: error: 'Primitive' is not a member type of struct 'AsyncAlgorithms.Lock'
31 | #endif
32 |
33 | internal struct Lock {
| `- note: 'Lock' declared here
34 | #if canImport(Darwin)
35 | typealias Primitive = os_unfair_lock
:
166 | }
167 |
168 | private let buffer: ManagedBuffer<State, Lock.Primitive>
| `- error: 'Primitive' is not a member type of struct 'AsyncAlgorithms.Lock'
169 |
170 | init(_ initial: State) {
[234/256] Compiling AsyncAlgorithms BoundedBufferStorage.swift
/host/spi-builder-workspace/.build/checkouts/swift-async-algorithms/Sources/AsyncAlgorithms/Locking.swift:168:49: error: 'Primitive' is not a member type of struct 'AsyncAlgorithms.Lock'
31 | #endif
32 |
33 | internal struct Lock {
| `- note: 'Lock' declared here
34 | #if canImport(Darwin)
35 | typealias Primitive = os_unfair_lock
:
166 | }
167 |
168 | private let buffer: ManagedBuffer<State, Lock.Primitive>
| `- error: 'Primitive' is not a member type of struct 'AsyncAlgorithms.Lock'
169 |
170 | init(_ initial: State) {
[235/256] Compiling AsyncAlgorithms Rethrow.swift
/host/spi-builder-workspace/.build/checkouts/swift-async-algorithms/Sources/AsyncAlgorithms/Locking.swift:168:49: error: 'Primitive' is not a member type of struct 'AsyncAlgorithms.Lock'
31 | #endif
32 |
33 | internal struct Lock {
| `- note: 'Lock' declared here
34 | #if canImport(Darwin)
35 | typealias Primitive = os_unfair_lock
:
166 | }
167 |
168 | private let buffer: ManagedBuffer<State, Lock.Primitive>
| `- error: 'Primitive' is not a member type of struct 'AsyncAlgorithms.Lock'
169 |
170 | init(_ initial: State) {
[236/256] Compiling AsyncAlgorithms SetAlgebra.swift
/host/spi-builder-workspace/.build/checkouts/swift-async-algorithms/Sources/AsyncAlgorithms/Locking.swift:168:49: error: 'Primitive' is not a member type of struct 'AsyncAlgorithms.Lock'
31 | #endif
32 |
33 | internal struct Lock {
| `- note: 'Lock' declared here
34 | #if canImport(Darwin)
35 | typealias Primitive = os_unfair_lock
:
166 | }
167 |
168 | private let buffer: ManagedBuffer<State, Lock.Primitive>
| `- error: 'Primitive' is not a member type of struct 'AsyncAlgorithms.Lock'
169 |
170 | init(_ initial: State) {
[237/256] Compiling AsyncAlgorithms UnsafeTransfer.swift
/host/spi-builder-workspace/.build/checkouts/swift-async-algorithms/Sources/AsyncAlgorithms/Locking.swift:168:49: error: 'Primitive' is not a member type of struct 'AsyncAlgorithms.Lock'
31 | #endif
32 |
33 | internal struct Lock {
| `- note: 'Lock' declared here
34 | #if canImport(Darwin)
35 | typealias Primitive = os_unfair_lock
:
166 | }
167 |
168 | private let buffer: ManagedBuffer<State, Lock.Primitive>
| `- error: 'Primitive' is not a member type of struct 'AsyncAlgorithms.Lock'
169 |
170 | init(_ initial: State) {
[238/256] Compiling AsyncAlgorithms AsyncZip2Sequence.swift
/host/spi-builder-workspace/.build/checkouts/swift-async-algorithms/Sources/AsyncAlgorithms/Locking.swift:168:49: error: 'Primitive' is not a member type of struct 'AsyncAlgorithms.Lock'
31 | #endif
32 |
33 | internal struct Lock {
| `- note: 'Lock' declared here
34 | #if canImport(Darwin)
35 | typealias Primitive = os_unfair_lock
:
166 | }
167 |
168 | private let buffer: ManagedBuffer<State, Lock.Primitive>
| `- error: 'Primitive' is not a member type of struct 'AsyncAlgorithms.Lock'
169 |
170 | init(_ initial: State) {
[239/256] Compiling AsyncAlgorithms AsyncZip3Sequence.swift
/host/spi-builder-workspace/.build/checkouts/swift-async-algorithms/Sources/AsyncAlgorithms/Locking.swift:168:49: error: 'Primitive' is not a member type of struct 'AsyncAlgorithms.Lock'
31 | #endif
32 |
33 | internal struct Lock {
| `- note: 'Lock' declared here
34 | #if canImport(Darwin)
35 | typealias Primitive = os_unfair_lock
:
166 | }
167 |
168 | private let buffer: ManagedBuffer<State, Lock.Primitive>
| `- error: 'Primitive' is not a member type of struct 'AsyncAlgorithms.Lock'
169 |
170 | init(_ initial: State) {
[240/256] Compiling AsyncAlgorithms ZipStateMachine.swift
/host/spi-builder-workspace/.build/checkouts/swift-async-algorithms/Sources/AsyncAlgorithms/Locking.swift:168:49: error: 'Primitive' is not a member type of struct 'AsyncAlgorithms.Lock'
31 | #endif
32 |
33 | internal struct Lock {
| `- note: 'Lock' declared here
34 | #if canImport(Darwin)
35 | typealias Primitive = os_unfair_lock
:
166 | }
167 |
168 | private let buffer: ManagedBuffer<State, Lock.Primitive>
| `- error: 'Primitive' is not a member type of struct 'AsyncAlgorithms.Lock'
169 |
170 | init(_ initial: State) {
[241/256] Compiling AsyncAlgorithms ZipStorage.swift
/host/spi-builder-workspace/.build/checkouts/swift-async-algorithms/Sources/AsyncAlgorithms/Locking.swift:168:49: error: 'Primitive' is not a member type of struct 'AsyncAlgorithms.Lock'
31 | #endif
32 |
33 | internal struct Lock {
| `- note: 'Lock' declared here
34 | #if canImport(Darwin)
35 | typealias Primitive = os_unfair_lock
:
166 | }
167 |
168 | private let buffer: ManagedBuffer<State, Lock.Primitive>
| `- error: 'Primitive' is not a member type of struct 'AsyncAlgorithms.Lock'
169 |
170 | init(_ initial: State) {
[242/256] Compiling AsyncAlgorithms AsyncCompactedSequence.swift
[243/256] Compiling AsyncAlgorithms AsyncExclusiveReductionsSequence.swift
[244/256] Compiling AsyncAlgorithms AsyncInclusiveReductionsSequence.swift
[245/256] Compiling AsyncAlgorithms AsyncJoinedBySeparatorSequence.swift
[246/256] Compiling AsyncAlgorithms AsyncJoinedSequence.swift
[247/256] Compiling AsyncAlgorithms AsyncMapErrorSequence.swift
[248/256] Compiling AsyncAlgorithms AsyncRemoveDuplicatesSequence.swift
[249/256] Compiling AsyncAlgorithms AsyncShareSequence.swift
[250/256] Compiling AsyncAlgorithms AsyncCombineLatest3Sequence.swift
/host/spi-builder-workspace/.build/checkouts/swift-async-algorithms/Sources/AsyncAlgorithms/Locking.swift:168:49: error: 'Primitive' is not a member type of struct 'AsyncAlgorithms.Lock'
31 | #endif
32 |
33 | internal struct Lock {
| `- note: 'Lock' declared here
34 | #if canImport(Darwin)
35 | typealias Primitive = os_unfair_lock
:
166 | }
167 |
168 | private let buffer: ManagedBuffer<State, Lock.Primitive>
| `- error: 'Primitive' is not a member type of struct 'AsyncAlgorithms.Lock'
169 |
170 | init(_ initial: State) {
[251/256] Compiling AsyncAlgorithms CombineLatestStateMachine.swift
/host/spi-builder-workspace/.build/checkouts/swift-async-algorithms/Sources/AsyncAlgorithms/Locking.swift:168:49: error: 'Primitive' is not a member type of struct 'AsyncAlgorithms.Lock'
31 | #endif
32 |
33 | internal struct Lock {
| `- note: 'Lock' declared here
34 | #if canImport(Darwin)
35 | typealias Primitive = os_unfair_lock
:
166 | }
167 |
168 | private let buffer: ManagedBuffer<State, Lock.Primitive>
| `- error: 'Primitive' is not a member type of struct 'AsyncAlgorithms.Lock'
169 |
170 | init(_ initial: State) {
[252/256] Compiling AsyncAlgorithms CombineLatestStorage.swift
/host/spi-builder-workspace/.build/checkouts/swift-async-algorithms/Sources/AsyncAlgorithms/Locking.swift:168:49: error: 'Primitive' is not a member type of struct 'AsyncAlgorithms.Lock'
31 | #endif
32 |
33 | internal struct Lock {
| `- note: 'Lock' declared here
34 | #if canImport(Darwin)
35 | typealias Primitive = os_unfair_lock
:
166 | }
167 |
168 | private let buffer: ManagedBuffer<State, Lock.Primitive>
| `- error: 'Primitive' is not a member type of struct 'AsyncAlgorithms.Lock'
169 |
170 | init(_ initial: State) {
[253/256] Compiling AsyncAlgorithms AsyncDebounceSequence.swift
/host/spi-builder-workspace/.build/checkouts/swift-async-algorithms/Sources/AsyncAlgorithms/Locking.swift:168:49: error: 'Primitive' is not a member type of struct 'AsyncAlgorithms.Lock'
31 | #endif
32 |
33 | internal struct Lock {
| `- note: 'Lock' declared here
34 | #if canImport(Darwin)
35 | typealias Primitive = os_unfair_lock
:
166 | }
167 |
168 | private let buffer: ManagedBuffer<State, Lock.Primitive>
| `- error: 'Primitive' is not a member type of struct 'AsyncAlgorithms.Lock'
169 |
170 | init(_ initial: State) {
[254/256] Compiling AsyncAlgorithms DebounceStateMachine.swift
/host/spi-builder-workspace/.build/checkouts/swift-async-algorithms/Sources/AsyncAlgorithms/Locking.swift:168:49: error: 'Primitive' is not a member type of struct 'AsyncAlgorithms.Lock'
31 | #endif
32 |
33 | internal struct Lock {
| `- note: 'Lock' declared here
34 | #if canImport(Darwin)
35 | typealias Primitive = os_unfair_lock
:
166 | }
167 |
168 | private let buffer: ManagedBuffer<State, Lock.Primitive>
| `- error: 'Primitive' is not a member type of struct 'AsyncAlgorithms.Lock'
169 |
170 | init(_ initial: State) {
[255/256] Compiling AsyncAlgorithms DebounceStorage.swift
/host/spi-builder-workspace/.build/checkouts/swift-async-algorithms/Sources/AsyncAlgorithms/Locking.swift:168:49: error: 'Primitive' is not a member type of struct 'AsyncAlgorithms.Lock'
31 | #endif
32 |
33 | internal struct Lock {
| `- note: 'Lock' declared here
34 | #if canImport(Darwin)
35 | typealias Primitive = os_unfair_lock
:
166 | }
167 |
168 | private let buffer: ManagedBuffer<State, Lock.Primitive>
| `- error: 'Primitive' is not a member type of struct 'AsyncAlgorithms.Lock'
169 |
170 | init(_ initial: State) {
[256/256] Compiling AsyncAlgorithms Dictionary.swift
/host/spi-builder-workspace/.build/checkouts/swift-async-algorithms/Sources/AsyncAlgorithms/Locking.swift:168:49: error: 'Primitive' is not a member type of struct 'AsyncAlgorithms.Lock'
31 | #endif
32 |
33 | internal struct Lock {
| `- note: 'Lock' declared here
34 | #if canImport(Darwin)
35 | typealias Primitive = os_unfair_lock
:
166 | }
167 |
168 | private let buffer: ManagedBuffer<State, Lock.Primitive>
| `- error: 'Primitive' is not a member type of struct 'AsyncAlgorithms.Lock'
169 |
170 | init(_ initial: State) {
BUILD FAILURE 6.1 wasm