The Swift Package Index logo.Swift Package Index

Build Information

Failed to build SimpleLoggerUI, reference main (8595d5), with Swift 6.1 for macOS (SPM) on 26 Jun 2026 19:38:06 UTC.

Build Command

env DEVELOPER_DIR=/Applications/Xcode-16.3.0.app xcrun swift build --arch arm64

Build Log

========================================
RunAll
========================================
Builder version: undefined version: run 'make version' to update
Interrupt handler set up.
========================================
Checkout
========================================
Clone URL: https://github.com/markbattistella/SimpleLoggerUI.git
Reference: main
Initialized empty Git repository in /Users/admin/builder/spi-builder-workspace/.git/
From https://github.com/markbattistella/SimpleLoggerUI
 * branch            main       -> FETCH_HEAD
 * [new branch]      main       -> origin/main
HEAD is now at 8595d50 2026-05-26
Cloned https://github.com/markbattistella/SimpleLoggerUI.git
Revision (git rev-parse @):
8595d502110c32a69c9db293feac461360c76dcc
SPI manifest file found: $PWD/.spi.yml
SUCCESS checkout https://github.com/markbattistella/SimpleLoggerUI.git at main
========================================
Build
========================================
Selected platform:         macosSpm
Swift version:             6.1
Building package at path:  $PWD
https://github.com/markbattistella/SimpleLoggerUI.git
https://github.com/markbattistella/SimpleLoggerUI.git
{
  "dependencies" : [
    {
      "identity" : "simplelogger",
      "requirement" : {
        "range" : [
          {
            "lower_bound" : "26.0.0",
            "upper_bound" : "27.0.0"
          }
        ]
      },
      "type" : "sourceControl",
      "url" : "https://github.com/markbattistella/SimpleLogger"
    }
  ],
  "manifest_display_name" : "SimpleLoggerUI",
  "name" : "SimpleLoggerUI",
  "path" : "/Users/admin/builder/spi-builder-workspace",
  "platforms" : [
    {
      "name" : "ios",
      "version" : "17.0"
    },
    {
      "name" : "maccatalyst",
      "version" : "17.0"
    },
    {
      "name" : "macos",
      "version" : "14.0"
    },
    {
      "name" : "tvos",
      "version" : "17.0"
    },
    {
      "name" : "watchos",
      "version" : "10.0"
    },
    {
      "name" : "visionos",
      "version" : "1.0"
    }
  ],
  "products" : [
    {
      "name" : "SimpleLoggerUI",
      "targets" : [
        "SimpleLoggerUI"
      ],
      "type" : {
        "library" : [
          "automatic"
        ]
      }
    }
  ],
  "swift_languages_versions" : [
    "6"
  ],
  "targets" : [
    {
      "c99name" : "SimpleLoggerUITests",
      "module_type" : "SwiftTarget",
      "name" : "SimpleLoggerUITests",
      "path" : "Tests/SimpleLoggerUITests",
      "sources" : [
        "ExportConfigurationTests.swift"
      ],
      "target_dependencies" : [
        "SimpleLoggerUI"
      ],
      "type" : "test"
    },
    {
      "c99name" : "SimpleLoggerUI",
      "module_type" : "SwiftTarget",
      "name" : "SimpleLoggerUI",
      "path" : "Sources/SimpleLoggerUI",
      "product_dependencies" : [
        "SimpleLogger"
      ],
      "product_memberships" : [
        "SimpleLoggerUI"
      ],
      "sources" : [
        "Exporting/ExportConfiguration.swift",
        "Exporting/ExportSheet.swift",
        "Filtering/DateSelectionControl.swift",
        "Filtering/FilterSheet+DateRange.swift",
        "Filtering/FilterSheet+HourRange.swift",
        "Filtering/FilterSheet+LogLevelPicker.swift",
        "Filtering/FilterSheet+Preset.swift",
        "Filtering/FilterSheet+SpecificDate.swift",
        "Filtering/FilterSheet.swift",
        "Filtering/HourSelectionControl.swift",
        "LogListScreen.swift",
        "Views/InformationCell.swift",
        "Views/LogCell.swift",
        "Views/VerticalLabeledContentStyle.swift"
      ],
      "type" : "library"
    }
  ],
  "tools_version" : "6.0"
}
Running build ...
env DEVELOPER_DIR=/Applications/Xcode-16.3.0.app xcrun swift build --arch arm64 -Xswiftc -Xfrontend -Xswiftc -stats-output-dir -Xswiftc -Xfrontend -Xswiftc .stats
Building for debugging...
[0/3] Write sources
[2/3] Write swift-version-2F0A5646E1D333AE.txt
[4/26] Compiling SimpleLogger Category+Security.swift
[5/26] Compiling SimpleLogger Category+System.swift
[6/26] Compiling SimpleLogger Category+Testing.swift
[7/28] Compiling SimpleLogger Data+Ext.swift
[8/28] Compiling SimpleLogger gzip+Error.swift
[9/28] Compiling SimpleLogger Duration+Ext.swift
[10/28] Compiling SimpleLogger LoggerExporter.swift
[11/28] Compiling SimpleLogger Logger+Filter.swift
[12/28] Compiling SimpleLogger Logger+Init.swift
[13/28] Compiling SimpleLogger LoggerReader.swift
[14/28] Compiling SimpleLogger CompressionLevel.swift
[15/28] Emitting module SimpleLogger
[16/28] Compiling SimpleLogger Category+UI.swift
[17/28] Compiling SimpleLogger Category+Utilities.swift
[18/28] Compiling SimpleLogger Logger+Export.swift
[19/28] Compiling SimpleLogger Category+Architecture.swift
[20/28] Compiling SimpleLogger Category+Commerce.swift
[21/28] Compiling SimpleLogger Category+Miscellaneous.swift
[22/28] Compiling SimpleLogger Category+Network.swift
[23/28] Compiling SimpleLogger Category+Performance.swift
[24/28] Compiling SimpleLogger Category+Persistence.swift
[25/28] Compiling SimpleLogger LoggerManager.swift
[26/28] Compiling SimpleLogger LoggerQuery.swift
[27/28] Compiling SimpleLogger LoggerCategory.swift
[28/28] Compiling SimpleLogger LoggerRepresentation.swift
[29/42] Compiling SimpleLoggerUI HourSelectionControl.swift
[30/42] Compiling SimpleLoggerUI InformationCell.swift
[31/42] Compiling SimpleLoggerUI LogListScreen.swift
/Users/admin/builder/spi-builder-workspace/Sources/SimpleLoggerUI/LogListScreen.swift:149:11: error: cannot find 'ToolbarSpacer' in scope
147 |       #if os(iOS) || os(macOS)
148 |         if #available(iOS 26.0, macOS 26.0, *) {
149 |           ToolbarSpacer(placement: .primaryAction)
    |           `- error: cannot find 'ToolbarSpacer' in scope
150 |         }
151 |       #endif
/Users/admin/builder/spi-builder-workspace/Sources/SimpleLoggerUI/LogListScreen.swift:149:37: error: cannot infer contextual base in reference to member 'primaryAction'
147 |       #if os(iOS) || os(macOS)
148 |         if #available(iOS 26.0, macOS 26.0, *) {
149 |           ToolbarSpacer(placement: .primaryAction)
    |                                     `- error: cannot infer contextual base in reference to member 'primaryAction'
150 |         }
151 |       #endif
[32/43] Compiling SimpleLoggerUI LogCell.swift
[33/43] Compiling SimpleLoggerUI FilterSheet+Preset.swift
[34/43] Compiling SimpleLoggerUI FilterSheet+SpecificDate.swift
[35/43] Compiling SimpleLoggerUI FilterSheet+HourRange.swift
[36/43] Compiling SimpleLoggerUI FilterSheet+LogLevelPicker.swift
[37/43] Compiling SimpleLoggerUI FilterSheet.swift
[38/43] Compiling SimpleLoggerUI DateSelectionControl.swift
[39/43] Compiling SimpleLoggerUI FilterSheet+DateRange.swift
[40/43] Compiling SimpleLoggerUI VerticalLabeledContentStyle.swift
[41/43] Compiling SimpleLoggerUI ExportConfiguration.swift
[42/43] Compiling SimpleLoggerUI ExportSheet.swift
[43/43] Emitting module SimpleLoggerUI
Fetching https://github.com/markbattistella/SimpleLogger
[1/229] Fetching simplelogger
Fetched https://github.com/markbattistella/SimpleLogger from cache (0.76s)
Computing version for https://github.com/markbattistella/SimpleLogger
Computed https://github.com/markbattistella/SimpleLogger at 26.5.26 (1.25s)
Creating working copy for https://github.com/markbattistella/SimpleLogger
Working copy of https://github.com/markbattistella/SimpleLogger resolved at 26.5.26
Running build ...
env DEVELOPER_DIR=/Applications/Xcode-16.3.0.app xcrun swift build --arch arm64
[0/1] Planning build
Building for debugging...
[0/1] Write swift-version-2F0A5646E1D333AE.txt
[2/24] Emitting module SimpleLogger
[3/24] Compiling SimpleLogger Category+UI.swift
[4/24] Compiling SimpleLogger Category+Utilities.swift
[5/24] Compiling SimpleLogger Logger+Export.swift
[6/26] Compiling SimpleLogger Duration+Ext.swift
[7/26] Compiling SimpleLogger LoggerExporter.swift
[8/26] Compiling SimpleLogger Category+Network.swift
[9/26] Compiling SimpleLogger Category+Performance.swift
[10/26] Compiling SimpleLogger Category+Persistence.swift
[11/26] Compiling SimpleLogger Logger+Filter.swift
[12/26] Compiling SimpleLogger Logger+Init.swift
[13/26] Compiling SimpleLogger Category+Security.swift
[14/26] Compiling SimpleLogger Category+System.swift
[15/26] Compiling SimpleLogger Category+Testing.swift
[16/26] Compiling SimpleLogger LoggerCategory.swift
[17/26] Compiling SimpleLogger LoggerRepresentation.swift
[18/26] Compiling SimpleLogger LoggerReader.swift
[19/26] Compiling SimpleLogger CompressionLevel.swift
[20/26] Compiling SimpleLogger Category+Architecture.swift
[21/26] Compiling SimpleLogger Category+Commerce.swift
[22/26] Compiling SimpleLogger Category+Miscellaneous.swift
[23/26] Compiling SimpleLogger LoggerManager.swift
[24/26] Compiling SimpleLogger LoggerQuery.swift
[25/26] Compiling SimpleLogger Data+Ext.swift
[26/26] Compiling SimpleLogger gzip+Error.swift
[27/40] Compiling SimpleLoggerUI InformationCell.swift
[28/40] Compiling SimpleLoggerUI HourSelectionControl.swift
[29/40] Compiling SimpleLoggerUI LogCell.swift
[30/40] Compiling SimpleLoggerUI LogListScreen.swift
/Users/admin/builder/spi-builder-workspace/Sources/SimpleLoggerUI/LogListScreen.swift:149:11: error: cannot find 'ToolbarSpacer' in scope
147 |       #if os(iOS) || os(macOS)
148 |         if #available(iOS 26.0, macOS 26.0, *) {
149 |           ToolbarSpacer(placement: .primaryAction)
    |           `- error: cannot find 'ToolbarSpacer' in scope
150 |         }
151 |       #endif
/Users/admin/builder/spi-builder-workspace/Sources/SimpleLoggerUI/LogListScreen.swift:149:37: error: cannot infer contextual base in reference to member 'primaryAction'
147 |       #if os(iOS) || os(macOS)
148 |         if #available(iOS 26.0, macOS 26.0, *) {
149 |           ToolbarSpacer(placement: .primaryAction)
    |                                     `- error: cannot infer contextual base in reference to member 'primaryAction'
150 |         }
151 |       #endif
[31/41] Compiling SimpleLoggerUI FilterSheet+HourRange.swift
[32/41] Compiling SimpleLoggerUI FilterSheet+LogLevelPicker.swift
[33/41] Compiling SimpleLoggerUI FilterSheet+Preset.swift
[34/41] Compiling SimpleLoggerUI FilterSheet+SpecificDate.swift
[35/41] Compiling SimpleLoggerUI FilterSheet.swift
[36/41] Compiling SimpleLoggerUI DateSelectionControl.swift
[37/41] Compiling SimpleLoggerUI FilterSheet+DateRange.swift
[38/41] Compiling SimpleLoggerUI ExportConfiguration.swift
[39/41] Compiling SimpleLoggerUI ExportSheet.swift
[40/41] Emitting module SimpleLoggerUI
[41/41] Compiling SimpleLoggerUI VerticalLabeledContentStyle.swift
BUILD FAILURE 6.1 macosSpm