Build Information
Failed to build SwiftUIContacts, reference main (0d1047), with Swift 6.2 for Linux on 16 Jul 2026 02:50:12 UTC.
Build Command
bash -c docker run --pull=always --rm -v "checkouts-54344846-3":/host -w "$PWD" -e JAVA_HOME="/root/.sdkman/candidates/java/current" -e SPI_BUILD="1" -e SPI_PROCESSING="1" registry.gitlab.com/saguaro1/spi-images:basic-6.2-latest swift build --triple x86_64-unknown-linux-gnu 2>&1Build Log
========================================
RunAll
========================================
Builder version: 333316120c8b89ed7d21f1b34865290794301d91
Interrupt handler set up.
========================================
Checkout
========================================
Clone URL: https://github.com/edonv/SwiftUIContacts.git
Reference: main
Initialized empty Git repository in /host/spi-builder-workspace/.git/
hint: Using 'master' as the name for the initial branch. This default branch name
hint: is subject to change. To configure the initial branch name to use in all
hint: of your new repositories, which will suppress this warning, call:
hint:
hint: git config --global init.defaultBranch <name>
hint:
hint: Names commonly chosen instead of 'master' are 'main', 'trunk' and
hint: 'development'. The just-created branch can be renamed via this command:
hint:
hint: git branch -m <name>
From https://github.com/edonv/SwiftUIContacts
* branch main -> FETCH_HEAD
* [new branch] main -> origin/main
HEAD is now at 0d1047f Update README.md
Cloned https://github.com/edonv/SwiftUIContacts.git
Revision (git rev-parse @):
0d1047f1953226edc978a379e04b07b55981b575
SPI manifest file found: $PWD/.spi.yml
SUCCESS checkout https://github.com/edonv/SwiftUIContacts.git at main
========================================
Build
========================================
Selected platform: linux
Swift version: 6.2
Building package at path: $PWD
https://github.com/edonv/SwiftUIContacts.git
Running build ...
bash -c docker run --pull=always --rm -v "checkouts-54344846-3":/host -w "$PWD" -e JAVA_HOME="/root/.sdkman/candidates/java/current" -e SPI_BUILD="1" -e SPI_PROCESSING="1" registry.gitlab.com/saguaro1/spi-images:basic-6.2-latest swift build --triple x86_64-unknown-linux-gnu 2>&1
basic-6.2-latest: Pulling from saguaro1/spi-images
Digest: sha256:146297aca0eb7f3e338453cbf4c0aa72424647d7d0d3f35fda2f7ef7698dd3aa
Status: Image is up to date for registry.gitlab.com/saguaro1/spi-images:basic-6.2-latest
Building for debugging...
[0/2] Write sources
[1/2] Write swift-version-24593BA9C3E375BF.txt
[3/8] Compiling SwiftUIContacts ContactPicker+ViewModifiers.swift
/host/spi-builder-workspace/Sources/SwiftUIContacts/Extensions/Contacts+Constants.swift:9:8: error: no such module 'Contacts'
7 |
8 | import Foundation
9 | import Contacts
| `- error: no such module 'Contacts'
10 |
11 | public struct ContactsConstant: RawRepresentable {
error: emit-module command failed with exit code 1 (use -v to see invocation)
[4/8] Emitting module SwiftUIContacts
/host/spi-builder-workspace/Sources/SwiftUIContacts/Extensions/Contacts+Constants.swift:9:8: error: no such module 'Contacts'
7 |
8 | import Foundation
9 | import Contacts
| `- error: no such module 'Contacts'
10 |
11 | public struct ContactsConstant: RawRepresentable {
[5/8] Compiling SwiftUIContacts ContactView+ViewModifiers.swift
/host/spi-builder-workspace/Sources/SwiftUIContacts/Extensions/Contacts+Constants.swift:9:8: error: no such module 'Contacts'
7 |
8 | import Foundation
9 | import Contacts
| `- error: no such module 'Contacts'
10 |
11 | public struct ContactsConstant: RawRepresentable {
[6/8] Compiling SwiftUIContacts ContactPicker.swift
/host/spi-builder-workspace/Sources/SwiftUIContacts/Extensions/Contacts+Constants.swift:9:8: error: no such module 'Contacts'
7 |
8 | import Foundation
9 | import Contacts
| `- error: no such module 'Contacts'
10 |
11 | public struct ContactsConstant: RawRepresentable {
[7/8] Compiling SwiftUIContacts ContactView.swift
/host/spi-builder-workspace/Sources/SwiftUIContacts/Extensions/Contacts+Constants.swift:9:8: error: no such module 'Contacts'
7 |
8 | import Foundation
9 | import Contacts
| `- error: no such module 'Contacts'
10 |
11 | public struct ContactsConstant: RawRepresentable {
[8/8] Compiling SwiftUIContacts Contacts+Constants.swift
/host/spi-builder-workspace/Sources/SwiftUIContacts/Extensions/Contacts+Constants.swift:9:8: error: no such module 'Contacts'
7 |
8 | import Foundation
9 | import Contacts
| `- error: no such module 'Contacts'
10 |
11 | public struct ContactsConstant: RawRepresentable {
BUILD FAILURE 6.2 linux