Build Information
Failed to build AppsOnAir-AppRemark, reference 1.2.2 (c18634), with Swift 6.4 for macOS (Xcode) using Xcode 27.0 on 26 Sep 2026 21:05:08 UTC.
Build Command
No build command. This typically means the build failed at an early stage where we determine the build command.Build Log
========================================
RunAll
========================================
Builder version: 5.1.0
Interrupt handler set up.
========================================
Checkout
========================================
Clone URL: https://github.com/apps-on-air/AppsOnAir-iOS-AppRemark.git
Reference: 1.2.2
Initialized empty Git repository in /Users/admin/builder/spi-builder-workspace/.git/
From https://github.com/apps-on-air/AppsOnAir-iOS-AppRemark
* tag 1.2.2 -> FETCH_HEAD
HEAD is now at c186342 Merge pull request #35 from apps-on-air/release/v1.2.2
Cloned https://github.com/apps-on-air/AppsOnAir-iOS-AppRemark.git
Revision (git rev-parse @):
c18634274e83d2e771e63e72f84fcbd7978817f1
SUCCESS checkout https://github.com/apps-on-air/AppsOnAir-iOS-AppRemark.git at 1.2.2
========================================
Build
========================================
Selected platform: macosXcodebuild
Swift version: 6.4
Building package at path: $PWD
https://github.com/apps-on-air/AppsOnAir-iOS-AppRemark.git
Command line invocation:
/Applications/Xcode-27.0.0-Release.Candidate.app/Contents/Developer/usr/bin/xcodebuild -IDEClonedSourcePackagesDirPathOverride=/Users/admin/builder/spi-builder-workspace/.dependencies -resolvePackageDependencies
2026-09-26 17:05:07.337 xcodebuild[529:3018] Writing error result bundle to /var/folders/xq/y_g06wb113726d38xsyx71_h0000gn/T/ResultBundle_2026-26-09_17-05-0007.xcresult
xcodebuild: error: '_Pods.xcodeproj' does not exist.
Command line invocation:
/Applications/Xcode-27.0.0-Release.Candidate.app/Contents/Developer/usr/bin/xcodebuild -IDEClonedSourcePackagesDirPathOverride=/Users/admin/builder/spi-builder-workspace/.dependencies -resolvePackageDependencies
2026-09-26 17:05:08.320 xcodebuild[539:3107] Writing error result bundle to /var/folders/xq/y_g06wb113726d38xsyx71_h0000gn/T/ResultBundle_2026-26-09_17-05-0008.xcresult
xcodebuild: error: '_Pods.xcodeproj' does not exist.
BUILD FAILURE 6.4 macosXcodebuild