Build Information
Failed to build PBMediaSlider, reference 0.1.3 (e9aa4d), with Swift 6.4 for tvOS using Xcode 27.0 on 21 Sep 2026 17:05:08 UTC.
Build Command
env DEVELOPER_DIR=/Applications/Xcode-27.0.0-Release.Candidate.app xcrun xcodebuild -IDEClonedSourcePackagesDirPathOverride=$PWD/.dependencies -skipMacroValidation -skipPackagePluginValidation -derivedDataPath $PWD/.derivedData build -scheme PBMediaSlider -destination generic/platform=tvOSBuild Log
========================================
RunAll
========================================
Builder version: 5.1.0
Interrupt handler set up.
========================================
Checkout
========================================
Clone URL: https://github.com/iDevelopper/PBMediaSlider.git
Reference: 0.1.3
Initialized empty Git repository in /Users/admin/builder/spi-builder-workspace/.git/
From https://github.com/iDevelopper/PBMediaSlider
* tag 0.1.3 -> FETCH_HEAD
HEAD is now at e9aa4df 0.1.3
Cloned https://github.com/iDevelopper/PBMediaSlider.git
Revision (git rev-parse @):
e9aa4df091ad6bf6cbf04d7b171a97f7cc5ccf4d
SUCCESS checkout https://github.com/iDevelopper/PBMediaSlider.git at 0.1.3
========================================
Build
========================================
Selected platform: tvOS
Swift version: 6.4
Building package at path: $PWD
https://github.com/iDevelopper/PBMediaSlider.git
Command line invocation:
/Applications/Xcode-27.0.0-Release.Candidate.app/Contents/Developer/usr/bin/xcodebuild -IDEClonedSourcePackagesDirPathOverride=/Users/admin/builder/spi-builder-workspace/.dependencies -resolvePackageDependencies
resolved source packages:
{
"dependencies" : [
],
"manifest_display_name" : "PBMediaSlider",
"name" : "PBMediaSlider",
"path" : "/Users/admin/builder/spi-builder-workspace",
"platforms" : [
{
"name" : "ios",
"version" : "13.0"
}
],
"products" : [
{
"name" : "PBMediaSlider",
"targets" : [
"PBMediaSlider"
],
"type" : {
"library" : [
"automatic"
]
}
}
],
"targets" : [
{
"c99name" : "PBMediaSlider",
"module_type" : "SwiftTarget",
"name" : "PBMediaSlider",
"path" : "PBMediaSlider/Classes",
"product_memberships" : [
"PBMediaSlider"
],
"sources" : [
"PBControlValuePublisher.swift",
"PBMediaSlider.swift",
"UIFont+Support.swift"
],
"type" : "library"
}
],
"tools_version" : "5.9"
}
warning: 'spi-builder-workspace': Invalid Exclude '/Users/admin/builder/spi-builder-workspace/PBMediaSlider/Classes/Info.plist': File not found.
warning: 'spi-builder-workspace': Source files for target PBMediaSliderTests should be located under 'Tests/PBMediaSliderTests', 'Tests', or a custom sources path can be set with the 'path' property in Package.swift
{
"project" : {
"configurations" : [
"Debug",
"Release"
],
"name" : "Pods",
"schemes" : [
"PBMediaSlider",
"Pods-PBMediaSlider_Example"
],
"targets" : [
"PBMediaSlider",
"Pods-PBMediaSlider_Example"
]
}
}
{
"workspace" : {
"name" : "PBMediaSlider",
"schemes" : [
"PBMediaSlider"
]
}
}
2026-09-21 13:04:57.420 xcodebuild[616:3743] [MT] IDERunDestination: Supported platforms for the buildables in the current scheme is empty.
Running build ...
env DEVELOPER_DIR=/Applications/Xcode-27.0.0-Release.Candidate.app xcrun xcodebuild -IDEClonedSourcePackagesDirPathOverride=$PWD/.dependencies -skipMacroValidation -skipPackagePluginValidation -derivedDataPath $PWD/.derivedData build -scheme PBMediaSlider -destination generic/platform=tvOS
Command line invocation:
/Applications/Xcode-27.0.0-Release.Candidate.app/Contents/Developer/usr/bin/xcodebuild -IDEClonedSourcePackagesDirPathOverride=/Users/admin/builder/spi-builder-workspace/.dependencies -skipMacroValidation -skipPackagePluginValidation -derivedDataPath /Users/admin/builder/spi-builder-workspace/.derivedData build -scheme PBMediaSlider -destination generic/platform=tvOS
Resolve Package Graph
Invalid Exclude '/Users/admin/builder/spi-builder-workspace/PBMediaSlider/Classes/Info.plist': File not found.Source files for target PBMediaSliderTests should be located under 'Tests/PBMediaSliderTests', 'Tests', or a custom sources path can be set with the 'path' property in Package.swift
Resolved source packages:
PBMediaSlider: /Users/admin/builder/spi-builder-workspace
ComputePackagePrebuildTargetDependencyGraph
Prepare packages
CreateBuildRequest
SendProjectDescription
CreateBuildOperation
ComputeTargetDependencyGraph
note: Building targets in dependency order
note: Target dependency graph (2 targets)
Target 'PBMediaSlider-product' in project 'PBMediaSlider'
➜ Explicit dependency on target 'PBMediaSlider' in project 'PBMediaSlider'
Target 'PBMediaSlider' in project 'PBMediaSlider' (no dependencies)
GatherProvisioningInputs
CreateBuildDescription
ExecuteExternalTool /Applications/Xcode-27.0.0-Release.Candidate.app/Contents/Developer/Toolchains/XcodeDefault.xctoolchain/usr/bin/clang -v -E -dM -isysroot /Applications/Xcode-27.0.0-Release.Candidate.app/Contents/Developer/Platforms/AppleTVOS.platform/Developer/SDKs/AppleTVOS27.0.sdk -x c -c /dev/null
ExecuteExternalTool /Applications/Xcode-27.0.0-Release.Candidate.app/Contents/Developer/Toolchains/XcodeDefault.xctoolchain/usr/bin/swiftc --version
ExecuteExternalTool /Applications/Xcode-27.0.0-Release.Candidate.app/Contents/Developer/Toolchains/XcodeDefault.xctoolchain/usr/bin/ld -version_details
Build description signature: 6434ae7187079b81ea36f1b76d79158d
Build description path: /Users/admin/builder/spi-builder-workspace/.derivedData/Build/Intermediates.noindex/XCBuildData/6434ae7187079b81ea36f1b76d79158d.xcbuilddata
CreateBuildDirectory /Users/admin/builder/spi-builder-workspace/.derivedData/SDKExplicitPrecompiledModules
cd /Users/admin/builder/spi-builder-workspace/.swiftpm/xcode
builtin-create-build-directory /Users/admin/builder/spi-builder-workspace/.derivedData/SDKExplicitPrecompiledModules
CreateBuildDirectory /Users/admin/builder/spi-builder-workspace/.derivedData/ModuleCache.noindex
cd /Users/admin/builder/spi-builder-workspace/.swiftpm/xcode
builtin-create-build-directory /Users/admin/builder/spi-builder-workspace/.derivedData/ModuleCache.noindex
CreateBuildDirectory /Users/admin/builder/spi-builder-workspace/.derivedData/CompilationCache.noindex
cd /Users/admin/builder/spi-builder-workspace/.swiftpm/xcode
builtin-create-build-directory /Users/admin/builder/spi-builder-workspace/.derivedData/CompilationCache.noindex
ClangStatCache /Applications/Xcode-27.0.0-Release.Candidate.app/Contents/Developer/Toolchains/XcodeDefault.xctoolchain/usr/bin/clang-stat-cache /Applications/Xcode-27.0.0-Release.Candidate.app/Contents/Developer/Platforms/AppleTVOS.platform/Developer/SDKs/AppleTVOS27.0.sdk /Users/admin/builder/spi-builder-workspace/.derivedData/SDKStatCaches.noindex/appletvos27.0-24J360-e829b21a6f8c9b70876ba0858053c044b32bfd8d43560033f8d89884cdb90028.sdkstatcache
cd /Users/admin/builder/spi-builder-workspace/.swiftpm/xcode
/Applications/Xcode-27.0.0-Release.Candidate.app/Contents/Developer/Toolchains/XcodeDefault.xctoolchain/usr/bin/clang-stat-cache /Applications/Xcode-27.0.0-Release.Candidate.app/Contents/Developer/Platforms/AppleTVOS.platform/Developer/SDKs/AppleTVOS27.0.sdk -o /Users/admin/builder/spi-builder-workspace/.derivedData/SDKStatCaches.noindex/appletvos27.0-24J360-e829b21a6f8c9b70876ba0858053c044b32bfd8d43560033f8d89884cdb90028.sdkstatcache
CreateBuildDirectory /Users/admin/builder/spi-builder-workspace/.derivedData/Build/Products
cd /Users/admin/builder/spi-builder-workspace/.swiftpm/xcode
builtin-create-build-directory /Users/admin/builder/spi-builder-workspace/.derivedData/Build/Products
CreateBuildDirectory /Users/admin/builder/spi-builder-workspace/.derivedData/Build/Intermediates.noindex
cd /Users/admin/builder/spi-builder-workspace/.swiftpm/xcode
builtin-create-build-directory /Users/admin/builder/spi-builder-workspace/.derivedData/Build/Intermediates.noindex
CreateBuildDirectory /Users/admin/builder/spi-builder-workspace/.derivedData/Build/Intermediates.noindex/SwiftExplicitPrecompiledModules
cd /Users/admin/builder/spi-builder-workspace/.swiftpm/xcode
builtin-create-build-directory /Users/admin/builder/spi-builder-workspace/.derivedData/Build/Intermediates.noindex/SwiftExplicitPrecompiledModules
CreateBuildDirectory /Users/admin/builder/spi-builder-workspace/.derivedData/Build/Intermediates.noindex/PrecompiledHeaders
cd /Users/admin/builder/spi-builder-workspace/.swiftpm/xcode
builtin-create-build-directory /Users/admin/builder/spi-builder-workspace/.derivedData/Build/Intermediates.noindex/PrecompiledHeaders
CreateBuildDirectory /Users/admin/builder/spi-builder-workspace/.derivedData/Build/Intermediates.noindex/ExplicitPrecompiledModules
cd /Users/admin/builder/spi-builder-workspace/.swiftpm/xcode
builtin-create-build-directory /Users/admin/builder/spi-builder-workspace/.derivedData/Build/Intermediates.noindex/ExplicitPrecompiledModules
CreateBuildDirectory /Users/admin/builder/spi-builder-workspace/.derivedData/Build/Intermediates.noindex/EagerLinkingTBDs/Debug-appletvos
cd /Users/admin/builder/spi-builder-workspace/.swiftpm/xcode
builtin-create-build-directory /Users/admin/builder/spi-builder-workspace/.derivedData/Build/Intermediates.noindex/EagerLinkingTBDs/Debug-appletvos
CreateBuildDirectory /Users/admin/builder/spi-builder-workspace/.derivedData/Build/Products/Debug-appletvos
cd /Users/admin/builder/spi-builder-workspace/.swiftpm/xcode
builtin-create-build-directory /Users/admin/builder/spi-builder-workspace/.derivedData/Build/Products/Debug-appletvos
CreateBuildDirectory /Users/admin/builder/spi-builder-workspace/.derivedData/Build/Products/Debug-appletvos/PackageFrameworks
cd /Users/admin/builder/spi-builder-workspace/.swiftpm/xcode
builtin-create-build-directory /Users/admin/builder/spi-builder-workspace/.derivedData/Build/Products/Debug-appletvos/PackageFrameworks
WriteAuxiliaryFile /Users/admin/builder/spi-builder-workspace/.derivedData/Build/Intermediates.noindex/PBMediaSlider.build/Debug-appletvos/PBMediaSlider-t.build/PBMediaSlider.DependencyMetadataFileList (in target 'PBMediaSlider' from project 'PBMediaSlider')
cd /Users/admin/builder/spi-builder-workspace
write-file /Users/admin/builder/spi-builder-workspace/.derivedData/Build/Intermediates.noindex/PBMediaSlider.build/Debug-appletvos/PBMediaSlider-t.build/PBMediaSlider.DependencyMetadataFileList
WriteAuxiliaryFile /Users/admin/builder/spi-builder-workspace/.derivedData/Build/Intermediates.noindex/PBMediaSlider.build/Debug-appletvos/PBMediaSlider-t.build/PBMediaSlider.modulemap (in target 'PBMediaSlider' from project 'PBMediaSlider')
cd /Users/admin/builder/spi-builder-workspace
write-file /Users/admin/builder/spi-builder-workspace/.derivedData/Build/Intermediates.noindex/PBMediaSlider.build/Debug-appletvos/PBMediaSlider-t.build/PBMediaSlider.modulemap
WriteAuxiliaryFile /Users/admin/builder/spi-builder-workspace/.derivedData/Build/Intermediates.noindex/PBMediaSlider.build/Debug-appletvos/PBMediaSlider-t.build/PBMediaSlider.DependencyStaticMetadataFileList (in target 'PBMediaSlider' from project 'PBMediaSlider')
cd /Users/admin/builder/spi-builder-workspace
write-file /Users/admin/builder/spi-builder-workspace/.derivedData/Build/Intermediates.noindex/PBMediaSlider.build/Debug-appletvos/PBMediaSlider-t.build/PBMediaSlider.DependencyStaticMetadataFileList
WriteAuxiliaryFile /Users/admin/builder/spi-builder-workspace/.derivedData/Build/Intermediates.noindex/PBMediaSlider.build/Debug-appletvos/PBMediaSlider-t.build/Objects-normal/arm64/PBMediaSlider.SwiftConstValuesFileList (in target 'PBMediaSlider' from project 'PBMediaSlider')
cd /Users/admin/builder/spi-builder-workspace
write-file /Users/admin/builder/spi-builder-workspace/.derivedData/Build/Intermediates.noindex/PBMediaSlider.build/Debug-appletvos/PBMediaSlider-t.build/Objects-normal/arm64/PBMediaSlider.SwiftConstValuesFileList
WriteAuxiliaryFile /Users/admin/builder/spi-builder-workspace/.derivedData/Build/Intermediates.noindex/PBMediaSlider.build/Debug-appletvos/PBMediaSlider-t.build/Objects-normal/arm64/PBMediaSlider-OutputFileMap.json (in target 'PBMediaSlider' from project 'PBMediaSlider')
cd /Users/admin/builder/spi-builder-workspace
write-file /Users/admin/builder/spi-builder-workspace/.derivedData/Build/Intermediates.noindex/PBMediaSlider.build/Debug-appletvos/PBMediaSlider-t.build/Objects-normal/arm64/PBMediaSlider-OutputFileMap.json
WriteAuxiliaryFile /Users/admin/builder/spi-builder-workspace/.derivedData/Build/Intermediates.noindex/PBMediaSlider.build/Debug-appletvos/PBMediaSlider-t.build/Objects-normal/arm64/PBMediaSlider.SwiftFileList (in target 'PBMediaSlider' from project 'PBMediaSlider')
cd /Users/admin/builder/spi-builder-workspace
write-file /Users/admin/builder/spi-builder-workspace/.derivedData/Build/Intermediates.noindex/PBMediaSlider.build/Debug-appletvos/PBMediaSlider-t.build/Objects-normal/arm64/PBMediaSlider.SwiftFileList
WriteAuxiliaryFile /Users/admin/builder/spi-builder-workspace/.derivedData/Build/Intermediates.noindex/PBMediaSlider.build/Debug-appletvos/PBMediaSlider-t.build/Objects-normal/arm64/PBMediaSlider.LinkFileList (in target 'PBMediaSlider' from project 'PBMediaSlider')
cd /Users/admin/builder/spi-builder-workspace
write-file /Users/admin/builder/spi-builder-workspace/.derivedData/Build/Intermediates.noindex/PBMediaSlider.build/Debug-appletvos/PBMediaSlider-t.build/Objects-normal/arm64/PBMediaSlider.LinkFileList
WriteAuxiliaryFile /Users/admin/builder/spi-builder-workspace/.derivedData/Build/Intermediates.noindex/PBMediaSlider.build/Debug-appletvos/PBMediaSlider-t.build/Objects-normal/arm64/PBMediaSlider_const_extract_protocols.json (in target 'PBMediaSlider' from project 'PBMediaSlider')
cd /Users/admin/builder/spi-builder-workspace
write-file /Users/admin/builder/spi-builder-workspace/.derivedData/Build/Intermediates.noindex/PBMediaSlider.build/Debug-appletvos/PBMediaSlider-t.build/Objects-normal/arm64/PBMediaSlider_const_extract_protocols.json
Copy /Users/admin/builder/spi-builder-workspace/.derivedData/Build/Intermediates.noindex/GeneratedModuleMaps-appletvos/PBMediaSlider.modulemap /Users/admin/builder/spi-builder-workspace/.derivedData/Build/Intermediates.noindex/PBMediaSlider.build/Debug-appletvos/PBMediaSlider-t.build/PBMediaSlider.modulemap (in target 'PBMediaSlider' from project 'PBMediaSlider')
cd /Users/admin/builder/spi-builder-workspace
builtin-copy -exclude .DS_Store -exclude CVS -exclude .svn -exclude .git -exclude .hg -resolve-src-symlinks /Users/admin/builder/spi-builder-workspace/.derivedData/Build/Intermediates.noindex/PBMediaSlider.build/Debug-appletvos/PBMediaSlider-t.build/PBMediaSlider.modulemap /Users/admin/builder/spi-builder-workspace/.derivedData/Build/Intermediates.noindex/GeneratedModuleMaps-appletvos
SwiftDriver PBMediaSlider normal arm64 com.apple.xcode.tools.swift.compiler (in target 'PBMediaSlider' from project 'PBMediaSlider')
cd /Users/admin/builder/spi-builder-workspace/.swiftpm/xcode
builtin-SwiftDriver -- /Applications/Xcode-27.0.0-Release.Candidate.app/Contents/Developer/Toolchains/XcodeDefault.xctoolchain/usr/bin/swiftc -parse-as-library -module-name PBMediaSlider -Onone @/Users/admin/builder/spi-builder-workspace/.derivedData/Build/Intermediates.noindex/PBMediaSlider.build/Debug-appletvos/PBMediaSlider-t.build/Objects-normal/arm64/PBMediaSlider.SwiftFileList -DSWIFT_PACKAGE -DDEBUG -DSWIFT_MODULE_RESOURCE_BUNDLE_UNAVAILABLE -DXcode -plugin-path /Applications/Xcode-27.0.0-Release.Candidate.app/Contents/Developer/Toolchains/XcodeDefault.xctoolchain/usr/lib/swift/host/plugins/testing -enable-experimental-feature DebugDescriptionMacro -sdk /Applications/Xcode-27.0.0-Release.Candidate.app/Contents/Developer/Platforms/AppleTVOS.platform/Developer/SDKs/AppleTVOS27.0.sdk -target arm64-apple-tvos15.0 -g -module-cache-path /Users/admin/builder/spi-builder-workspace/.derivedData/ModuleCache.noindex -Xfrontend -serialize-debugging-options -enable-testing -index-store-path /Users/admin/builder/spi-builder-workspace/.derivedData/Index.noindex/DataStore -Xcc -D_LIBCPP_HARDENING_MODE\=_LIBCPP_HARDENING_MODE_DEBUG -swift-version 5 -I /Users/admin/builder/spi-builder-workspace/.derivedData/Build/Products/Debug-appletvos -Isystem /Applications/Xcode-27.0.0-Release.Candidate.app/Contents/Developer/Platforms/AppleTVOS.platform/Developer/usr/lib -F /Users/admin/builder/spi-builder-workspace/.derivedData/Build/Products/Debug-appletvos -F /Applications/Xcode-27.0.0-Release.Candidate.app/Contents/Developer/Platforms/AppleTVOS.platform/Developer/Library/Frameworks -F /Applications/Xcode-27.0.0-Release.Candidate.app/Contents/Developer/Platforms/AppleTVOS.platform/Developer/SDKs/AppleTVOS27.0.sdk/Developer/Library/Frameworks -c -j10 -enable-batch-mode -incremental -Xcc -ivfsstatcache -Xcc /Users/admin/builder/spi-builder-workspace/.derivedData/SDKStatCaches.noindex/appletvos27.0-24J360-e829b21a6f8c9b70876ba0858053c044b32bfd8d43560033f8d89884cdb90028.sdkstatcache -output-file-map /Users/admin/builder/spi-builder-workspace/.derivedData/Build/Intermediates.noindex/PBMediaSlider.build/Debug-appletvos/PBMediaSlider-t.build/Objects-normal/arm64/PBMediaSlider-OutputFileMap.json -save-temps -no-color-diagnostics -explicit-module-build -module-cache-path /Users/admin/builder/spi-builder-workspace/.derivedData/Build/Intermediates.noindex/SwiftExplicitPrecompiledModules -clang-scanner-module-cache-path /Users/admin/builder/spi-builder-workspace/.derivedData/ModuleCache.noindex -sdk-module-cache-path /Users/admin/builder/spi-builder-workspace/.derivedData/SDKExplicitPrecompiledModules -emit-dependencies -emit-module -emit-module-path /Users/admin/builder/spi-builder-workspace/.derivedData/Build/Intermediates.noindex/PBMediaSlider.build/Debug-appletvos/PBMediaSlider-t.build/Objects-normal/arm64/PBMediaSlider.swiftmodule -serialize-diagnostics -dependency-scan-serialize-diagnostics-path /Users/admin/builder/spi-builder-workspace/.derivedData/Build/Intermediates.noindex/PBMediaSlider.build/Debug-appletvos/PBMediaSlider-t.build/Objects-normal/arm64/PBMediaSlider-dependency-scan.dia -validate-clang-modules-once -clang-build-session-file /Users/admin/builder/spi-builder-workspace/.derivedData/ModuleCache.noindex/Session.modulevalidation -Xcc -fmodules-prune-interval\=86400 -Xcc -fmodules-prune-after\=345600 -package-name spi_builder_workspace -emit-const-values -const-gather-protocols-list /Users/admin/builder/spi-builder-workspace/.derivedData/Build/Intermediates.noindex/PBMediaSlider.build/Debug-appletvos/PBMediaSlider-t.build/Objects-normal/arm64/PBMediaSlider_const_extract_protocols.json -Xcc -I/Users/admin/builder/spi-builder-workspace/.derivedData/Build/Products/Debug-appletvos/include -Xcc -I/Users/admin/builder/spi-builder-workspace/.derivedData/Build/Intermediates.noindex/PBMediaSlider.build/Debug-appletvos/PBMediaSlider-t.build/DerivedSources-normal/arm64 -Xcc -I/Users/admin/builder/spi-builder-workspace/.derivedData/Build/Intermediates.noindex/PBMediaSlider.build/Debug-appletvos/PBMediaSlider-t.build/DerivedSources/arm64 -Xcc -I/Users/admin/builder/spi-builder-workspace/.derivedData/Build/Intermediates.noindex/PBMediaSlider.build/Debug-appletvos/PBMediaSlider-t.build/DerivedSources -Xcc -DSWIFT_PACKAGE -Xcc -DDEBUG\=1 -emit-objc-header -emit-objc-header-path /Users/admin/builder/spi-builder-workspace/.derivedData/Build/Intermediates.noindex/PBMediaSlider.build/Debug-appletvos/PBMediaSlider-t.build/Objects-normal/arm64/PBMediaSlider-Swift.h -working-directory /Users/admin/builder/spi-builder-workspace/.swiftpm/xcode -experimental-emit-module-separately -disable-cmo
SwiftExplicitDependencyGeneratePcm arm64 /Users/admin/builder/spi-builder-workspace/.derivedData/SDKExplicitPrecompiledModules/_AvailabilityInternal-BV2EDDP0MI5QJDDPEEV4D9D3V.pcm
SwiftExplicitDependencyGeneratePcm arm64 /Users/admin/builder/spi-builder-workspace/.derivedData/SDKExplicitPrecompiledModules/ptrauth-8X2KEPL7CTRPS40TUB9APHPK6.pcm
SwiftExplicitDependencyGeneratePcm arm64 /Users/admin/builder/spi-builder-workspace/.derivedData/SDKExplicitPrecompiledModules/_SwiftConcurrencyShims-BY5PD8KF1L5KF6F4Q69HE3TJ4.pcm
SwiftExplicitDependencyGeneratePcm arm64 /Users/admin/builder/spi-builder-workspace/.derivedData/SDKExplicitPrecompiledModules/_Builtin_float-8ZJAYZ85YBOAOP52Y9H6IUNP3.pcm
SwiftExplicitDependencyGeneratePcm arm64 /Users/admin/builder/spi-builder-workspace/.derivedData/SDKExplicitPrecompiledModules/SwiftShims-8N4EXJ4RUJTR8K9OO3CMOH1EP.pcm
SwiftExplicitDependencyGeneratePcm arm64 /Users/admin/builder/spi-builder-workspace/.derivedData/SDKExplicitPrecompiledModules/DeveloperToolsSupport-B1X8RI63V48AJRTH2RK6JAARV.pcm
SwiftExplicitDependencyGeneratePcm arm64 /Users/admin/builder/spi-builder-workspace/.derivedData/SDKExplicitPrecompiledModules/_Builtin_stdarg-BO2OCAUYVAXDRVQWQ8ISKGNUQ.pcm
SwiftExplicitDependencyGeneratePcm arm64 /Users/admin/builder/spi-builder-workspace/.derivedData/SDKExplicitPrecompiledModules/_Builtin_stddef-9ZJZ6FDEZNKTZU8YLPMFT9RAQ.pcm
SwiftExplicitDependencyGeneratePcm arm64 /Users/admin/builder/spi-builder-workspace/.derivedData/SDKExplicitPrecompiledModules/ptrcheck-2AZ6B5IBYD3RRRTFWN2ONASY3.pcm
SwiftExplicitDependencyGeneratePcm arm64 /Users/admin/builder/spi-builder-workspace/.derivedData/SDKExplicitPrecompiledModules/_Builtin_stdbool-AHRDH5EKLY6D04C5E42F3VCQI.pcm
SwiftExplicitDependencyGeneratePcm arm64 /Users/admin/builder/spi-builder-workspace/.derivedData/SDKExplicitPrecompiledModules/_DarwinFoundation1-JOTYMOA1YZCIJ2NON6FQ848O.pcm
SwiftExplicitDependencyGeneratePcm arm64 /Users/admin/builder/spi-builder-workspace/.derivedData/SDKExplicitPrecompiledModules/_DarwinFoundation2-AOGAN1O02NKXRJN5V73AV3V3M.pcm
SwiftExplicitDependencyGeneratePcm arm64 /Users/admin/builder/spi-builder-workspace/.derivedData/SDKExplicitPrecompiledModules/_Builtin_limits-7JU2HP127LIT1X9E2V3D8WZ1.pcm
SwiftExplicitDependencyGeneratePcm arm64 /Users/admin/builder/spi-builder-workspace/.derivedData/SDKExplicitPrecompiledModules/_Builtin_tgmath-7ULT1EUHDHW4OZPSTT33H6QGE.pcm
SwiftExplicitDependencyGeneratePcm arm64 /Users/admin/builder/spi-builder-workspace/.derivedData/SDKExplicitPrecompiledModules/sys_types-8GCAV1YMG5UUGHUID3CA20TCH.pcm
SwiftExplicitDependencyGeneratePcm arm64 /Users/admin/builder/spi-builder-workspace/.derivedData/SDKExplicitPrecompiledModules/string_h-6EVHP7A717OUS5DMC78F79HWO.pcm
SwiftExplicitDependencyGeneratePcm arm64 /Users/admin/builder/spi-builder-workspace/.derivedData/SDKExplicitPrecompiledModules/_Builtin_stdint-6NFTB6IBKS143IVPGT1EKB7HO.pcm
SwiftExplicitDependencyGeneratePcm arm64 /Users/admin/builder/spi-builder-workspace/.derivedData/SDKExplicitPrecompiledModules/_DarwinFoundation3-8SR3855WDFHQPR6G9GHOI2C07.pcm
SwiftExplicitDependencyGeneratePcm arm64 /Users/admin/builder/spi-builder-workspace/.derivedData/SDKExplicitPrecompiledModules/_Builtin_stdatomic-3YXHN678NGYM3NL9POJ2HVEIF.pcm
SwiftExplicitDependencyGeneratePcm arm64 /Users/admin/builder/spi-builder-workspace/.derivedData/SDKExplicitPrecompiledModules/_Builtin_intrinsics-437O2R2NID4WAQVENR63GR82C.pcm
SwiftExplicitDependencyGeneratePcm arm64 /Users/admin/builder/spi-builder-workspace/.derivedData/SDKExplicitPrecompiledModules/_Builtin_inttypes-6X1IQ3QK9KEVKXOK9Y79EW7J3.pcm
SwiftExplicitDependencyGeneratePcm arm64 /Users/admin/builder/spi-builder-workspace/.derivedData/SDKExplicitPrecompiledModules/Darwin-DBSQAVBBPC3D2OMU5ZI2RXMST.pcm
SwiftExplicitDependencyGeneratePcm arm64 /Users/admin/builder/spi-builder-workspace/.derivedData/SDKExplicitPrecompiledModules/simd-117QUXEUT3Z7UQCUYWV2UA228.pcm
SwiftExplicitDependencyGeneratePcm arm64 /Users/admin/builder/spi-builder-workspace/.derivedData/SDKExplicitPrecompiledModules/MachO-EH3F5PJCIZG05NO51CEFSZYPW.pcm
SwiftExplicitDependencyGeneratePcm arm64 /Users/admin/builder/spi-builder-workspace/.derivedData/SDKExplicitPrecompiledModules/ObjectiveC-5250FDCE56N8508OR6XUYDKZM.pcm
SwiftExplicitDependencyGeneratePcm arm64 /Users/admin/builder/spi-builder-workspace/.derivedData/SDKExplicitPrecompiledModules/os_object-E2DGZ0SX0TULQHULZRPO6OKNW.pcm
SwiftExplicitDependencyGeneratePcm arm64 /Users/admin/builder/spi-builder-workspace/.derivedData/SDKExplicitPrecompiledModules/os_workgroup-DBUFF7811DKMX7VPBOJPGGF1U.pcm
SwiftExplicitDependencyGeneratePcm arm64 /Users/admin/builder/spi-builder-workspace/.derivedData/SDKExplicitPrecompiledModules/Spatial-7U8NLEFXSB8BR7PJQGVMF5A4Q.pcm
SwiftExplicitDependencyGeneratePcm arm64 /Users/admin/builder/spi-builder-workspace/.derivedData/SDKExplicitPrecompiledModules/Dispatch-1QL58A0V50C39KVAIC6C38SHL.pcm
SwiftExplicitDependencyGeneratePcm arm64 /Users/admin/builder/spi-builder-workspace/.derivedData/SDKExplicitPrecompiledModules/XPC-6O2DJFT3QUJ7QKTD3SNUB6PCR.pcm
SwiftExplicitDependencyGeneratePcm arm64 /Users/admin/builder/spi-builder-workspace/.derivedData/SDKExplicitPrecompiledModules/CoreFoundation-7TPJ7ENDC4L1A1ESHYI9TXS0D.pcm
SwiftExplicitDependencyGeneratePcm arm64 /Users/admin/builder/spi-builder-workspace/.derivedData/SDKExplicitPrecompiledModules/os-3GJI8H0BNAEZPQPQ1V0VVY3FY.pcm
SwiftExplicitDependencyGeneratePcm arm64 /Users/admin/builder/spi-builder-workspace/.derivedData/SDKExplicitPrecompiledModules/CoreGraphics-CWSP3J98S2658BYCVL6RP99T3.pcm
SwiftExplicitDependencyGeneratePcm arm64 /Users/admin/builder/spi-builder-workspace/.derivedData/SDKExplicitPrecompiledModules/CFNetwork-2CUR2VK9S3S3WPFXPNXNUWYGN.pcm
SwiftExplicitDependencyGeneratePcm arm64 /Users/admin/builder/spi-builder-workspace/.derivedData/SDKExplicitPrecompiledModules/Security-8VMXEKVDA3MHUH9AOTP905DID.pcm
SwiftExplicitDependencyGeneratePcm arm64 /Users/admin/builder/spi-builder-workspace/.derivedData/SDKExplicitPrecompiledModules/Foundation-BSSIP64DIGUKMAYJOG1WPQ78X.pcm
SwiftExplicitDependencyGeneratePcm arm64 /Users/admin/builder/spi-builder-workspace/.derivedData/SDKExplicitPrecompiledModules/CoreText-59NY7PABM0I4V978161FOC04A.pcm
SwiftExplicitDependencyGeneratePcm arm64 /Users/admin/builder/spi-builder-workspace/.derivedData/SDKExplicitPrecompiledModules/ImageIO-88D4CLEBD4CLWQKT78PZ6H1O8.pcm
SwiftExplicitDependencyGeneratePcm arm64 /Users/admin/builder/spi-builder-workspace/.derivedData/SDKExplicitPrecompiledModules/Symbols-B5AU9VM9Y7NU79RLMH13Z4IFM.pcm
SwiftExplicitDependencyGeneratePcm arm64 /Users/admin/builder/spi-builder-workspace/.derivedData/SDKExplicitPrecompiledModules/Accessibility-B6BODGZ4MQQTY0PBC4SHRP009.pcm
SwiftExplicitDependencyGeneratePcm arm64 /Users/admin/builder/spi-builder-workspace/.derivedData/SDKExplicitPrecompiledModules/OSLog-7OT6HHTMY0ZFEQJ095LJZ6NLC.pcm
SwiftExplicitDependencyGeneratePcm arm64 /Users/admin/builder/spi-builder-workspace/.derivedData/SDKExplicitPrecompiledModules/DataDetection-37JIYZ2GWDA1L166PP1D9JKAF.pcm
SwiftExplicitDependencyGeneratePcm arm64 /Users/admin/builder/spi-builder-workspace/.derivedData/SDKExplicitPrecompiledModules/UIUtilities-6ZFJ1AK4H8IBGEBMYQBWGBYLK.pcm
SwiftExplicitDependencyGeneratePcm arm64 /Users/admin/builder/spi-builder-workspace/.derivedData/SDKExplicitPrecompiledModules/CoreTransferable-7V4O8DATEQ9F7SDNTCW8YWLG3.pcm
SwiftExplicitDependencyGeneratePcm arm64 /Users/admin/builder/spi-builder-workspace/.derivedData/SDKExplicitPrecompiledModules/_LocationEssentials-ETSJ65FELPWR8WH8G49R1DF2E.pcm
SwiftExplicitDependencyGeneratePcm arm64 /Users/admin/builder/spi-builder-workspace/.derivedData/SDKExplicitPrecompiledModules/IOSurface-38FJ1CKX9FV2RD97O64Z7QB17.pcm
SwiftExplicitDependencyGeneratePcm arm64 /Users/admin/builder/spi-builder-workspace/.derivedData/SDKExplicitPrecompiledModules/UserNotifications-E9ZW5TH066WIJWH9080RC5NG4.pcm
SwiftExplicitDependencyGeneratePcm arm64 /Users/admin/builder/spi-builder-workspace/.derivedData/SDKExplicitPrecompiledModules/UniformTypeIdentifiers-95CC8U42ZA9STP5K6GP9ZVJS5.pcm
SwiftExplicitDependencyGeneratePcm arm64 /Users/admin/builder/spi-builder-workspace/.derivedData/SDKExplicitPrecompiledModules/CoreLocation-YVXXAOMVX0JH2KO1XTTKTY51.pcm
SwiftExplicitDependencyGeneratePcm arm64 /Users/admin/builder/spi-builder-workspace/.derivedData/SDKExplicitPrecompiledModules/OpenGLES-4NY99CNDU9WUNUYEIXSS1QFGE.pcm
SwiftExplicitDependencyGeneratePcm arm64 /Users/admin/builder/spi-builder-workspace/.derivedData/SDKExplicitPrecompiledModules/Metal-2KYBS7IML1SD788M91YV7Q0CC.pcm
SwiftExplicitDependencyGeneratePcm arm64 /Users/admin/builder/spi-builder-workspace/.derivedData/SDKExplicitPrecompiledModules/CoreVideo-DPU0PB5X0XLSVA2ETRGI6FJBM.pcm
SwiftExplicitDependencyGeneratePcm arm64 /Users/admin/builder/spi-builder-workspace/.derivedData/SDKExplicitPrecompiledModules/CoreImage-7S2AFJ8EIY3DUFYLEAX1JR1QV.pcm
SwiftExplicitDependencyGeneratePcm arm64 /Users/admin/builder/spi-builder-workspace/.derivedData/SDKExplicitPrecompiledModules/QuartzCore-DJSYAWKXFGVSAK5CQMOB3JSR.pcm
SwiftExplicitDependencyGeneratePcm arm64 /Users/admin/builder/spi-builder-workspace/.derivedData/SDKExplicitPrecompiledModules/SwiftUICore-543QU5V2NHKUFCYFJDKUJ7NYG.pcm
SwiftExplicitDependencyGeneratePcm arm64 /Users/admin/builder/spi-builder-workspace/.derivedData/SDKExplicitPrecompiledModules/UIKit-1TKWN7VC2X6N3ITMRVA2G0EB2.pcm
SwiftEmitModule normal arm64 Emitting\ module\ for\ PBMediaSlider (in target 'PBMediaSlider' from project 'PBMediaSlider')
/Users/admin/builder/spi-builder-workspace/PBMediaSlider/Classes/PBMediaSlider.swift:295:49: error: 'systemFill' is unavailable in tvOS
293 | }
294 | }
295 | private var _emptyColor: UIColor! = UIColor.systemFill
| `- error: 'systemFill' is unavailable in tvOS
296 |
297 | /**
/Applications/Xcode-27.0.0-Release.Candidate.app/Contents/Developer/Platforms/AppleTVOS.platform/Developer/SDKs/AppleTVOS27.0.sdk/System/Library/Frameworks/UIKit.framework/Headers/UIInterface.h:229:49: note: 'systemFill' has been explicitly marked unavailable here
227 | * Example: The track of a slider.
228 | */
229 | @property (class, nonatomic, readonly) UIColor *systemFillColor API_AVAILABLE(ios(13.0)) API_UNAVAILABLE(tvos, watchos);
| `- note: 'systemFill' has been explicitly marked unavailable here
230 |
231 | /* secondarySystemFillColor is appropriate for filling medium-size shapes.
/Users/admin/builder/spi-builder-workspace/PBMediaSlider/Classes/PBMediaSlider.swift:376:55: error: 'UIImpactFeedbackGenerator' is unavailable in tvOS
374 | - Note: Defaults to `.light` if not set
375 | */
376 | @available(iOS 10.0, *) public var feedbackStyle: UIImpactFeedbackGenerator.FeedbackStyle {
| `- error: 'UIImpactFeedbackGenerator' is unavailable in tvOS
377 | get {
378 | guard let _feedbackStyle = _feedbackStyle,
/Applications/Xcode-27.0.0-Release.Candidate.app/Contents/Developer/Platforms/AppleTVOS.platform/Developer/SDKs/AppleTVOS27.0.sdk/System/Library/Frameworks/UIKit.framework/Headers/UIImpactFeedbackGenerator.h:25:12: note: 'UIImpactFeedbackGenerator' has been explicitly marked unavailable here
23 | // UIImpactFeedbackGenerator is used to give user feedback when an impact between UI elements occurs
24 | UIKIT_EXTERN API_AVAILABLE(ios(10.0)) API_UNAVAILABLE(visionos, tvos) API_UNAVAILABLE(watchos) NS_SWIFT_UI_ACTOR
25 | @interface UIImpactFeedbackGenerator : UIFeedbackGenerator
| `- note: 'UIImpactFeedbackGenerator' has been explicitly marked unavailable here
26 |
27 | /// set a style on the feedback generator and attach it to the provided view as an interaction.
/Users/admin/builder/spi-builder-workspace/PBMediaSlider/Classes/PBMediaSlider.swift:455:66: error: 'UIImpactFeedbackGenerator' is unavailable in tvOS
453 | // gross workaround for not being able to use @available on stored properties, from https://www.klundberg.com/blog/Swift-2-and-@available-properties/
454 | private var _minMaxFeedbackGenerator: AnyObject?
455 | @available(iOS 10.0, *) private var minMaxFeedbackGenerator: UIImpactFeedbackGenerator? {
| `- error: 'UIImpactFeedbackGenerator' is unavailable in tvOS
456 | get {
457 | return _minMaxFeedbackGenerator as? UIImpactFeedbackGenerator
/Applications/Xcode-27.0.0-Release.Candidate.app/Contents/Developer/Platforms/AppleTVOS.platform/Developer/SDKs/AppleTVOS27.0.sdk/System/Library/Frameworks/UIKit.framework/Headers/UIImpactFeedbackGenerator.h:25:12: note: 'UIImpactFeedbackGenerator' has been explicitly marked unavailable here
23 | // UIImpactFeedbackGenerator is used to give user feedback when an impact between UI elements occurs
24 | UIKIT_EXTERN API_AVAILABLE(ios(10.0)) API_UNAVAILABLE(visionos, tvos) API_UNAVAILABLE(watchos) NS_SWIFT_UI_ACTOR
25 | @interface UIImpactFeedbackGenerator : UIFeedbackGenerator
| `- note: 'UIImpactFeedbackGenerator' has been explicitly marked unavailable here
26 |
27 | /// set a style on the feedback generator and attach it to the provided view as an interaction.
/Users/admin/builder/spi-builder-workspace/PBMediaSlider/Classes/PBMediaSlider.swift:813:67: error: 'UIVibrancyEffectStyle' is unavailable in tvOS
811 | }
812 |
813 | private func applyVibrancyTo(_ view: UIView, withStyle style: UIVibrancyEffectStyle = .fill) -> UIVisualEffectView
| `- error: 'UIVibrancyEffectStyle' is unavailable in tvOS
814 | {
815 | let vibrancyEffectView = UIVisualEffectView(effect: UIVibrancyEffect(blurEffect: UIBlurEffect(style: .systemMaterial), style: style))
/Applications/Xcode-27.0.0-Release.Candidate.app/Contents/Developer/Platforms/AppleTVOS.platform/Developer/SDKs/AppleTVOS27.0.sdk/System/Library/Frameworks/UIKit.framework/Headers/UIVibrancyEffect.h:31:28: note: 'UIVibrancyEffectStyle' has been explicitly marked unavailable here
29 | * to be used. Color information is ignored. (UIVibrancyEffectStyleLabel is an exception; it passes color through.)
30 | */
31 | typedef NS_ENUM(NSInteger, UIVibrancyEffectStyle) {
| `- note: 'UIVibrancyEffectStyle' has been explicitly marked unavailable here
32 | /* Vibrancy for text labels.
33 | */
Failed frontend command:
SwiftCompile normal arm64 (in target 'PBMediaSlider' from project 'PBMediaSlider')
cd /Users/admin/builder/spi-builder-workspace/.swiftpm/xcode
/Applications/Xcode-27.0.0-Release.Candidate.app/Contents/Developer/Toolchains/XcodeDefault.xctoolchain/usr/bin/swift-frontend -frontend -emit-module -experimental-skip-non-inlinable-function-bodies-without-types /Users/admin/builder/spi-builder-workspace/PBMediaSlider/Classes/PBControlValuePublisher.swift /Users/admin/builder/spi-builder-workspace/PBMediaSlider/Classes/PBMediaSlider.swift /Users/admin/builder/spi-builder-workspace/PBMediaSlider/Classes/UIFont+Support.swift -target arm64-apple-tvos15.0 -disable-cross-import-overlay-search -load-resolved-plugin /Applications/Xcode-27.0.0-Release.Candidate.app/Contents/Developer/Platforms/AppleTVOS.platform/Developer/usr/lib/swift/host/plugins/libFoundationMacros.dylib\#/Applications/Xcode-27.0.0-Release.Candidate.app/Contents/Developer/Platforms/AppleTVOS.platform/Developer/usr/bin/swift-plugin-server\#FoundationMacros -load-resolved-plugin /Applications/Xcode-27.0.0-Release.Candidate.app/Contents/Developer/Platforms/AppleTVOS.platform/Developer/usr/lib/swift/host/plugins/libObservationMacros.dylib\#/Applications/Xcode-27.0.0-Release.Candidate.app/Contents/Developer/Platforms/AppleTVOS.platform/Developer/usr/bin/swift-plugin-server\#ObservationMacros -load-resolved-plugin /Applications/Xcode-27.0.0-Release.Candidate.app/Contents/Developer/Platforms/AppleTVOS.platform/Developer/usr/lib/swift/host/plugins/libPreviewsMacros.dylib\#/Applications/Xcode-27.0.0-Release.Candidate.app/Contents/Developer/Platforms/AppleTVOS.platform/Developer/usr/bin/swift-plugin-server\#PreviewsMacros -load-resolved-plugin /Applications/Xcode-27.0.0-Release.Candidate.app/Contents/Developer/Platforms/AppleTVOS.platform/Developer/usr/lib/swift/host/plugins/libSwiftMacros.dylib\#/Applications/Xcode-27.0.0-Release.Candidate.app/Contents/Developer/Platforms/AppleTVOS.platform/Developer/usr/bin/swift-plugin-server\#SwiftMacros -load-resolved-plugin /Applications/Xcode-27.0.0-Release.Candidate.app/Contents/Developer/Platforms/AppleTVOS.platform/Developer/usr/lib/swift/host/plugins/libSwiftUIMacros.dylib\#/Applications/Xcode-27.0.0-Release.Candidate.app/Contents/Developer/Platforms/AppleTVOS.platform/Developer/usr/bin/swift-plugin-server\#SwiftUIMacros -disable-implicit-swift-modules -Xcc -fno-implicit-modules -Xcc -fno-implicit-module-maps -explicit-swift-module-map-file /Users/admin/builder/spi-builder-workspace/.derivedData/Build/Intermediates.noindex/PBMediaSlider.build/Debug-appletvos/PBMediaSlider-t.build/Objects-normal/arm64/PBMediaSlider-dependencies-1.json -Xllvm -aarch64-use-tbi -enable-objc-interop -stack-check -sdk /Applications/Xcode-27.0.0-Release.Candidate.app/Contents/Developer/Platforms/AppleTVOS.platform/Developer/SDKs/AppleTVOS27.0.sdk -I /Users/admin/builder/spi-builder-workspace/.derivedData/Build/Products/Debug-appletvos -Isystem /Applications/Xcode-27.0.0-Release.Candidate.app/Contents/Developer/Platforms/AppleTVOS.platform/Developer/usr/lib -F /Users/admin/builder/spi-builder-workspace/.derivedData/Build/Products/Debug-appletvos -F /Applications/Xcode-27.0.0-Release.Candidate.app/Contents/Developer/Platforms/AppleTVOS.platform/Developer/Library/Frameworks -F /Applications/Xcode-27.0.0-Release.Candidate.app/Contents/Developer/Platforms/AppleTVOS.platform/Developer/SDKs/AppleTVOS27.0.sdk/Developer/Library/Frameworks -module-cache-path /Users/admin/builder/spi-builder-workspace/.derivedData/Build/Intermediates.noindex/SwiftExplicitPrecompiledModules -no-color-diagnostics -Xcc -fno-color-diagnostics -enable-testing -g -debug-info-format\=dwarf -dwarf-version\=4 -swift-version 5 -Onone -D SWIFT_PACKAGE -D DEBUG -D SWIFT_MODULE_RESOURCE_BUNDLE_UNAVAILABLE -D Xcode -serialize-debugging-options -enable-experimental-feature DebugDescriptionMacro -empty-abi-descriptor -validate-clang-modules-once -clang-build-session-file /Users/admin/builder/spi-builder-workspace/.derivedData/ModuleCache.noindex/Session.modulevalidation -Xcc -working-directory -Xcc /Users/admin/builder/spi-builder-workspace/.swiftpm/xcode -enable-anonymous-context-mangled-names -file-compilation-dir /Users/admin/builder/spi-builder-workspace/.swiftpm/xcode -Xcc -D_LIBCPP_HARDENING_MODE\=_LIBCPP_HARDENING_MODE_DEBUG -Xcc -ivfsstatcache -Xcc /Users/admin/builder/spi-builder-workspace/.derivedData/SDKStatCaches.noindex/appletvos27.0-24J360-e829b21a6f8c9b70876ba0858053c044b32bfd8d43560033f8d89884cdb90028.sdkstatcache -Xcc -fmodules-prune-interval\=86400 -Xcc -fmodules-prune-after\=345600 -Xcc -I/Users/admin/builder/spi-builder-workspace/.derivedData/Build/Products/Debug-appletvos/include -Xcc -I/Users/admin/builder/spi-builder-workspace/.derivedData/Build/Intermediates.noindex/PBMediaSlider.build/Debug-appletvos/PBMediaSlider-t.build/DerivedSources-normal/arm64 -Xcc -I/Users/admin/builder/spi-builder-workspace/.derivedData/Build/Intermediates.noindex/PBMediaSlider.build/Debug-appletvos/PBMediaSlider-t.build/DerivedSources/arm64 -Xcc -I/Users/admin/builder/spi-builder-workspace/.derivedData/Build/Intermediates.noindex/PBMediaSlider.build/Debug-appletvos/PBMediaSlider-t.build/DerivedSources -Xcc -DSWIFT_PACKAGE -Xcc -DDEBUG\=1 -no-auto-bridging-header-chaining -module-name PBMediaSlider -package-name spi_builder_workspace -const-gather-protocols-file /Users/admin/builder/spi-builder-workspace/.derivedData/Build/Intermediates.noindex/PBMediaSlider.build/Debug-appletvos/PBMediaSlider-t.build/Objects-normal/arm64/PBMediaSlider_const_extract_protocols.json -disable-clang-spi -clang-target arm64-apple-tvos27.0 -target-sdk-version 27.0 -target-sdk-name appletvos27.0 -in-process-plugin-server-path /Applications/Xcode-27.0.0-Release.Candidate.app/Contents/Developer/Toolchains/XcodeDefault.xctoolchain/usr/lib/swift/host/libSwiftInProcPluginServer.dylib -emit-module-doc-path /Users/admin/builder/spi-builder-workspace/.derivedData/Build/Intermediates.noindex/PBMediaSlider.build/Debug-appletvos/PBMediaSlider-t.build/Objects-normal/arm64/PBMediaSlider.swiftdoc -emit-module-source-info-path /Users/admin/builder/spi-builder-workspace/.derivedData/Build/Intermediates.noindex/PBMediaSlider.build/Debug-appletvos/PBMediaSlider-t.build/Objects-normal/arm64/PBMediaSlider.swiftsourceinfo -emit-objc-header-path /Users/admin/builder/spi-builder-workspace/.derivedData/Build/Intermediates.noindex/PBMediaSlider.build/Debug-appletvos/PBMediaSlider-t.build/Objects-normal/arm64/PBMediaSlider-Swift.h -serialize-diagnostics-path /Users/admin/builder/spi-builder-workspace/.derivedData/Build/Intermediates.noindex/PBMediaSlider.build/Debug-appletvos/PBMediaSlider-t.build/Objects-normal/arm64/PBMediaSlider-primary-emit-module.dia -emit-dependencies-path /Users/admin/builder/spi-builder-workspace/.derivedData/Build/Intermediates.noindex/PBMediaSlider.build/Debug-appletvos/PBMediaSlider-t.build/Objects-normal/arm64/PBMediaSlider-primary-emit-module.d -parse-as-library -o /Users/admin/builder/spi-builder-workspace/.derivedData/Build/Intermediates.noindex/PBMediaSlider.build/Debug-appletvos/PBMediaSlider-t.build/Objects-normal/arm64/PBMediaSlider.swiftmodule -emit-abi-descriptor-path /Users/admin/builder/spi-builder-workspace/.derivedData/Build/Intermediates.noindex/PBMediaSlider.build/Debug-appletvos/PBMediaSlider-t.build/Objects-normal/arm64/PBMediaSlider.abi.json
SwiftCompile normal arm64 Compiling\ PBControlValuePublisher.swift /Users/admin/builder/spi-builder-workspace/PBMediaSlider/Classes/PBControlValuePublisher.swift (in target 'PBMediaSlider' from project 'PBMediaSlider')
SwiftCompile normal arm64 /Users/admin/builder/spi-builder-workspace/PBMediaSlider/Classes/PBControlValuePublisher.swift (in target 'PBMediaSlider' from project 'PBMediaSlider')
cd /Users/admin/builder/spi-builder-workspace/.swiftpm/xcode
builtin-SwiftPerFileCompile PBControlValuePublisher.swift
SwiftCompile normal arm64 Compiling\ PBMediaSlider.swift /Users/admin/builder/spi-builder-workspace/PBMediaSlider/Classes/PBMediaSlider.swift (in target 'PBMediaSlider' from project 'PBMediaSlider')
/Users/admin/builder/spi-builder-workspace/PBMediaSlider/Classes/PBMediaSlider.swift:295:49: error: 'systemFill' is unavailable in tvOS
293 | }
294 | }
295 | private var _emptyColor: UIColor! = UIColor.systemFill
| `- error: 'systemFill' is unavailable in tvOS
296 |
297 | /**
/Applications/Xcode-27.0.0-Release.Candidate.app/Contents/Developer/Platforms/AppleTVOS.platform/Developer/SDKs/AppleTVOS27.0.sdk/System/Library/Frameworks/UIKit.framework/Headers/UIInterface.h:229:49: note: 'systemFill' has been explicitly marked unavailable here
227 | * Example: The track of a slider.
228 | */
229 | @property (class, nonatomic, readonly) UIColor *systemFillColor API_AVAILABLE(ios(13.0)) API_UNAVAILABLE(tvos, watchos);
| `- note: 'systemFill' has been explicitly marked unavailable here
230 |
231 | /* secondarySystemFillColor is appropriate for filling medium-size shapes.
/Users/admin/builder/spi-builder-workspace/PBMediaSlider/Classes/PBMediaSlider.swift:376:55: error: 'UIImpactFeedbackGenerator' is unavailable in tvOS
374 | - Note: Defaults to `.light` if not set
375 | */
376 | @available(iOS 10.0, *) public var feedbackStyle: UIImpactFeedbackGenerator.FeedbackStyle {
| `- error: 'UIImpactFeedbackGenerator' is unavailable in tvOS
377 | get {
378 | guard let _feedbackStyle = _feedbackStyle,
/Applications/Xcode-27.0.0-Release.Candidate.app/Contents/Developer/Platforms/AppleTVOS.platform/Developer/SDKs/AppleTVOS27.0.sdk/System/Library/Frameworks/UIKit.framework/Headers/UIImpactFeedbackGenerator.h:25:12: note: 'UIImpactFeedbackGenerator' has been explicitly marked unavailable here
23 | // UIImpactFeedbackGenerator is used to give user feedback when an impact between UI elements occurs
24 | UIKIT_EXTERN API_AVAILABLE(ios(10.0)) API_UNAVAILABLE(visionos, tvos) API_UNAVAILABLE(watchos) NS_SWIFT_UI_ACTOR
25 | @interface UIImpactFeedbackGenerator : UIFeedbackGenerator
| `- note: 'UIImpactFeedbackGenerator' has been explicitly marked unavailable here
26 |
27 | /// set a style on the feedback generator and attach it to the provided view as an interaction.
/Users/admin/builder/spi-builder-workspace/PBMediaSlider/Classes/PBMediaSlider.swift:455:66: error: 'UIImpactFeedbackGenerator' is unavailable in tvOS
453 | // gross workaround for not being able to use @available on stored properties, from https://www.klundberg.com/blog/Swift-2-and-@available-properties/
454 | private var _minMaxFeedbackGenerator: AnyObject?
455 | @available(iOS 10.0, *) private var minMaxFeedbackGenerator: UIImpactFeedbackGenerator? {
| `- error: 'UIImpactFeedbackGenerator' is unavailable in tvOS
456 | get {
457 | return _minMaxFeedbackGenerator as? UIImpactFeedbackGenerator
/Applications/Xcode-27.0.0-Release.Candidate.app/Contents/Developer/Platforms/AppleTVOS.platform/Developer/SDKs/AppleTVOS27.0.sdk/System/Library/Frameworks/UIKit.framework/Headers/UIImpactFeedbackGenerator.h:25:12: note: 'UIImpactFeedbackGenerator' has been explicitly marked unavailable here
23 | // UIImpactFeedbackGenerator is used to give user feedback when an impact between UI elements occurs
24 | UIKIT_EXTERN API_AVAILABLE(ios(10.0)) API_UNAVAILABLE(visionos, tvos) API_UNAVAILABLE(watchos) NS_SWIFT_UI_ACTOR
25 | @interface UIImpactFeedbackGenerator : UIFeedbackGenerator
| `- note: 'UIImpactFeedbackGenerator' has been explicitly marked unavailable here
26 |
27 | /// set a style on the feedback generator and attach it to the provided view as an interaction.
SwiftCompile normal arm64 /Users/admin/builder/spi-builder-workspace/PBMediaSlider/Classes/PBMediaSlider.swift (in target 'PBMediaSlider' from project 'PBMediaSlider')
cd /Users/admin/builder/spi-builder-workspace/.swiftpm/xcode
builtin-SwiftPerFileCompile PBMediaSlider.swift
SwiftCompile normal arm64 Compiling\ UIFont+Support.swift /Users/admin/builder/spi-builder-workspace/PBMediaSlider/Classes/UIFont+Support.swift (in target 'PBMediaSlider' from project 'PBMediaSlider')
SwiftCompile normal arm64 /Users/admin/builder/spi-builder-workspace/PBMediaSlider/Classes/UIFont+Support.swift (in target 'PBMediaSlider' from project 'PBMediaSlider')
cd /Users/admin/builder/spi-builder-workspace/.swiftpm/xcode
builtin-SwiftPerFileCompile UIFont+Support.swift
PruneExplicitPrecompiledModules /Users/admin/builder/spi-builder-workspace/.derivedData/Build/Intermediates.noindex/ExplicitPrecompiledModules
PruneExplicitPrecompiledModules /Users/admin/builder/spi-builder-workspace/.derivedData/Build/Intermediates.noindex/SwiftExplicitPrecompiledModules
PruneExplicitPrecompiledModules /Users/admin/builder/spi-builder-workspace/.derivedData/SDKExplicitPrecompiledModules
2026-09-21 13:04:59.002 xcodebuild[625:3910] [MT] IDERunDestination: Supported platforms for the buildables in the current scheme is empty.
** BUILD FAILED **
The following build commands failed:
SwiftCompile normal arm64 (in target 'PBMediaSlider' from project 'PBMediaSlider')
SwiftEmitModule normal arm64 Emitting\ module\ for\ PBMediaSlider (in target 'PBMediaSlider' from project 'PBMediaSlider')
Building workspace PBMediaSlider with scheme PBMediaSlider
(3 failures)
Command line invocation:
/Applications/Xcode-27.0.0-Release.Candidate.app/Contents/Developer/usr/bin/xcodebuild -IDEClonedSourcePackagesDirPathOverride=/Users/admin/builder/spi-builder-workspace/.dependencies -resolvePackageDependencies
Resolve Package Graph
Invalid Exclude '/Users/admin/builder/spi-builder-workspace/PBMediaSlider/Classes/Info.plist': File not found.Source files for target PBMediaSliderTests should be located under 'Tests/PBMediaSliderTests', 'Tests', or a custom sources path can be set with the 'path' property in Package.swift
Resolved source packages:
PBMediaSlider: /Users/admin/builder/spi-builder-workspace
resolved source packages: PBMediaSlider
2026-09-21 13:05:05.259 xcodebuild[751:4578] [MT] IDERunDestination: Supported platforms for the buildables in the current scheme is empty.
{
"dependencies" : [
],
"manifest_display_name" : "PBMediaSlider",
"name" : "PBMediaSlider",
"path" : "/Users/admin/builder/spi-builder-workspace",
"platforms" : [
{
"name" : "ios",
"version" : "13.0"
}
],
"products" : [
{
"name" : "PBMediaSlider",
"targets" : [
"PBMediaSlider"
],
"type" : {
"library" : [
"automatic"
]
}
}
],
"targets" : [
{
"c99name" : "PBMediaSlider",
"module_type" : "SwiftTarget",
"name" : "PBMediaSlider",
"path" : "PBMediaSlider/Classes",
"product_memberships" : [
"PBMediaSlider"
],
"sources" : [
"PBControlValuePublisher.swift",
"PBMediaSlider.swift",
"UIFont+Support.swift"
],
"type" : "library"
}
],
"tools_version" : "5.9"
}
warning: 'spi-builder-workspace': Invalid Exclude '/Users/admin/builder/spi-builder-workspace/PBMediaSlider/Classes/Info.plist': File not found.
warning: 'spi-builder-workspace': Source files for target PBMediaSliderTests should be located under 'Tests/PBMediaSliderTests', 'Tests', or a custom sources path can be set with the 'path' property in Package.swift
{
"workspace" : {
"name" : "PBMediaSlider",
"schemes" : [
"PBMediaSlider"
]
}
}
2026-09-21 13:05:06.469 xcodebuild[775:4739] [MT] IDERunDestination: Supported platforms for the buildables in the current scheme is empty.
Running build ...
env DEVELOPER_DIR=/Applications/Xcode-27.0.0-Release.Candidate.app xcrun xcodebuild -IDEClonedSourcePackagesDirPathOverride=$PWD/.dependencies -skipMacroValidation -skipPackagePluginValidation -derivedDataPath $PWD/.derivedData build -scheme PBMediaSlider -destination generic/platform=tvOS
Command line invocation:
/Applications/Xcode-27.0.0-Release.Candidate.app/Contents/Developer/usr/bin/xcodebuild -IDEClonedSourcePackagesDirPathOverride=/Users/admin/builder/spi-builder-workspace/.dependencies -skipMacroValidation -skipPackagePluginValidation -derivedDataPath /Users/admin/builder/spi-builder-workspace/.derivedData build -scheme PBMediaSlider -destination generic/platform=tvOS
Resolve Package Graph
Invalid Exclude '/Users/admin/builder/spi-builder-workspace/PBMediaSlider/Classes/Info.plist': File not found.Source files for target PBMediaSliderTests should be located under 'Tests/PBMediaSliderTests', 'Tests', or a custom sources path can be set with the 'path' property in Package.swift
Resolved source packages:
PBMediaSlider: /Users/admin/builder/spi-builder-workspace
ComputePackagePrebuildTargetDependencyGraph
Prepare packages
CreateBuildRequest
SendProjectDescription
CreateBuildOperation
ComputeTargetDependencyGraph
note: Building targets in dependency order
note: Target dependency graph (2 targets)
Target 'PBMediaSlider-product' in project 'PBMediaSlider'
➜ Explicit dependency on target 'PBMediaSlider' in project 'PBMediaSlider'
Target 'PBMediaSlider' in project 'PBMediaSlider' (no dependencies)
GatherProvisioningInputs
CreateBuildDescription
ClangStatCache /Applications/Xcode-27.0.0-Release.Candidate.app/Contents/Developer/Toolchains/XcodeDefault.xctoolchain/usr/bin/clang-stat-cache /Applications/Xcode-27.0.0-Release.Candidate.app/Contents/Developer/Platforms/AppleTVOS.platform/Developer/SDKs/AppleTVOS27.0.sdk /Users/admin/builder/spi-builder-workspace/.derivedData/SDKStatCaches.noindex/appletvos27.0-24J360-e829b21a6f8c9b70876ba0858053c044b32bfd8d43560033f8d89884cdb90028.sdkstatcache
cd /Users/admin/builder/spi-builder-workspace/.swiftpm/xcode
/Applications/Xcode-27.0.0-Release.Candidate.app/Contents/Developer/Toolchains/XcodeDefault.xctoolchain/usr/bin/clang-stat-cache /Applications/Xcode-27.0.0-Release.Candidate.app/Contents/Developer/Platforms/AppleTVOS.platform/Developer/SDKs/AppleTVOS27.0.sdk -o /Users/admin/builder/spi-builder-workspace/.derivedData/SDKStatCaches.noindex/appletvos27.0-24J360-e829b21a6f8c9b70876ba0858053c044b32bfd8d43560033f8d89884cdb90028.sdkstatcache
SwiftDriver PBMediaSlider normal arm64 com.apple.xcode.tools.swift.compiler (in target 'PBMediaSlider' from project 'PBMediaSlider')
cd /Users/admin/builder/spi-builder-workspace/.swiftpm/xcode
builtin-SwiftDriver -- /Applications/Xcode-27.0.0-Release.Candidate.app/Contents/Developer/Toolchains/XcodeDefault.xctoolchain/usr/bin/swiftc -parse-as-library -module-name PBMediaSlider -Onone @/Users/admin/builder/spi-builder-workspace/.derivedData/Build/Intermediates.noindex/PBMediaSlider.build/Debug-appletvos/PBMediaSlider-t.build/Objects-normal/arm64/PBMediaSlider.SwiftFileList -DSWIFT_PACKAGE -DDEBUG -DSWIFT_MODULE_RESOURCE_BUNDLE_UNAVAILABLE -DXcode -plugin-path /Applications/Xcode-27.0.0-Release.Candidate.app/Contents/Developer/Toolchains/XcodeDefault.xctoolchain/usr/lib/swift/host/plugins/testing -enable-experimental-feature DebugDescriptionMacro -sdk /Applications/Xcode-27.0.0-Release.Candidate.app/Contents/Developer/Platforms/AppleTVOS.platform/Developer/SDKs/AppleTVOS27.0.sdk -target arm64-apple-tvos15.0 -g -module-cache-path /Users/admin/builder/spi-builder-workspace/.derivedData/ModuleCache.noindex -Xfrontend -serialize-debugging-options -enable-testing -index-store-path /Users/admin/builder/spi-builder-workspace/.derivedData/Index.noindex/DataStore -Xcc -D_LIBCPP_HARDENING_MODE\=_LIBCPP_HARDENING_MODE_DEBUG -swift-version 5 -I /Users/admin/builder/spi-builder-workspace/.derivedData/Build/Products/Debug-appletvos -Isystem /Applications/Xcode-27.0.0-Release.Candidate.app/Contents/Developer/Platforms/AppleTVOS.platform/Developer/usr/lib -F /Users/admin/builder/spi-builder-workspace/.derivedData/Build/Products/Debug-appletvos -F /Applications/Xcode-27.0.0-Release.Candidate.app/Contents/Developer/Platforms/AppleTVOS.platform/Developer/Library/Frameworks -F /Applications/Xcode-27.0.0-Release.Candidate.app/Contents/Developer/Platforms/AppleTVOS.platform/Developer/SDKs/AppleTVOS27.0.sdk/Developer/Library/Frameworks -c -j10 -enable-batch-mode -incremental -Xcc -ivfsstatcache -Xcc /Users/admin/builder/spi-builder-workspace/.derivedData/SDKStatCaches.noindex/appletvos27.0-24J360-e829b21a6f8c9b70876ba0858053c044b32bfd8d43560033f8d89884cdb90028.sdkstatcache -output-file-map /Users/admin/builder/spi-builder-workspace/.derivedData/Build/Intermediates.noindex/PBMediaSlider.build/Debug-appletvos/PBMediaSlider-t.build/Objects-normal/arm64/PBMediaSlider-OutputFileMap.json -save-temps -no-color-diagnostics -explicit-module-build -module-cache-path /Users/admin/builder/spi-builder-workspace/.derivedData/Build/Intermediates.noindex/SwiftExplicitPrecompiledModules -clang-scanner-module-cache-path /Users/admin/builder/spi-builder-workspace/.derivedData/ModuleCache.noindex -sdk-module-cache-path /Users/admin/builder/spi-builder-workspace/.derivedData/SDKExplicitPrecompiledModules -emit-dependencies -emit-module -emit-module-path /Users/admin/builder/spi-builder-workspace/.derivedData/Build/Intermediates.noindex/PBMediaSlider.build/Debug-appletvos/PBMediaSlider-t.build/Objects-normal/arm64/PBMediaSlider.swiftmodule -serialize-diagnostics -dependency-scan-serialize-diagnostics-path /Users/admin/builder/spi-builder-workspace/.derivedData/Build/Intermediates.noindex/PBMediaSlider.build/Debug-appletvos/PBMediaSlider-t.build/Objects-normal/arm64/PBMediaSlider-dependency-scan.dia -validate-clang-modules-once -clang-build-session-file /Users/admin/builder/spi-builder-workspace/.derivedData/ModuleCache.noindex/Session.modulevalidation -Xcc -fmodules-prune-interval\=86400 -Xcc -fmodules-prune-after\=345600 -package-name spi_builder_workspace -emit-const-values -const-gather-protocols-list /Users/admin/builder/spi-builder-workspace/.derivedData/Build/Intermediates.noindex/PBMediaSlider.build/Debug-appletvos/PBMediaSlider-t.build/Objects-normal/arm64/PBMediaSlider_const_extract_protocols.json -Xcc -I/Users/admin/builder/spi-builder-workspace/.derivedData/Build/Products/Debug-appletvos/include -Xcc -I/Users/admin/builder/spi-builder-workspace/.derivedData/Build/Intermediates.noindex/PBMediaSlider.build/Debug-appletvos/PBMediaSlider-t.build/DerivedSources-normal/arm64 -Xcc -I/Users/admin/builder/spi-builder-workspace/.derivedData/Build/Intermediates.noindex/PBMediaSlider.build/Debug-appletvos/PBMediaSlider-t.build/DerivedSources/arm64 -Xcc -I/Users/admin/builder/spi-builder-workspace/.derivedData/Build/Intermediates.noindex/PBMediaSlider.build/Debug-appletvos/PBMediaSlider-t.build/DerivedSources -Xcc -DSWIFT_PACKAGE -Xcc -DDEBUG\=1 -emit-objc-header -emit-objc-header-path /Users/admin/builder/spi-builder-workspace/.derivedData/Build/Intermediates.noindex/PBMediaSlider.build/Debug-appletvos/PBMediaSlider-t.build/Objects-normal/arm64/PBMediaSlider-Swift.h -working-directory /Users/admin/builder/spi-builder-workspace/.swiftpm/xcode -experimental-emit-module-separately -disable-cmo
SwiftCompile normal arm64 Compiling\ PBControlValuePublisher.swift /Users/admin/builder/spi-builder-workspace/PBMediaSlider/Classes/PBControlValuePublisher.swift (in target 'PBMediaSlider' from project 'PBMediaSlider')
SwiftCompile normal arm64 /Users/admin/builder/spi-builder-workspace/PBMediaSlider/Classes/PBControlValuePublisher.swift (in target 'PBMediaSlider' from project 'PBMediaSlider')
cd /Users/admin/builder/spi-builder-workspace/.swiftpm/xcode
builtin-SwiftPerFileCompile PBControlValuePublisher.swift
SwiftEmitModule normal arm64 Emitting\ module\ for\ PBMediaSlider (in target 'PBMediaSlider' from project 'PBMediaSlider')
/Users/admin/builder/spi-builder-workspace/PBMediaSlider/Classes/PBMediaSlider.swift:295:49: error: 'systemFill' is unavailable in tvOS
293 | }
294 | }
295 | private var _emptyColor: UIColor! = UIColor.systemFill
| `- error: 'systemFill' is unavailable in tvOS
296 |
297 | /**
/Applications/Xcode-27.0.0-Release.Candidate.app/Contents/Developer/Platforms/AppleTVOS.platform/Developer/SDKs/AppleTVOS27.0.sdk/System/Library/Frameworks/UIKit.framework/Headers/UIInterface.h:229:49: note: 'systemFill' has been explicitly marked unavailable here
227 | * Example: The track of a slider.
228 | */
229 | @property (class, nonatomic, readonly) UIColor *systemFillColor API_AVAILABLE(ios(13.0)) API_UNAVAILABLE(tvos, watchos);
| `- note: 'systemFill' has been explicitly marked unavailable here
230 |
231 | /* secondarySystemFillColor is appropriate for filling medium-size shapes.
/Users/admin/builder/spi-builder-workspace/PBMediaSlider/Classes/PBMediaSlider.swift:376:55: error: 'UIImpactFeedbackGenerator' is unavailable in tvOS
374 | - Note: Defaults to `.light` if not set
375 | */
376 | @available(iOS 10.0, *) public var feedbackStyle: UIImpactFeedbackGenerator.FeedbackStyle {
| `- error: 'UIImpactFeedbackGenerator' is unavailable in tvOS
377 | get {
378 | guard let _feedbackStyle = _feedbackStyle,
/Applications/Xcode-27.0.0-Release.Candidate.app/Contents/Developer/Platforms/AppleTVOS.platform/Developer/SDKs/AppleTVOS27.0.sdk/System/Library/Frameworks/UIKit.framework/Headers/UIImpactFeedbackGenerator.h:25:12: note: 'UIImpactFeedbackGenerator' has been explicitly marked unavailable here
23 | // UIImpactFeedbackGenerator is used to give user feedback when an impact between UI elements occurs
24 | UIKIT_EXTERN API_AVAILABLE(ios(10.0)) API_UNAVAILABLE(visionos, tvos) API_UNAVAILABLE(watchos) NS_SWIFT_UI_ACTOR
25 | @interface UIImpactFeedbackGenerator : UIFeedbackGenerator
| `- note: 'UIImpactFeedbackGenerator' has been explicitly marked unavailable here
26 |
27 | /// set a style on the feedback generator and attach it to the provided view as an interaction.
/Users/admin/builder/spi-builder-workspace/PBMediaSlider/Classes/PBMediaSlider.swift:455:66: error: 'UIImpactFeedbackGenerator' is unavailable in tvOS
453 | // gross workaround for not being able to use @available on stored properties, from https://www.klundberg.com/blog/Swift-2-and-@available-properties/
454 | private var _minMaxFeedbackGenerator: AnyObject?
455 | @available(iOS 10.0, *) private var minMaxFeedbackGenerator: UIImpactFeedbackGenerator? {
| `- error: 'UIImpactFeedbackGenerator' is unavailable in tvOS
456 | get {
457 | return _minMaxFeedbackGenerator as? UIImpactFeedbackGenerator
/Applications/Xcode-27.0.0-Release.Candidate.app/Contents/Developer/Platforms/AppleTVOS.platform/Developer/SDKs/AppleTVOS27.0.sdk/System/Library/Frameworks/UIKit.framework/Headers/UIImpactFeedbackGenerator.h:25:12: note: 'UIImpactFeedbackGenerator' has been explicitly marked unavailable here
23 | // UIImpactFeedbackGenerator is used to give user feedback when an impact between UI elements occurs
24 | UIKIT_EXTERN API_AVAILABLE(ios(10.0)) API_UNAVAILABLE(visionos, tvos) API_UNAVAILABLE(watchos) NS_SWIFT_UI_ACTOR
25 | @interface UIImpactFeedbackGenerator : UIFeedbackGenerator
| `- note: 'UIImpactFeedbackGenerator' has been explicitly marked unavailable here
26 |
27 | /// set a style on the feedback generator and attach it to the provided view as an interaction.
/Users/admin/builder/spi-builder-workspace/PBMediaSlider/Classes/PBMediaSlider.swift:813:67: error: 'UIVibrancyEffectStyle' is unavailable in tvOS
811 | }
812 |
813 | private func applyVibrancyTo(_ view: UIView, withStyle style: UIVibrancyEffectStyle = .fill) -> UIVisualEffectView
| `- error: 'UIVibrancyEffectStyle' is unavailable in tvOS
814 | {
815 | let vibrancyEffectView = UIVisualEffectView(effect: UIVibrancyEffect(blurEffect: UIBlurEffect(style: .systemMaterial), style: style))
/Applications/Xcode-27.0.0-Release.Candidate.app/Contents/Developer/Platforms/AppleTVOS.platform/Developer/SDKs/AppleTVOS27.0.sdk/System/Library/Frameworks/UIKit.framework/Headers/UIVibrancyEffect.h:31:28: note: 'UIVibrancyEffectStyle' has been explicitly marked unavailable here
29 | * to be used. Color information is ignored. (UIVibrancyEffectStyleLabel is an exception; it passes color through.)
30 | */
31 | typedef NS_ENUM(NSInteger, UIVibrancyEffectStyle) {
| `- note: 'UIVibrancyEffectStyle' has been explicitly marked unavailable here
32 | /* Vibrancy for text labels.
33 | */
Failed frontend command:
/Applications/Xcode-27.0.0-Release.Candidate.app/Contents/Developer/Toolchains/XcodeDefault.xctoolchain/usr/bin/swift-frontend -frontend -emit-module -experimental-skip-non-inlinable-function-bodies-without-types /Users/admin/builder/spi-builder-workspace/PBMediaSlider/Classes/PBControlValuePublisher.swift /Users/admin/builder/spi-builder-workspace/PBMediaSlider/Classes/PBMediaSlider.swift /Users/admin/builder/spi-builder-workspace/PBMediaSlider/Classes/UIFont+Support.swift -target arm64-apple-tvos15.0 -disable-cross-import-overlay-search -load-resolved-plugin /Applications/Xcode-27.0.0-Release.Candidate.app/Contents/Developer/Platforms/AppleTVOS.platform/Developer/usr/lib/swift/host/plugins/libFoundationMacros.dylib\#/Applications/Xcode-27.0.0-Release.Candidate.app/Contents/Developer/Platforms/AppleTVOS.platform/Developer/usr/bin/swift-plugin-server\#FoundationMacros -load-resolved-plugin /Applications/Xcode-27.0.0-Release.Candidate.app/Contents/Developer/Platforms/AppleTVOS.platform/Developer/usr/lib/swift/host/plugins/libObservationMacros.dylib\#/Applications/Xcode-27.0.0-Release.Candidate.app/Contents/Developer/Platforms/AppleTVOS.platform/Developer/usr/bin/swift-plugin-server\#ObservationMacros -load-resolved-plugin /Applications/Xcode-27.0.0-Release.Candidate.app/Contents/Developer/Platforms/AppleTVOS.platform/Developer/usr/lib/swift/host/plugins/libPreviewsMacros.dylib\#/Applications/Xcode-27.0.0-Release.Candidate.app/Contents/Developer/Platforms/AppleTVOS.platform/Developer/usr/bin/swift-plugin-server\#PreviewsMacros -load-resolved-plugin /Applications/Xcode-27.0.0-Release.Candidate.app/Contents/Developer/Platforms/AppleTVOS.platform/Developer/usr/lib/swift/host/plugins/libSwiftMacros.dylib\#/Applications/Xcode-27.0.0-Release.Candidate.app/Contents/Developer/Platforms/AppleTVOS.platform/Developer/usr/bin/swift-plugin-server\#SwiftMacros -load-resolved-plugin /Applications/Xcode-27.0.0-Release.Candidate.app/Contents/Developer/Platforms/AppleTVOS.platform/Developer/usr/lib/swift/host/plugins/libSwiftUIMacros.dylib\#/Applications/Xcode-27.0.0-Release.Candidate.app/Contents/Developer/Platforms/AppleTVOS.platform/Developer/usr/bin/swift-plugin-server\#SwiftUIMacros -disable-implicit-swift-modules -Xcc -fno-implicit-modules -Xcc -fno-implicit-module-maps -explicit-swift-module-map-file /Users/admin/builder/spi-builder-workspace/.derivedData/Build/Intermediates.noindex/PBMediaSlider.build/Debug-appletvos/PBMediaSlider-t.build/Objects-normal/arm64/PBMediaSlider-dependencies-1.json -Xllvm -aarch64-use-tbi -enable-objc-interop -stack-check -sdk /Applications/Xcode-27.0.0-Release.Candidate.app/Contents/Developer/Platforms/AppleTVOS.platform/Developer/SDKs/AppleTVOS27.0.sdk -I /Users/admin/builder/spi-builder-workspace/.derivedData/Build/Products/Debug-appletvos -Isystem /Applications/Xcode-27.0.0-Release.Candidate.app/Contents/Developer/Platforms/AppleTVOS.platform/Developer/usr/lib -F /Users/admin/builder/spi-builder-workspace/.derivedData/Build/Products/Debug-appletvos -F /Applications/Xcode-27.0.0-Release.Candidate.app/Contents/Developer/Platforms/AppleTVOS.platform/Developer/Library/Frameworks -F /Applications/Xcode-27.0.0-Release.Candidate.app/Contents/Developer/Platforms/AppleTVOS.platform/Developer/SDKs/AppleTVOS27.0.sdk/Developer/Library/Frameworks -module-cache-path /Users/admin/builder/spi-builder-workspace/.derivedData/Build/Intermediates.noindex/SwiftExplicitPrecompiledModules -no-color-diagnostics -Xcc -fno-color-diagnostics -enable-testing -g -debug-info-format\=dwarf -dwarf-version\=4 -swift-version 5 -Onone -D SWIFT_PACKAGE -D DEBUG -D SWIFT_MODULE_RESOURCE_BUNDLE_UNAVAILABLE -D Xcode -serialize-debugging-options -enable-experimental-feature DebugDescriptionMacro -empty-abi-descriptor -validate-clang-modules-once -clang-build-session-file /Users/admin/builder/spi-builder-workspace/.derivedData/ModuleCache.noindex/Session.modulevalidation -Xcc -working-directory -Xcc /Users/admin/builder/spi-builder-workspace/.swiftpm/xcode -enable-anonymous-context-mangled-names -file-compilation-dir /Users/admin/builder/spi-builder-workspace/.swiftpm/xcode -Xcc -D_LIBCPP_HARDENING_MODE\=_LIBCPP_HARDENING_MODE_DEBUG -Xcc -ivfsstatcache -Xcc /Users/admin/builder/spi-builder-workspace/.derivedData/SDKStatCaches.noindex/appletvos27.0-24J360-e829b21a6f8c9b70876ba0858053c044b32bfd8d43560033f8d89884cdb90028.sdkstatcache -Xcc -fmodules-prune-interval\=86400 -Xcc -fmodules-prune-after\=345600 -Xcc -I/Users/admin/builder/spi-builder-workspace/.derivedData/Build/Products/Debug-appletvos/include -Xcc -I/Users/admin/builder/spi-builder-workspace/.derivedData/Build/Intermediates.noindex/PBMediaSlider.build/Debug-appletvos/PBMediaSlider-t.build/DerivedSources-normal/arm64 -Xcc -I/Users/admin/builder/spi-builder-workspace/.derivedData/Build/Intermediates.noindex/PBMediaSlider.build/Debug-appletvos/PBMediaSlider-t.build/DerivedSources/arm64 -Xcc -I/Users/admin/builder/spi-builder-workspace/.derivedData/Build/Intermediates.noindex/PBMediaSlider.build/Debug-appletvos/PBMediaSlider-t.build/DerivedSources -Xcc -DSWIFT_PACKAGE -Xcc -DDEBUG\=1 -no-auto-bridging-header-chaining -module-name PBMediaSlider -package-name spi_builder_workspace -const-gather-protocols-file /Users/admin/builder/spi-builder-workspace/.derivedData/Build/Intermediates.noindex/PBMediaSlider.build/Debug-appletvos/PBMediaSlider-t.build/Objects-normal/arm64/PBMediaSlider_const_extract_protocols.json -disable-clang-spi -clang-target arm64-apple-tvos27.0 -target-sdk-version 27.0 -target-sdk-name appletvos27.0 -in-process-plugin-server-path /Applications/Xcode-27.0.0-Release.Candidate.app/Contents/Developer/Toolchains/XcodeDefault.xctoolchain/usr/lib/swift/host/libSwiftInProcPluginServer.dylib -emit-module-doc-path /Users/admin/builder/spi-builder-workspace/.derivedData/Build/Intermediates.noindex/PBMediaSlider.build/Debug-appletvos/PBMediaSlider-t.build/Objects-normal/arm64/PBMediaSlider.swiftdoc -emit-module-source-info-path /Users/admin/builder/spi-builder-workspace/.derivedData/Build/Intermediates.noindex/PBMediaSlider.build/Debug-appletvos/PBMediaSlider-t.build/Objects-normal/arm64/PBMediaSlider.swiftsourceinfo -emit-objc-header-path /Users/admin/builder/spi-builder-workspace/.derivedData/Build/Intermediates.noindex/PBMediaSlider.build/Debug-appletvos/PBMediaSlider-t.build/Objects-normal/arm64/PBMediaSlider-Swift.h -serialize-diagnostics-path /Users/admin/builder/spi-builder-workspace/.derivedData/Build/Intermediates.noindex/PBMediaSlider.build/Debug-appletvos/PBMediaSlider-t.build/Objects-normal/arm64/PBMediaSlider-primary-emit-module.dia -emit-dependencies-path /Users/admin/builder/spi-builder-workspace/.derivedData/Build/Intermediates.noindex/PBMediaSlider.build/Debug-appletvos/PBMediaSlider-t.build/Objects-normal/arm64/PBMediaSlider-primary-emit-module.d -parse-as-library -o /Users/admin/builder/spi-builder-workspace/.derivedData/Build/Intermediates.noindex/PBMediaSlider.build/Debug-appletvos/PBMediaSlider-t.build/Objects-normal/arm64/PBMediaSlider.swiftmodule -emit-abi-descriptor-path /Users/admin/builder/spi-builder-workspace/.derivedData/Build/Intermediates.noindex/PBMediaSlider.build/Debug-appletvos/PBMediaSlider-t.build/Objects-normal/arm64/PBMediaSlider.abi.json
SwiftCompile normal arm64 (in target 'PBMediaSlider' from project 'PBMediaSlider')
cd /Users/admin/builder/spi-builder-workspace/.swiftpm/xcode
SwiftCompile normal arm64 Compiling\ UIFont+Support.swift /Users/admin/builder/spi-builder-workspace/PBMediaSlider/Classes/UIFont+Support.swift (in target 'PBMediaSlider' from project 'PBMediaSlider')
SwiftCompile normal arm64 /Users/admin/builder/spi-builder-workspace/PBMediaSlider/Classes/UIFont+Support.swift (in target 'PBMediaSlider' from project 'PBMediaSlider')
cd /Users/admin/builder/spi-builder-workspace/.swiftpm/xcode
builtin-SwiftPerFileCompile UIFont+Support.swift
SwiftCompile normal arm64 Compiling\ PBMediaSlider.swift /Users/admin/builder/spi-builder-workspace/PBMediaSlider/Classes/PBMediaSlider.swift (in target 'PBMediaSlider' from project 'PBMediaSlider')
/Users/admin/builder/spi-builder-workspace/PBMediaSlider/Classes/PBMediaSlider.swift:295:49: error: 'systemFill' is unavailable in tvOS
293 | }
294 | }
295 | private var _emptyColor: UIColor! = UIColor.systemFill
| `- error: 'systemFill' is unavailable in tvOS
296 |
297 | /**
/Applications/Xcode-27.0.0-Release.Candidate.app/Contents/Developer/Platforms/AppleTVOS.platform/Developer/SDKs/AppleTVOS27.0.sdk/System/Library/Frameworks/UIKit.framework/Headers/UIInterface.h:229:49: note: 'systemFill' has been explicitly marked unavailable here
227 | * Example: The track of a slider.
228 | */
229 | @property (class, nonatomic, readonly) UIColor *systemFillColor API_AVAILABLE(ios(13.0)) API_UNAVAILABLE(tvos, watchos);
| `- note: 'systemFill' has been explicitly marked unavailable here
230 |
231 | /* secondarySystemFillColor is appropriate for filling medium-size shapes.
/Users/admin/builder/spi-builder-workspace/PBMediaSlider/Classes/PBMediaSlider.swift:376:55: error: 'UIImpactFeedbackGenerator' is unavailable in tvOS
374 | - Note: Defaults to `.light` if not set
375 | */
376 | @available(iOS 10.0, *) public var feedbackStyle: UIImpactFeedbackGenerator.FeedbackStyle {
| `- error: 'UIImpactFeedbackGenerator' is unavailable in tvOS
377 | get {
378 | guard let _feedbackStyle = _feedbackStyle,
/Applications/Xcode-27.0.0-Release.Candidate.app/Contents/Developer/Platforms/AppleTVOS.platform/Developer/SDKs/AppleTVOS27.0.sdk/System/Library/Frameworks/UIKit.framework/Headers/UIImpactFeedbackGenerator.h:25:12: note: 'UIImpactFeedbackGenerator' has been explicitly marked unavailable here
23 | // UIImpactFeedbackGenerator is used to give user feedback when an impact between UI elements occurs
24 | UIKIT_EXTERN API_AVAILABLE(ios(10.0)) API_UNAVAILABLE(visionos, tvos) API_UNAVAILABLE(watchos) NS_SWIFT_UI_ACTOR
25 | @interface UIImpactFeedbackGenerator : UIFeedbackGenerator
| `- note: 'UIImpactFeedbackGenerator' has been explicitly marked unavailable here
26 |
27 | /// set a style on the feedback generator and attach it to the provided view as an interaction.
/Users/admin/builder/spi-builder-workspace/PBMediaSlider/Classes/PBMediaSlider.swift:455:66: error: 'UIImpactFeedbackGenerator' is unavailable in tvOS
453 | // gross workaround for not being able to use @available on stored properties, from https://www.klundberg.com/blog/Swift-2-and-@available-properties/
454 | private var _minMaxFeedbackGenerator: AnyObject?
455 | @available(iOS 10.0, *) private var minMaxFeedbackGenerator: UIImpactFeedbackGenerator? {
| `- error: 'UIImpactFeedbackGenerator' is unavailable in tvOS
456 | get {
457 | return _minMaxFeedbackGenerator as? UIImpactFeedbackGenerator
/Applications/Xcode-27.0.0-Release.Candidate.app/Contents/Developer/Platforms/AppleTVOS.platform/Developer/SDKs/AppleTVOS27.0.sdk/System/Library/Frameworks/UIKit.framework/Headers/UIImpactFeedbackGenerator.h:25:12: note: 'UIImpactFeedbackGenerator' has been explicitly marked unavailable here
23 | // UIImpactFeedbackGenerator is used to give user feedback when an impact between UI elements occurs
24 | UIKIT_EXTERN API_AVAILABLE(ios(10.0)) API_UNAVAILABLE(visionos, tvos) API_UNAVAILABLE(watchos) NS_SWIFT_UI_ACTOR
25 | @interface UIImpactFeedbackGenerator : UIFeedbackGenerator
| `- note: 'UIImpactFeedbackGenerator' has been explicitly marked unavailable here
26 |
27 | /// set a style on the feedback generator and attach it to the provided view as an interaction.
SwiftCompile normal arm64 /Users/admin/builder/spi-builder-workspace/PBMediaSlider/Classes/PBMediaSlider.swift (in target 'PBMediaSlider' from project 'PBMediaSlider')
cd /Users/admin/builder/spi-builder-workspace/.swiftpm/xcode
builtin-SwiftPerFileCompile PBMediaSlider.swift
PruneExplicitPrecompiledModules /Users/admin/builder/spi-builder-workspace/.derivedData/SDKExplicitPrecompiledModules
PruneExplicitPrecompiledModules /Users/admin/builder/spi-builder-workspace/.derivedData/Build/Intermediates.noindex/ExplicitPrecompiledModules
PruneExplicitPrecompiledModules /Users/admin/builder/spi-builder-workspace/.derivedData/Build/Intermediates.noindex/SwiftExplicitPrecompiledModules
2026-09-21 13:05:07.436 xcodebuild[776:4768] [MT] IDERunDestination: Supported platforms for the buildables in the current scheme is empty.
** BUILD FAILED **
The following build commands failed:
SwiftEmitModule normal arm64 Emitting\ module\ for\ PBMediaSlider (in target 'PBMediaSlider' from project 'PBMediaSlider')
SwiftCompile normal arm64 (in target 'PBMediaSlider' from project 'PBMediaSlider')
Building workspace PBMediaSlider with scheme PBMediaSlider
(3 failures)
BUILD FAILURE 6.4 tvOS