Build Information
Failed to build NKButton, reference master (db2508), with Swift 6.4 for tvOS using Xcode 27.0 on 19 Sep 2026 01:17:57 UTC.
Build Command
No build command. This typically means the build failed at an early stage where we determine the build command.Build Log
========================================
RunAll
========================================
Builder version: 5.1.0
Interrupt handler set up.
========================================
Checkout
========================================
Clone URL: https://github.com/kennic/NKButton.git
Reference: master
Initialized empty Git repository in /Users/admin/builder/spi-builder-workspace/.git/
From https://github.com/kennic/NKButton
* branch master -> FETCH_HEAD
* [new branch] master -> origin/master
HEAD is now at db25086 Merge pull request #7 from kennic/codex/find-and-fix-codebase-issues
Cloned https://github.com/kennic/NKButton.git
Revision (git rev-parse @):
db2508652470e0a84df4efaf1d88356c001acd7f
SUCCESS checkout https://github.com/kennic/NKButton.git at master
========================================
Build
========================================
Selected platform: tvOS
Swift version: 6.4
Building package at path: $PWD
https://github.com/kennic/NKButton.git
Command line invocation:
/Applications/Xcode-27.0.0-Release.Candidate.app/Contents/Developer/usr/bin/xcodebuild -IDEClonedSourcePackagesDirPathOverride=/Users/admin/builder/spi-builder-workspace/.dependencies -resolvePackageDependencies
2026-09-18 21:17:56.552 xcodebuild[529:3032] Writing error result bundle to /var/folders/xq/y_g06wb113726d38xsyx71_h0000gn/T/ResultBundle_2026-18-09_21-17-0056.xcresult
xcodebuild: error: '_Pods.xcodeproj' does not exist.
Command line invocation:
/Applications/Xcode-27.0.0-Release.Candidate.app/Contents/Developer/usr/bin/xcodebuild -IDEClonedSourcePackagesDirPathOverride=/Users/admin/builder/spi-builder-workspace/.dependencies -resolvePackageDependencies
2026-09-18 21:17:57.568 xcodebuild[539:3111] Writing error result bundle to /var/folders/xq/y_g06wb113726d38xsyx71_h0000gn/T/ResultBundle_2026-18-09_21-17-0057.xcresult
xcodebuild: error: '_Pods.xcodeproj' does not exist.
BUILD FAILURE 6.4 tvOS