Build Information
Failed to build VerintXM, reference main (0c8cc4), with Swift 6.3 for watchOS using Xcode 26.4 on 4 Oct 2026 11:00:54 UTC.
Build Command
env DEVELOPER_DIR=/Applications/Xcode-26.5.0.app xcrun xcodebuild -IDEClonedSourcePackagesDirPathOverride=$PWD/.dependencies -skipMacroValidation -skipPackagePluginValidation -derivedDataPath $PWD/.derivedData build -scheme VerintXM -destination generic/platform=watchOSBuild Log
========================================
RunAll
========================================
Builder version: 5.1.1
Interrupt handler set up.
========================================
Checkout
========================================
Clone URL: https://github.com/foreseecode/VerintXM-SP.git
Reference: main
Initialized empty Git repository in /Users/admin/builder/spi-builder-workspace/.git/
From https://github.com/foreseecode/VerintXM-SP
* branch main -> FETCH_HEAD
* [new branch] main -> origin/main
HEAD is now at 0c8cc48 Release 8.0.1
Cloned https://github.com/foreseecode/VerintXM-SP.git
Revision (git rev-parse @):
0c8cc48e5947fab95d33478c8d1dc87df1f3ed37
SUCCESS checkout https://github.com/foreseecode/VerintXM-SP.git at main
========================================
Build
========================================
Selected platform: watchOS
Swift version: 6.3
Building package at path: $PWD
https://github.com/foreseecode/VerintXM-SP.git
Command line invocation:
/Applications/Xcode-26.5.0.app/Contents/Developer/usr/bin/xcodebuild -IDEClonedSourcePackagesDirPathOverride=/Users/admin/builder/spi-builder-workspace/.dependencies -resolvePackageDependencies
Resolve Package Graph
Resolve Package Graph
Resolved source packages:
VerintXM: /Users/admin/builder/spi-builder-workspace
resolved source packages: VerintXM
2026-10-04 07:00:41.829 xcodebuild[535:3084] [MT] IDERunDestination: Supported platforms for the buildables in the current scheme is empty.
{
"dependencies" : [
],
"manifest_display_name" : "VerintXM",
"name" : "VerintXM",
"path" : "/Users/admin/builder/spi-builder-workspace",
"platforms" : [
{
"name" : "ios",
"version" : "15.0"
}
],
"products" : [
{
"name" : "VerintXM",
"targets" : [
"EXPSurveyManagement",
"EXPCore",
"EXPPredictive",
"EXPIngestionLogger",
"EXPUtilities"
],
"type" : {
"library" : [
"automatic"
]
}
}
],
"targets" : [
{
"c99name" : "EXPUtilities",
"module_type" : "BinaryTarget",
"name" : "EXPUtilities",
"path" : "remote/archive/EXPUtilities.xcframework.zip",
"product_memberships" : [
"VerintXM"
],
"sources" : [
],
"type" : "binary"
},
{
"c99name" : "EXPSurveyManagement",
"module_type" : "BinaryTarget",
"name" : "EXPSurveyManagement",
"path" : "remote/archive/EXPSurveyManagement.xcframework.zip",
"product_memberships" : [
"VerintXM"
],
"sources" : [
],
"type" : "binary"
},
{
"c99name" : "EXPPredictive",
"module_type" : "BinaryTarget",
"name" : "EXPPredictive",
"path" : "remote/archive/EXPPredictive.xcframework.zip",
"product_memberships" : [
"VerintXM"
],
"sources" : [
],
"type" : "binary"
},
{
"c99name" : "EXPIngestionLogger",
"module_type" : "BinaryTarget",
"name" : "EXPIngestionLogger",
"path" : "remote/archive/EXPIngestionLogger.xcframework.zip",
"product_memberships" : [
"VerintXM"
],
"sources" : [
],
"type" : "binary"
},
{
"c99name" : "EXPCore",
"module_type" : "BinaryTarget",
"name" : "EXPCore",
"path" : "remote/archive/EXPCore.xcframework.zip",
"product_memberships" : [
"VerintXM"
],
"sources" : [
],
"type" : "binary"
}
],
"tools_version" : "6.2"
}
{
"workspace" : {
"name" : "spi-builder-workspace",
"schemes" : [
"VerintXM"
]
}
}
2026-10-04 07:00:49.530 xcodebuild[714:4024] [MT] IDERunDestination: Supported platforms for the buildables in the current scheme is empty.
Running build ...
env DEVELOPER_DIR=/Applications/Xcode-26.5.0.app xcrun xcodebuild -IDEClonedSourcePackagesDirPathOverride=$PWD/.dependencies -skipMacroValidation -skipPackagePluginValidation -derivedDataPath $PWD/.derivedData build -scheme VerintXM -destination generic/platform=watchOS
Command line invocation:
/Applications/Xcode-26.5.0.app/Contents/Developer/usr/bin/xcodebuild -IDEClonedSourcePackagesDirPathOverride=/Users/admin/builder/spi-builder-workspace/.dependencies -skipMacroValidation -skipPackagePluginValidation -derivedDataPath /Users/admin/builder/spi-builder-workspace/.derivedData build -scheme VerintXM -destination generic/platform=watchOS
Resolve Package Graph
Resolved source packages:
VerintXM: /Users/admin/builder/spi-builder-workspace
ComputePackagePrebuildTargetDependencyGraph
Prepare packages
CreateBuildRequest
SendProjectDescription
CreateBuildOperation
ComputeTargetDependencyGraph
note: Building targets in dependency order
note: Target dependency graph (1 target)
Target 'VerintXM' in project 'VerintXM' (no dependencies)
GatherProvisioningInputs
CreateBuildDescription
ExecuteExternalTool /Applications/Xcode-26.5.0.app/Contents/Developer/Toolchains/XcodeDefault.xctoolchain/usr/bin/clang -v -E -dM -isysroot /Applications/Xcode-26.5.0.app/Contents/Developer/Platforms/WatchOS.platform/Developer/SDKs/WatchOS26.5.sdk -x c -c /dev/null
Build description signature: 092479efede67af9357d0af85aecc75e
Build description path: /Users/admin/builder/spi-builder-workspace/.derivedData/Build/Intermediates.noindex/XCBuildData/092479efede67af9357d0af85aecc75e.xcbuilddata
/Users/admin/builder/spi-builder-workspace/.dependencies/artifacts/spi-builder-workspace/EXPSurveyManagement/EXPSurveyManagement.xcframework:1:1: error: While building for watchOS, no library for this platform was found in '/Users/admin/builder/spi-builder-workspace/.dependencies/artifacts/spi-builder-workspace/EXPSurveyManagement/EXPSurveyManagement.xcframework'. (in target 'VerintXM' from project 'VerintXM')
/Users/admin/builder/spi-builder-workspace/.dependencies/artifacts/spi-builder-workspace/EXPCore/EXPCore.xcframework:1:1: error: While building for watchOS, no library for this platform was found in '/Users/admin/builder/spi-builder-workspace/.dependencies/artifacts/spi-builder-workspace/EXPCore/EXPCore.xcframework'. (in target 'VerintXM' from project 'VerintXM')
/Users/admin/builder/spi-builder-workspace/.dependencies/artifacts/spi-builder-workspace/EXPPredictive/EXPPredictive.xcframework:1:1: error: While building for watchOS, no library for this platform was found in '/Users/admin/builder/spi-builder-workspace/.dependencies/artifacts/spi-builder-workspace/EXPPredictive/EXPPredictive.xcframework'. (in target 'VerintXM' from project 'VerintXM')
/Users/admin/builder/spi-builder-workspace/.dependencies/artifacts/spi-builder-workspace/EXPIngestionLogger/EXPIngestionLogger.xcframework:1:1: error: While building for watchOS, no library for this platform was found in '/Users/admin/builder/spi-builder-workspace/.dependencies/artifacts/spi-builder-workspace/EXPIngestionLogger/EXPIngestionLogger.xcframework'. (in target 'VerintXM' from project 'VerintXM')
/Users/admin/builder/spi-builder-workspace/.dependencies/artifacts/spi-builder-workspace/EXPUtilities/EXPUtilities.xcframework:1:1: error: While building for watchOS, no library for this platform was found in '/Users/admin/builder/spi-builder-workspace/.dependencies/artifacts/spi-builder-workspace/EXPUtilities/EXPUtilities.xcframework'. (in target 'VerintXM' from project 'VerintXM')
2026-10-04 07:00:50.936 xcodebuild[721:4086] [MT] IDERunDestination: Supported platforms for the buildables in the current scheme is empty.
** BUILD FAILED **
The following build commands failed:
Building workspace spi-builder-workspace with scheme VerintXM
(1 failure)
Command line invocation:
/Applications/Xcode-26.5.0.app/Contents/Developer/usr/bin/xcodebuild -IDEClonedSourcePackagesDirPathOverride=/Users/admin/builder/spi-builder-workspace/.dependencies -resolvePackageDependencies
Resolve Package Graph
Resolved source packages:
VerintXM: /Users/admin/builder/spi-builder-workspace
resolved source packages: VerintXM
2026-10-04 07:00:52.620 xcodebuild[735:4187] [MT] IDERunDestination: Supported platforms for the buildables in the current scheme is empty.
{
"dependencies" : [
],
"manifest_display_name" : "VerintXM",
"name" : "VerintXM",
"path" : "/Users/admin/builder/spi-builder-workspace",
"platforms" : [
{
"name" : "ios",
"version" : "15.0"
}
],
"products" : [
{
"name" : "VerintXM",
"targets" : [
"EXPSurveyManagement",
"EXPCore",
"EXPPredictive",
"EXPIngestionLogger",
"EXPUtilities"
],
"type" : {
"library" : [
"automatic"
]
}
}
],
"targets" : [
{
"c99name" : "EXPUtilities",
"module_type" : "BinaryTarget",
"name" : "EXPUtilities",
"path" : "remote/archive/EXPUtilities.xcframework.zip",
"product_memberships" : [
"VerintXM"
],
"sources" : [
],
"type" : "binary"
},
{
"c99name" : "EXPSurveyManagement",
"module_type" : "BinaryTarget",
"name" : "EXPSurveyManagement",
"path" : "remote/archive/EXPSurveyManagement.xcframework.zip",
"product_memberships" : [
"VerintXM"
],
"sources" : [
],
"type" : "binary"
},
{
"c99name" : "EXPPredictive",
"module_type" : "BinaryTarget",
"name" : "EXPPredictive",
"path" : "remote/archive/EXPPredictive.xcframework.zip",
"product_memberships" : [
"VerintXM"
],
"sources" : [
],
"type" : "binary"
},
{
"c99name" : "EXPIngestionLogger",
"module_type" : "BinaryTarget",
"name" : "EXPIngestionLogger",
"path" : "remote/archive/EXPIngestionLogger.xcframework.zip",
"product_memberships" : [
"VerintXM"
],
"sources" : [
],
"type" : "binary"
},
{
"c99name" : "EXPCore",
"module_type" : "BinaryTarget",
"name" : "EXPCore",
"path" : "remote/archive/EXPCore.xcframework.zip",
"product_memberships" : [
"VerintXM"
],
"sources" : [
],
"type" : "binary"
}
],
"tools_version" : "6.2"
}
{
"workspace" : {
"name" : "spi-builder-workspace",
"schemes" : [
"VerintXM"
]
}
}
2026-10-04 07:00:53.683 xcodebuild[745:4250] [MT] IDERunDestination: Supported platforms for the buildables in the current scheme is empty.
Running build ...
env DEVELOPER_DIR=/Applications/Xcode-26.5.0.app xcrun xcodebuild -IDEClonedSourcePackagesDirPathOverride=$PWD/.dependencies -skipMacroValidation -skipPackagePluginValidation -derivedDataPath $PWD/.derivedData build -scheme VerintXM -destination generic/platform=watchOS
Command line invocation:
/Applications/Xcode-26.5.0.app/Contents/Developer/usr/bin/xcodebuild -IDEClonedSourcePackagesDirPathOverride=/Users/admin/builder/spi-builder-workspace/.dependencies -skipMacroValidation -skipPackagePluginValidation -derivedDataPath /Users/admin/builder/spi-builder-workspace/.derivedData build -scheme VerintXM -destination generic/platform=watchOS
Resolve Package Graph
Resolved source packages:
VerintXM: /Users/admin/builder/spi-builder-workspace
ComputePackagePrebuildTargetDependencyGraph
Prepare packages
CreateBuildRequest
SendProjectDescription
CreateBuildOperation
ComputeTargetDependencyGraph
note: Building targets in dependency order
note: Target dependency graph (1 target)
Target 'VerintXM' in project 'VerintXM' (no dependencies)
GatherProvisioningInputs
CreateBuildDescription
ExecuteExternalTool /Applications/Xcode-26.5.0.app/Contents/Developer/Toolchains/XcodeDefault.xctoolchain/usr/bin/clang -v -E -dM -isysroot /Applications/Xcode-26.5.0.app/Contents/Developer/Platforms/WatchOS.platform/Developer/SDKs/WatchOS26.5.sdk -x c -c /dev/null
Build description signature: 092479efede67af9357d0af85aecc75e
Build description path: /Users/admin/builder/spi-builder-workspace/.derivedData/Build/Intermediates.noindex/XCBuildData/092479efede67af9357d0af85aecc75e.xcbuilddata
/Users/admin/builder/spi-builder-workspace/.dependencies/artifacts/spi-builder-workspace/EXPSurveyManagement/EXPSurveyManagement.xcframework:1:1: error: While building for watchOS, no library for this platform was found in '/Users/admin/builder/spi-builder-workspace/.dependencies/artifacts/spi-builder-workspace/EXPSurveyManagement/EXPSurveyManagement.xcframework'. (in target 'VerintXM' from project 'VerintXM')
/Users/admin/builder/spi-builder-workspace/.dependencies/artifacts/spi-builder-workspace/EXPCore/EXPCore.xcframework:1:1: error: While building for watchOS, no library for this platform was found in '/Users/admin/builder/spi-builder-workspace/.dependencies/artifacts/spi-builder-workspace/EXPCore/EXPCore.xcframework'. (in target 'VerintXM' from project 'VerintXM')
/Users/admin/builder/spi-builder-workspace/.dependencies/artifacts/spi-builder-workspace/EXPPredictive/EXPPredictive.xcframework:1:1: error: While building for watchOS, no library for this platform was found in '/Users/admin/builder/spi-builder-workspace/.dependencies/artifacts/spi-builder-workspace/EXPPredictive/EXPPredictive.xcframework'. (in target 'VerintXM' from project 'VerintXM')
/Users/admin/builder/spi-builder-workspace/.dependencies/artifacts/spi-builder-workspace/EXPIngestionLogger/EXPIngestionLogger.xcframework:1:1: error: While building for watchOS, no library for this platform was found in '/Users/admin/builder/spi-builder-workspace/.dependencies/artifacts/spi-builder-workspace/EXPIngestionLogger/EXPIngestionLogger.xcframework'. (in target 'VerintXM' from project 'VerintXM')
/Users/admin/builder/spi-builder-workspace/.dependencies/artifacts/spi-builder-workspace/EXPUtilities/EXPUtilities.xcframework:1:1: error: While building for watchOS, no library for this platform was found in '/Users/admin/builder/spi-builder-workspace/.dependencies/artifacts/spi-builder-workspace/EXPUtilities/EXPUtilities.xcframework'. (in target 'VerintXM' from project 'VerintXM')
2026-10-04 07:00:54.490 xcodebuild[748:4282] [MT] IDERunDestination: Supported platforms for the buildables in the current scheme is empty.
** BUILD FAILED **
The following build commands failed:
Building workspace spi-builder-workspace with scheme VerintXM
(1 failure)
BUILD FAILURE 6.3 watchOS