Build Information
Failed to build LibPQ, reference master (e16ce4), with Swift 6.4 for watchOS using Xcode 27.0 on 19 Sep 2026 01:12:50 UTC.
Build Command
env DEVELOPER_DIR=/Applications/Xcode-27.0.0-Release.Candidate.app xcrun xcodebuild -IDEClonedSourcePackagesDirPathOverride=$PWD/.dependencies -skipMacroValidation -skipPackagePluginValidation -derivedDataPath $PWD/.derivedData build -scheme LibPQ-Package -destination generic/platform=watchOSBuild Log
========================================
RunAll
========================================
Builder version: 5.1.0
Interrupt handler set up.
========================================
Checkout
========================================
Clone URL: https://github.com/objcio/libpq.git
Reference: master
Initialized empty Git repository in /Users/admin/builder/spi-builder-workspace/.git/
From https://github.com/objcio/libpq
* branch master -> FETCH_HEAD
* [new branch] master -> origin/master
HEAD is now at e16ce4a Checkpoint
Cloned https://github.com/objcio/libpq.git
Revision (git rev-parse @):
e16ce4a5f742dd7b14ce326b6aac2d425fb314d9
SUCCESS checkout https://github.com/objcio/libpq.git at master
========================================
Build
========================================
Selected platform: watchOS
Swift version: 6.4
Building package at path: $PWD
https://github.com/objcio/libpq.git
Command line invocation:
/Applications/Xcode-27.0.0-Release.Candidate.app/Contents/Developer/usr/bin/xcodebuild -IDEClonedSourcePackagesDirPathOverride=/Users/admin/builder/spi-builder-workspace/.dependencies -resolvePackageDependencies
Resolve Package Graph
failed to retrieve search paths with pkg-config; maybe pkg-config is not installedyou may be able to install libpq using your system-packager:
brew install postgresql libpq
Resolve Package Graph
you may be able to install libpq using your system-packager:
brew install postgresql libpq
Resolved source packages:
LibPQ: /Users/admin/builder/spi-builder-workspace
resolved source packages: LibPQ
2026-09-18 21:12:02.207 xcodebuild[563:3064] [MT] IDERunDestination: Supported platforms for the buildables in the current scheme is empty.
{
"dependencies" : [
],
"manifest_display_name" : "LibPQ",
"name" : "LibPQ",
"path" : "/Users/admin/builder/spi-builder-workspace",
"platforms" : [
],
"products" : [
{
"name" : "Clibpq",
"targets" : [
"Clibpq"
],
"type" : {
"library" : [
"automatic"
]
}
},
{
"name" : "LibPQ",
"targets" : [
"LibPQ"
],
"type" : {
"library" : [
"automatic"
]
}
},
{
"name" : "sample",
"targets" : [
"sample"
],
"type" : {
"executable" : null
}
}
],
"targets" : [
{
"c99name" : "sample",
"module_type" : "SwiftTarget",
"name" : "sample",
"path" : "Sources/sample",
"product_memberships" : [
"sample"
],
"sources" : [
"main.swift"
],
"target_dependencies" : [
"LibPQ"
],
"type" : "executable"
},
{
"c99name" : "LibPQ",
"module_type" : "SwiftTarget",
"name" : "LibPQ",
"path" : "Sources/LibPQ",
"product_memberships" : [
"LibPQ",
"sample"
],
"sources" : [
"Connection.swift",
"LibPQ.swift",
"Result.swift",
"Row.swift",
"TypeConversion.swift"
],
"target_dependencies" : [
"Clibpq"
],
"type" : "library"
},
{
"c99name" : "Clibpq",
"module_type" : "SystemLibraryTarget",
"name" : "Clibpq",
"path" : "Sources/CLibpqmac",
"product_memberships" : [
"Clibpq",
"LibPQ",
"sample"
],
"sources" : [
],
"type" : "system-target"
}
],
"tools_version" : "5.0"
}
{
"workspace" : {
"name" : "LibPQ",
"schemes" : [
"LibPQ",
"LibPQ-Package",
"sample"
]
}
}
2026-09-18 21:12:43.131 xcodebuild[688:4175] [MT] IDERunDestination: Supported platforms for the buildables in the current scheme is empty.
Running build ...
env DEVELOPER_DIR=/Applications/Xcode-27.0.0-Release.Candidate.app xcrun xcodebuild -IDEClonedSourcePackagesDirPathOverride=$PWD/.dependencies -skipMacroValidation -skipPackagePluginValidation -derivedDataPath $PWD/.derivedData build -scheme LibPQ-Package -destination generic/platform=watchOS
Command line invocation:
/Applications/Xcode-27.0.0-Release.Candidate.app/Contents/Developer/usr/bin/xcodebuild -IDEClonedSourcePackagesDirPathOverride=/Users/admin/builder/spi-builder-workspace/.dependencies -skipMacroValidation -skipPackagePluginValidation -derivedDataPath /Users/admin/builder/spi-builder-workspace/.derivedData build -scheme LibPQ-Package -destination generic/platform=watchOS
Resolve Package Graph
failed to retrieve search paths with pkg-config; maybe pkg-config is not installedyou may be able to install libpq using your system-packager:
brew install postgresql libpq
Resolved source packages:
LibPQ: /Users/admin/builder/spi-builder-workspace
ComputePackagePrebuildTargetDependencyGraph
Prepare packages
CreateBuildRequest
SendProjectDescription
CreateBuildOperation
ComputeTargetDependencyGraph
note: Building targets in dependency order
note: Target dependency graph (4 targets)
Target 'sample-product' in project 'LibPQ'
➜ Explicit dependency on target 'Clibpq' in project 'LibPQ'
➜ Explicit dependency on target 'LibPQ' in project 'LibPQ'
Target 'LibPQ-product' in project 'LibPQ'
➜ Explicit dependency on target 'LibPQ' in project 'LibPQ'
Target 'LibPQ' in project 'LibPQ'
➜ Explicit dependency on target 'Clibpq' in project 'LibPQ'
Target 'Clibpq' in project 'LibPQ' (no dependencies)
GatherProvisioningInputs
CreateBuildDescription
ExecuteExternalTool /Applications/Xcode-27.0.0-Release.Candidate.app/Contents/Developer/Toolchains/XcodeDefault.xctoolchain/usr/bin/clang -v -E -dM -isysroot /Applications/Xcode-27.0.0-Release.Candidate.app/Contents/Developer/Platforms/WatchOS.platform/Developer/SDKs/WatchOS27.0.sdk -x c -c /dev/null
ExecuteExternalTool /Applications/Xcode-27.0.0-Release.Candidate.app/Contents/Developer/Toolchains/XcodeDefault.xctoolchain/usr/bin/swiftc --version
ExecuteExternalTool /Applications/Xcode-27.0.0-Release.Candidate.app/Contents/Developer/Toolchains/XcodeDefault.xctoolchain/usr/bin/ld -version_details
Build description signature: 081b3b9fc7b6be1d817a627d2b1b2dba
Build description path: /Users/admin/builder/spi-builder-workspace/.derivedData/Build/Intermediates.noindex/XCBuildData/081b3b9fc7b6be1d817a627d2b1b2dba.xcbuilddata
CreateBuildDirectory /Users/admin/builder/spi-builder-workspace/.derivedData/SDKExplicitPrecompiledModules
cd /Users/admin/builder/spi-builder-workspace/.swiftpm/xcode
builtin-create-build-directory /Users/admin/builder/spi-builder-workspace/.derivedData/SDKExplicitPrecompiledModules
CreateBuildDirectory /Users/admin/builder/spi-builder-workspace/.derivedData/CompilationCache.noindex
cd /Users/admin/builder/spi-builder-workspace/.swiftpm/xcode
builtin-create-build-directory /Users/admin/builder/spi-builder-workspace/.derivedData/CompilationCache.noindex
CreateBuildDirectory /Users/admin/builder/spi-builder-workspace/.derivedData/ModuleCache.noindex
cd /Users/admin/builder/spi-builder-workspace/.swiftpm/xcode
builtin-create-build-directory /Users/admin/builder/spi-builder-workspace/.derivedData/ModuleCache.noindex
ClangStatCache /Applications/Xcode-27.0.0-Release.Candidate.app/Contents/Developer/Toolchains/XcodeDefault.xctoolchain/usr/bin/clang-stat-cache /Applications/Xcode-27.0.0-Release.Candidate.app/Contents/Developer/Platforms/WatchOS.platform/Developer/SDKs/WatchOS27.0.sdk /Users/admin/builder/spi-builder-workspace/.derivedData/SDKStatCaches.noindex/watchos27.0-24R360-e829b21a6f8c9b70876ba0858053c04477534ef55a1706bf4c1112bbb242f0a2.sdkstatcache
cd /Users/admin/builder/spi-builder-workspace/.swiftpm/xcode
/Applications/Xcode-27.0.0-Release.Candidate.app/Contents/Developer/Toolchains/XcodeDefault.xctoolchain/usr/bin/clang-stat-cache /Applications/Xcode-27.0.0-Release.Candidate.app/Contents/Developer/Platforms/WatchOS.platform/Developer/SDKs/WatchOS27.0.sdk -o /Users/admin/builder/spi-builder-workspace/.derivedData/SDKStatCaches.noindex/watchos27.0-24R360-e829b21a6f8c9b70876ba0858053c04477534ef55a1706bf4c1112bbb242f0a2.sdkstatcache
CreateBuildDirectory /Users/admin/builder/spi-builder-workspace/.derivedData/Build/Intermediates.noindex
cd /Users/admin/builder/spi-builder-workspace/.swiftpm/xcode
builtin-create-build-directory /Users/admin/builder/spi-builder-workspace/.derivedData/Build/Intermediates.noindex
CreateBuildDirectory /Users/admin/builder/spi-builder-workspace/.derivedData/Build/Products
cd /Users/admin/builder/spi-builder-workspace/.swiftpm/xcode
builtin-create-build-directory /Users/admin/builder/spi-builder-workspace/.derivedData/Build/Products
CreateBuildDirectory /Users/admin/builder/spi-builder-workspace/.derivedData/Build/Intermediates.noindex/SwiftExplicitPrecompiledModules
cd /Users/admin/builder/spi-builder-workspace/.swiftpm/xcode
builtin-create-build-directory /Users/admin/builder/spi-builder-workspace/.derivedData/Build/Intermediates.noindex/SwiftExplicitPrecompiledModules
CreateBuildDirectory /Users/admin/builder/spi-builder-workspace/.derivedData/Build/Intermediates.noindex/PrecompiledHeaders
cd /Users/admin/builder/spi-builder-workspace/.swiftpm/xcode
builtin-create-build-directory /Users/admin/builder/spi-builder-workspace/.derivedData/Build/Intermediates.noindex/PrecompiledHeaders
CreateBuildDirectory /Users/admin/builder/spi-builder-workspace/.derivedData/Build/Intermediates.noindex/ExplicitPrecompiledModules
cd /Users/admin/builder/spi-builder-workspace/.swiftpm/xcode
builtin-create-build-directory /Users/admin/builder/spi-builder-workspace/.derivedData/Build/Intermediates.noindex/ExplicitPrecompiledModules
CreateBuildDirectory /Users/admin/builder/spi-builder-workspace/.derivedData/Build/Intermediates.noindex/EagerLinkingTBDs/Debug-watchos
cd /Users/admin/builder/spi-builder-workspace/.swiftpm/xcode
builtin-create-build-directory /Users/admin/builder/spi-builder-workspace/.derivedData/Build/Intermediates.noindex/EagerLinkingTBDs/Debug-watchos
CreateBuildDirectory /Users/admin/builder/spi-builder-workspace/.derivedData/Build/Products/Debug-watchos
cd /Users/admin/builder/spi-builder-workspace/.swiftpm/xcode
builtin-create-build-directory /Users/admin/builder/spi-builder-workspace/.derivedData/Build/Products/Debug-watchos
CreateBuildDirectory /Users/admin/builder/spi-builder-workspace/.derivedData/Build/Products/Debug-watchos/PackageFrameworks
cd /Users/admin/builder/spi-builder-workspace/.swiftpm/xcode
builtin-create-build-directory /Users/admin/builder/spi-builder-workspace/.derivedData/Build/Products/Debug-watchos/PackageFrameworks
WriteAuxiliaryFile /Users/admin/builder/spi-builder-workspace/.derivedData/Build/Intermediates.noindex/LibPQ.build/Debug-watchos/sample-p.build/sample.DependencyStaticMetadataFileList (in target 'sample-product' from project 'LibPQ')
cd /Users/admin/builder/spi-builder-workspace
write-file /Users/admin/builder/spi-builder-workspace/.derivedData/Build/Intermediates.noindex/LibPQ.build/Debug-watchos/sample-p.build/sample.DependencyStaticMetadataFileList
WriteAuxiliaryFile /Users/admin/builder/spi-builder-workspace/.derivedData/Build/Intermediates.noindex/LibPQ.build/Debug-watchos/sample-p.build/sample.DependencyMetadataFileList (in target 'sample-product' from project 'LibPQ')
cd /Users/admin/builder/spi-builder-workspace
write-file /Users/admin/builder/spi-builder-workspace/.derivedData/Build/Intermediates.noindex/LibPQ.build/Debug-watchos/sample-p.build/sample.DependencyMetadataFileList
WriteAuxiliaryFile /Users/admin/builder/spi-builder-workspace/.derivedData/Build/Intermediates.noindex/LibPQ.build/Debug-watchos/sample-p.build/Objects-normal/arm64_32/sample_const_extract_protocols.json (in target 'sample-product' from project 'LibPQ')
cd /Users/admin/builder/spi-builder-workspace
write-file /Users/admin/builder/spi-builder-workspace/.derivedData/Build/Intermediates.noindex/LibPQ.build/Debug-watchos/sample-p.build/Objects-normal/arm64_32/sample_const_extract_protocols.json
WriteAuxiliaryFile /Users/admin/builder/spi-builder-workspace/.derivedData/Build/Intermediates.noindex/LibPQ.build/Debug-watchos/sample-p.build/Objects-normal/arm64_32/sample-OutputFileMap.json (in target 'sample-product' from project 'LibPQ')
cd /Users/admin/builder/spi-builder-workspace
write-file /Users/admin/builder/spi-builder-workspace/.derivedData/Build/Intermediates.noindex/LibPQ.build/Debug-watchos/sample-p.build/Objects-normal/arm64_32/sample-OutputFileMap.json
WriteAuxiliaryFile /Users/admin/builder/spi-builder-workspace/.derivedData/Build/Intermediates.noindex/LibPQ.build/Debug-watchos/sample-p.build/Objects-normal/arm64/sample.SwiftFileList (in target 'sample-product' from project 'LibPQ')
cd /Users/admin/builder/spi-builder-workspace
write-file /Users/admin/builder/spi-builder-workspace/.derivedData/Build/Intermediates.noindex/LibPQ.build/Debug-watchos/sample-p.build/Objects-normal/arm64/sample.SwiftFileList
WriteAuxiliaryFile /Users/admin/builder/spi-builder-workspace/.derivedData/Build/Intermediates.noindex/LibPQ.build/Debug-watchos/sample-p.build/Objects-normal/arm64_32/sample.SwiftFileList (in target 'sample-product' from project 'LibPQ')
cd /Users/admin/builder/spi-builder-workspace
write-file /Users/admin/builder/spi-builder-workspace/.derivedData/Build/Intermediates.noindex/LibPQ.build/Debug-watchos/sample-p.build/Objects-normal/arm64_32/sample.SwiftFileList
WriteAuxiliaryFile /Users/admin/builder/spi-builder-workspace/.derivedData/Build/Intermediates.noindex/LibPQ.build/Debug-watchos/sample-p.build/Objects-normal/arm64/sample_const_extract_protocols.json (in target 'sample-product' from project 'LibPQ')
cd /Users/admin/builder/spi-builder-workspace
write-file /Users/admin/builder/spi-builder-workspace/.derivedData/Build/Intermediates.noindex/LibPQ.build/Debug-watchos/sample-p.build/Objects-normal/arm64/sample_const_extract_protocols.json
WriteAuxiliaryFile /Users/admin/builder/spi-builder-workspace/.derivedData/Build/Intermediates.noindex/LibPQ.build/Debug-watchos/sample-p.build/Objects-normal/arm64_32/sample.LinkFileList (in target 'sample-product' from project 'LibPQ')
cd /Users/admin/builder/spi-builder-workspace
write-file /Users/admin/builder/spi-builder-workspace/.derivedData/Build/Intermediates.noindex/LibPQ.build/Debug-watchos/sample-p.build/Objects-normal/arm64_32/sample.LinkFileList
WriteAuxiliaryFile /Users/admin/builder/spi-builder-workspace/.derivedData/Build/Intermediates.noindex/LibPQ.build/Debug-watchos/sample-p.build/Objects-normal/arm64/sample.LinkFileList (in target 'sample-product' from project 'LibPQ')
cd /Users/admin/builder/spi-builder-workspace
write-file /Users/admin/builder/spi-builder-workspace/.derivedData/Build/Intermediates.noindex/LibPQ.build/Debug-watchos/sample-p.build/Objects-normal/arm64/sample.LinkFileList
WriteAuxiliaryFile /Users/admin/builder/spi-builder-workspace/.derivedData/Build/Intermediates.noindex/LibPQ.build/Debug-watchos/sample-p.build/Objects-normal/arm64/sample-OutputFileMap.json (in target 'sample-product' from project 'LibPQ')
cd /Users/admin/builder/spi-builder-workspace
write-file /Users/admin/builder/spi-builder-workspace/.derivedData/Build/Intermediates.noindex/LibPQ.build/Debug-watchos/sample-p.build/Objects-normal/arm64/sample-OutputFileMap.json
WriteAuxiliaryFile /Users/admin/builder/spi-builder-workspace/.derivedData/Build/Intermediates.noindex/LibPQ.build/Debug-watchos/LibPQ-t.build/Objects-normal/arm64_32/LibPQ.LinkFileList (in target 'LibPQ' from project 'LibPQ')
cd /Users/admin/builder/spi-builder-workspace
write-file /Users/admin/builder/spi-builder-workspace/.derivedData/Build/Intermediates.noindex/LibPQ.build/Debug-watchos/LibPQ-t.build/Objects-normal/arm64_32/LibPQ.LinkFileList
WriteAuxiliaryFile /Users/admin/builder/spi-builder-workspace/.derivedData/Build/Intermediates.noindex/LibPQ.build/Debug-watchos/LibPQ-t.build/Objects-normal/arm64_32/LibPQ.SwiftFileList (in target 'LibPQ' from project 'LibPQ')
cd /Users/admin/builder/spi-builder-workspace
write-file /Users/admin/builder/spi-builder-workspace/.derivedData/Build/Intermediates.noindex/LibPQ.build/Debug-watchos/LibPQ-t.build/Objects-normal/arm64_32/LibPQ.SwiftFileList
WriteAuxiliaryFile /Users/admin/builder/spi-builder-workspace/.derivedData/Build/Intermediates.noindex/LibPQ.build/Debug-watchos/LibPQ-t.build/Objects-normal/arm64_32/LibPQ.SwiftConstValuesFileList (in target 'LibPQ' from project 'LibPQ')
cd /Users/admin/builder/spi-builder-workspace
write-file /Users/admin/builder/spi-builder-workspace/.derivedData/Build/Intermediates.noindex/LibPQ.build/Debug-watchos/LibPQ-t.build/Objects-normal/arm64_32/LibPQ.SwiftConstValuesFileList
WriteAuxiliaryFile /Users/admin/builder/spi-builder-workspace/.derivedData/Build/Intermediates.noindex/LibPQ.build/Debug-watchos/LibPQ-t.build/Objects-normal/arm64_32/LibPQ_const_extract_protocols.json (in target 'LibPQ' from project 'LibPQ')
cd /Users/admin/builder/spi-builder-workspace
write-file /Users/admin/builder/spi-builder-workspace/.derivedData/Build/Intermediates.noindex/LibPQ.build/Debug-watchos/LibPQ-t.build/Objects-normal/arm64_32/LibPQ_const_extract_protocols.json
WriteAuxiliaryFile /Users/admin/builder/spi-builder-workspace/.derivedData/Build/Intermediates.noindex/LibPQ.build/Debug-watchos/LibPQ-t.build/Objects-normal/arm64_32/LibPQ-OutputFileMap.json (in target 'LibPQ' from project 'LibPQ')
cd /Users/admin/builder/spi-builder-workspace
write-file /Users/admin/builder/spi-builder-workspace/.derivedData/Build/Intermediates.noindex/LibPQ.build/Debug-watchos/LibPQ-t.build/Objects-normal/arm64_32/LibPQ-OutputFileMap.json
WriteAuxiliaryFile /Users/admin/builder/spi-builder-workspace/.derivedData/Build/Intermediates.noindex/LibPQ.build/Debug-watchos/LibPQ-t.build/Objects-normal/arm64/LibPQ_const_extract_protocols.json (in target 'LibPQ' from project 'LibPQ')
cd /Users/admin/builder/spi-builder-workspace
write-file /Users/admin/builder/spi-builder-workspace/.derivedData/Build/Intermediates.noindex/LibPQ.build/Debug-watchos/LibPQ-t.build/Objects-normal/arm64/LibPQ_const_extract_protocols.json
WriteAuxiliaryFile /Users/admin/builder/spi-builder-workspace/.derivedData/Build/Intermediates.noindex/LibPQ.build/Debug-watchos/LibPQ-t.build/Objects-normal/arm64/LibPQ.SwiftFileList (in target 'LibPQ' from project 'LibPQ')
cd /Users/admin/builder/spi-builder-workspace
write-file /Users/admin/builder/spi-builder-workspace/.derivedData/Build/Intermediates.noindex/LibPQ.build/Debug-watchos/LibPQ-t.build/Objects-normal/arm64/LibPQ.SwiftFileList
WriteAuxiliaryFile /Users/admin/builder/spi-builder-workspace/.derivedData/Build/Intermediates.noindex/LibPQ.build/Debug-watchos/LibPQ-t.build/Objects-normal/arm64/LibPQ.SwiftConstValuesFileList (in target 'LibPQ' from project 'LibPQ')
cd /Users/admin/builder/spi-builder-workspace
write-file /Users/admin/builder/spi-builder-workspace/.derivedData/Build/Intermediates.noindex/LibPQ.build/Debug-watchos/LibPQ-t.build/Objects-normal/arm64/LibPQ.SwiftConstValuesFileList
WriteAuxiliaryFile /Users/admin/builder/spi-builder-workspace/.derivedData/Build/Intermediates.noindex/LibPQ.build/Debug-watchos/LibPQ-t.build/Objects-normal/arm64/LibPQ.LinkFileList (in target 'LibPQ' from project 'LibPQ')
cd /Users/admin/builder/spi-builder-workspace
write-file /Users/admin/builder/spi-builder-workspace/.derivedData/Build/Intermediates.noindex/LibPQ.build/Debug-watchos/LibPQ-t.build/Objects-normal/arm64/LibPQ.LinkFileList
WriteAuxiliaryFile /Users/admin/builder/spi-builder-workspace/.derivedData/Build/Intermediates.noindex/LibPQ.build/Debug-watchos/LibPQ-t.build/Objects-normal/arm64/LibPQ-OutputFileMap.json (in target 'LibPQ' from project 'LibPQ')
cd /Users/admin/builder/spi-builder-workspace
write-file /Users/admin/builder/spi-builder-workspace/.derivedData/Build/Intermediates.noindex/LibPQ.build/Debug-watchos/LibPQ-t.build/Objects-normal/arm64/LibPQ-OutputFileMap.json
WriteAuxiliaryFile /Users/admin/builder/spi-builder-workspace/.derivedData/Build/Intermediates.noindex/LibPQ.build/Debug-watchos/LibPQ-t.build/LibPQ.modulemap (in target 'LibPQ' from project 'LibPQ')
cd /Users/admin/builder/spi-builder-workspace
write-file /Users/admin/builder/spi-builder-workspace/.derivedData/Build/Intermediates.noindex/LibPQ.build/Debug-watchos/LibPQ-t.build/LibPQ.modulemap
WriteAuxiliaryFile /Users/admin/builder/spi-builder-workspace/.derivedData/Build/Intermediates.noindex/LibPQ.build/Debug-watchos/LibPQ-t.build/LibPQ.DependencyStaticMetadataFileList (in target 'LibPQ' from project 'LibPQ')
cd /Users/admin/builder/spi-builder-workspace
write-file /Users/admin/builder/spi-builder-workspace/.derivedData/Build/Intermediates.noindex/LibPQ.build/Debug-watchos/LibPQ-t.build/LibPQ.DependencyStaticMetadataFileList
WriteAuxiliaryFile /Users/admin/builder/spi-builder-workspace/.derivedData/Build/Intermediates.noindex/LibPQ.build/Debug-watchos/LibPQ-t.build/LibPQ.DependencyMetadataFileList (in target 'LibPQ' from project 'LibPQ')
cd /Users/admin/builder/spi-builder-workspace
write-file /Users/admin/builder/spi-builder-workspace/.derivedData/Build/Intermediates.noindex/LibPQ.build/Debug-watchos/LibPQ-t.build/LibPQ.DependencyMetadataFileList
Copy /Users/admin/builder/spi-builder-workspace/.derivedData/Build/Intermediates.noindex/GeneratedModuleMaps-watchos/LibPQ.modulemap /Users/admin/builder/spi-builder-workspace/.derivedData/Build/Intermediates.noindex/LibPQ.build/Debug-watchos/LibPQ-t.build/LibPQ.modulemap (in target 'LibPQ' from project 'LibPQ')
cd /Users/admin/builder/spi-builder-workspace
builtin-copy -exclude .DS_Store -exclude CVS -exclude .svn -exclude .git -exclude .hg -resolve-src-symlinks /Users/admin/builder/spi-builder-workspace/.derivedData/Build/Intermediates.noindex/LibPQ.build/Debug-watchos/LibPQ-t.build/LibPQ.modulemap /Users/admin/builder/spi-builder-workspace/.derivedData/Build/Intermediates.noindex/GeneratedModuleMaps-watchos
SwiftDriver LibPQ normal arm64 com.apple.xcode.tools.swift.compiler (in target 'LibPQ' from project 'LibPQ')
cd /Users/admin/builder/spi-builder-workspace/.swiftpm/xcode
builtin-SwiftDriver -- /Applications/Xcode-27.0.0-Release.Candidate.app/Contents/Developer/Toolchains/XcodeDefault.xctoolchain/usr/bin/swiftc -parse-as-library -module-name LibPQ -Onone @/Users/admin/builder/spi-builder-workspace/.derivedData/Build/Intermediates.noindex/LibPQ.build/Debug-watchos/LibPQ-t.build/Objects-normal/arm64/LibPQ.SwiftFileList -DSWIFT_PACKAGE -DDEBUG -DSWIFT_MODULE_RESOURCE_BUNDLE_UNAVAILABLE -Xcc -fmodule-map-file\=/Users/admin/builder/spi-builder-workspace/Sources/CLibpqmac/module.modulemap -DXcode -plugin-path /Applications/Xcode-27.0.0-Release.Candidate.app/Contents/Developer/Toolchains/XcodeDefault.xctoolchain/usr/lib/swift/host/plugins/testing -enable-experimental-feature DebugDescriptionMacro -sdk /Applications/Xcode-27.0.0-Release.Candidate.app/Contents/Developer/Platforms/WatchOS.platform/Developer/SDKs/WatchOS27.0.sdk -target arm64-apple-watchos9.0 -g -module-cache-path /Users/admin/builder/spi-builder-workspace/.derivedData/ModuleCache.noindex -Xfrontend -serialize-debugging-options -enable-testing -index-store-path /Users/admin/builder/spi-builder-workspace/.derivedData/Index.noindex/DataStore -Xcc -D_LIBCPP_HARDENING_MODE\=_LIBCPP_HARDENING_MODE_DEBUG -swift-version 5 -I /Users/admin/builder/spi-builder-workspace/.derivedData/Build/Products/Debug-watchos -Isystem /Applications/Xcode-27.0.0-Release.Candidate.app/Contents/Developer/Platforms/WatchOS.platform/Developer/usr/lib -F /Users/admin/builder/spi-builder-workspace/.derivedData/Build/Products/Debug-watchos -F /Applications/Xcode-27.0.0-Release.Candidate.app/Contents/Developer/Platforms/WatchOS.platform/Developer/Library/Frameworks -F /Applications/Xcode-27.0.0-Release.Candidate.app/Contents/Developer/Platforms/WatchOS.platform/Developer/SDKs/WatchOS27.0.sdk/Developer/Library/Frameworks -c -j10 -enable-batch-mode -incremental -Xcc -ivfsstatcache -Xcc /Users/admin/builder/spi-builder-workspace/.derivedData/SDKStatCaches.noindex/watchos27.0-24R360-e829b21a6f8c9b70876ba0858053c04477534ef55a1706bf4c1112bbb242f0a2.sdkstatcache -output-file-map /Users/admin/builder/spi-builder-workspace/.derivedData/Build/Intermediates.noindex/LibPQ.build/Debug-watchos/LibPQ-t.build/Objects-normal/arm64/LibPQ-OutputFileMap.json -save-temps -no-color-diagnostics -explicit-module-build -module-cache-path /Users/admin/builder/spi-builder-workspace/.derivedData/Build/Intermediates.noindex/SwiftExplicitPrecompiledModules -clang-scanner-module-cache-path /Users/admin/builder/spi-builder-workspace/.derivedData/ModuleCache.noindex -sdk-module-cache-path /Users/admin/builder/spi-builder-workspace/.derivedData/SDKExplicitPrecompiledModules -emit-dependencies -emit-module -emit-module-path /Users/admin/builder/spi-builder-workspace/.derivedData/Build/Intermediates.noindex/LibPQ.build/Debug-watchos/LibPQ-t.build/Objects-normal/arm64/LibPQ.swiftmodule -serialize-diagnostics -dependency-scan-serialize-diagnostics-path /Users/admin/builder/spi-builder-workspace/.derivedData/Build/Intermediates.noindex/LibPQ.build/Debug-watchos/LibPQ-t.build/Objects-normal/arm64/LibPQ-dependency-scan.dia -validate-clang-modules-once -clang-build-session-file /Users/admin/builder/spi-builder-workspace/.derivedData/ModuleCache.noindex/Session.modulevalidation -Xcc -fmodules-prune-interval\=86400 -Xcc -fmodules-prune-after\=345600 -emit-const-values -const-gather-protocols-list /Users/admin/builder/spi-builder-workspace/.derivedData/Build/Intermediates.noindex/LibPQ.build/Debug-watchos/LibPQ-t.build/Objects-normal/arm64/LibPQ_const_extract_protocols.json -Xcc -I/Users/admin/builder/spi-builder-workspace/.derivedData/Build/Products/Debug-watchos/include -Xcc -I/Users/admin/builder/spi-builder-workspace/.derivedData/Build/Intermediates.noindex/LibPQ.build/Debug-watchos/LibPQ-t.build/DerivedSources-normal/arm64 -Xcc -I/Users/admin/builder/spi-builder-workspace/.derivedData/Build/Intermediates.noindex/LibPQ.build/Debug-watchos/LibPQ-t.build/DerivedSources/arm64 -Xcc -I/Users/admin/builder/spi-builder-workspace/.derivedData/Build/Intermediates.noindex/LibPQ.build/Debug-watchos/LibPQ-t.build/DerivedSources -Xcc -DSWIFT_PACKAGE -Xcc -DDEBUG\=1 -emit-objc-header -emit-objc-header-path /Users/admin/builder/spi-builder-workspace/.derivedData/Build/Intermediates.noindex/LibPQ.build/Debug-watchos/LibPQ-t.build/Objects-normal/arm64/LibPQ-Swift.h -working-directory /Users/admin/builder/spi-builder-workspace/.swiftpm/xcode -experimental-emit-module-separately -disable-cmo
error: Clang dependency scanning failure: While building module 'Clibpq' imported from module-include.input:1:
In file included from <module-includes>:1:
/Users/admin/builder/spi-builder-workspace/Sources/CLibpqmac/shim.h:4:10: fatal error: '/opt/homebrew/opt/libpq/include/libpq-fe.h' file not found
module-include.input:1:3: fatal error: could not build module 'Clibpq'
(in target 'LibPQ' from project 'LibPQ')
/Users/admin/builder/spi-builder-workspace/Sources/LibPQ/Connection.swift:9:8: error: Unable to resolve module dependency: 'Clibpq' (in target 'LibPQ' from project 'LibPQ')
note: A dependency of main module 'LibPQ'
/Users/admin/builder/spi-builder-workspace/Sources/LibPQ/Result.swift:9:8: note: Also imported here
/Users/admin/builder/spi-builder-workspace/Sources/LibPQ/Row.swift:9:8: note: Also imported here
error: Clang dependency scanning failure: While building module 'Clibpq' imported from module-include.input:1:
In file included from <module-includes>:1:
/Users/admin/builder/spi-builder-workspace/Sources/CLibpqmac/shim.h:4:10: fatal error: '/opt/homebrew/opt/libpq/include/libpq-fe.h' file not found
module-include.input:1:3: fatal error: could not build module 'Clibpq'
(in target 'LibPQ' from project 'LibPQ')
/Users/admin/builder/spi-builder-workspace/Sources/LibPQ/Connection.swift:9:8: note: A dependency of main module 'LibPQ'
import Clibpq
^ (in target 'LibPQ' from project 'LibPQ')
/Users/admin/builder/spi-builder-workspace/Sources/LibPQ/Result.swift:9:8: note: Also imported here
import Clibpq
^ (in target 'LibPQ' from project 'LibPQ')
/Users/admin/builder/spi-builder-workspace/Sources/LibPQ/Row.swift:9:8: note: Also imported here
import Clibpq
^ (in target 'LibPQ' from project 'LibPQ')
SwiftDriver LibPQ normal arm64_32 com.apple.xcode.tools.swift.compiler (in target 'LibPQ' from project 'LibPQ')
cd /Users/admin/builder/spi-builder-workspace/.swiftpm/xcode
builtin-SwiftDriver -- /Applications/Xcode-27.0.0-Release.Candidate.app/Contents/Developer/Toolchains/XcodeDefault.xctoolchain/usr/bin/swiftc -parse-as-library -module-name LibPQ -Onone @/Users/admin/builder/spi-builder-workspace/.derivedData/Build/Intermediates.noindex/LibPQ.build/Debug-watchos/LibPQ-t.build/Objects-normal/arm64_32/LibPQ.SwiftFileList -DSWIFT_PACKAGE -DDEBUG -DSWIFT_MODULE_RESOURCE_BUNDLE_UNAVAILABLE -Xcc -fmodule-map-file\=/Users/admin/builder/spi-builder-workspace/Sources/CLibpqmac/module.modulemap -DXcode -plugin-path /Applications/Xcode-27.0.0-Release.Candidate.app/Contents/Developer/Toolchains/XcodeDefault.xctoolchain/usr/lib/swift/host/plugins/testing -enable-experimental-feature DebugDescriptionMacro -sdk /Applications/Xcode-27.0.0-Release.Candidate.app/Contents/Developer/Platforms/WatchOS.platform/Developer/SDKs/WatchOS27.0.sdk -target arm64_32-apple-watchos9.0 -g -module-cache-path /Users/admin/builder/spi-builder-workspace/.derivedData/ModuleCache.noindex -Xfrontend -serialize-debugging-options -enable-testing -index-store-path /Users/admin/builder/spi-builder-workspace/.derivedData/Index.noindex/DataStore -Xcc -D_LIBCPP_HARDENING_MODE\=_LIBCPP_HARDENING_MODE_DEBUG -swift-version 5 -I /Users/admin/builder/spi-builder-workspace/.derivedData/Build/Products/Debug-watchos -Isystem /Applications/Xcode-27.0.0-Release.Candidate.app/Contents/Developer/Platforms/WatchOS.platform/Developer/usr/lib -F /Users/admin/builder/spi-builder-workspace/.derivedData/Build/Products/Debug-watchos -F /Applications/Xcode-27.0.0-Release.Candidate.app/Contents/Developer/Platforms/WatchOS.platform/Developer/Library/Frameworks -F /Applications/Xcode-27.0.0-Release.Candidate.app/Contents/Developer/Platforms/WatchOS.platform/Developer/SDKs/WatchOS27.0.sdk/Developer/Library/Frameworks -c -j10 -enable-batch-mode -incremental -Xcc -ivfsstatcache -Xcc /Users/admin/builder/spi-builder-workspace/.derivedData/SDKStatCaches.noindex/watchos27.0-24R360-e829b21a6f8c9b70876ba0858053c04477534ef55a1706bf4c1112bbb242f0a2.sdkstatcache -output-file-map /Users/admin/builder/spi-builder-workspace/.derivedData/Build/Intermediates.noindex/LibPQ.build/Debug-watchos/LibPQ-t.build/Objects-normal/arm64_32/LibPQ-OutputFileMap.json -save-temps -no-color-diagnostics -explicit-module-build -module-cache-path /Users/admin/builder/spi-builder-workspace/.derivedData/Build/Intermediates.noindex/SwiftExplicitPrecompiledModules -clang-scanner-module-cache-path /Users/admin/builder/spi-builder-workspace/.derivedData/ModuleCache.noindex -sdk-module-cache-path /Users/admin/builder/spi-builder-workspace/.derivedData/SDKExplicitPrecompiledModules -emit-dependencies -emit-module -emit-module-path /Users/admin/builder/spi-builder-workspace/.derivedData/Build/Intermediates.noindex/LibPQ.build/Debug-watchos/LibPQ-t.build/Objects-normal/arm64_32/LibPQ.swiftmodule -serialize-diagnostics -dependency-scan-serialize-diagnostics-path /Users/admin/builder/spi-builder-workspace/.derivedData/Build/Intermediates.noindex/LibPQ.build/Debug-watchos/LibPQ-t.build/Objects-normal/arm64_32/LibPQ-dependency-scan.dia -validate-clang-modules-once -clang-build-session-file /Users/admin/builder/spi-builder-workspace/.derivedData/ModuleCache.noindex/Session.modulevalidation -Xcc -fmodules-prune-interval\=86400 -Xcc -fmodules-prune-after\=345600 -emit-const-values -const-gather-protocols-list /Users/admin/builder/spi-builder-workspace/.derivedData/Build/Intermediates.noindex/LibPQ.build/Debug-watchos/LibPQ-t.build/Objects-normal/arm64_32/LibPQ_const_extract_protocols.json -Xcc -I/Users/admin/builder/spi-builder-workspace/.derivedData/Build/Products/Debug-watchos/include -Xcc -I/Users/admin/builder/spi-builder-workspace/.derivedData/Build/Intermediates.noindex/LibPQ.build/Debug-watchos/LibPQ-t.build/DerivedSources-normal/arm64_32 -Xcc -I/Users/admin/builder/spi-builder-workspace/.derivedData/Build/Intermediates.noindex/LibPQ.build/Debug-watchos/LibPQ-t.build/DerivedSources/arm64_32 -Xcc -I/Users/admin/builder/spi-builder-workspace/.derivedData/Build/Intermediates.noindex/LibPQ.build/Debug-watchos/LibPQ-t.build/DerivedSources -Xcc -DSWIFT_PACKAGE -Xcc -DDEBUG\=1 -emit-objc-header -emit-objc-header-path /Users/admin/builder/spi-builder-workspace/.derivedData/Build/Intermediates.noindex/LibPQ.build/Debug-watchos/LibPQ-t.build/Objects-normal/arm64_32/LibPQ-Swift.h -working-directory /Users/admin/builder/spi-builder-workspace/.swiftpm/xcode -experimental-emit-module-separately -disable-cmo
error: Clang dependency scanning failure: While building module 'Clibpq' imported from module-include.input:1:
In file included from <module-includes>:1:
/Users/admin/builder/spi-builder-workspace/Sources/CLibpqmac/shim.h:4:10: fatal error: '/opt/homebrew/opt/libpq/include/libpq-fe.h' file not found
module-include.input:1:3: fatal error: could not build module 'Clibpq'
(in target 'LibPQ' from project 'LibPQ')
/Users/admin/builder/spi-builder-workspace/Sources/LibPQ/Connection.swift:9:8: error: Unable to resolve module dependency: 'Clibpq' (in target 'LibPQ' from project 'LibPQ')
note: A dependency of main module 'LibPQ'
/Users/admin/builder/spi-builder-workspace/Sources/LibPQ/Result.swift:9:8: note: Also imported here
/Users/admin/builder/spi-builder-workspace/Sources/LibPQ/Row.swift:9:8: note: Also imported here
error: Clang dependency scanning failure: While building module 'Clibpq' imported from module-include.input:1:
In file included from <module-includes>:1:
/Users/admin/builder/spi-builder-workspace/Sources/CLibpqmac/shim.h:4:10: fatal error: '/opt/homebrew/opt/libpq/include/libpq-fe.h' file not found
module-include.input:1:3: fatal error: could not build module 'Clibpq'
(in target 'LibPQ' from project 'LibPQ')
/Users/admin/builder/spi-builder-workspace/Sources/LibPQ/Connection.swift:9:8: note: A dependency of main module 'LibPQ'
import Clibpq
^ (in target 'LibPQ' from project 'LibPQ')
/Users/admin/builder/spi-builder-workspace/Sources/LibPQ/Result.swift:9:8: note: Also imported here
import Clibpq
^ (in target 'LibPQ' from project 'LibPQ')
/Users/admin/builder/spi-builder-workspace/Sources/LibPQ/Row.swift:9:8: note: Also imported here
import Clibpq
^ (in target 'LibPQ' from project 'LibPQ')
PruneExplicitPrecompiledModules /Users/admin/builder/spi-builder-workspace/.derivedData/Build/Intermediates.noindex/SwiftExplicitPrecompiledModules
PruneExplicitPrecompiledModules /Users/admin/builder/spi-builder-workspace/.derivedData/SDKExplicitPrecompiledModules
PruneExplicitPrecompiledModules /Users/admin/builder/spi-builder-workspace/.derivedData/Build/Intermediates.noindex/ExplicitPrecompiledModules
2026-09-18 21:12:44.679 xcodebuild[696:4228] [MT] IDERunDestination: Supported platforms for the buildables in the current scheme is empty.
** BUILD FAILED **
The following build commands failed:
SwiftDriver LibPQ normal arm64 com.apple.xcode.tools.swift.compiler (in target 'LibPQ' from project 'LibPQ')
SwiftDriver LibPQ normal arm64_32 com.apple.xcode.tools.swift.compiler (in target 'LibPQ' from project 'LibPQ')
Building workspace LibPQ with scheme LibPQ-Package
(3 failures)
Command line invocation:
/Applications/Xcode-27.0.0-Release.Candidate.app/Contents/Developer/usr/bin/xcodebuild -IDEClonedSourcePackagesDirPathOverride=/Users/admin/builder/spi-builder-workspace/.dependencies -resolvePackageDependencies
Resolve Package Graph
failed to retrieve search paths with pkg-config; maybe pkg-config is not installedyou may be able to install libpq using your system-packager:
brew install postgresql libpq
Resolved source packages:
LibPQ: /Users/admin/builder/spi-builder-workspace
resolved source packages: LibPQ
2026-09-18 21:12:47.625 xcodebuild[718:4426] [MT] IDERunDestination: Supported platforms for the buildables in the current scheme is empty.
{
"dependencies" : [
],
"manifest_display_name" : "LibPQ",
"name" : "LibPQ",
"path" : "/Users/admin/builder/spi-builder-workspace",
"platforms" : [
],
"products" : [
{
"name" : "Clibpq",
"targets" : [
"Clibpq"
],
"type" : {
"library" : [
"automatic"
]
}
},
{
"name" : "LibPQ",
"targets" : [
"LibPQ"
],
"type" : {
"library" : [
"automatic"
]
}
},
{
"name" : "sample",
"targets" : [
"sample"
],
"type" : {
"executable" : null
}
}
],
"targets" : [
{
"c99name" : "sample",
"module_type" : "SwiftTarget",
"name" : "sample",
"path" : "Sources/sample",
"product_memberships" : [
"sample"
],
"sources" : [
"main.swift"
],
"target_dependencies" : [
"LibPQ"
],
"type" : "executable"
},
{
"c99name" : "LibPQ",
"module_type" : "SwiftTarget",
"name" : "LibPQ",
"path" : "Sources/LibPQ",
"product_memberships" : [
"LibPQ",
"sample"
],
"sources" : [
"Connection.swift",
"LibPQ.swift",
"Result.swift",
"Row.swift",
"TypeConversion.swift"
],
"target_dependencies" : [
"Clibpq"
],
"type" : "library"
},
{
"c99name" : "Clibpq",
"module_type" : "SystemLibraryTarget",
"name" : "Clibpq",
"path" : "Sources/CLibpqmac",
"product_memberships" : [
"Clibpq",
"LibPQ",
"sample"
],
"sources" : [
],
"type" : "system-target"
}
],
"tools_version" : "5.0"
}
{
"workspace" : {
"name" : "LibPQ",
"schemes" : [
"LibPQ",
"LibPQ-Package",
"sample"
]
}
}
2026-09-18 21:12:48.840 xcodebuild[733:4497] [MT] IDERunDestination: Supported platforms for the buildables in the current scheme is empty.
Running build ...
env DEVELOPER_DIR=/Applications/Xcode-27.0.0-Release.Candidate.app xcrun xcodebuild -IDEClonedSourcePackagesDirPathOverride=$PWD/.dependencies -skipMacroValidation -skipPackagePluginValidation -derivedDataPath $PWD/.derivedData build -scheme LibPQ-Package -destination generic/platform=watchOS
Command line invocation:
/Applications/Xcode-27.0.0-Release.Candidate.app/Contents/Developer/usr/bin/xcodebuild -IDEClonedSourcePackagesDirPathOverride=/Users/admin/builder/spi-builder-workspace/.dependencies -skipMacroValidation -skipPackagePluginValidation -derivedDataPath /Users/admin/builder/spi-builder-workspace/.derivedData build -scheme LibPQ-Package -destination generic/platform=watchOS
Resolve Package Graph
failed to retrieve search paths with pkg-config; maybe pkg-config is not installedyou may be able to install libpq using your system-packager:
brew install postgresql libpq
Resolved source packages:
LibPQ: /Users/admin/builder/spi-builder-workspace
ComputePackagePrebuildTargetDependencyGraph
Prepare packages
CreateBuildRequest
SendProjectDescription
CreateBuildOperation
ComputeTargetDependencyGraph
note: Building targets in dependency order
note: Target dependency graph (4 targets)
Target 'sample-product' in project 'LibPQ'
➜ Explicit dependency on target 'Clibpq' in project 'LibPQ'
➜ Explicit dependency on target 'LibPQ' in project 'LibPQ'
Target 'LibPQ-product' in project 'LibPQ'
➜ Explicit dependency on target 'LibPQ' in project 'LibPQ'
Target 'LibPQ' in project 'LibPQ'
➜ Explicit dependency on target 'Clibpq' in project 'LibPQ'
Target 'Clibpq' in project 'LibPQ' (no dependencies)
GatherProvisioningInputs
CreateBuildDescription
ClangStatCache /Applications/Xcode-27.0.0-Release.Candidate.app/Contents/Developer/Toolchains/XcodeDefault.xctoolchain/usr/bin/clang-stat-cache /Applications/Xcode-27.0.0-Release.Candidate.app/Contents/Developer/Platforms/WatchOS.platform/Developer/SDKs/WatchOS27.0.sdk /Users/admin/builder/spi-builder-workspace/.derivedData/SDKStatCaches.noindex/watchos27.0-24R360-e829b21a6f8c9b70876ba0858053c04477534ef55a1706bf4c1112bbb242f0a2.sdkstatcache
cd /Users/admin/builder/spi-builder-workspace/.swiftpm/xcode
/Applications/Xcode-27.0.0-Release.Candidate.app/Contents/Developer/Toolchains/XcodeDefault.xctoolchain/usr/bin/clang-stat-cache /Applications/Xcode-27.0.0-Release.Candidate.app/Contents/Developer/Platforms/WatchOS.platform/Developer/SDKs/WatchOS27.0.sdk -o /Users/admin/builder/spi-builder-workspace/.derivedData/SDKStatCaches.noindex/watchos27.0-24R360-e829b21a6f8c9b70876ba0858053c04477534ef55a1706bf4c1112bbb242f0a2.sdkstatcache
SwiftDriver LibPQ normal arm64 com.apple.xcode.tools.swift.compiler (in target 'LibPQ' from project 'LibPQ')
cd /Users/admin/builder/spi-builder-workspace/.swiftpm/xcode
builtin-SwiftDriver -- /Applications/Xcode-27.0.0-Release.Candidate.app/Contents/Developer/Toolchains/XcodeDefault.xctoolchain/usr/bin/swiftc -parse-as-library -module-name LibPQ -Onone @/Users/admin/builder/spi-builder-workspace/.derivedData/Build/Intermediates.noindex/LibPQ.build/Debug-watchos/LibPQ-t.build/Objects-normal/arm64/LibPQ.SwiftFileList -DSWIFT_PACKAGE -DDEBUG -DSWIFT_MODULE_RESOURCE_BUNDLE_UNAVAILABLE -Xcc -fmodule-map-file\=/Users/admin/builder/spi-builder-workspace/Sources/CLibpqmac/module.modulemap -DXcode -plugin-path /Applications/Xcode-27.0.0-Release.Candidate.app/Contents/Developer/Toolchains/XcodeDefault.xctoolchain/usr/lib/swift/host/plugins/testing -enable-experimental-feature DebugDescriptionMacro -sdk /Applications/Xcode-27.0.0-Release.Candidate.app/Contents/Developer/Platforms/WatchOS.platform/Developer/SDKs/WatchOS27.0.sdk -target arm64-apple-watchos9.0 -g -module-cache-path /Users/admin/builder/spi-builder-workspace/.derivedData/ModuleCache.noindex -Xfrontend -serialize-debugging-options -enable-testing -index-store-path /Users/admin/builder/spi-builder-workspace/.derivedData/Index.noindex/DataStore -Xcc -D_LIBCPP_HARDENING_MODE\=_LIBCPP_HARDENING_MODE_DEBUG -swift-version 5 -I /Users/admin/builder/spi-builder-workspace/.derivedData/Build/Products/Debug-watchos -Isystem /Applications/Xcode-27.0.0-Release.Candidate.app/Contents/Developer/Platforms/WatchOS.platform/Developer/usr/lib -F /Users/admin/builder/spi-builder-workspace/.derivedData/Build/Products/Debug-watchos -F /Applications/Xcode-27.0.0-Release.Candidate.app/Contents/Developer/Platforms/WatchOS.platform/Developer/Library/Frameworks -F /Applications/Xcode-27.0.0-Release.Candidate.app/Contents/Developer/Platforms/WatchOS.platform/Developer/SDKs/WatchOS27.0.sdk/Developer/Library/Frameworks -c -j10 -enable-batch-mode -incremental -Xcc -ivfsstatcache -Xcc /Users/admin/builder/spi-builder-workspace/.derivedData/SDKStatCaches.noindex/watchos27.0-24R360-e829b21a6f8c9b70876ba0858053c04477534ef55a1706bf4c1112bbb242f0a2.sdkstatcache -output-file-map /Users/admin/builder/spi-builder-workspace/.derivedData/Build/Intermediates.noindex/LibPQ.build/Debug-watchos/LibPQ-t.build/Objects-normal/arm64/LibPQ-OutputFileMap.json -save-temps -no-color-diagnostics -explicit-module-build -module-cache-path /Users/admin/builder/spi-builder-workspace/.derivedData/Build/Intermediates.noindex/SwiftExplicitPrecompiledModules -clang-scanner-module-cache-path /Users/admin/builder/spi-builder-workspace/.derivedData/ModuleCache.noindex -sdk-module-cache-path /Users/admin/builder/spi-builder-workspace/.derivedData/SDKExplicitPrecompiledModules -emit-dependencies -emit-module -emit-module-path /Users/admin/builder/spi-builder-workspace/.derivedData/Build/Intermediates.noindex/LibPQ.build/Debug-watchos/LibPQ-t.build/Objects-normal/arm64/LibPQ.swiftmodule -serialize-diagnostics -dependency-scan-serialize-diagnostics-path /Users/admin/builder/spi-builder-workspace/.derivedData/Build/Intermediates.noindex/LibPQ.build/Debug-watchos/LibPQ-t.build/Objects-normal/arm64/LibPQ-dependency-scan.dia -validate-clang-modules-once -clang-build-session-file /Users/admin/builder/spi-builder-workspace/.derivedData/ModuleCache.noindex/Session.modulevalidation -Xcc -fmodules-prune-interval\=86400 -Xcc -fmodules-prune-after\=345600 -emit-const-values -const-gather-protocols-list /Users/admin/builder/spi-builder-workspace/.derivedData/Build/Intermediates.noindex/LibPQ.build/Debug-watchos/LibPQ-t.build/Objects-normal/arm64/LibPQ_const_extract_protocols.json -Xcc -I/Users/admin/builder/spi-builder-workspace/.derivedData/Build/Products/Debug-watchos/include -Xcc -I/Users/admin/builder/spi-builder-workspace/.derivedData/Build/Intermediates.noindex/LibPQ.build/Debug-watchos/LibPQ-t.build/DerivedSources-normal/arm64 -Xcc -I/Users/admin/builder/spi-builder-workspace/.derivedData/Build/Intermediates.noindex/LibPQ.build/Debug-watchos/LibPQ-t.build/DerivedSources/arm64 -Xcc -I/Users/admin/builder/spi-builder-workspace/.derivedData/Build/Intermediates.noindex/LibPQ.build/Debug-watchos/LibPQ-t.build/DerivedSources -Xcc -DSWIFT_PACKAGE -Xcc -DDEBUG\=1 -emit-objc-header -emit-objc-header-path /Users/admin/builder/spi-builder-workspace/.derivedData/Build/Intermediates.noindex/LibPQ.build/Debug-watchos/LibPQ-t.build/Objects-normal/arm64/LibPQ-Swift.h -working-directory /Users/admin/builder/spi-builder-workspace/.swiftpm/xcode -experimental-emit-module-separately -disable-cmo
error: Clang dependency scanning failure: While building module 'Clibpq' imported from module-include.input:1:
In file included from <module-includes>:1:
/Users/admin/builder/spi-builder-workspace/Sources/CLibpqmac/shim.h:4:10: fatal error: '/opt/homebrew/opt/libpq/include/libpq-fe.h' file not found
module-include.input:1:3: fatal error: could not build module 'Clibpq'
(in target 'LibPQ' from project 'LibPQ')
/Users/admin/builder/spi-builder-workspace/Sources/LibPQ/Connection.swift:9:8: error: Unable to resolve module dependency: 'Clibpq' (in target 'LibPQ' from project 'LibPQ')
note: A dependency of main module 'LibPQ'
/Users/admin/builder/spi-builder-workspace/Sources/LibPQ/Result.swift:9:8: note: Also imported here
/Users/admin/builder/spi-builder-workspace/Sources/LibPQ/Row.swift:9:8: note: Also imported here
error: Clang dependency scanning failure: While building module 'Clibpq' imported from module-include.input:1:
In file included from <module-includes>:1:
/Users/admin/builder/spi-builder-workspace/Sources/CLibpqmac/shim.h:4:10: fatal error: '/opt/homebrew/opt/libpq/include/libpq-fe.h' file not found
module-include.input:1:3: fatal error: could not build module 'Clibpq'
(in target 'LibPQ' from project 'LibPQ')
/Users/admin/builder/spi-builder-workspace/Sources/LibPQ/Connection.swift:9:8: note: A dependency of main module 'LibPQ'
import Clibpq
^ (in target 'LibPQ' from project 'LibPQ')
/Users/admin/builder/spi-builder-workspace/Sources/LibPQ/Result.swift:9:8: note: Also imported here
import Clibpq
^ (in target 'LibPQ' from project 'LibPQ')
/Users/admin/builder/spi-builder-workspace/Sources/LibPQ/Row.swift:9:8: note: Also imported here
import Clibpq
^ (in target 'LibPQ' from project 'LibPQ')
SwiftDriver LibPQ normal arm64_32 com.apple.xcode.tools.swift.compiler (in target 'LibPQ' from project 'LibPQ')
cd /Users/admin/builder/spi-builder-workspace/.swiftpm/xcode
builtin-SwiftDriver -- /Applications/Xcode-27.0.0-Release.Candidate.app/Contents/Developer/Toolchains/XcodeDefault.xctoolchain/usr/bin/swiftc -parse-as-library -module-name LibPQ -Onone @/Users/admin/builder/spi-builder-workspace/.derivedData/Build/Intermediates.noindex/LibPQ.build/Debug-watchos/LibPQ-t.build/Objects-normal/arm64_32/LibPQ.SwiftFileList -DSWIFT_PACKAGE -DDEBUG -DSWIFT_MODULE_RESOURCE_BUNDLE_UNAVAILABLE -Xcc -fmodule-map-file\=/Users/admin/builder/spi-builder-workspace/Sources/CLibpqmac/module.modulemap -DXcode -plugin-path /Applications/Xcode-27.0.0-Release.Candidate.app/Contents/Developer/Toolchains/XcodeDefault.xctoolchain/usr/lib/swift/host/plugins/testing -enable-experimental-feature DebugDescriptionMacro -sdk /Applications/Xcode-27.0.0-Release.Candidate.app/Contents/Developer/Platforms/WatchOS.platform/Developer/SDKs/WatchOS27.0.sdk -target arm64_32-apple-watchos9.0 -g -module-cache-path /Users/admin/builder/spi-builder-workspace/.derivedData/ModuleCache.noindex -Xfrontend -serialize-debugging-options -enable-testing -index-store-path /Users/admin/builder/spi-builder-workspace/.derivedData/Index.noindex/DataStore -Xcc -D_LIBCPP_HARDENING_MODE\=_LIBCPP_HARDENING_MODE_DEBUG -swift-version 5 -I /Users/admin/builder/spi-builder-workspace/.derivedData/Build/Products/Debug-watchos -Isystem /Applications/Xcode-27.0.0-Release.Candidate.app/Contents/Developer/Platforms/WatchOS.platform/Developer/usr/lib -F /Users/admin/builder/spi-builder-workspace/.derivedData/Build/Products/Debug-watchos -F /Applications/Xcode-27.0.0-Release.Candidate.app/Contents/Developer/Platforms/WatchOS.platform/Developer/Library/Frameworks -F /Applications/Xcode-27.0.0-Release.Candidate.app/Contents/Developer/Platforms/WatchOS.platform/Developer/SDKs/WatchOS27.0.sdk/Developer/Library/Frameworks -c -j10 -enable-batch-mode -incremental -Xcc -ivfsstatcache -Xcc /Users/admin/builder/spi-builder-workspace/.derivedData/SDKStatCaches.noindex/watchos27.0-24R360-e829b21a6f8c9b70876ba0858053c04477534ef55a1706bf4c1112bbb242f0a2.sdkstatcache -output-file-map /Users/admin/builder/spi-builder-workspace/.derivedData/Build/Intermediates.noindex/LibPQ.build/Debug-watchos/LibPQ-t.build/Objects-normal/arm64_32/LibPQ-OutputFileMap.json -save-temps -no-color-diagnostics -explicit-module-build -module-cache-path /Users/admin/builder/spi-builder-workspace/.derivedData/Build/Intermediates.noindex/SwiftExplicitPrecompiledModules -clang-scanner-module-cache-path /Users/admin/builder/spi-builder-workspace/.derivedData/ModuleCache.noindex -sdk-module-cache-path /Users/admin/builder/spi-builder-workspace/.derivedData/SDKExplicitPrecompiledModules -emit-dependencies -emit-module -emit-module-path /Users/admin/builder/spi-builder-workspace/.derivedData/Build/Intermediates.noindex/LibPQ.build/Debug-watchos/LibPQ-t.build/Objects-normal/arm64_32/LibPQ.swiftmodule -serialize-diagnostics -dependency-scan-serialize-diagnostics-path /Users/admin/builder/spi-builder-workspace/.derivedData/Build/Intermediates.noindex/LibPQ.build/Debug-watchos/LibPQ-t.build/Objects-normal/arm64_32/LibPQ-dependency-scan.dia -validate-clang-modules-once -clang-build-session-file /Users/admin/builder/spi-builder-workspace/.derivedData/ModuleCache.noindex/Session.modulevalidation -Xcc -fmodules-prune-interval\=86400 -Xcc -fmodules-prune-after\=345600 -emit-const-values -const-gather-protocols-list /Users/admin/builder/spi-builder-workspace/.derivedData/Build/Intermediates.noindex/LibPQ.build/Debug-watchos/LibPQ-t.build/Objects-normal/arm64_32/LibPQ_const_extract_protocols.json -Xcc -I/Users/admin/builder/spi-builder-workspace/.derivedData/Build/Products/Debug-watchos/include -Xcc -I/Users/admin/builder/spi-builder-workspace/.derivedData/Build/Intermediates.noindex/LibPQ.build/Debug-watchos/LibPQ-t.build/DerivedSources-normal/arm64_32 -Xcc -I/Users/admin/builder/spi-builder-workspace/.derivedData/Build/Intermediates.noindex/LibPQ.build/Debug-watchos/LibPQ-t.build/DerivedSources/arm64_32 -Xcc -I/Users/admin/builder/spi-builder-workspace/.derivedData/Build/Intermediates.noindex/LibPQ.build/Debug-watchos/LibPQ-t.build/DerivedSources -Xcc -DSWIFT_PACKAGE -Xcc -DDEBUG\=1 -emit-objc-header -emit-objc-header-path /Users/admin/builder/spi-builder-workspace/.derivedData/Build/Intermediates.noindex/LibPQ.build/Debug-watchos/LibPQ-t.build/Objects-normal/arm64_32/LibPQ-Swift.h -working-directory /Users/admin/builder/spi-builder-workspace/.swiftpm/xcode -experimental-emit-module-separately -disable-cmo
error: Clang dependency scanning failure: While building module 'Clibpq' imported from module-include.input:1:
In file included from <module-includes>:1:
/Users/admin/builder/spi-builder-workspace/Sources/CLibpqmac/shim.h:4:10: fatal error: '/opt/homebrew/opt/libpq/include/libpq-fe.h' file not found
module-include.input:1:3: fatal error: could not build module 'Clibpq'
(in target 'LibPQ' from project 'LibPQ')
/Users/admin/builder/spi-builder-workspace/Sources/LibPQ/Connection.swift:9:8: error: Unable to resolve module dependency: 'Clibpq' (in target 'LibPQ' from project 'LibPQ')
note: A dependency of main module 'LibPQ'
/Users/admin/builder/spi-builder-workspace/Sources/LibPQ/Result.swift:9:8: note: Also imported here
/Users/admin/builder/spi-builder-workspace/Sources/LibPQ/Row.swift:9:8: note: Also imported here
error: Clang dependency scanning failure: While building module 'Clibpq' imported from module-include.input:1:
In file included from <module-includes>:1:
/Users/admin/builder/spi-builder-workspace/Sources/CLibpqmac/shim.h:4:10: fatal error: '/opt/homebrew/opt/libpq/include/libpq-fe.h' file not found
module-include.input:1:3: fatal error: could not build module 'Clibpq'
(in target 'LibPQ' from project 'LibPQ')
/Users/admin/builder/spi-builder-workspace/Sources/LibPQ/Connection.swift:9:8: note: A dependency of main module 'LibPQ'
import Clibpq
^ (in target 'LibPQ' from project 'LibPQ')
/Users/admin/builder/spi-builder-workspace/Sources/LibPQ/Result.swift:9:8: note: Also imported here
import Clibpq
^ (in target 'LibPQ' from project 'LibPQ')
/Users/admin/builder/spi-builder-workspace/Sources/LibPQ/Row.swift:9:8: note: Also imported here
import Clibpq
^ (in target 'LibPQ' from project 'LibPQ')
PruneExplicitPrecompiledModules /Users/admin/builder/spi-builder-workspace/.derivedData/Build/Intermediates.noindex/ExplicitPrecompiledModules
PruneExplicitPrecompiledModules /Users/admin/builder/spi-builder-workspace/.derivedData/Build/Intermediates.noindex/SwiftExplicitPrecompiledModules
PruneExplicitPrecompiledModules /Users/admin/builder/spi-builder-workspace/.derivedData/SDKExplicitPrecompiledModules
2026-09-18 21:12:49.767 xcodebuild[741:4538] [MT] IDERunDestination: Supported platforms for the buildables in the current scheme is empty.
** BUILD FAILED **
The following build commands failed:
SwiftDriver LibPQ normal arm64 com.apple.xcode.tools.swift.compiler (in target 'LibPQ' from project 'LibPQ')
SwiftDriver LibPQ normal arm64_32 com.apple.xcode.tools.swift.compiler (in target 'LibPQ' from project 'LibPQ')
Building workspace LibPQ with scheme LibPQ-Package
(3 failures)
BUILD FAILURE 6.4 watchOS