Build Information
Failed to build MediaUtilities, reference main (4a3f5d), with Swift 6.4 for watchOS using Xcode 27.0 on 27 Sep 2026 19:17:36 UTC.
Build Command
env DEVELOPER_DIR=/Applications/Xcode-27.0.0-Release.Candidate.app xcrun xcodebuild -IDEClonedSourcePackagesDirPathOverride=$PWD/.dependencies -skipMacroValidation -skipPackagePluginValidation -derivedDataPath $PWD/.derivedData build -scheme MediaUtilities -destination generic/platform=watchOSBuild Log
========================================
RunAll
========================================
Builder version: 5.1.0
Interrupt handler set up.
========================================
Checkout
========================================
Clone URL: https://github.com/iankoex/media-utilities.git
Reference: main
Initialized empty Git repository in /Users/admin/builder/spi-builder-workspace/.git/
From https://github.com/iankoex/media-utilities
* branch main -> FETCH_HEAD
* [new branch] main -> origin/main
HEAD is now at 4a3f5de fixes for macOS (Native, Catalyst & designed for iPad)
Cloned https://github.com/iankoex/media-utilities.git
Revision (git rev-parse @):
4a3f5de247e4e0bc46a4d507717539b7136441b0
SUCCESS checkout https://github.com/iankoex/media-utilities.git at main
========================================
Build
========================================
Selected platform: watchOS
Swift version: 6.4
Building package at path: $PWD
https://github.com/iankoex/media-utilities.git
Command line invocation:
/Applications/Xcode-27.0.0-Release.Candidate.app/Contents/Developer/usr/bin/xcodebuild -IDEClonedSourcePackagesDirPathOverride=/Users/admin/builder/spi-builder-workspace/.dependencies -resolvePackageDependencies
Resolve Package Graph
Resolve Package Graph
Resolved source packages:
MediaUtilities: /Users/admin/builder/spi-builder-workspace
resolved source packages: MediaUtilities
2026-09-27 15:16:56.008 xcodebuild[529:3033] [MT] IDERunDestination: Supported platforms for the buildables in the current scheme is empty.
{
"dependencies" : [
],
"manifest_display_name" : "MediaUtilities",
"name" : "MediaUtilities",
"path" : "/Users/admin/builder/spi-builder-workspace",
"platforms" : [
],
"products" : [
{
"name" : "MediaUtilities",
"targets" : [
"MediaUtilities"
],
"type" : {
"library" : [
"automatic"
]
}
}
],
"targets" : [
{
"c99name" : "MediaUtilitiesTests",
"module_type" : "SwiftTarget",
"name" : "MediaUtilitiesTests",
"path" : "Tests/MediaUtilitiesTests",
"sources" : [
"MediaUtilitiesTests.swift"
],
"target_dependencies" : [
"MediaUtilities"
],
"type" : "test"
},
{
"c99name" : "MediaUtilities",
"module_type" : "SwiftTarget",
"name" : "MediaUtilities",
"path" : "Sources/MediaUtilities",
"product_memberships" : [
"MediaUtilities"
],
"sources" : [
"Camera/CameraCaptureView.swift",
"Camera/CameraCaptureViewModifier.swift",
"Camera/CameraEngine.swift",
"Camera/CameraService+Capture.swift",
"Camera/CameraService+Intents.swift",
"Camera/CameraService+Permissions.swift",
"Camera/CameraService.swift",
"Camera/CaptureConfiguration.swift",
"Camera/CaptureMode.swift",
"Camera/MovieRecordingDelegate.swift",
"Camera/PhotoCaptureDelegate.swift",
"Camera/RecordingTimeView.swift",
"Camera/VideoDataOutputDelegate.swift",
"DropDelegate/DropDelegateService.swift",
"DropDelegate/ImageDropDelegate.swift",
"DropDelegate/VideoDropDelegate.swift",
"Holistic/ImagePicker.swift",
"Holistic/VideoPicker.swift",
"ImageEditor/CropImageView.swift",
"ImageEditor/HoleShapeMask.swift",
"ImageEditor/ImageEditor.swift",
"ImageEditor/WhiteGridOverlay.swift",
"MediaPicker/MediaOptions.swift",
"MediaPicker/MediaPicker-iOS.swift",
"MediaPicker/MediaPicker-macOS.swift",
"MediaPicker/MediaPicker.swift",
"MediaUtilities.swift",
"Modifiers/GrayBackgroundRound.swift",
"Modifiers/OnTapModifier.swift",
"Modifiers/ShakeModifier.swift",
"Modifiers/SwiftUI+Extentions.swift",
"Shared/EditorControlButton.swift",
"Shared/MediaUtilitiesError.swift",
"Shared/SpinnerView.swift",
"Shared/UnifiedImage.swift",
"VideoEditor/Sliders/Base/DefaultHorizontalValueView.swift",
"VideoEditor/Sliders/Base/DefaultThumb.swift",
"VideoEditor/Sliders/Base/DefaultVerticalValueView.swift",
"VideoEditor/Sliders/Base/LinearRangeMath.swift",
"VideoEditor/Sliders/Base/LinearValueMath.swift",
"VideoEditor/Sliders/RangeSlider/RangeSlider.swift",
"VideoEditor/Sliders/RangeSlider/Style/AnyRangeSliderStyle.swift",
"VideoEditor/Sliders/RangeSlider/Style/EnvironmentValues+RangeSliderStyle.swift",
"VideoEditor/Sliders/RangeSlider/Style/RangeSliderStyle.swift",
"VideoEditor/Sliders/RangeSlider/Style/RangeSliderStyleConfiguration.swift",
"VideoEditor/Sliders/RangeSlider/Styles/HorizontalRangeSliderStyle.swift",
"VideoEditor/Sliders/RangeSlider/Styles/RangeSliderOptions.swift",
"VideoEditor/Sliders/RangeTrack/EnvironmentValues+RangeTrackConfiguration.swift",
"VideoEditor/Sliders/RangeTrack/EnvironmentValues+TrackRange.swift",
"VideoEditor/Sliders/RangeTrack/Horizontal/HorizontalRangeTrack.swift",
"VideoEditor/Sliders/RangeTrack/RangeTrackConfiguration.swift",
"VideoEditor/VideoDownloader.swift",
"VideoEditor/VideoEditor.swift",
"VideoEditor/VideoSliderView.swift",
"VideoEditor/VideoUtil.swift",
"VideoPlayer/CustomVideoPlayer.swift",
"VideoPlayer/PlayerViewModel.swift"
],
"type" : "library"
}
],
"tools_version" : "5.10"
}
{
"workspace" : {
"name" : "MediaUtilities",
"schemes" : [
"MediaUtilities"
]
}
}
2026-09-27 15:17:27.902 xcodebuild[626:3836] [MT] IDERunDestination: Supported platforms for the buildables in the current scheme is empty.
Running build ...
env DEVELOPER_DIR=/Applications/Xcode-27.0.0-Release.Candidate.app xcrun xcodebuild -IDEClonedSourcePackagesDirPathOverride=$PWD/.dependencies -skipMacroValidation -skipPackagePluginValidation -derivedDataPath $PWD/.derivedData build -scheme MediaUtilities -destination generic/platform=watchOS
Command line invocation:
/Applications/Xcode-27.0.0-Release.Candidate.app/Contents/Developer/usr/bin/xcodebuild -IDEClonedSourcePackagesDirPathOverride=/Users/admin/builder/spi-builder-workspace/.dependencies -skipMacroValidation -skipPackagePluginValidation -derivedDataPath /Users/admin/builder/spi-builder-workspace/.derivedData build -scheme MediaUtilities -destination generic/platform=watchOS
Resolve Package Graph
Resolved source packages:
MediaUtilities: /Users/admin/builder/spi-builder-workspace
ComputePackagePrebuildTargetDependencyGraph
Prepare packages
CreateBuildRequest
SendProjectDescription
CreateBuildOperation
ComputeTargetDependencyGraph
note: Building targets in dependency order
note: Target dependency graph (2 targets)
Target 'MediaUtilities-product' in project 'MediaUtilities'
➜ Explicit dependency on target 'MediaUtilities' in project 'MediaUtilities'
Target 'MediaUtilities' in project 'MediaUtilities' (no dependencies)
GatherProvisioningInputs
CreateBuildDescription
ExecuteExternalTool /Applications/Xcode-27.0.0-Release.Candidate.app/Contents/Developer/Toolchains/XcodeDefault.xctoolchain/usr/bin/clang -v -E -dM -isysroot /Applications/Xcode-27.0.0-Release.Candidate.app/Contents/Developer/Platforms/WatchOS.platform/Developer/SDKs/WatchOS27.0.sdk -x c -c /dev/null
ExecuteExternalTool /Applications/Xcode-27.0.0-Release.Candidate.app/Contents/Developer/Toolchains/XcodeDefault.xctoolchain/usr/bin/swiftc --version
ExecuteExternalTool /Applications/Xcode-27.0.0-Release.Candidate.app/Contents/Developer/Toolchains/XcodeDefault.xctoolchain/usr/bin/ld -version_details
Build description signature: 06a3063aff45a5673157553b2638d655
Build description path: /Users/admin/builder/spi-builder-workspace/.derivedData/Build/Intermediates.noindex/XCBuildData/06a3063aff45a5673157553b2638d655.xcbuilddata
CreateBuildDirectory /Users/admin/builder/spi-builder-workspace/.derivedData/ModuleCache.noindex
cd /Users/admin/builder/spi-builder-workspace/.swiftpm/xcode
builtin-create-build-directory /Users/admin/builder/spi-builder-workspace/.derivedData/ModuleCache.noindex
CreateBuildDirectory /Users/admin/builder/spi-builder-workspace/.derivedData/CompilationCache.noindex
cd /Users/admin/builder/spi-builder-workspace/.swiftpm/xcode
builtin-create-build-directory /Users/admin/builder/spi-builder-workspace/.derivedData/CompilationCache.noindex
CreateBuildDirectory /Users/admin/builder/spi-builder-workspace/.derivedData/SDKExplicitPrecompiledModules
cd /Users/admin/builder/spi-builder-workspace/.swiftpm/xcode
builtin-create-build-directory /Users/admin/builder/spi-builder-workspace/.derivedData/SDKExplicitPrecompiledModules
ClangStatCache /Applications/Xcode-27.0.0-Release.Candidate.app/Contents/Developer/Toolchains/XcodeDefault.xctoolchain/usr/bin/clang-stat-cache /Applications/Xcode-27.0.0-Release.Candidate.app/Contents/Developer/Platforms/WatchOS.platform/Developer/SDKs/WatchOS27.0.sdk /Users/admin/builder/spi-builder-workspace/.derivedData/SDKStatCaches.noindex/watchos27.0-24R360-e829b21a6f8c9b70876ba0858053c04477534ef55a1706bf4c1112bbb242f0a2.sdkstatcache
cd /Users/admin/builder/spi-builder-workspace/.swiftpm/xcode
/Applications/Xcode-27.0.0-Release.Candidate.app/Contents/Developer/Toolchains/XcodeDefault.xctoolchain/usr/bin/clang-stat-cache /Applications/Xcode-27.0.0-Release.Candidate.app/Contents/Developer/Platforms/WatchOS.platform/Developer/SDKs/WatchOS27.0.sdk -o /Users/admin/builder/spi-builder-workspace/.derivedData/SDKStatCaches.noindex/watchos27.0-24R360-e829b21a6f8c9b70876ba0858053c04477534ef55a1706bf4c1112bbb242f0a2.sdkstatcache
CreateBuildDirectory /Users/admin/builder/spi-builder-workspace/.derivedData/Build/Products
cd /Users/admin/builder/spi-builder-workspace/.swiftpm/xcode
builtin-create-build-directory /Users/admin/builder/spi-builder-workspace/.derivedData/Build/Products
CreateBuildDirectory /Users/admin/builder/spi-builder-workspace/.derivedData/Build/Intermediates.noindex
cd /Users/admin/builder/spi-builder-workspace/.swiftpm/xcode
builtin-create-build-directory /Users/admin/builder/spi-builder-workspace/.derivedData/Build/Intermediates.noindex
CreateBuildDirectory /Users/admin/builder/spi-builder-workspace/.derivedData/Build/Intermediates.noindex/SwiftExplicitPrecompiledModules
cd /Users/admin/builder/spi-builder-workspace/.swiftpm/xcode
builtin-create-build-directory /Users/admin/builder/spi-builder-workspace/.derivedData/Build/Intermediates.noindex/SwiftExplicitPrecompiledModules
CreateBuildDirectory /Users/admin/builder/spi-builder-workspace/.derivedData/Build/Intermediates.noindex/ExplicitPrecompiledModules
cd /Users/admin/builder/spi-builder-workspace/.swiftpm/xcode
builtin-create-build-directory /Users/admin/builder/spi-builder-workspace/.derivedData/Build/Intermediates.noindex/ExplicitPrecompiledModules
CreateBuildDirectory /Users/admin/builder/spi-builder-workspace/.derivedData/Build/Intermediates.noindex/PrecompiledHeaders
cd /Users/admin/builder/spi-builder-workspace/.swiftpm/xcode
builtin-create-build-directory /Users/admin/builder/spi-builder-workspace/.derivedData/Build/Intermediates.noindex/PrecompiledHeaders
CreateBuildDirectory /Users/admin/builder/spi-builder-workspace/.derivedData/Build/Intermediates.noindex/EagerLinkingTBDs/Debug-watchos
cd /Users/admin/builder/spi-builder-workspace/.swiftpm/xcode
builtin-create-build-directory /Users/admin/builder/spi-builder-workspace/.derivedData/Build/Intermediates.noindex/EagerLinkingTBDs/Debug-watchos
CreateBuildDirectory /Users/admin/builder/spi-builder-workspace/.derivedData/Build/Products/Debug-watchos
cd /Users/admin/builder/spi-builder-workspace/.swiftpm/xcode
builtin-create-build-directory /Users/admin/builder/spi-builder-workspace/.derivedData/Build/Products/Debug-watchos
CreateBuildDirectory /Users/admin/builder/spi-builder-workspace/.derivedData/Build/Products/Debug-watchos/PackageFrameworks
cd /Users/admin/builder/spi-builder-workspace/.swiftpm/xcode
builtin-create-build-directory /Users/admin/builder/spi-builder-workspace/.derivedData/Build/Products/Debug-watchos/PackageFrameworks
WriteAuxiliaryFile /Users/admin/builder/spi-builder-workspace/.derivedData/Build/Intermediates.noindex/MediaUtilities.build/Debug-watchos/MediaUtilities-t.build/Objects-normal/arm64/MediaUtilities.SwiftConstValuesFileList (in target 'MediaUtilities' from project 'MediaUtilities')
cd /Users/admin/builder/spi-builder-workspace
write-file /Users/admin/builder/spi-builder-workspace/.derivedData/Build/Intermediates.noindex/MediaUtilities.build/Debug-watchos/MediaUtilities-t.build/Objects-normal/arm64/MediaUtilities.SwiftConstValuesFileList
WriteAuxiliaryFile /Users/admin/builder/spi-builder-workspace/.derivedData/Build/Intermediates.noindex/MediaUtilities.build/Debug-watchos/MediaUtilities-t.build/Objects-normal/arm64_32/MediaUtilities-OutputFileMap.json (in target 'MediaUtilities' from project 'MediaUtilities')
cd /Users/admin/builder/spi-builder-workspace
write-file /Users/admin/builder/spi-builder-workspace/.derivedData/Build/Intermediates.noindex/MediaUtilities.build/Debug-watchos/MediaUtilities-t.build/Objects-normal/arm64_32/MediaUtilities-OutputFileMap.json
WriteAuxiliaryFile /Users/admin/builder/spi-builder-workspace/.derivedData/Build/Intermediates.noindex/MediaUtilities.build/Debug-watchos/MediaUtilities-t.build/Objects-normal/arm64_32/MediaUtilities_const_extract_protocols.json (in target 'MediaUtilities' from project 'MediaUtilities')
cd /Users/admin/builder/spi-builder-workspace
write-file /Users/admin/builder/spi-builder-workspace/.derivedData/Build/Intermediates.noindex/MediaUtilities.build/Debug-watchos/MediaUtilities-t.build/Objects-normal/arm64_32/MediaUtilities_const_extract_protocols.json
WriteAuxiliaryFile /Users/admin/builder/spi-builder-workspace/.derivedData/Build/Intermediates.noindex/MediaUtilities.build/Debug-watchos/MediaUtilities-t.build/Objects-normal/arm64_32/MediaUtilities.SwiftFileList (in target 'MediaUtilities' from project 'MediaUtilities')
cd /Users/admin/builder/spi-builder-workspace
write-file /Users/admin/builder/spi-builder-workspace/.derivedData/Build/Intermediates.noindex/MediaUtilities.build/Debug-watchos/MediaUtilities-t.build/Objects-normal/arm64_32/MediaUtilities.SwiftFileList
WriteAuxiliaryFile /Users/admin/builder/spi-builder-workspace/.derivedData/Build/Intermediates.noindex/MediaUtilities.build/Debug-watchos/MediaUtilities-t.build/Objects-normal/arm64/MediaUtilities.LinkFileList (in target 'MediaUtilities' from project 'MediaUtilities')
cd /Users/admin/builder/spi-builder-workspace
write-file /Users/admin/builder/spi-builder-workspace/.derivedData/Build/Intermediates.noindex/MediaUtilities.build/Debug-watchos/MediaUtilities-t.build/Objects-normal/arm64/MediaUtilities.LinkFileList
WriteAuxiliaryFile /Users/admin/builder/spi-builder-workspace/.derivedData/Build/Intermediates.noindex/MediaUtilities.build/Debug-watchos/MediaUtilities-t.build/Objects-normal/arm64_32/MediaUtilities.SwiftConstValuesFileList (in target 'MediaUtilities' from project 'MediaUtilities')
cd /Users/admin/builder/spi-builder-workspace
write-file /Users/admin/builder/spi-builder-workspace/.derivedData/Build/Intermediates.noindex/MediaUtilities.build/Debug-watchos/MediaUtilities-t.build/Objects-normal/arm64_32/MediaUtilities.SwiftConstValuesFileList
WriteAuxiliaryFile /Users/admin/builder/spi-builder-workspace/.derivedData/Build/Intermediates.noindex/MediaUtilities.build/Debug-watchos/MediaUtilities-t.build/Objects-normal/arm64_32/MediaUtilities.LinkFileList (in target 'MediaUtilities' from project 'MediaUtilities')
cd /Users/admin/builder/spi-builder-workspace
write-file /Users/admin/builder/spi-builder-workspace/.derivedData/Build/Intermediates.noindex/MediaUtilities.build/Debug-watchos/MediaUtilities-t.build/Objects-normal/arm64_32/MediaUtilities.LinkFileList
WriteAuxiliaryFile /Users/admin/builder/spi-builder-workspace/.derivedData/Build/Intermediates.noindex/MediaUtilities.build/Debug-watchos/MediaUtilities-t.build/Objects-normal/arm64/MediaUtilities_const_extract_protocols.json (in target 'MediaUtilities' from project 'MediaUtilities')
cd /Users/admin/builder/spi-builder-workspace
write-file /Users/admin/builder/spi-builder-workspace/.derivedData/Build/Intermediates.noindex/MediaUtilities.build/Debug-watchos/MediaUtilities-t.build/Objects-normal/arm64/MediaUtilities_const_extract_protocols.json
WriteAuxiliaryFile /Users/admin/builder/spi-builder-workspace/.derivedData/Build/Intermediates.noindex/MediaUtilities.build/Debug-watchos/MediaUtilities-t.build/Objects-normal/arm64/MediaUtilities.SwiftFileList (in target 'MediaUtilities' from project 'MediaUtilities')
cd /Users/admin/builder/spi-builder-workspace
write-file /Users/admin/builder/spi-builder-workspace/.derivedData/Build/Intermediates.noindex/MediaUtilities.build/Debug-watchos/MediaUtilities-t.build/Objects-normal/arm64/MediaUtilities.SwiftFileList
WriteAuxiliaryFile /Users/admin/builder/spi-builder-workspace/.derivedData/Build/Intermediates.noindex/MediaUtilities.build/Debug-watchos/MediaUtilities-t.build/Objects-normal/arm64/MediaUtilities-OutputFileMap.json (in target 'MediaUtilities' from project 'MediaUtilities')
cd /Users/admin/builder/spi-builder-workspace
write-file /Users/admin/builder/spi-builder-workspace/.derivedData/Build/Intermediates.noindex/MediaUtilities.build/Debug-watchos/MediaUtilities-t.build/Objects-normal/arm64/MediaUtilities-OutputFileMap.json
WriteAuxiliaryFile /Users/admin/builder/spi-builder-workspace/.derivedData/Build/Intermediates.noindex/MediaUtilities.build/Debug-watchos/MediaUtilities-t.build/MediaUtilities.modulemap (in target 'MediaUtilities' from project 'MediaUtilities')
cd /Users/admin/builder/spi-builder-workspace
write-file /Users/admin/builder/spi-builder-workspace/.derivedData/Build/Intermediates.noindex/MediaUtilities.build/Debug-watchos/MediaUtilities-t.build/MediaUtilities.modulemap
WriteAuxiliaryFile /Users/admin/builder/spi-builder-workspace/.derivedData/Build/Intermediates.noindex/MediaUtilities.build/Debug-watchos/MediaUtilities-t.build/MediaUtilities.DependencyStaticMetadataFileList (in target 'MediaUtilities' from project 'MediaUtilities')
cd /Users/admin/builder/spi-builder-workspace
write-file /Users/admin/builder/spi-builder-workspace/.derivedData/Build/Intermediates.noindex/MediaUtilities.build/Debug-watchos/MediaUtilities-t.build/MediaUtilities.DependencyStaticMetadataFileList
WriteAuxiliaryFile /Users/admin/builder/spi-builder-workspace/.derivedData/Build/Intermediates.noindex/MediaUtilities.build/Debug-watchos/MediaUtilities-t.build/MediaUtilities.DependencyMetadataFileList (in target 'MediaUtilities' from project 'MediaUtilities')
cd /Users/admin/builder/spi-builder-workspace
write-file /Users/admin/builder/spi-builder-workspace/.derivedData/Build/Intermediates.noindex/MediaUtilities.build/Debug-watchos/MediaUtilities-t.build/MediaUtilities.DependencyMetadataFileList
Copy /Users/admin/builder/spi-builder-workspace/.derivedData/Build/Intermediates.noindex/GeneratedModuleMaps-watchos/MediaUtilities.modulemap /Users/admin/builder/spi-builder-workspace/.derivedData/Build/Intermediates.noindex/MediaUtilities.build/Debug-watchos/MediaUtilities-t.build/MediaUtilities.modulemap (in target 'MediaUtilities' from project 'MediaUtilities')
cd /Users/admin/builder/spi-builder-workspace
builtin-copy -exclude .DS_Store -exclude CVS -exclude .svn -exclude .git -exclude .hg -resolve-src-symlinks /Users/admin/builder/spi-builder-workspace/.derivedData/Build/Intermediates.noindex/MediaUtilities.build/Debug-watchos/MediaUtilities-t.build/MediaUtilities.modulemap /Users/admin/builder/spi-builder-workspace/.derivedData/Build/Intermediates.noindex/GeneratedModuleMaps-watchos
SwiftDriver MediaUtilities normal arm64_32 com.apple.xcode.tools.swift.compiler (in target 'MediaUtilities' from project 'MediaUtilities')
cd /Users/admin/builder/spi-builder-workspace/.swiftpm/xcode
builtin-SwiftDriver -- /Applications/Xcode-27.0.0-Release.Candidate.app/Contents/Developer/Toolchains/XcodeDefault.xctoolchain/usr/bin/swiftc -parse-as-library -module-name MediaUtilities -Onone @/Users/admin/builder/spi-builder-workspace/.derivedData/Build/Intermediates.noindex/MediaUtilities.build/Debug-watchos/MediaUtilities-t.build/Objects-normal/arm64_32/MediaUtilities.SwiftFileList -DSWIFT_PACKAGE -DDEBUG -DSWIFT_MODULE_RESOURCE_BUNDLE_UNAVAILABLE -DXcode -plugin-path /Applications/Xcode-27.0.0-Release.Candidate.app/Contents/Developer/Toolchains/XcodeDefault.xctoolchain/usr/lib/swift/host/plugins/testing -enable-experimental-feature DebugDescriptionMacro -sdk /Applications/Xcode-27.0.0-Release.Candidate.app/Contents/Developer/Platforms/WatchOS.platform/Developer/SDKs/WatchOS27.0.sdk -target arm64_32-apple-watchos9.0 -g -module-cache-path /Users/admin/builder/spi-builder-workspace/.derivedData/ModuleCache.noindex -Xfrontend -serialize-debugging-options -profile-coverage-mapping -profile-generate -enable-testing -index-store-path /Users/admin/builder/spi-builder-workspace/.derivedData/Index.noindex/DataStore -Xcc -D_LIBCPP_HARDENING_MODE\=_LIBCPP_HARDENING_MODE_DEBUG -swift-version 5 -I /Users/admin/builder/spi-builder-workspace/.derivedData/Build/Products/Debug-watchos -Isystem /Applications/Xcode-27.0.0-Release.Candidate.app/Contents/Developer/Platforms/WatchOS.platform/Developer/usr/lib -F /Users/admin/builder/spi-builder-workspace/.derivedData/Build/Products/Debug-watchos -F /Applications/Xcode-27.0.0-Release.Candidate.app/Contents/Developer/Platforms/WatchOS.platform/Developer/Library/Frameworks -F /Applications/Xcode-27.0.0-Release.Candidate.app/Contents/Developer/Platforms/WatchOS.platform/Developer/SDKs/WatchOS27.0.sdk/Developer/Library/Frameworks -c -j10 -enable-batch-mode -incremental -Xcc -ivfsstatcache -Xcc /Users/admin/builder/spi-builder-workspace/.derivedData/SDKStatCaches.noindex/watchos27.0-24R360-e829b21a6f8c9b70876ba0858053c04477534ef55a1706bf4c1112bbb242f0a2.sdkstatcache -output-file-map /Users/admin/builder/spi-builder-workspace/.derivedData/Build/Intermediates.noindex/MediaUtilities.build/Debug-watchos/MediaUtilities-t.build/Objects-normal/arm64_32/MediaUtilities-OutputFileMap.json -save-temps -no-color-diagnostics -explicit-module-build -module-cache-path /Users/admin/builder/spi-builder-workspace/.derivedData/Build/Intermediates.noindex/SwiftExplicitPrecompiledModules -clang-scanner-module-cache-path /Users/admin/builder/spi-builder-workspace/.derivedData/ModuleCache.noindex -sdk-module-cache-path /Users/admin/builder/spi-builder-workspace/.derivedData/SDKExplicitPrecompiledModules -emit-dependencies -emit-module -emit-module-path /Users/admin/builder/spi-builder-workspace/.derivedData/Build/Intermediates.noindex/MediaUtilities.build/Debug-watchos/MediaUtilities-t.build/Objects-normal/arm64_32/MediaUtilities.swiftmodule -serialize-diagnostics -dependency-scan-serialize-diagnostics-path /Users/admin/builder/spi-builder-workspace/.derivedData/Build/Intermediates.noindex/MediaUtilities.build/Debug-watchos/MediaUtilities-t.build/Objects-normal/arm64_32/MediaUtilities-dependency-scan.dia -validate-clang-modules-once -clang-build-session-file /Users/admin/builder/spi-builder-workspace/.derivedData/ModuleCache.noindex/Session.modulevalidation -Xcc -fmodules-prune-interval\=86400 -Xcc -fmodules-prune-after\=345600 -package-name spi_builder_workspace -emit-const-values -const-gather-protocols-list /Users/admin/builder/spi-builder-workspace/.derivedData/Build/Intermediates.noindex/MediaUtilities.build/Debug-watchos/MediaUtilities-t.build/Objects-normal/arm64_32/MediaUtilities_const_extract_protocols.json -Xcc -I/Users/admin/builder/spi-builder-workspace/.derivedData/Build/Products/Debug-watchos/include -Xcc -I/Users/admin/builder/spi-builder-workspace/.derivedData/Build/Intermediates.noindex/MediaUtilities.build/Debug-watchos/MediaUtilities-t.build/DerivedSources-normal/arm64_32 -Xcc -I/Users/admin/builder/spi-builder-workspace/.derivedData/Build/Intermediates.noindex/MediaUtilities.build/Debug-watchos/MediaUtilities-t.build/DerivedSources/arm64_32 -Xcc -I/Users/admin/builder/spi-builder-workspace/.derivedData/Build/Intermediates.noindex/MediaUtilities.build/Debug-watchos/MediaUtilities-t.build/DerivedSources -Xcc -DSWIFT_PACKAGE -Xcc -DDEBUG\=1 -emit-objc-header -emit-objc-header-path /Users/admin/builder/spi-builder-workspace/.derivedData/Build/Intermediates.noindex/MediaUtilities.build/Debug-watchos/MediaUtilities-t.build/Objects-normal/arm64_32/MediaUtilities-Swift.h -working-directory /Users/admin/builder/spi-builder-workspace/.swiftpm/xcode -experimental-emit-module-separately -disable-cmo
/Users/admin/builder/spi-builder-workspace/Sources/MediaUtilities/Camera/CameraEngine.swift:12:8: error: Unable to resolve module dependency: 'AudioToolbox' (in target 'MediaUtilities' from project 'MediaUtilities')
note: A dependency of main module 'MediaUtilities'
/Users/admin/builder/spi-builder-workspace/Sources/MediaUtilities/Camera/CameraEngine.swift:13:8: error: Unable to resolve module dependency: 'CoreImage' (in target 'MediaUtilities' from project 'MediaUtilities')
note: A dependency of main module 'MediaUtilities'
/Users/admin/builder/spi-builder-workspace/Sources/MediaUtilities/Camera/CameraService+Intents.swift:9:8: note: Also imported here
/Users/admin/builder/spi-builder-workspace/Sources/MediaUtilities/Camera/CameraService.swift:9:8: note: Also imported here
/Users/admin/builder/spi-builder-workspace/Sources/MediaUtilities/Camera/VideoDataOutputDelegate.swift:9:8: note: Also imported here
/Users/admin/builder/spi-builder-workspace/Sources/MediaUtilities/Camera/CameraService.swift:11:8: error: Unable to resolve module dependency: 'Metal' (in target 'MediaUtilities' from project 'MediaUtilities')
note: A dependency of main module 'MediaUtilities'
/Users/admin/builder/spi-builder-workspace/Sources/MediaUtilities/ImageEditor/CropImageView.swift:12:8: error: Unable to resolve module dependency: 'AppKit' (in target 'MediaUtilities' from project 'MediaUtilities')
note: A dependency of main module 'MediaUtilities'
/Users/admin/builder/spi-builder-workspace/Sources/MediaUtilities/MediaUtilities.swift:13:8: note: Also imported here
/Users/admin/builder/spi-builder-workspace/Sources/MediaUtilities/Camera/CameraEngine.swift:12:8: note: A dependency of main module 'MediaUtilities'
import AudioToolbox
^ (in target 'MediaUtilities' from project 'MediaUtilities')
/Users/admin/builder/spi-builder-workspace/Sources/MediaUtilities/Camera/CameraEngine.swift:13:8: note: A dependency of main module 'MediaUtilities'
import CoreImage
^ (in target 'MediaUtilities' from project 'MediaUtilities')
/Users/admin/builder/spi-builder-workspace/Sources/MediaUtilities/Camera/CameraService+Intents.swift:9:8: note: Also imported here
import CoreImage
^ (in target 'MediaUtilities' from project 'MediaUtilities')
/Users/admin/builder/spi-builder-workspace/Sources/MediaUtilities/Camera/CameraService.swift:9:8: note: Also imported here
import CoreImage
^ (in target 'MediaUtilities' from project 'MediaUtilities')
/Users/admin/builder/spi-builder-workspace/Sources/MediaUtilities/Camera/VideoDataOutputDelegate.swift:9:8: note: Also imported here
import CoreImage
^ (in target 'MediaUtilities' from project 'MediaUtilities')
/Users/admin/builder/spi-builder-workspace/Sources/MediaUtilities/Camera/CameraService.swift:11:8: note: A dependency of main module 'MediaUtilities'
import Metal
^ (in target 'MediaUtilities' from project 'MediaUtilities')
/Users/admin/builder/spi-builder-workspace/Sources/MediaUtilities/ImageEditor/CropImageView.swift:12:8: note: A dependency of main module 'MediaUtilities'
import AppKit
^ (in target 'MediaUtilities' from project 'MediaUtilities')
/Users/admin/builder/spi-builder-workspace/Sources/MediaUtilities/MediaUtilities.swift:13:8: note: Also imported here
import AppKit
^ (in target 'MediaUtilities' from project 'MediaUtilities')
SwiftDriver MediaUtilities normal arm64 com.apple.xcode.tools.swift.compiler (in target 'MediaUtilities' from project 'MediaUtilities')
cd /Users/admin/builder/spi-builder-workspace/.swiftpm/xcode
builtin-SwiftDriver -- /Applications/Xcode-27.0.0-Release.Candidate.app/Contents/Developer/Toolchains/XcodeDefault.xctoolchain/usr/bin/swiftc -parse-as-library -module-name MediaUtilities -Onone @/Users/admin/builder/spi-builder-workspace/.derivedData/Build/Intermediates.noindex/MediaUtilities.build/Debug-watchos/MediaUtilities-t.build/Objects-normal/arm64/MediaUtilities.SwiftFileList -DSWIFT_PACKAGE -DDEBUG -DSWIFT_MODULE_RESOURCE_BUNDLE_UNAVAILABLE -DXcode -plugin-path /Applications/Xcode-27.0.0-Release.Candidate.app/Contents/Developer/Toolchains/XcodeDefault.xctoolchain/usr/lib/swift/host/plugins/testing -enable-experimental-feature DebugDescriptionMacro -sdk /Applications/Xcode-27.0.0-Release.Candidate.app/Contents/Developer/Platforms/WatchOS.platform/Developer/SDKs/WatchOS27.0.sdk -target arm64-apple-watchos9.0 -g -module-cache-path /Users/admin/builder/spi-builder-workspace/.derivedData/ModuleCache.noindex -Xfrontend -serialize-debugging-options -profile-coverage-mapping -profile-generate -enable-testing -index-store-path /Users/admin/builder/spi-builder-workspace/.derivedData/Index.noindex/DataStore -Xcc -D_LIBCPP_HARDENING_MODE\=_LIBCPP_HARDENING_MODE_DEBUG -swift-version 5 -I /Users/admin/builder/spi-builder-workspace/.derivedData/Build/Products/Debug-watchos -Isystem /Applications/Xcode-27.0.0-Release.Candidate.app/Contents/Developer/Platforms/WatchOS.platform/Developer/usr/lib -F /Users/admin/builder/spi-builder-workspace/.derivedData/Build/Products/Debug-watchos -F /Applications/Xcode-27.0.0-Release.Candidate.app/Contents/Developer/Platforms/WatchOS.platform/Developer/Library/Frameworks -F /Applications/Xcode-27.0.0-Release.Candidate.app/Contents/Developer/Platforms/WatchOS.platform/Developer/SDKs/WatchOS27.0.sdk/Developer/Library/Frameworks -c -j10 -enable-batch-mode -incremental -Xcc -ivfsstatcache -Xcc /Users/admin/builder/spi-builder-workspace/.derivedData/SDKStatCaches.noindex/watchos27.0-24R360-e829b21a6f8c9b70876ba0858053c04477534ef55a1706bf4c1112bbb242f0a2.sdkstatcache -output-file-map /Users/admin/builder/spi-builder-workspace/.derivedData/Build/Intermediates.noindex/MediaUtilities.build/Debug-watchos/MediaUtilities-t.build/Objects-normal/arm64/MediaUtilities-OutputFileMap.json -save-temps -no-color-diagnostics -explicit-module-build -module-cache-path /Users/admin/builder/spi-builder-workspace/.derivedData/Build/Intermediates.noindex/SwiftExplicitPrecompiledModules -clang-scanner-module-cache-path /Users/admin/builder/spi-builder-workspace/.derivedData/ModuleCache.noindex -sdk-module-cache-path /Users/admin/builder/spi-builder-workspace/.derivedData/SDKExplicitPrecompiledModules -emit-dependencies -emit-module -emit-module-path /Users/admin/builder/spi-builder-workspace/.derivedData/Build/Intermediates.noindex/MediaUtilities.build/Debug-watchos/MediaUtilities-t.build/Objects-normal/arm64/MediaUtilities.swiftmodule -serialize-diagnostics -dependency-scan-serialize-diagnostics-path /Users/admin/builder/spi-builder-workspace/.derivedData/Build/Intermediates.noindex/MediaUtilities.build/Debug-watchos/MediaUtilities-t.build/Objects-normal/arm64/MediaUtilities-dependency-scan.dia -validate-clang-modules-once -clang-build-session-file /Users/admin/builder/spi-builder-workspace/.derivedData/ModuleCache.noindex/Session.modulevalidation -Xcc -fmodules-prune-interval\=86400 -Xcc -fmodules-prune-after\=345600 -package-name spi_builder_workspace -emit-const-values -const-gather-protocols-list /Users/admin/builder/spi-builder-workspace/.derivedData/Build/Intermediates.noindex/MediaUtilities.build/Debug-watchos/MediaUtilities-t.build/Objects-normal/arm64/MediaUtilities_const_extract_protocols.json -Xcc -I/Users/admin/builder/spi-builder-workspace/.derivedData/Build/Products/Debug-watchos/include -Xcc -I/Users/admin/builder/spi-builder-workspace/.derivedData/Build/Intermediates.noindex/MediaUtilities.build/Debug-watchos/MediaUtilities-t.build/DerivedSources-normal/arm64 -Xcc -I/Users/admin/builder/spi-builder-workspace/.derivedData/Build/Intermediates.noindex/MediaUtilities.build/Debug-watchos/MediaUtilities-t.build/DerivedSources/arm64 -Xcc -I/Users/admin/builder/spi-builder-workspace/.derivedData/Build/Intermediates.noindex/MediaUtilities.build/Debug-watchos/MediaUtilities-t.build/DerivedSources -Xcc -DSWIFT_PACKAGE -Xcc -DDEBUG\=1 -emit-objc-header -emit-objc-header-path /Users/admin/builder/spi-builder-workspace/.derivedData/Build/Intermediates.noindex/MediaUtilities.build/Debug-watchos/MediaUtilities-t.build/Objects-normal/arm64/MediaUtilities-Swift.h -working-directory /Users/admin/builder/spi-builder-workspace/.swiftpm/xcode -experimental-emit-module-separately -disable-cmo
/Users/admin/builder/spi-builder-workspace/Sources/MediaUtilities/Camera/CameraEngine.swift:12:8: error: Unable to resolve module dependency: 'AudioToolbox' (in target 'MediaUtilities' from project 'MediaUtilities')
note: A dependency of main module 'MediaUtilities'
/Users/admin/builder/spi-builder-workspace/Sources/MediaUtilities/Camera/CameraEngine.swift:13:8: error: Unable to resolve module dependency: 'CoreImage' (in target 'MediaUtilities' from project 'MediaUtilities')
note: A dependency of main module 'MediaUtilities'
/Users/admin/builder/spi-builder-workspace/Sources/MediaUtilities/Camera/CameraService+Intents.swift:9:8: note: Also imported here
/Users/admin/builder/spi-builder-workspace/Sources/MediaUtilities/Camera/CameraService.swift:9:8: note: Also imported here
/Users/admin/builder/spi-builder-workspace/Sources/MediaUtilities/Camera/VideoDataOutputDelegate.swift:9:8: note: Also imported here
/Users/admin/builder/spi-builder-workspace/Sources/MediaUtilities/Camera/CameraService.swift:11:8: error: Unable to resolve module dependency: 'Metal' (in target 'MediaUtilities' from project 'MediaUtilities')
note: A dependency of main module 'MediaUtilities'
/Users/admin/builder/spi-builder-workspace/Sources/MediaUtilities/ImageEditor/CropImageView.swift:12:8: error: Unable to resolve module dependency: 'AppKit' (in target 'MediaUtilities' from project 'MediaUtilities')
note: A dependency of main module 'MediaUtilities'
/Users/admin/builder/spi-builder-workspace/Sources/MediaUtilities/MediaUtilities.swift:13:8: note: Also imported here
/Users/admin/builder/spi-builder-workspace/Sources/MediaUtilities/Camera/CameraEngine.swift:12:8: note: A dependency of main module 'MediaUtilities'
import AudioToolbox
^ (in target 'MediaUtilities' from project 'MediaUtilities')
/Users/admin/builder/spi-builder-workspace/Sources/MediaUtilities/Camera/CameraEngine.swift:13:8: note: A dependency of main module 'MediaUtilities'
import CoreImage
^ (in target 'MediaUtilities' from project 'MediaUtilities')
/Users/admin/builder/spi-builder-workspace/Sources/MediaUtilities/Camera/CameraService+Intents.swift:9:8: note: Also imported here
import CoreImage
^ (in target 'MediaUtilities' from project 'MediaUtilities')
/Users/admin/builder/spi-builder-workspace/Sources/MediaUtilities/Camera/CameraService.swift:9:8: note: Also imported here
import CoreImage
^ (in target 'MediaUtilities' from project 'MediaUtilities')
/Users/admin/builder/spi-builder-workspace/Sources/MediaUtilities/Camera/VideoDataOutputDelegate.swift:9:8: note: Also imported here
import CoreImage
^ (in target 'MediaUtilities' from project 'MediaUtilities')
/Users/admin/builder/spi-builder-workspace/Sources/MediaUtilities/Camera/CameraService.swift:11:8: note: A dependency of main module 'MediaUtilities'
import Metal
^ (in target 'MediaUtilities' from project 'MediaUtilities')
/Users/admin/builder/spi-builder-workspace/Sources/MediaUtilities/ImageEditor/CropImageView.swift:12:8: note: A dependency of main module 'MediaUtilities'
import AppKit
^ (in target 'MediaUtilities' from project 'MediaUtilities')
/Users/admin/builder/spi-builder-workspace/Sources/MediaUtilities/MediaUtilities.swift:13:8: note: Also imported here
import AppKit
^ (in target 'MediaUtilities' from project 'MediaUtilities')
PruneExplicitPrecompiledModules /Users/admin/builder/spi-builder-workspace/.derivedData/Build/Intermediates.noindex/ExplicitPrecompiledModules
PruneExplicitPrecompiledModules /Users/admin/builder/spi-builder-workspace/.derivedData/SDKExplicitPrecompiledModules
PruneExplicitPrecompiledModules /Users/admin/builder/spi-builder-workspace/.derivedData/Build/Intermediates.noindex/SwiftExplicitPrecompiledModules
2026-09-27 15:17:29.421 xcodebuild[627:3883] [MT] IDERunDestination: Supported platforms for the buildables in the current scheme is empty.
** BUILD FAILED **
The following build commands failed:
SwiftDriver MediaUtilities normal arm64_32 com.apple.xcode.tools.swift.compiler (in target 'MediaUtilities' from project 'MediaUtilities')
SwiftDriver MediaUtilities normal arm64 com.apple.xcode.tools.swift.compiler (in target 'MediaUtilities' from project 'MediaUtilities')
Building workspace MediaUtilities with scheme MediaUtilities
(3 failures)
Command line invocation:
/Applications/Xcode-27.0.0-Release.Candidate.app/Contents/Developer/usr/bin/xcodebuild -IDEClonedSourcePackagesDirPathOverride=/Users/admin/builder/spi-builder-workspace/.dependencies -resolvePackageDependencies
Resolve Package Graph
Resolved source packages:
MediaUtilities: /Users/admin/builder/spi-builder-workspace
resolved source packages: MediaUtilities
2026-09-27 15:17:33.032 xcodebuild[643:4174] [MT] IDERunDestination: Supported platforms for the buildables in the current scheme is empty.
{
"dependencies" : [
],
"manifest_display_name" : "MediaUtilities",
"name" : "MediaUtilities",
"path" : "/Users/admin/builder/spi-builder-workspace",
"platforms" : [
],
"products" : [
{
"name" : "MediaUtilities",
"targets" : [
"MediaUtilities"
],
"type" : {
"library" : [
"automatic"
]
}
}
],
"targets" : [
{
"c99name" : "MediaUtilitiesTests",
"module_type" : "SwiftTarget",
"name" : "MediaUtilitiesTests",
"path" : "Tests/MediaUtilitiesTests",
"sources" : [
"MediaUtilitiesTests.swift"
],
"target_dependencies" : [
"MediaUtilities"
],
"type" : "test"
},
{
"c99name" : "MediaUtilities",
"module_type" : "SwiftTarget",
"name" : "MediaUtilities",
"path" : "Sources/MediaUtilities",
"product_memberships" : [
"MediaUtilities"
],
"sources" : [
"Camera/CameraCaptureView.swift",
"Camera/CameraCaptureViewModifier.swift",
"Camera/CameraEngine.swift",
"Camera/CameraService+Capture.swift",
"Camera/CameraService+Intents.swift",
"Camera/CameraService+Permissions.swift",
"Camera/CameraService.swift",
"Camera/CaptureConfiguration.swift",
"Camera/CaptureMode.swift",
"Camera/MovieRecordingDelegate.swift",
"Camera/PhotoCaptureDelegate.swift",
"Camera/RecordingTimeView.swift",
"Camera/VideoDataOutputDelegate.swift",
"DropDelegate/DropDelegateService.swift",
"DropDelegate/ImageDropDelegate.swift",
"DropDelegate/VideoDropDelegate.swift",
"Holistic/ImagePicker.swift",
"Holistic/VideoPicker.swift",
"ImageEditor/CropImageView.swift",
"ImageEditor/HoleShapeMask.swift",
"ImageEditor/ImageEditor.swift",
"ImageEditor/WhiteGridOverlay.swift",
"MediaPicker/MediaOptions.swift",
"MediaPicker/MediaPicker-iOS.swift",
"MediaPicker/MediaPicker-macOS.swift",
"MediaPicker/MediaPicker.swift",
"MediaUtilities.swift",
"Modifiers/GrayBackgroundRound.swift",
"Modifiers/OnTapModifier.swift",
"Modifiers/ShakeModifier.swift",
"Modifiers/SwiftUI+Extentions.swift",
"Shared/EditorControlButton.swift",
"Shared/MediaUtilitiesError.swift",
"Shared/SpinnerView.swift",
"Shared/UnifiedImage.swift",
"VideoEditor/Sliders/Base/DefaultHorizontalValueView.swift",
"VideoEditor/Sliders/Base/DefaultThumb.swift",
"VideoEditor/Sliders/Base/DefaultVerticalValueView.swift",
"VideoEditor/Sliders/Base/LinearRangeMath.swift",
"VideoEditor/Sliders/Base/LinearValueMath.swift",
"VideoEditor/Sliders/RangeSlider/RangeSlider.swift",
"VideoEditor/Sliders/RangeSlider/Style/AnyRangeSliderStyle.swift",
"VideoEditor/Sliders/RangeSlider/Style/EnvironmentValues+RangeSliderStyle.swift",
"VideoEditor/Sliders/RangeSlider/Style/RangeSliderStyle.swift",
"VideoEditor/Sliders/RangeSlider/Style/RangeSliderStyleConfiguration.swift",
"VideoEditor/Sliders/RangeSlider/Styles/HorizontalRangeSliderStyle.swift",
"VideoEditor/Sliders/RangeSlider/Styles/RangeSliderOptions.swift",
"VideoEditor/Sliders/RangeTrack/EnvironmentValues+RangeTrackConfiguration.swift",
"VideoEditor/Sliders/RangeTrack/EnvironmentValues+TrackRange.swift",
"VideoEditor/Sliders/RangeTrack/Horizontal/HorizontalRangeTrack.swift",
"VideoEditor/Sliders/RangeTrack/RangeTrackConfiguration.swift",
"VideoEditor/VideoDownloader.swift",
"VideoEditor/VideoEditor.swift",
"VideoEditor/VideoSliderView.swift",
"VideoEditor/VideoUtil.swift",
"VideoPlayer/CustomVideoPlayer.swift",
"VideoPlayer/PlayerViewModel.swift"
],
"type" : "library"
}
],
"tools_version" : "5.10"
}
{
"workspace" : {
"name" : "MediaUtilities",
"schemes" : [
"MediaUtilities"
]
}
}
2026-09-27 15:17:34.280 xcodebuild[671:4389] [MT] IDERunDestination: Supported platforms for the buildables in the current scheme is empty.
Running build ...
env DEVELOPER_DIR=/Applications/Xcode-27.0.0-Release.Candidate.app xcrun xcodebuild -IDEClonedSourcePackagesDirPathOverride=$PWD/.dependencies -skipMacroValidation -skipPackagePluginValidation -derivedDataPath $PWD/.derivedData build -scheme MediaUtilities -destination generic/platform=watchOS
Command line invocation:
/Applications/Xcode-27.0.0-Release.Candidate.app/Contents/Developer/usr/bin/xcodebuild -IDEClonedSourcePackagesDirPathOverride=/Users/admin/builder/spi-builder-workspace/.dependencies -skipMacroValidation -skipPackagePluginValidation -derivedDataPath /Users/admin/builder/spi-builder-workspace/.derivedData build -scheme MediaUtilities -destination generic/platform=watchOS
Resolve Package Graph
Resolved source packages:
MediaUtilities: /Users/admin/builder/spi-builder-workspace
ComputePackagePrebuildTargetDependencyGraph
Prepare packages
CreateBuildRequest
SendProjectDescription
CreateBuildOperation
ComputeTargetDependencyGraph
note: Building targets in dependency order
note: Target dependency graph (2 targets)
Target 'MediaUtilities-product' in project 'MediaUtilities'
➜ Explicit dependency on target 'MediaUtilities' in project 'MediaUtilities'
Target 'MediaUtilities' in project 'MediaUtilities' (no dependencies)
GatherProvisioningInputs
CreateBuildDescription
ClangStatCache /Applications/Xcode-27.0.0-Release.Candidate.app/Contents/Developer/Toolchains/XcodeDefault.xctoolchain/usr/bin/clang-stat-cache /Applications/Xcode-27.0.0-Release.Candidate.app/Contents/Developer/Platforms/WatchOS.platform/Developer/SDKs/WatchOS27.0.sdk /Users/admin/builder/spi-builder-workspace/.derivedData/SDKStatCaches.noindex/watchos27.0-24R360-e829b21a6f8c9b70876ba0858053c04477534ef55a1706bf4c1112bbb242f0a2.sdkstatcache
cd /Users/admin/builder/spi-builder-workspace/.swiftpm/xcode
/Applications/Xcode-27.0.0-Release.Candidate.app/Contents/Developer/Toolchains/XcodeDefault.xctoolchain/usr/bin/clang-stat-cache /Applications/Xcode-27.0.0-Release.Candidate.app/Contents/Developer/Platforms/WatchOS.platform/Developer/SDKs/WatchOS27.0.sdk -o /Users/admin/builder/spi-builder-workspace/.derivedData/SDKStatCaches.noindex/watchos27.0-24R360-e829b21a6f8c9b70876ba0858053c04477534ef55a1706bf4c1112bbb242f0a2.sdkstatcache
SwiftDriver MediaUtilities normal arm64_32 com.apple.xcode.tools.swift.compiler (in target 'MediaUtilities' from project 'MediaUtilities')
cd /Users/admin/builder/spi-builder-workspace/.swiftpm/xcode
builtin-SwiftDriver -- /Applications/Xcode-27.0.0-Release.Candidate.app/Contents/Developer/Toolchains/XcodeDefault.xctoolchain/usr/bin/swiftc -parse-as-library -module-name MediaUtilities -Onone @/Users/admin/builder/spi-builder-workspace/.derivedData/Build/Intermediates.noindex/MediaUtilities.build/Debug-watchos/MediaUtilities-t.build/Objects-normal/arm64_32/MediaUtilities.SwiftFileList -DSWIFT_PACKAGE -DDEBUG -DSWIFT_MODULE_RESOURCE_BUNDLE_UNAVAILABLE -DXcode -plugin-path /Applications/Xcode-27.0.0-Release.Candidate.app/Contents/Developer/Toolchains/XcodeDefault.xctoolchain/usr/lib/swift/host/plugins/testing -enable-experimental-feature DebugDescriptionMacro -sdk /Applications/Xcode-27.0.0-Release.Candidate.app/Contents/Developer/Platforms/WatchOS.platform/Developer/SDKs/WatchOS27.0.sdk -target arm64_32-apple-watchos9.0 -g -module-cache-path /Users/admin/builder/spi-builder-workspace/.derivedData/ModuleCache.noindex -Xfrontend -serialize-debugging-options -profile-coverage-mapping -profile-generate -enable-testing -index-store-path /Users/admin/builder/spi-builder-workspace/.derivedData/Index.noindex/DataStore -Xcc -D_LIBCPP_HARDENING_MODE\=_LIBCPP_HARDENING_MODE_DEBUG -swift-version 5 -I /Users/admin/builder/spi-builder-workspace/.derivedData/Build/Products/Debug-watchos -Isystem /Applications/Xcode-27.0.0-Release.Candidate.app/Contents/Developer/Platforms/WatchOS.platform/Developer/usr/lib -F /Users/admin/builder/spi-builder-workspace/.derivedData/Build/Products/Debug-watchos -F /Applications/Xcode-27.0.0-Release.Candidate.app/Contents/Developer/Platforms/WatchOS.platform/Developer/Library/Frameworks -F /Applications/Xcode-27.0.0-Release.Candidate.app/Contents/Developer/Platforms/WatchOS.platform/Developer/SDKs/WatchOS27.0.sdk/Developer/Library/Frameworks -c -j10 -enable-batch-mode -incremental -Xcc -ivfsstatcache -Xcc /Users/admin/builder/spi-builder-workspace/.derivedData/SDKStatCaches.noindex/watchos27.0-24R360-e829b21a6f8c9b70876ba0858053c04477534ef55a1706bf4c1112bbb242f0a2.sdkstatcache -output-file-map /Users/admin/builder/spi-builder-workspace/.derivedData/Build/Intermediates.noindex/MediaUtilities.build/Debug-watchos/MediaUtilities-t.build/Objects-normal/arm64_32/MediaUtilities-OutputFileMap.json -save-temps -no-color-diagnostics -explicit-module-build -module-cache-path /Users/admin/builder/spi-builder-workspace/.derivedData/Build/Intermediates.noindex/SwiftExplicitPrecompiledModules -clang-scanner-module-cache-path /Users/admin/builder/spi-builder-workspace/.derivedData/ModuleCache.noindex -sdk-module-cache-path /Users/admin/builder/spi-builder-workspace/.derivedData/SDKExplicitPrecompiledModules -emit-dependencies -emit-module -emit-module-path /Users/admin/builder/spi-builder-workspace/.derivedData/Build/Intermediates.noindex/MediaUtilities.build/Debug-watchos/MediaUtilities-t.build/Objects-normal/arm64_32/MediaUtilities.swiftmodule -serialize-diagnostics -dependency-scan-serialize-diagnostics-path /Users/admin/builder/spi-builder-workspace/.derivedData/Build/Intermediates.noindex/MediaUtilities.build/Debug-watchos/MediaUtilities-t.build/Objects-normal/arm64_32/MediaUtilities-dependency-scan.dia -validate-clang-modules-once -clang-build-session-file /Users/admin/builder/spi-builder-workspace/.derivedData/ModuleCache.noindex/Session.modulevalidation -Xcc -fmodules-prune-interval\=86400 -Xcc -fmodules-prune-after\=345600 -package-name spi_builder_workspace -emit-const-values -const-gather-protocols-list /Users/admin/builder/spi-builder-workspace/.derivedData/Build/Intermediates.noindex/MediaUtilities.build/Debug-watchos/MediaUtilities-t.build/Objects-normal/arm64_32/MediaUtilities_const_extract_protocols.json -Xcc -I/Users/admin/builder/spi-builder-workspace/.derivedData/Build/Products/Debug-watchos/include -Xcc -I/Users/admin/builder/spi-builder-workspace/.derivedData/Build/Intermediates.noindex/MediaUtilities.build/Debug-watchos/MediaUtilities-t.build/DerivedSources-normal/arm64_32 -Xcc -I/Users/admin/builder/spi-builder-workspace/.derivedData/Build/Intermediates.noindex/MediaUtilities.build/Debug-watchos/MediaUtilities-t.build/DerivedSources/arm64_32 -Xcc -I/Users/admin/builder/spi-builder-workspace/.derivedData/Build/Intermediates.noindex/MediaUtilities.build/Debug-watchos/MediaUtilities-t.build/DerivedSources -Xcc -DSWIFT_PACKAGE -Xcc -DDEBUG\=1 -emit-objc-header -emit-objc-header-path /Users/admin/builder/spi-builder-workspace/.derivedData/Build/Intermediates.noindex/MediaUtilities.build/Debug-watchos/MediaUtilities-t.build/Objects-normal/arm64_32/MediaUtilities-Swift.h -working-directory /Users/admin/builder/spi-builder-workspace/.swiftpm/xcode -experimental-emit-module-separately -disable-cmo
/Users/admin/builder/spi-builder-workspace/Sources/MediaUtilities/Camera/CameraEngine.swift:12:8: error: Unable to resolve module dependency: 'AudioToolbox' (in target 'MediaUtilities' from project 'MediaUtilities')
note: A dependency of main module 'MediaUtilities'
/Users/admin/builder/spi-builder-workspace/Sources/MediaUtilities/Camera/CameraEngine.swift:13:8: error: Unable to resolve module dependency: 'CoreImage' (in target 'MediaUtilities' from project 'MediaUtilities')
note: A dependency of main module 'MediaUtilities'
/Users/admin/builder/spi-builder-workspace/Sources/MediaUtilities/Camera/CameraService+Intents.swift:9:8: note: Also imported here
/Users/admin/builder/spi-builder-workspace/Sources/MediaUtilities/Camera/CameraService.swift:9:8: note: Also imported here
/Users/admin/builder/spi-builder-workspace/Sources/MediaUtilities/Camera/VideoDataOutputDelegate.swift:9:8: note: Also imported here
/Users/admin/builder/spi-builder-workspace/Sources/MediaUtilities/Camera/CameraService.swift:11:8: error: Unable to resolve module dependency: 'Metal' (in target 'MediaUtilities' from project 'MediaUtilities')
note: A dependency of main module 'MediaUtilities'
/Users/admin/builder/spi-builder-workspace/Sources/MediaUtilities/ImageEditor/CropImageView.swift:12:8: error: Unable to resolve module dependency: 'AppKit' (in target 'MediaUtilities' from project 'MediaUtilities')
note: A dependency of main module 'MediaUtilities'
/Users/admin/builder/spi-builder-workspace/Sources/MediaUtilities/MediaUtilities.swift:13:8: note: Also imported here
/Users/admin/builder/spi-builder-workspace/Sources/MediaUtilities/Camera/CameraEngine.swift:12:8: note: A dependency of main module 'MediaUtilities'
import AudioToolbox
^ (in target 'MediaUtilities' from project 'MediaUtilities')
/Users/admin/builder/spi-builder-workspace/Sources/MediaUtilities/Camera/CameraEngine.swift:13:8: note: A dependency of main module 'MediaUtilities'
import CoreImage
^ (in target 'MediaUtilities' from project 'MediaUtilities')
/Users/admin/builder/spi-builder-workspace/Sources/MediaUtilities/Camera/CameraService+Intents.swift:9:8: note: Also imported here
import CoreImage
^ (in target 'MediaUtilities' from project 'MediaUtilities')
/Users/admin/builder/spi-builder-workspace/Sources/MediaUtilities/Camera/CameraService.swift:9:8: note: Also imported here
import CoreImage
^ (in target 'MediaUtilities' from project 'MediaUtilities')
/Users/admin/builder/spi-builder-workspace/Sources/MediaUtilities/Camera/VideoDataOutputDelegate.swift:9:8: note: Also imported here
import CoreImage
^ (in target 'MediaUtilities' from project 'MediaUtilities')
/Users/admin/builder/spi-builder-workspace/Sources/MediaUtilities/Camera/CameraService.swift:11:8: note: A dependency of main module 'MediaUtilities'
import Metal
^ (in target 'MediaUtilities' from project 'MediaUtilities')
/Users/admin/builder/spi-builder-workspace/Sources/MediaUtilities/ImageEditor/CropImageView.swift:12:8: note: A dependency of main module 'MediaUtilities'
import AppKit
^ (in target 'MediaUtilities' from project 'MediaUtilities')
/Users/admin/builder/spi-builder-workspace/Sources/MediaUtilities/MediaUtilities.swift:13:8: note: Also imported here
import AppKit
^ (in target 'MediaUtilities' from project 'MediaUtilities')
SwiftDriver MediaUtilities normal arm64 com.apple.xcode.tools.swift.compiler (in target 'MediaUtilities' from project 'MediaUtilities')
cd /Users/admin/builder/spi-builder-workspace/.swiftpm/xcode
builtin-SwiftDriver -- /Applications/Xcode-27.0.0-Release.Candidate.app/Contents/Developer/Toolchains/XcodeDefault.xctoolchain/usr/bin/swiftc -parse-as-library -module-name MediaUtilities -Onone @/Users/admin/builder/spi-builder-workspace/.derivedData/Build/Intermediates.noindex/MediaUtilities.build/Debug-watchos/MediaUtilities-t.build/Objects-normal/arm64/MediaUtilities.SwiftFileList -DSWIFT_PACKAGE -DDEBUG -DSWIFT_MODULE_RESOURCE_BUNDLE_UNAVAILABLE -DXcode -plugin-path /Applications/Xcode-27.0.0-Release.Candidate.app/Contents/Developer/Toolchains/XcodeDefault.xctoolchain/usr/lib/swift/host/plugins/testing -enable-experimental-feature DebugDescriptionMacro -sdk /Applications/Xcode-27.0.0-Release.Candidate.app/Contents/Developer/Platforms/WatchOS.platform/Developer/SDKs/WatchOS27.0.sdk -target arm64-apple-watchos9.0 -g -module-cache-path /Users/admin/builder/spi-builder-workspace/.derivedData/ModuleCache.noindex -Xfrontend -serialize-debugging-options -profile-coverage-mapping -profile-generate -enable-testing -index-store-path /Users/admin/builder/spi-builder-workspace/.derivedData/Index.noindex/DataStore -Xcc -D_LIBCPP_HARDENING_MODE\=_LIBCPP_HARDENING_MODE_DEBUG -swift-version 5 -I /Users/admin/builder/spi-builder-workspace/.derivedData/Build/Products/Debug-watchos -Isystem /Applications/Xcode-27.0.0-Release.Candidate.app/Contents/Developer/Platforms/WatchOS.platform/Developer/usr/lib -F /Users/admin/builder/spi-builder-workspace/.derivedData/Build/Products/Debug-watchos -F /Applications/Xcode-27.0.0-Release.Candidate.app/Contents/Developer/Platforms/WatchOS.platform/Developer/Library/Frameworks -F /Applications/Xcode-27.0.0-Release.Candidate.app/Contents/Developer/Platforms/WatchOS.platform/Developer/SDKs/WatchOS27.0.sdk/Developer/Library/Frameworks -c -j10 -enable-batch-mode -incremental -Xcc -ivfsstatcache -Xcc /Users/admin/builder/spi-builder-workspace/.derivedData/SDKStatCaches.noindex/watchos27.0-24R360-e829b21a6f8c9b70876ba0858053c04477534ef55a1706bf4c1112bbb242f0a2.sdkstatcache -output-file-map /Users/admin/builder/spi-builder-workspace/.derivedData/Build/Intermediates.noindex/MediaUtilities.build/Debug-watchos/MediaUtilities-t.build/Objects-normal/arm64/MediaUtilities-OutputFileMap.json -save-temps -no-color-diagnostics -explicit-module-build -module-cache-path /Users/admin/builder/spi-builder-workspace/.derivedData/Build/Intermediates.noindex/SwiftExplicitPrecompiledModules -clang-scanner-module-cache-path /Users/admin/builder/spi-builder-workspace/.derivedData/ModuleCache.noindex -sdk-module-cache-path /Users/admin/builder/spi-builder-workspace/.derivedData/SDKExplicitPrecompiledModules -emit-dependencies -emit-module -emit-module-path /Users/admin/builder/spi-builder-workspace/.derivedData/Build/Intermediates.noindex/MediaUtilities.build/Debug-watchos/MediaUtilities-t.build/Objects-normal/arm64/MediaUtilities.swiftmodule -serialize-diagnostics -dependency-scan-serialize-diagnostics-path /Users/admin/builder/spi-builder-workspace/.derivedData/Build/Intermediates.noindex/MediaUtilities.build/Debug-watchos/MediaUtilities-t.build/Objects-normal/arm64/MediaUtilities-dependency-scan.dia -validate-clang-modules-once -clang-build-session-file /Users/admin/builder/spi-builder-workspace/.derivedData/ModuleCache.noindex/Session.modulevalidation -Xcc -fmodules-prune-interval\=86400 -Xcc -fmodules-prune-after\=345600 -package-name spi_builder_workspace -emit-const-values -const-gather-protocols-list /Users/admin/builder/spi-builder-workspace/.derivedData/Build/Intermediates.noindex/MediaUtilities.build/Debug-watchos/MediaUtilities-t.build/Objects-normal/arm64/MediaUtilities_const_extract_protocols.json -Xcc -I/Users/admin/builder/spi-builder-workspace/.derivedData/Build/Products/Debug-watchos/include -Xcc -I/Users/admin/builder/spi-builder-workspace/.derivedData/Build/Intermediates.noindex/MediaUtilities.build/Debug-watchos/MediaUtilities-t.build/DerivedSources-normal/arm64 -Xcc -I/Users/admin/builder/spi-builder-workspace/.derivedData/Build/Intermediates.noindex/MediaUtilities.build/Debug-watchos/MediaUtilities-t.build/DerivedSources/arm64 -Xcc -I/Users/admin/builder/spi-builder-workspace/.derivedData/Build/Intermediates.noindex/MediaUtilities.build/Debug-watchos/MediaUtilities-t.build/DerivedSources -Xcc -DSWIFT_PACKAGE -Xcc -DDEBUG\=1 -emit-objc-header -emit-objc-header-path /Users/admin/builder/spi-builder-workspace/.derivedData/Build/Intermediates.noindex/MediaUtilities.build/Debug-watchos/MediaUtilities-t.build/Objects-normal/arm64/MediaUtilities-Swift.h -working-directory /Users/admin/builder/spi-builder-workspace/.swiftpm/xcode -experimental-emit-module-separately -disable-cmo
/Users/admin/builder/spi-builder-workspace/Sources/MediaUtilities/Camera/CameraEngine.swift:12:8: error: Unable to resolve module dependency: 'AudioToolbox' (in target 'MediaUtilities' from project 'MediaUtilities')
note: A dependency of main module 'MediaUtilities'
/Users/admin/builder/spi-builder-workspace/Sources/MediaUtilities/Camera/CameraEngine.swift:13:8: error: Unable to resolve module dependency: 'CoreImage' (in target 'MediaUtilities' from project 'MediaUtilities')
note: A dependency of main module 'MediaUtilities'
/Users/admin/builder/spi-builder-workspace/Sources/MediaUtilities/Camera/CameraService+Intents.swift:9:8: note: Also imported here
/Users/admin/builder/spi-builder-workspace/Sources/MediaUtilities/Camera/CameraService.swift:9:8: note: Also imported here
/Users/admin/builder/spi-builder-workspace/Sources/MediaUtilities/Camera/VideoDataOutputDelegate.swift:9:8: note: Also imported here
/Users/admin/builder/spi-builder-workspace/Sources/MediaUtilities/Camera/CameraService.swift:11:8: error: Unable to resolve module dependency: 'Metal' (in target 'MediaUtilities' from project 'MediaUtilities')
note: A dependency of main module 'MediaUtilities'
/Users/admin/builder/spi-builder-workspace/Sources/MediaUtilities/ImageEditor/CropImageView.swift:12:8: error: Unable to resolve module dependency: 'AppKit' (in target 'MediaUtilities' from project 'MediaUtilities')
note: A dependency of main module 'MediaUtilities'
/Users/admin/builder/spi-builder-workspace/Sources/MediaUtilities/MediaUtilities.swift:13:8: note: Also imported here
/Users/admin/builder/spi-builder-workspace/Sources/MediaUtilities/Camera/CameraEngine.swift:12:8: note: A dependency of main module 'MediaUtilities'
import AudioToolbox
^ (in target 'MediaUtilities' from project 'MediaUtilities')
/Users/admin/builder/spi-builder-workspace/Sources/MediaUtilities/Camera/CameraEngine.swift:13:8: note: A dependency of main module 'MediaUtilities'
import CoreImage
^ (in target 'MediaUtilities' from project 'MediaUtilities')
/Users/admin/builder/spi-builder-workspace/Sources/MediaUtilities/Camera/CameraService+Intents.swift:9:8: note: Also imported here
import CoreImage
^ (in target 'MediaUtilities' from project 'MediaUtilities')
/Users/admin/builder/spi-builder-workspace/Sources/MediaUtilities/Camera/CameraService.swift:9:8: note: Also imported here
import CoreImage
^ (in target 'MediaUtilities' from project 'MediaUtilities')
/Users/admin/builder/spi-builder-workspace/Sources/MediaUtilities/Camera/VideoDataOutputDelegate.swift:9:8: note: Also imported here
import CoreImage
^ (in target 'MediaUtilities' from project 'MediaUtilities')
/Users/admin/builder/spi-builder-workspace/Sources/MediaUtilities/Camera/CameraService.swift:11:8: note: A dependency of main module 'MediaUtilities'
import Metal
^ (in target 'MediaUtilities' from project 'MediaUtilities')
/Users/admin/builder/spi-builder-workspace/Sources/MediaUtilities/ImageEditor/CropImageView.swift:12:8: note: A dependency of main module 'MediaUtilities'
import AppKit
^ (in target 'MediaUtilities' from project 'MediaUtilities')
/Users/admin/builder/spi-builder-workspace/Sources/MediaUtilities/MediaUtilities.swift:13:8: note: Also imported here
import AppKit
^ (in target 'MediaUtilities' from project 'MediaUtilities')
PruneExplicitPrecompiledModules /Users/admin/builder/spi-builder-workspace/.derivedData/SDKExplicitPrecompiledModules
PruneExplicitPrecompiledModules /Users/admin/builder/spi-builder-workspace/.derivedData/Build/Intermediates.noindex/SwiftExplicitPrecompiledModules
PruneExplicitPrecompiledModules /Users/admin/builder/spi-builder-workspace/.derivedData/Build/Intermediates.noindex/ExplicitPrecompiledModules
2026-09-27 15:17:35.310 xcodebuild[672:4414] [MT] IDERunDestination: Supported platforms for the buildables in the current scheme is empty.
** BUILD FAILED **
The following build commands failed:
SwiftDriver MediaUtilities normal arm64_32 com.apple.xcode.tools.swift.compiler (in target 'MediaUtilities' from project 'MediaUtilities')
SwiftDriver MediaUtilities normal arm64 com.apple.xcode.tools.swift.compiler (in target 'MediaUtilities' from project 'MediaUtilities')
Building workspace MediaUtilities with scheme MediaUtilities
(3 failures)
BUILD FAILURE 6.4 watchOS