The Swift Package Index logo.Swift Package Index

Build Information

Failed to build NordicDFU, reference 1.0.3 (4e8a73), with Swift 6.4 for tvOS using Xcode 27.0 on 18 Sep 2026 09:32:59 UTC.

Build Command

No build command. This typically means the build failed at an early stage where we determine the build command.

Build Log

========================================
RunAll
========================================
Builder version: 5.1.0
Interrupt handler set up.
========================================
Checkout
========================================
Clone URL: https://github.com/millertechnologyperu/nordicdfu.git
Reference: 1.0.3
Initialized empty Git repository in /Users/admin/builder/spi-builder-workspace/.git/
From https://github.com/millertechnologyperu/nordicdfu
 * tag               1.0.3      -> FETCH_HEAD
HEAD is now at 4e8a738 Fixed Swift 5.5 support
Cloned https://github.com/millertechnologyperu/nordicdfu.git
Revision (git rev-parse @):
4e8a738fc772b91ce71d67b8801ffe617e95248c
SUCCESS checkout https://github.com/millertechnologyperu/nordicdfu.git at 1.0.3
========================================
Build
========================================
Selected platform:         tvOS
Swift version:             6.4
Building package at path:  $PWD
https://github.com/millertechnologyperu/nordicdfu.git
Command line invocation:
    /Applications/Xcode-27.0.0-Release.Candidate.app/Contents/Developer/usr/bin/xcodebuild -IDEClonedSourcePackagesDirPathOverride=/Users/admin/builder/spi-builder-workspace/.dependencies -resolvePackageDependencies
Resolve Package Graph
Fetching from https://github.com/PureSwift/Bluetooth.git
Fetching from https://github.com/PureSwift/GATT.git
Fetching from https://github.com/PureSwift/BluetoothLinux.git
Fetching from https://github.com/PureSwift/BluetoothDarwin.git
Fetching from https://github.com/PureSwift/Zip.git
Fetching from https://github.com/PureSwift/Socket.git
Resolve Package Graph
Updating from https://github.com/PureSwift/Bluetooth.git
Updating from https://github.com/PureSwift/GATT.git
Updating from https://github.com/PureSwift/BluetoothLinux.git
Updating from https://github.com/PureSwift/BluetoothDarwin.git
Updating from https://github.com/PureSwift/Zip.git
Updating from https://github.com/PureSwift/Socket.git
Resolve Package Graph
Updating from https://github.com/PureSwift/Bluetooth.git
Updating from https://github.com/PureSwift/GATT.git
Updating from https://github.com/PureSwift/BluetoothLinux.git
Updating from https://github.com/PureSwift/BluetoothDarwin.git
Updating from https://github.com/PureSwift/Zip.git
Updating from https://github.com/PureSwift/Socket.git
Resolve Package Graph
Updating from https://github.com/PureSwift/Bluetooth.git
Updating from https://github.com/PureSwift/GATT.git
Updating from https://github.com/PureSwift/BluetoothLinux.git
Updating from https://github.com/PureSwift/BluetoothDarwin.git
Updating from https://github.com/PureSwift/Zip.git
Updating from https://github.com/PureSwift/Socket.git
Resolved source packages:
  spi-builder-workspace: (null)
2026-09-18 05:32:54.477 xcodebuild[563:3050] Writing error result bundle to /var/folders/xq/y_g06wb113726d38xsyx71_h0000gn/T/ResultBundle_2026-18-09_05-32-0054.xcresult
xcodebuild: error: Could not resolve package dependencies:
  Failed to resolve dependencies bluetooth is required using two different revision-based requirements (master and feature/async), which is not supported
Command line invocation:
    /Applications/Xcode-27.0.0-Release.Candidate.app/Contents/Developer/usr/bin/xcodebuild -IDEClonedSourcePackagesDirPathOverride=/Users/admin/builder/spi-builder-workspace/.dependencies -resolvePackageDependencies
Resolve Package Graph
Updating from https://github.com/PureSwift/Bluetooth.git
Updating from https://github.com/PureSwift/GATT.git
Updating from https://github.com/PureSwift/BluetoothLinux.git
Updating from https://github.com/PureSwift/BluetoothDarwin.git
Updating from https://github.com/PureSwift/Zip.git
Updating from https://github.com/PureSwift/Socket.git
Resolved source packages:
  spi-builder-workspace: (null)
2026-09-18 05:32:59.494 xcodebuild[933:4729] Writing error result bundle to /var/folders/xq/y_g06wb113726d38xsyx71_h0000gn/T/ResultBundle_2026-18-09_05-32-0059.xcresult
xcodebuild: error: Could not resolve package dependencies:
  Failed to resolve dependencies bluetooth is required using two different revision-based requirements (master and feature/async), which is not supported
BUILD FAILURE 6.4 tvOS