Build Information
Failed to build swift-srp, reference main (1345df), with Swift 6.1 for Wasm on 14 Aug 2026 14:57:22 UTC.
Build Command
bash -c docker run --pull=always --rm -v "checkouts-54344844-0":/host -w "$PWD" -e JAVA_HOME="/root/.sdkman/candidates/java/current" -e SPI_BUILD="1" -e SPI_PROCESSING="1" registry.gitlab.com/saguaro1/spi-images:wasm-6.1-latest swift build --swift-sdk wasm32-unknown-wasi 2>&1Build Log
========================================
RunAll
========================================
Builder version: 5.0.1
Interrupt handler set up.
========================================
Checkout
========================================
Clone URL: https://github.com/adam-fowler/swift-srp.git
Reference: main
Initialized empty Git repository in /host/spi-builder-workspace/.git/
hint: Using 'master' as the name for the initial branch. This default branch name
hint: is subject to change. To configure the initial branch name to use in all
hint: of your new repositories, which will suppress this warning, call:
hint:
hint: git config --global init.defaultBranch <name>
hint:
hint: Names commonly chosen instead of 'master' are 'main', 'trunk' and
hint: 'development'. The just-created branch can be renamed via this command:
hint:
hint: git branch -m <name>
From https://github.com/adam-fowler/swift-srp
* branch main -> FETCH_HEAD
* [new branch] main -> origin/main
HEAD is now at 1345dfe Add configurable generator proof padding (#25)
Cloned https://github.com/adam-fowler/swift-srp.git
Revision (git rev-parse @):
1345dfeff4d1bc54fc36257325371df3d1d7a813
SUCCESS checkout https://github.com/adam-fowler/swift-srp.git at main
========================================
Build
========================================
Selected platform: wasm
Swift version: 6.1
Building package at path: $PWD
https://github.com/adam-fowler/swift-srp.git
https://github.com/adam-fowler/swift-srp.git
WARNING: environment variable SUPPRESS_SWIFT_6_FLAGS is not set
Running build ...
bash -c docker run --pull=always --rm -v "checkouts-54344844-0":/host -w "$PWD" -e JAVA_HOME="/root/.sdkman/candidates/java/current" -e SPI_BUILD="1" -e SPI_PROCESSING="1" registry.gitlab.com/saguaro1/spi-images:wasm-6.1-latest swift build --swift-sdk wasm32-unknown-wasi -Xswiftc -Xfrontend -Xswiftc -stats-output-dir -Xswiftc -Xfrontend -Xswiftc .stats -Xswiftc -strict-concurrency=complete -Xswiftc -enable-upcoming-feature -Xswiftc StrictConcurrency -Xswiftc -enable-upcoming-feature -Xswiftc DisableOutwardActorInference -Xswiftc -enable-upcoming-feature -Xswiftc GlobalActorIsolatedTypesUsability -Xswiftc -enable-upcoming-feature -Xswiftc InferSendableFromCaptures 2>&1
wasm-6.1-latest: Pulling from saguaro1/spi-images
Digest: sha256:290f441d1f5b7bf0dbbe61e8b7514208804cdcb507d57b3c762463ad036298f7
Status: Image is up to date for registry.gitlab.com/saguaro1/spi-images:wasm-6.1-latest
Fetching https://github.com/adam-fowler/big-num
Fetching https://github.com/apple/swift-crypto
[1/18322] Fetching swift-crypto
[1101/19966] Fetching swift-crypto, big-num
Fetched https://github.com/adam-fowler/big-num from cache (0.76s)
[3115/18322] Fetching swift-crypto
Fetched https://github.com/apple/swift-crypto from cache (1.23s)
Computing version for https://github.com/adam-fowler/big-num
Computed https://github.com/adam-fowler/big-num at 2.0.3 (1.48s)
Computing version for https://github.com/apple/swift-crypto
Computed https://github.com/apple/swift-crypto at 4.5.1 (1.53s)
Fetching https://github.com/apple/swift-asn1.git
[1/1933] Fetching swift-asn1
Fetched https://github.com/apple/swift-asn1.git from cache (0.45s)
Computing version for https://github.com/apple/swift-asn1.git
Computed https://github.com/apple/swift-asn1.git at 1.7.1 (0.71s)
Creating working copy for https://github.com/apple/swift-crypto
Working copy of https://github.com/apple/swift-crypto resolved at 4.5.1
Creating working copy for https://github.com/apple/swift-asn1.git
Working copy of https://github.com/apple/swift-asn1.git resolved at 1.7.1
Creating working copy for https://github.com/adam-fowler/big-num
Working copy of https://github.com/adam-fowler/big-num resolved at 2.0.3
Building for debugging...
[0/524] Write sources
[3/524] Compiling CXKCPShims shims.c
In file included from /host/spi-builder-workspace/.build/checkouts/big-num/Sources/CBigNumBoringSSL/crypto/err/err.c:125:
/host/spi-builder-workspace/.build/checkouts/big-num/Sources/CBigNumBoringSSL/crypto/err/../internal.h:135:10: fatal error: 'pthread.h' file not found
135 | #include <pthread.h>
| ^~~~~~~~~~~
1 error generated.
[4/524] Compiling err.c
In file included from /host/spi-builder-workspace/.build/checkouts/big-num/Sources/CBigNumBoringSSL/crypto/bio/file.c:85:
/host/spi-builder-workspace/.build/checkouts/big-num/Sources/CBigNumBoringSSL/crypto/bio/../internal.h:135:10: fatal error: 'pthread.h' file not found
135 | #include <pthread.h>
| ^~~~~~~~~~~
1 error generated.
[4/524] Compiling file.c
[4/524] Compiling err_data.c
In file included from /host/spi-builder-workspace/.build/checkouts/big-num/Sources/CBigNumBoringSSL/crypto/ex_data.c:120:
/host/spi-builder-workspace/.build/checkouts/big-num/Sources/CBigNumBoringSSL/crypto/internal.h:135:10: fatal error: 'pthread.h' file not found
135 | #include <pthread.h>
| ^~~~~~~~~~~
1 error generated.
[4/524] Compiling ex_data.c
In file included from /host/spi-builder-workspace/.build/checkouts/big-num/Sources/CBigNumBoringSSL/crypto/crypto.c:20:
In file included from /host/spi-builder-workspace/.build/checkouts/big-num/Sources/CBigNumBoringSSL/crypto/fipsmodule/rand/internal.h:21:
/host/spi-builder-workspace/.build/checkouts/big-num/Sources/CBigNumBoringSSL/crypto/fipsmodule/rand/../../internal.h:135:10: fatal error: 'pthread.h' file not found
135 | #include <pthread.h>
| ^~~~~~~~~~~
[4/524] Compiling crypto.c
[4/524] Compiling SimpleFIPS202.c
[4/524] Write swift-version-24593BA9C3E375BF.txt
[4/524] Compiling convert.c
Running build ...
bash -c docker run --pull=always --rm -v "checkouts-54344844-0":/host -w "$PWD" -e JAVA_HOME="/root/.sdkman/candidates/java/current" -e SPI_BUILD="1" -e SPI_PROCESSING="1" registry.gitlab.com/saguaro1/spi-images:wasm-6.1-latest swift build --swift-sdk wasm32-unknown-wasi 2>&1
wasm-6.1-latest: Pulling from saguaro1/spi-images
Digest: sha256:290f441d1f5b7bf0dbbe61e8b7514208804cdcb507d57b3c762463ad036298f7
Status: Image is up to date for registry.gitlab.com/saguaro1/spi-images:wasm-6.1-latest
[0/1] Planning build
Building for debugging...
[0/520] Compiling KeccakSponge.c
[1/520] Compiling SimpleFIPS202.c
[2/520] Compiling KeccakHash.c
[3/520] Compiling fiat_curve25519_adx_square.S
[4/520] Compiling fiat_p256_adx_sqr.S
[5/520] Compiling fiat_p256_adx_mul.S
[6/520] Compiling fiat_curve25519_adx_mul.S
[7/520] Compiling md5-x86_64-linux.S
[8/520] Compiling md5-x86_64-apple.S
[9/520] Compiling md5-586-linux.S
[10/520] Compiling md5-586-apple.S
[11/520] Compiling chacha20_poly1305_x86_64-linux.S
[12/520] Compiling chacha20_poly1305_x86_64-apple.S
[13/520] Compiling chacha20_poly1305_armv8-apple.S
[14/520] Compiling chacha20_poly1305_armv8-win.S
[15/520] Compiling chacha20_poly1305_armv8-linux.S
[16/520] Compiling chacha-x86_64-apple.S
[17/520] Compiling chacha-x86-linux.S
[18/520] Compiling chacha-x86_64-linux.S
[19/520] Compiling chacha-x86-apple.S
[20/520] Compiling chacha-armv8-apple.S
[21/520] Compiling chacha-armv8-win.S
[22/520] Compiling chacha-armv8-linux.S
[23/520] Compiling chacha-armv4-linux.S
[24/520] Compiling aes128gcmsiv-x86_64-apple.S
[25/520] Write swift-version-24593BA9C3E375BF.txt
[26/520] Compiling aes128gcmsiv-x86_64-linux.S
[27/520] Compiling x86_64-mont5-linux.S
[28/520] Compiling x86_64-mont-linux.S
[29/520] Compiling x86_64-mont-apple.S
[30/520] Compiling x86_64-mont5-apple.S
[31/520] Compiling x86-mont-apple.S
[32/520] Compiling x86-mont-linux.S
[33/520] Compiling vpaes-x86_64-linux.S
[34/520] Compiling vpaes-x86_64-apple.S
[35/520] Compiling vpaes-x86-linux.S
[36/520] Compiling vpaes-x86-apple.S
[37/520] Compiling vpaes-armv8-win.S
[38/520] Compiling vpaes-armv8-linux.S
[39/520] Compiling sha512-x86_64-linux.S
[40/520] Compiling vpaes-armv7-linux.S
[41/520] Compiling CCryptoBoringSSLShims shims.c
[42/520] Compiling vpaes-armv8-apple.S
[43/520] Compiling sha512-x86_64-apple.S
[44/520] Compiling sha512-armv8-win.S
[45/520] Compiling sha512-armv4-linux.S
[46/520] Compiling sha512-armv8-apple.S
[47/520] Compiling sha512-armv8-linux.S
[48/520] Compiling sha512-586-linux.S
[49/520] Compiling sha512-586-apple.S
[50/520] Compiling sha256-x86_64-linux.S
[50/520] Compiling sha256-x86_64-apple.S
[52/520] Compiling sha256-armv8-win.S
[53/520] Compiling sha256-armv8-linux.S
[54/520] Compiling sha256-armv8-apple.S
[55/520] Compiling sha256-armv4-linux.S
[56/520] Compiling sha256-586-linux.S
[57/520] Compiling sha1-x86_64-linux.S
[58/520] Compiling sha256-586-apple.S
[59/520] Compiling sha1-x86_64-apple.S
[60/520] Compiling sha1-armv8-win.S
[61/520] Compiling sha1-armv8-linux.S
[62/520] Compiling sha1-armv4-large-linux.S
[62/520] Compiling sha1-armv8-apple.S
[64/520] Compiling sha1-586-apple.S
[65/520] Compiling sha1-586-linux.S
[66/520] Compiling rsaz-avx2-apple.S
[67/520] Compiling rsaz-avx2-linux.S
[68/520] Compiling rdrand-x86_64-linux.S
[69/520] Compiling rdrand-x86_64-apple.S
[70/520] Compiling p256_beeu-x86_64-asm-linux.S
[71/520] Compiling p256_beeu-armv8-asm-win.S
[72/520] Compiling err_data.cc
[73/520] Compiling p256_beeu-x86_64-asm-apple.S
[74/520] Compiling p256_beeu-armv8-asm-linux.S
[75/520] Compiling p256-x86_64-asm-linux.S
[76/520] Compiling p256_beeu-armv8-asm-apple.S
[77/520] Compiling p256-x86_64-asm-apple.S
[78/520] Compiling p256-armv8-asm-linux.S
[79/520] Compiling p256-armv8-asm-win.S
[80/520] Compiling p256-armv8-asm-apple.S
[81/520] Compiling ghashv8-armv8-linux.S
[82/520] Compiling ghash-x86_64-apple.S
[83/520] Compiling ghashv8-armv8-apple.S
[84/520] Compiling ghashv8-armv8-win.S
[85/520] Compiling ghashv8-armv7-linux.S
[86/520] Compiling ghash-x86_64-linux.S
[87/520] Compiling ghash-x86-linux.S
[88/520] Compiling ghash-x86-apple.S
[89/520] Compiling ghash-ssse3-x86-linux.S
[90/520] Compiling ghash-ssse3-x86_64-apple.S
[91/520] Compiling ghash-neon-armv8-linux.S
[92/520] Compiling ghash-ssse3-x86_64-linux.S
[93/520] Compiling ghash-neon-armv8-win.S
[94/520] Compiling ghash-ssse3-x86-apple.S
[95/520] Compiling ghash-neon-armv8-apple.S
[96/520] Compiling bsaes-armv7-linux.S
[97/520] Compiling co-586-linux.S
[98/520] Compiling co-586-apple.S
[99/520] Compiling ghash-armv4-linux.S
[100/520] Compiling bn-armv8-win.S
[101/520] Compiling bn-armv8-apple.S
[102/520] Compiling bn-armv8-linux.S
[103/520] Compiling bn-586-apple.S
[104/520] Compiling bn-586-linux.S
[105/520] Compiling armv8-mont-linux.S
[106/520] Compiling armv8-mont-win.S
[107/520] Compiling aesv8-gcm-armv8-win.S
[108/520] Compiling armv4-mont-linux.S
[109/520] Compiling aesv8-gcm-armv8-apple.S
[110/520] Compiling armv8-mont-apple.S
[111/520] Compiling aesv8-gcm-armv8-linux.S
[112/520] Compiling aesv8-armv8-apple.S
[113/520] Compiling aesv8-armv8-linux.S
[114/520] Compiling aesv8-armv7-linux.S
[115/520] Compiling aesv8-armv8-win.S
[116/520] Compiling aesni-x86_64-apple.S
[117/520] Compiling aesni-x86-linux.S
[118/520] Compiling aesni-x86_64-linux.S
[119/520] Compiling aes-gcm-avx512-x86_64-linux.S
[120/520] Compiling aesni-gcm-x86_64-apple.S
[121/520] Compiling aesni-x86-apple.S
[121/520] Compiling aes-gcm-avx512-x86_64-apple.S
[123/520] Compiling aesni-gcm-x86_64-linux.S
[124/520] Compiling aes-gcm-avx2-x86_64-linux.S
[125/520] Compiling aes-gcm-avx2-x86_64-apple.S
[126/520] Compiling xwing.cc
[127/520] Compiling x_spki.cc
[128/520] Compiling x_req.cc
[129/520] Compiling x_sig.cc
[130/520] Compiling x_x509.cc
[131/520] Compiling x_x509a.cc
[132/520] Compiling x_pubkey.cc
[133/520] Compiling x_name.cc
[134/520] Compiling x_exten.cc
[135/520] Compiling x_attrib.cc
[136/520] Compiling x_crl.cc
[137/520] Compiling x_all.cc
[138/520] Compiling x_algor.cc
[139/520] Compiling x509spki.cc
[140/520] Compiling x509rset.cc
[141/520] Compiling x509_vpm.cc
[142/520] Compiling x509name.cc
[143/520] Compiling x509_vfy.cc
[144/520] Compiling x509cset.cc
[145/520] Compiling x509_txt.cc
[146/520] Compiling x509_v3.cc
[147/520] Compiling x509_trs.cc
[148/520] Compiling x509_obj.cc
[149/520] Compiling x509_set.cc
[150/520] Compiling x509_def.cc
[151/520] Compiling x509_req.cc
[152/520] Compiling x509_lu.cc
[153/520] Compiling x509_ext.cc
[154/520] Compiling x509_d2.cc
[155/520] Compiling KeccakP-1600-opt64.c
[156/520] Compiling x509.cc
[157/520] Compiling x509_att.cc
[158/520] Compiling x509_cmp.cc
[159/520] Compiling v3_purp.cc
[160/520] Compiling v3_utl.cc
[161/520] Compiling v3_skey.cc
[162/520] Compiling v3_prn.cc
[163/520] Compiling v3_pmaps.cc
[164/520] Compiling v3_pcons.cc
[165/520] Compiling v3_ocsp.cc
[166/520] Compiling v3_int.cc
[167/520] Compiling v3_ncons.cc
[168/520] Compiling v3_lib.cc
[169/520] Compiling v3_info.cc
[170/520] Compiling v3_ia5.cc
[171/520] Compiling v3_genn.cc
[172/520] Compiling v3_extku.cc
[173/520] Compiling v3_crld.cc
[174/520] Compiling v3_enum.cc
[175/520] Compiling v3_cpols.cc
[176/520] Compiling v3_conf.cc
[177/520] Compiling v3_bitst.cc
[178/520] Compiling v3_bcons.cc
[179/520] Compiling v3_alt.cc
[180/520] Compiling v3_akeya.cc
[181/520] Compiling v3_akey.cc
[182/520] Compiling t_x509.cc
[183/520] Compiling t_x509a.cc
[184/520] Compiling t_crl.cc
[185/520] Compiling t_req.cc
[186/520] Compiling rsa_pss.cc
[187/520] Compiling policy.cc
[188/520] Compiling i2d_pr.cc
[189/520] Compiling name_print.cc
[190/520] Compiling by_file.cc
[191/520] Compiling by_dir.cc
[192/520] Compiling asn1_gen.cc
[193/520] Compiling algorithm.cc
[194/520] Compiling a_verify.cc
[195/520] Compiling a_sign.cc
[196/520] Compiling a_digest.cc
[197/520] Compiling thread_win.cc
[198/520] Compiling thread_pthread.cc
[199/520] Compiling voprf.cc
[200/520] Compiling trust_token.cc
[201/520] Compiling pmbtoken.cc
[202/520] Compiling thread_none.cc
[203/520] Compiling thread.cc
[204/520] Compiling stack.cc
[205/520] Compiling siphash.cc
[206/520] Compiling slhdsa.cc
[207/520] Compiling sha512.cc
[208/520] Compiling sha256.cc
[209/520] Compiling sha1.cc
[210/520] Compiling spake2plus.cc
[211/520] Compiling rsa_print.cc
[212/520] Compiling rsa_extra.cc
[213/520] Compiling trusty.cc
[214/520] Compiling rc4.cc
[215/520] Compiling rsa_crypt.cc
[216/520] Compiling refcount.cc
[217/520] Compiling windows.cc
[218/520] Compiling urandom.cc
[219/520] Compiling rand.cc
[220/520] Compiling rsa_asn1.cc
[221/520] Compiling passive.cc
[222/520] Compiling ios.cc
[223/520] Compiling getentropy.cc
[224/520] Compiling poly1305_arm_asm.S
[225/520] Compiling forkunsafe.cc
[226/520] Compiling fork_detect.cc
[227/520] Compiling deterministic.cc
[228/520] Compiling poly1305_vec.cc
[229/520] Compiling poly1305_arm.cc
[229/520] Compiling poly1305.cc
[231/520] Compiling pool.cc
[232/520] Compiling pkcs8.cc
[233/520] Compiling pkcs8_x509.cc
[234/520] Compiling p5_pbev2.cc
[235/520] Compiling pkcs7_x509.cc
[236/520] Compiling pkcs7.cc
[237/520] Compiling pem_x509.cc
[238/520] Compiling pem_xaux.cc
[239/520] Compiling pem_pkey.cc
[240/520] Compiling pem_oth.cc
[241/520] Compiling mlkem.cc
[242/520] Compiling pem_pk8.cc
[243/520] Compiling pem_lib.cc
[244/520] Compiling obj_xref.cc
[245/520] Compiling pem_info.cc
[246/520] Compiling pem_all.cc
[247/520] Compiling obj.cc
[248/520] Compiling poly_rq_mul.S
[249/520] Compiling mldsa.cc
[250/520] Compiling mem.cc
[251/520] Compiling fips_shared_support.cc
[252/520] Compiling md5.cc
[253/520] Compiling hrss.cc
[254/520] Compiling md4.cc
[255/520] Compiling lhash.cc
[256/520] Compiling fuzzer_mode.cc
[257/520] Compiling kyber.cc
[258/520] Compiling ex_data.cc
[259/520] Compiling hpke.cc
[260/520] Compiling pbkdf.cc
[261/520] Compiling scrypt.cc
[262/520] Compiling print.cc
[263/520] Compiling p_x25519.cc
[264/520] Compiling sign.cc
[265/520] Compiling p_x25519_asn1.cc
[266/520] Compiling p_rsa.cc
[267/520] Compiling p_rsa_asn1.cc
[268/520] Compiling p_ed25519_asn1.cc
[269/520] Compiling p_ed25519.cc
[269/520] Compiling p_hkdf.cc
[271/520] Compiling p_dsa_asn1.cc
[271/520] Compiling p_ec_asn1.cc
[273/520] Compiling p_ec.cc
[274/520] Compiling p_dh_asn1.cc
[275/520] Compiling p_dh.cc
[276/520] Compiling evp_ctx.cc
[277/520] Compiling err.cc
[278/520] Compiling engine.cc
[279/520] Compiling evp_asn1.cc
[280/520] Compiling ecdsa_p1363.cc
[281/520] Compiling evp.cc
[282/520] Compiling ecdsa_asn1.cc
[283/520] Compiling ecdh.cc
[284/520] Compiling ec_derive.cc
[285/520] Compiling dsa.cc
[286/520] Compiling hash_to_curve.cc
[287/520] Compiling ec_asn1.cc
[288/520] Compiling dsa_asn1.cc
[289/520] Compiling params.cc
[290/520] Compiling digest_extra.cc
[291/520] Compiling bcm.cc
[292/520] Compiling x25519-asm-arm.S
[293/520] Compiling des.cc
[294/520] Compiling dh_asn1.cc
[295/520] Compiling curve25519_64_adx.cc
[296/520] Compiling curve25519.cc
[297/520] Compiling spake25519.cc
[298/520] Compiling cpu_aarch64_sysreg.cc
[299/520] Compiling cpu_intel.cc
[300/520] Compiling cpu_arm_freebsd.cc
[301/520] Compiling cpu_aarch64_win.cc
[302/520] Compiling cpu_arm_linux.cc
[303/520] Compiling crypto.cc
[304/520] Compiling cpu_aarch64_openbsd.cc
[305/520] Compiling cpu_aarch64_apple.cc
[306/520] Compiling get_cipher.cc
[307/520] Compiling conf.cc
[308/520] Compiling cpu_aarch64_linux.cc
[309/520] Compiling e_tls.cc
[310/520] Compiling cpu_aarch64_fuchsia.cc
[311/520] Compiling tls_cbc.cc
[312/520] Compiling e_rc4.cc
[313/520] Compiling e_chacha20poly1305.cc
[314/520] Compiling e_null.cc
[315/520] Compiling e_rc2.cc
[316/520] Compiling cms.cc
[317/520] Compiling e_des.cc
[318/520] Compiling e_aeseax.cc
[319/520] Compiling e_aesgcmsiv.cc
[320/520] Compiling e_aesctrhmac.cc
[321/520] Compiling derive_key.cc
[322/520] Compiling sqrt.cc
[323/520] Compiling buf.cc
[324/520] Compiling chacha.cc
[325/520] Compiling cbb.cc
[326/520] Compiling exponentiation.cc
[327/520] Compiling unicode.cc
[328/520] Compiling ber.cc
[329/520] Compiling cbs.cc
[330/520] Compiling asn1_compat.cc
[331/520] Compiling div.cc
[332/520] Compiling hexdump.cc
[333/520] Compiling pair.cc
[334/520] Compiling blake2.cc
[335/520] Compiling convert.cc
[336/520] Compiling printf.cc
[337/520] Compiling file.cc
[338/520] Compiling bn_asn1.cc
[339/520] Compiling fd.cc
[340/520] Compiling errno.cc
[341/520] Compiling bio.cc
[342/520] Compiling base64.cc
[343/520] Compiling tasn_typ.cc
[344/520] Compiling bio_mem.cc
[345/520] Compiling tasn_utl.cc
[346/520] Compiling tasn_new.cc
[347/520] Compiling tasn_fre.cc
[348/520] Compiling tasn_enc.cc
[349/520] Compiling f_string.cc
[350/520] Compiling posix_time.cc
[351/520] Compiling asn_pack.cc
[352/520] Compiling f_int.cc
[353/520] Compiling asn1_par.cc
[354/520] Compiling tasn_dec.cc
[355/520] Compiling a_utctm.cc
[356/520] Compiling asn1_lib.cc
[357/520] Compiling a_strnid.cc
[358/520] Compiling a_octet.cc
[358/520] Compiling a_time.cc
[360/520] Compiling a_type.cc
[361/520] Compiling a_object.cc
[362/520] Compiling a_strex.cc
[363/520] Compiling a_mbstr.cc
[364/520] Compiling a_i2d_fp.cc
In file included from /host/spi-builder-workspace/.build/checkouts/big-num/Sources/CBigNumBoringSSL/crypto/thread_win.c:15:
/host/spi-builder-workspace/.build/checkouts/big-num/Sources/CBigNumBoringSSL/crypto/internal.h:135:10: fatal error: 'pthread.h' file not found
135 | #include <pthread.h>
| ^~~~~~~~~~~
1 error generated.
[365/520] Compiling thread_win.c
[365/520] Compiling a_d2i_fp.cc
[365/520] Compiling a_int.cc
[365/520] Compiling a_bitstr.cc
[365/520] Compiling a_dup.cc
[365/520] Compiling aes.cc
[365/520] Compiling a_bool.cc
[365/520] Compiling a_gentm.cc
BUILD FAILURE 6.1 wasm