Build Information
Failed to build AEOTPTextField, reference 1.2.8 (faba7b), with Swift 6.4 for macOS (Xcode) using Xcode 27.0 on 23 Sep 2026 19:23:49 UTC.
Build Command
env DEVELOPER_DIR=/Applications/Xcode-27.0.0-Release.Candidate.app xcrun xcodebuild -IDEClonedSourcePackagesDirPathOverride=$PWD/.dependencies -skipMacroValidation -skipPackagePluginValidation -derivedDataPath $PWD/.derivedData build -scheme AEOTPTextField -destination platform=macOS,arch=arm64Build Log
========================================
RunAll
========================================
Builder version: 5.1.0
Interrupt handler set up.
========================================
Checkout
========================================
Clone URL: https://github.com/Aharonik1/AEOTPTextField.git
Reference: 1.2.8
Initialized empty Git repository in /Users/admin/builder/spi-builder-workspace/.git/
From https://github.com/Aharonik1/AEOTPTextField
* tag 1.2.8 -> FETCH_HEAD
HEAD is now at faba7b4 Create Package.swift
Cloned https://github.com/Aharonik1/AEOTPTextField.git
Revision (git rev-parse @):
faba7b4cfe75bc5c3ed183180aded3aa37a5e3ba
SUCCESS checkout https://github.com/Aharonik1/AEOTPTextField.git at 1.2.8
========================================
Build
========================================
Selected platform: macosXcodebuild
Swift version: 6.4
Building package at path: $PWD
https://github.com/Aharonik1/AEOTPTextField.git
Command line invocation:
/Applications/Xcode-27.0.0-Release.Candidate.app/Contents/Developer/usr/bin/xcodebuild -IDEClonedSourcePackagesDirPathOverride=/Users/admin/builder/spi-builder-workspace/.dependencies -resolvePackageDependencies
resolved source packages:
{
"dependencies" : [
],
"manifest_display_name" : "AEOTPTextField",
"name" : "AEOTPTextField",
"path" : "/Users/admin/builder/spi-builder-workspace",
"platforms" : [
{
"name" : "ios",
"version" : "12.0"
}
],
"products" : [
{
"name" : "AEOTPTextField",
"targets" : [
"AEOTPTextField"
],
"type" : {
"library" : [
"automatic"
]
}
}
],
"targets" : [
{
"c99name" : "AEOTPTextFieldTests",
"module_type" : "SwiftTarget",
"name" : "AEOTPTextFieldTests",
"path" : "AEOTPTextFieldTests",
"sources" : [
"AEOTPTextFieldTests.swift"
],
"target_dependencies" : [
"AEOTPTextField"
],
"type" : "test"
},
{
"c99name" : "AEOTPTextField",
"module_type" : "SwiftTarget",
"name" : "AEOTPTextField",
"path" : "AEOTPTextField/Source",
"product_memberships" : [
"AEOTPTextField"
],
"sources" : [
"SwiftUI/Core/AEOTPView.swift",
"SwiftUI/Core/AEOTPViewRepresentable.swift",
"SwiftUI/Utilities/AEOTPTextFieldSwiftUI.swift",
"SwiftUI/Utilities/ChangeObserverModifier.swift",
"SwiftUI/Utilities/View+Helpers.swift",
"UIKit/Core/AEOTPTextField.swift",
"UIKit/Utilities/AEOTPTextFieldDelegate.swift",
"UIKit/Utilities/AEOTPTextFieldImplementation.swift",
"UIKit/Utilities/AEOTPTextFieldImplementationProtocol.swift"
],
"type" : "library"
}
],
"tools_version" : "5.2"
}
{
"project" : {
"configurations" : [
"Debug",
"Release"
],
"name" : "AEOTPTextField",
"schemes" : [
"AEOTPTextField",
"AEOTPTextFieldExample"
],
"targets" : [
"AEOTPTextField",
"AEOTPTextFieldTests",
"AEOTPTextFieldExample"
]
}
}
{
"workspace" : {
"name" : "AEOTPTextField",
"schemes" : [
"AEOTPTextField"
]
}
}
2026-09-23 15:23:40.124 xcodebuild[656:4159] [MT] IDERunDestination: Supported platforms for the buildables in the current scheme is empty.
Running build ...
env DEVELOPER_DIR=/Applications/Xcode-27.0.0-Release.Candidate.app xcrun xcodebuild -IDEClonedSourcePackagesDirPathOverride=$PWD/.dependencies -skipMacroValidation -skipPackagePluginValidation -derivedDataPath $PWD/.derivedData build -scheme AEOTPTextField -destination platform=macOS,arch=arm64
Command line invocation:
/Applications/Xcode-27.0.0-Release.Candidate.app/Contents/Developer/usr/bin/xcodebuild -IDEClonedSourcePackagesDirPathOverride=/Users/admin/builder/spi-builder-workspace/.dependencies -skipMacroValidation -skipPackagePluginValidation -derivedDataPath /Users/admin/builder/spi-builder-workspace/.derivedData build -scheme AEOTPTextField -destination platform=macOS,arch=arm64
Resolve Package Graph
Resolved source packages:
AEOTPTextField: /Users/admin/builder/spi-builder-workspace
ComputePackagePrebuildTargetDependencyGraph
Prepare packages
CreateBuildRequest
SendProjectDescription
CreateBuildOperation
ComputeTargetDependencyGraph
note: Building targets in dependency order
note: Target dependency graph (2 targets)
Target 'AEOTPTextField-product' in project 'AEOTPTextField'
➜ Explicit dependency on target 'AEOTPTextField' in project 'AEOTPTextField'
Target 'AEOTPTextField' in project 'AEOTPTextField' (no dependencies)
GatherProvisioningInputs
CreateBuildDescription
ExecuteExternalTool /Applications/Xcode-27.0.0-Release.Candidate.app/Contents/Developer/Toolchains/XcodeDefault.xctoolchain/usr/bin/clang -v -E -dM -isysroot /Applications/Xcode-27.0.0-Release.Candidate.app/Contents/Developer/Platforms/MacOSX.platform/Developer/SDKs/MacOSX27.0.sdk -x c -c /dev/null
ExecuteExternalTool /Applications/Xcode-27.0.0-Release.Candidate.app/Contents/Developer/Toolchains/XcodeDefault.xctoolchain/usr/bin/swiftc --version
ExecuteExternalTool /Applications/Xcode-27.0.0-Release.Candidate.app/Contents/Developer/Toolchains/XcodeDefault.xctoolchain/usr/bin/ld -version_details
Build description signature: db1aefb43e2115a6043b1aabe705d7b8
Build description path: /Users/admin/builder/spi-builder-workspace/.derivedData/Build/Intermediates.noindex/XCBuildData/db1aefb43e2115a6043b1aabe705d7b8.xcbuilddata
CreateBuildDirectory /Users/admin/builder/spi-builder-workspace/.derivedData/ModuleCache.noindex
cd /Users/admin/builder/spi-builder-workspace/.swiftpm/xcode
builtin-create-build-directory /Users/admin/builder/spi-builder-workspace/.derivedData/ModuleCache.noindex
CreateBuildDirectory /Users/admin/builder/spi-builder-workspace/.derivedData/CompilationCache.noindex
cd /Users/admin/builder/spi-builder-workspace/.swiftpm/xcode
builtin-create-build-directory /Users/admin/builder/spi-builder-workspace/.derivedData/CompilationCache.noindex
CreateBuildDirectory /Users/admin/builder/spi-builder-workspace/.derivedData/SDKExplicitPrecompiledModules
cd /Users/admin/builder/spi-builder-workspace/.swiftpm/xcode
builtin-create-build-directory /Users/admin/builder/spi-builder-workspace/.derivedData/SDKExplicitPrecompiledModules
CreateBuildDirectory /Users/admin/builder/spi-builder-workspace/.derivedData/Build/Products
cd /Users/admin/builder/spi-builder-workspace/.swiftpm/xcode
builtin-create-build-directory /Users/admin/builder/spi-builder-workspace/.derivedData/Build/Products
CreateBuildDirectory /Users/admin/builder/spi-builder-workspace/.derivedData/Build/Intermediates.noindex
cd /Users/admin/builder/spi-builder-workspace/.swiftpm/xcode
builtin-create-build-directory /Users/admin/builder/spi-builder-workspace/.derivedData/Build/Intermediates.noindex
ClangStatCache /Applications/Xcode-27.0.0-Release.Candidate.app/Contents/Developer/Toolchains/XcodeDefault.xctoolchain/usr/bin/clang-stat-cache /Applications/Xcode-27.0.0-Release.Candidate.app/Contents/Developer/Platforms/MacOSX.platform/Developer/SDKs/MacOSX27.0.sdk /Users/admin/builder/spi-builder-workspace/.derivedData/SDKStatCaches.noindex/macosx27.0-26A425-e829b21a6f8c9b70876ba0858053c0446a22442a12e9d48fe1a705f55a1adfc4.sdkstatcache
cd /Users/admin/builder/spi-builder-workspace/.swiftpm/xcode
/Applications/Xcode-27.0.0-Release.Candidate.app/Contents/Developer/Toolchains/XcodeDefault.xctoolchain/usr/bin/clang-stat-cache /Applications/Xcode-27.0.0-Release.Candidate.app/Contents/Developer/Platforms/MacOSX.platform/Developer/SDKs/MacOSX27.0.sdk -o /Users/admin/builder/spi-builder-workspace/.derivedData/SDKStatCaches.noindex/macosx27.0-26A425-e829b21a6f8c9b70876ba0858053c0446a22442a12e9d48fe1a705f55a1adfc4.sdkstatcache
CreateBuildDirectory /Users/admin/builder/spi-builder-workspace/.derivedData/Build/Intermediates.noindex/SwiftExplicitPrecompiledModules
cd /Users/admin/builder/spi-builder-workspace/.swiftpm/xcode
builtin-create-build-directory /Users/admin/builder/spi-builder-workspace/.derivedData/Build/Intermediates.noindex/SwiftExplicitPrecompiledModules
CreateBuildDirectory /Users/admin/builder/spi-builder-workspace/.derivedData/Build/Intermediates.noindex/ExplicitPrecompiledModules
cd /Users/admin/builder/spi-builder-workspace/.swiftpm/xcode
builtin-create-build-directory /Users/admin/builder/spi-builder-workspace/.derivedData/Build/Intermediates.noindex/ExplicitPrecompiledModules
CreateBuildDirectory /Users/admin/builder/spi-builder-workspace/.derivedData/Build/Intermediates.noindex/PrecompiledHeaders
cd /Users/admin/builder/spi-builder-workspace/.swiftpm/xcode
builtin-create-build-directory /Users/admin/builder/spi-builder-workspace/.derivedData/Build/Intermediates.noindex/PrecompiledHeaders
CreateBuildDirectory /Users/admin/builder/spi-builder-workspace/.derivedData/Build/Intermediates.noindex/EagerLinkingTBDs/Debug
cd /Users/admin/builder/spi-builder-workspace/.swiftpm/xcode
builtin-create-build-directory /Users/admin/builder/spi-builder-workspace/.derivedData/Build/Intermediates.noindex/EagerLinkingTBDs/Debug
CreateBuildDirectory /Users/admin/builder/spi-builder-workspace/.derivedData/Build/Products/Debug
cd /Users/admin/builder/spi-builder-workspace/.swiftpm/xcode
builtin-create-build-directory /Users/admin/builder/spi-builder-workspace/.derivedData/Build/Products/Debug
CreateBuildDirectory /Users/admin/builder/spi-builder-workspace/.derivedData/Build/Products/Debug/PackageFrameworks
cd /Users/admin/builder/spi-builder-workspace/.swiftpm/xcode
builtin-create-build-directory /Users/admin/builder/spi-builder-workspace/.derivedData/Build/Products/Debug/PackageFrameworks
WriteAuxiliaryFile /Users/admin/builder/spi-builder-workspace/.derivedData/Build/Intermediates.noindex/AEOTPTextField.build/Debug/AEOTPTextField-t.build/AEOTPTextField.modulemap (in target 'AEOTPTextField' from project 'AEOTPTextField')
cd /Users/admin/builder/spi-builder-workspace
write-file /Users/admin/builder/spi-builder-workspace/.derivedData/Build/Intermediates.noindex/AEOTPTextField.build/Debug/AEOTPTextField-t.build/AEOTPTextField.modulemap
WriteAuxiliaryFile /Users/admin/builder/spi-builder-workspace/.derivedData/Build/Intermediates.noindex/AEOTPTextField.build/Debug/AEOTPTextField-t.build/AEOTPTextField.DependencyStaticMetadataFileList (in target 'AEOTPTextField' from project 'AEOTPTextField')
cd /Users/admin/builder/spi-builder-workspace
write-file /Users/admin/builder/spi-builder-workspace/.derivedData/Build/Intermediates.noindex/AEOTPTextField.build/Debug/AEOTPTextField-t.build/AEOTPTextField.DependencyStaticMetadataFileList
WriteAuxiliaryFile /Users/admin/builder/spi-builder-workspace/.derivedData/Build/Intermediates.noindex/AEOTPTextField.build/Debug/AEOTPTextField-t.build/AEOTPTextField.DependencyMetadataFileList (in target 'AEOTPTextField' from project 'AEOTPTextField')
cd /Users/admin/builder/spi-builder-workspace
write-file /Users/admin/builder/spi-builder-workspace/.derivedData/Build/Intermediates.noindex/AEOTPTextField.build/Debug/AEOTPTextField-t.build/AEOTPTextField.DependencyMetadataFileList
WriteAuxiliaryFile /Users/admin/builder/spi-builder-workspace/.derivedData/Build/Intermediates.noindex/AEOTPTextField.build/Debug/AEOTPTextField-t.build/Objects-normal/arm64/AEOTPTextField-OutputFileMap.json (in target 'AEOTPTextField' from project 'AEOTPTextField')
cd /Users/admin/builder/spi-builder-workspace
write-file /Users/admin/builder/spi-builder-workspace/.derivedData/Build/Intermediates.noindex/AEOTPTextField.build/Debug/AEOTPTextField-t.build/Objects-normal/arm64/AEOTPTextField-OutputFileMap.json
WriteAuxiliaryFile /Users/admin/builder/spi-builder-workspace/.derivedData/Build/Intermediates.noindex/AEOTPTextField.build/Debug/AEOTPTextField-t.build/Objects-normal/arm64/AEOTPTextField.SwiftFileList (in target 'AEOTPTextField' from project 'AEOTPTextField')
cd /Users/admin/builder/spi-builder-workspace
write-file /Users/admin/builder/spi-builder-workspace/.derivedData/Build/Intermediates.noindex/AEOTPTextField.build/Debug/AEOTPTextField-t.build/Objects-normal/arm64/AEOTPTextField.SwiftFileList
WriteAuxiliaryFile /Users/admin/builder/spi-builder-workspace/.derivedData/Build/Intermediates.noindex/AEOTPTextField.build/Debug/AEOTPTextField-t.build/Objects-normal/arm64/AEOTPTextField.SwiftConstValuesFileList (in target 'AEOTPTextField' from project 'AEOTPTextField')
cd /Users/admin/builder/spi-builder-workspace
write-file /Users/admin/builder/spi-builder-workspace/.derivedData/Build/Intermediates.noindex/AEOTPTextField.build/Debug/AEOTPTextField-t.build/Objects-normal/arm64/AEOTPTextField.SwiftConstValuesFileList
WriteAuxiliaryFile /Users/admin/builder/spi-builder-workspace/.derivedData/Build/Intermediates.noindex/AEOTPTextField.build/Debug/AEOTPTextField-t.build/Objects-normal/arm64/AEOTPTextField_const_extract_protocols.json (in target 'AEOTPTextField' from project 'AEOTPTextField')
cd /Users/admin/builder/spi-builder-workspace
write-file /Users/admin/builder/spi-builder-workspace/.derivedData/Build/Intermediates.noindex/AEOTPTextField.build/Debug/AEOTPTextField-t.build/Objects-normal/arm64/AEOTPTextField_const_extract_protocols.json
WriteAuxiliaryFile /Users/admin/builder/spi-builder-workspace/.derivedData/Build/Intermediates.noindex/AEOTPTextField.build/Debug/AEOTPTextField-t.build/Objects-normal/arm64/AEOTPTextField.LinkFileList (in target 'AEOTPTextField' from project 'AEOTPTextField')
cd /Users/admin/builder/spi-builder-workspace
write-file /Users/admin/builder/spi-builder-workspace/.derivedData/Build/Intermediates.noindex/AEOTPTextField.build/Debug/AEOTPTextField-t.build/Objects-normal/arm64/AEOTPTextField.LinkFileList
Copy /Users/admin/builder/spi-builder-workspace/.derivedData/Build/Intermediates.noindex/GeneratedModuleMaps/AEOTPTextField.modulemap /Users/admin/builder/spi-builder-workspace/.derivedData/Build/Intermediates.noindex/AEOTPTextField.build/Debug/AEOTPTextField-t.build/AEOTPTextField.modulemap (in target 'AEOTPTextField' from project 'AEOTPTextField')
cd /Users/admin/builder/spi-builder-workspace
builtin-copy -exclude .DS_Store -exclude CVS -exclude .svn -exclude .git -exclude .hg -resolve-src-symlinks /Users/admin/builder/spi-builder-workspace/.derivedData/Build/Intermediates.noindex/AEOTPTextField.build/Debug/AEOTPTextField-t.build/AEOTPTextField.modulemap /Users/admin/builder/spi-builder-workspace/.derivedData/Build/Intermediates.noindex/GeneratedModuleMaps
SwiftDriver AEOTPTextField normal arm64 com.apple.xcode.tools.swift.compiler (in target 'AEOTPTextField' from project 'AEOTPTextField')
cd /Users/admin/builder/spi-builder-workspace/.swiftpm/xcode
builtin-SwiftDriver -- /Applications/Xcode-27.0.0-Release.Candidate.app/Contents/Developer/Toolchains/XcodeDefault.xctoolchain/usr/bin/swiftc -parse-as-library -module-name AEOTPTextField -Onone @/Users/admin/builder/spi-builder-workspace/.derivedData/Build/Intermediates.noindex/AEOTPTextField.build/Debug/AEOTPTextField-t.build/Objects-normal/arm64/AEOTPTextField.SwiftFileList -DSWIFT_PACKAGE -DDEBUG -DSWIFT_MODULE_RESOURCE_BUNDLE_UNAVAILABLE -DXcode -plugin-path /Applications/Xcode-27.0.0-Release.Candidate.app/Contents/Developer/Toolchains/XcodeDefault.xctoolchain/usr/lib/swift/host/plugins/testing -enable-experimental-feature DebugDescriptionMacro -sdk /Applications/Xcode-27.0.0-Release.Candidate.app/Contents/Developer/Platforms/MacOSX.platform/Developer/SDKs/MacOSX27.0.sdk -target arm64-apple-macos12.0 -g -module-cache-path /Users/admin/builder/spi-builder-workspace/.derivedData/ModuleCache.noindex -Xfrontend -serialize-debugging-options -profile-coverage-mapping -profile-generate -enable-testing -index-store-path /Users/admin/builder/spi-builder-workspace/.derivedData/Index.noindex/DataStore -Xcc -D_LIBCPP_HARDENING_MODE\=_LIBCPP_HARDENING_MODE_DEBUG -swift-version 5 -I /Users/admin/builder/spi-builder-workspace/.derivedData/Build/Products/Debug -Isystem /Applications/Xcode-27.0.0-Release.Candidate.app/Contents/Developer/Platforms/MacOSX.platform/Developer/usr/lib -F /Users/admin/builder/spi-builder-workspace/.derivedData/Build/Products/Debug -F /Applications/Xcode-27.0.0-Release.Candidate.app/Contents/Developer/Platforms/MacOSX.platform/Developer/Library/Frameworks -c -j10 -enable-batch-mode -incremental -Xcc -ivfsstatcache -Xcc /Users/admin/builder/spi-builder-workspace/.derivedData/SDKStatCaches.noindex/macosx27.0-26A425-e829b21a6f8c9b70876ba0858053c0446a22442a12e9d48fe1a705f55a1adfc4.sdkstatcache -output-file-map /Users/admin/builder/spi-builder-workspace/.derivedData/Build/Intermediates.noindex/AEOTPTextField.build/Debug/AEOTPTextField-t.build/Objects-normal/arm64/AEOTPTextField-OutputFileMap.json -save-temps -no-color-diagnostics -explicit-module-build -module-cache-path /Users/admin/builder/spi-builder-workspace/.derivedData/Build/Intermediates.noindex/SwiftExplicitPrecompiledModules -clang-scanner-module-cache-path /Users/admin/builder/spi-builder-workspace/.derivedData/ModuleCache.noindex -sdk-module-cache-path /Users/admin/builder/spi-builder-workspace/.derivedData/SDKExplicitPrecompiledModules -emit-dependencies -emit-module -emit-module-path /Users/admin/builder/spi-builder-workspace/.derivedData/Build/Intermediates.noindex/AEOTPTextField.build/Debug/AEOTPTextField-t.build/Objects-normal/arm64/AEOTPTextField.swiftmodule -serialize-diagnostics -dependency-scan-serialize-diagnostics-path /Users/admin/builder/spi-builder-workspace/.derivedData/Build/Intermediates.noindex/AEOTPTextField.build/Debug/AEOTPTextField-t.build/Objects-normal/arm64/AEOTPTextField-dependency-scan.dia -validate-clang-modules-once -clang-build-session-file /Users/admin/builder/spi-builder-workspace/.derivedData/ModuleCache.noindex/Session.modulevalidation -Xcc -fmodules-prune-interval\=86400 -Xcc -fmodules-prune-after\=345600 -emit-const-values -const-gather-protocols-list /Users/admin/builder/spi-builder-workspace/.derivedData/Build/Intermediates.noindex/AEOTPTextField.build/Debug/AEOTPTextField-t.build/Objects-normal/arm64/AEOTPTextField_const_extract_protocols.json -Xcc -I/Users/admin/builder/spi-builder-workspace/.derivedData/Build/Products/Debug/include -Xcc -I/Users/admin/builder/spi-builder-workspace/.derivedData/Build/Intermediates.noindex/AEOTPTextField.build/Debug/AEOTPTextField-t.build/DerivedSources-normal/arm64 -Xcc -I/Users/admin/builder/spi-builder-workspace/.derivedData/Build/Intermediates.noindex/AEOTPTextField.build/Debug/AEOTPTextField-t.build/DerivedSources/arm64 -Xcc -I/Users/admin/builder/spi-builder-workspace/.derivedData/Build/Intermediates.noindex/AEOTPTextField.build/Debug/AEOTPTextField-t.build/DerivedSources -Xcc -DSWIFT_PACKAGE -Xcc -DDEBUG\=1 -emit-objc-header -emit-objc-header-path /Users/admin/builder/spi-builder-workspace/.derivedData/Build/Intermediates.noindex/AEOTPTextField.build/Debug/AEOTPTextField-t.build/Objects-normal/arm64/AEOTPTextField-Swift.h -working-directory /Users/admin/builder/spi-builder-workspace/.swiftpm/xcode -experimental-emit-module-separately -disable-cmo
/Users/admin/builder/spi-builder-workspace/AEOTPTextField/Source/SwiftUI/Utilities/AEOTPTextFieldSwiftUI.swift:8:8: error: Unable to resolve module dependency: 'UIKit' (in target 'AEOTPTextField' from project 'AEOTPTextField')
note: A dependency of main module 'AEOTPTextField'
/Users/admin/builder/spi-builder-workspace/AEOTPTextField/Source/UIKit/Core/AEOTPTextField.swift:9:8: note: Also imported here
/Users/admin/builder/spi-builder-workspace/AEOTPTextField/Source/UIKit/Utilities/AEOTPTextFieldImplementation.swift:8:8: note: Also imported here
/Users/admin/builder/spi-builder-workspace/AEOTPTextField/Source/SwiftUI/Utilities/AEOTPTextFieldSwiftUI.swift:8:8: note: A dependency of main module 'AEOTPTextField'
import UIKit
^ (in target 'AEOTPTextField' from project 'AEOTPTextField')
/Users/admin/builder/spi-builder-workspace/AEOTPTextField/Source/UIKit/Core/AEOTPTextField.swift:9:8: note: Also imported here
import UIKit
^ (in target 'AEOTPTextField' from project 'AEOTPTextField')
/Users/admin/builder/spi-builder-workspace/AEOTPTextField/Source/UIKit/Utilities/AEOTPTextFieldImplementation.swift:8:8: note: Also imported here
import UIKit
^ (in target 'AEOTPTextField' from project 'AEOTPTextField')
PruneExplicitPrecompiledModules /Users/admin/builder/spi-builder-workspace/.derivedData/Build/Intermediates.noindex/ExplicitPrecompiledModules
PruneExplicitPrecompiledModules /Users/admin/builder/spi-builder-workspace/.derivedData/Build/Intermediates.noindex/SwiftExplicitPrecompiledModules
PruneExplicitPrecompiledModules /Users/admin/builder/spi-builder-workspace/.derivedData/SDKExplicitPrecompiledModules
2026-09-23 15:23:41.700 xcodebuild[665:4327] [MT] IDERunDestination: Supported platforms for the buildables in the current scheme is empty.
--- xcodebuild: WARNING: Using the first of multiple matching destinations:
{ platform:macOS, arch:arm64, id:75facf8447c8bbdff06739272e894e4c37ca36eb, name:My Mac }
{ platform:macOS, arch:arm64, variant:Mac Catalyst, id:75facf8447c8bbdff06739272e894e4c37ca36eb, name:My Mac }
{ platform:macOS, arch:arm64, variant:DriverKit, id:75facf8447c8bbdff06739272e894e4c37ca36eb, name:My Mac }
{ platform:macOS, arch:arm64, variant:Designed for [iPad,iPhone], id:75facf8447c8bbdff06739272e894e4c37ca36eb, name:My Mac }
** BUILD FAILED **
The following build commands failed:
SwiftDriver AEOTPTextField normal arm64 com.apple.xcode.tools.swift.compiler (in target 'AEOTPTextField' from project 'AEOTPTextField')
Building workspace AEOTPTextField with scheme AEOTPTextField
(2 failures)
Command line invocation:
/Applications/Xcode-27.0.0-Release.Candidate.app/Contents/Developer/usr/bin/xcodebuild -IDEClonedSourcePackagesDirPathOverride=/Users/admin/builder/spi-builder-workspace/.dependencies -resolvePackageDependencies
Resolve Package Graph
Resolved source packages:
AEOTPTextField: /Users/admin/builder/spi-builder-workspace
resolved source packages: AEOTPTextField
2026-09-23 15:23:46.593 xcodebuild[680:4540] [MT] IDERunDestination: Supported platforms for the buildables in the current scheme is empty.
{
"dependencies" : [
],
"manifest_display_name" : "AEOTPTextField",
"name" : "AEOTPTextField",
"path" : "/Users/admin/builder/spi-builder-workspace",
"platforms" : [
{
"name" : "ios",
"version" : "12.0"
}
],
"products" : [
{
"name" : "AEOTPTextField",
"targets" : [
"AEOTPTextField"
],
"type" : {
"library" : [
"automatic"
]
}
}
],
"targets" : [
{
"c99name" : "AEOTPTextFieldTests",
"module_type" : "SwiftTarget",
"name" : "AEOTPTextFieldTests",
"path" : "AEOTPTextFieldTests",
"sources" : [
"AEOTPTextFieldTests.swift"
],
"target_dependencies" : [
"AEOTPTextField"
],
"type" : "test"
},
{
"c99name" : "AEOTPTextField",
"module_type" : "SwiftTarget",
"name" : "AEOTPTextField",
"path" : "AEOTPTextField/Source",
"product_memberships" : [
"AEOTPTextField"
],
"sources" : [
"SwiftUI/Core/AEOTPView.swift",
"SwiftUI/Core/AEOTPViewRepresentable.swift",
"SwiftUI/Utilities/AEOTPTextFieldSwiftUI.swift",
"SwiftUI/Utilities/ChangeObserverModifier.swift",
"SwiftUI/Utilities/View+Helpers.swift",
"UIKit/Core/AEOTPTextField.swift",
"UIKit/Utilities/AEOTPTextFieldDelegate.swift",
"UIKit/Utilities/AEOTPTextFieldImplementation.swift",
"UIKit/Utilities/AEOTPTextFieldImplementationProtocol.swift"
],
"type" : "library"
}
],
"tools_version" : "5.2"
}
{
"workspace" : {
"name" : "AEOTPTextField",
"schemes" : [
"AEOTPTextField"
]
}
}
2026-09-23 15:23:47.814 xcodebuild[688:4605] [MT] IDERunDestination: Supported platforms for the buildables in the current scheme is empty.
Running build ...
env DEVELOPER_DIR=/Applications/Xcode-27.0.0-Release.Candidate.app xcrun xcodebuild -IDEClonedSourcePackagesDirPathOverride=$PWD/.dependencies -skipMacroValidation -skipPackagePluginValidation -derivedDataPath $PWD/.derivedData build -scheme AEOTPTextField -destination platform=macOS,arch=arm64
Command line invocation:
/Applications/Xcode-27.0.0-Release.Candidate.app/Contents/Developer/usr/bin/xcodebuild -IDEClonedSourcePackagesDirPathOverride=/Users/admin/builder/spi-builder-workspace/.dependencies -skipMacroValidation -skipPackagePluginValidation -derivedDataPath /Users/admin/builder/spi-builder-workspace/.derivedData build -scheme AEOTPTextField -destination platform=macOS,arch=arm64
Resolve Package Graph
Resolved source packages:
AEOTPTextField: /Users/admin/builder/spi-builder-workspace
ComputePackagePrebuildTargetDependencyGraph
Prepare packages
CreateBuildRequest
SendProjectDescription
CreateBuildOperation
ComputeTargetDependencyGraph
note: Building targets in dependency order
note: Target dependency graph (2 targets)
Target 'AEOTPTextField-product' in project 'AEOTPTextField'
➜ Explicit dependency on target 'AEOTPTextField' in project 'AEOTPTextField'
Target 'AEOTPTextField' in project 'AEOTPTextField' (no dependencies)
GatherProvisioningInputs
CreateBuildDescription
ClangStatCache /Applications/Xcode-27.0.0-Release.Candidate.app/Contents/Developer/Toolchains/XcodeDefault.xctoolchain/usr/bin/clang-stat-cache /Applications/Xcode-27.0.0-Release.Candidate.app/Contents/Developer/Platforms/MacOSX.platform/Developer/SDKs/MacOSX27.0.sdk /Users/admin/builder/spi-builder-workspace/.derivedData/SDKStatCaches.noindex/macosx27.0-26A425-e829b21a6f8c9b70876ba0858053c0446a22442a12e9d48fe1a705f55a1adfc4.sdkstatcache
cd /Users/admin/builder/spi-builder-workspace/.swiftpm/xcode
/Applications/Xcode-27.0.0-Release.Candidate.app/Contents/Developer/Toolchains/XcodeDefault.xctoolchain/usr/bin/clang-stat-cache /Applications/Xcode-27.0.0-Release.Candidate.app/Contents/Developer/Platforms/MacOSX.platform/Developer/SDKs/MacOSX27.0.sdk -o /Users/admin/builder/spi-builder-workspace/.derivedData/SDKStatCaches.noindex/macosx27.0-26A425-e829b21a6f8c9b70876ba0858053c0446a22442a12e9d48fe1a705f55a1adfc4.sdkstatcache
SwiftDriver AEOTPTextField normal arm64 com.apple.xcode.tools.swift.compiler (in target 'AEOTPTextField' from project 'AEOTPTextField')
cd /Users/admin/builder/spi-builder-workspace/.swiftpm/xcode
builtin-SwiftDriver -- /Applications/Xcode-27.0.0-Release.Candidate.app/Contents/Developer/Toolchains/XcodeDefault.xctoolchain/usr/bin/swiftc -parse-as-library -module-name AEOTPTextField -Onone @/Users/admin/builder/spi-builder-workspace/.derivedData/Build/Intermediates.noindex/AEOTPTextField.build/Debug/AEOTPTextField-t.build/Objects-normal/arm64/AEOTPTextField.SwiftFileList -DSWIFT_PACKAGE -DDEBUG -DSWIFT_MODULE_RESOURCE_BUNDLE_UNAVAILABLE -DXcode -plugin-path /Applications/Xcode-27.0.0-Release.Candidate.app/Contents/Developer/Toolchains/XcodeDefault.xctoolchain/usr/lib/swift/host/plugins/testing -enable-experimental-feature DebugDescriptionMacro -sdk /Applications/Xcode-27.0.0-Release.Candidate.app/Contents/Developer/Platforms/MacOSX.platform/Developer/SDKs/MacOSX27.0.sdk -target arm64-apple-macos12.0 -g -module-cache-path /Users/admin/builder/spi-builder-workspace/.derivedData/ModuleCache.noindex -Xfrontend -serialize-debugging-options -profile-coverage-mapping -profile-generate -enable-testing -index-store-path /Users/admin/builder/spi-builder-workspace/.derivedData/Index.noindex/DataStore -Xcc -D_LIBCPP_HARDENING_MODE\=_LIBCPP_HARDENING_MODE_DEBUG -swift-version 5 -I /Users/admin/builder/spi-builder-workspace/.derivedData/Build/Products/Debug -Isystem /Applications/Xcode-27.0.0-Release.Candidate.app/Contents/Developer/Platforms/MacOSX.platform/Developer/usr/lib -F /Users/admin/builder/spi-builder-workspace/.derivedData/Build/Products/Debug -F /Applications/Xcode-27.0.0-Release.Candidate.app/Contents/Developer/Platforms/MacOSX.platform/Developer/Library/Frameworks -c -j10 -enable-batch-mode -incremental -Xcc -ivfsstatcache -Xcc /Users/admin/builder/spi-builder-workspace/.derivedData/SDKStatCaches.noindex/macosx27.0-26A425-e829b21a6f8c9b70876ba0858053c0446a22442a12e9d48fe1a705f55a1adfc4.sdkstatcache -output-file-map /Users/admin/builder/spi-builder-workspace/.derivedData/Build/Intermediates.noindex/AEOTPTextField.build/Debug/AEOTPTextField-t.build/Objects-normal/arm64/AEOTPTextField-OutputFileMap.json -save-temps -no-color-diagnostics -explicit-module-build -module-cache-path /Users/admin/builder/spi-builder-workspace/.derivedData/Build/Intermediates.noindex/SwiftExplicitPrecompiledModules -clang-scanner-module-cache-path /Users/admin/builder/spi-builder-workspace/.derivedData/ModuleCache.noindex -sdk-module-cache-path /Users/admin/builder/spi-builder-workspace/.derivedData/SDKExplicitPrecompiledModules -emit-dependencies -emit-module -emit-module-path /Users/admin/builder/spi-builder-workspace/.derivedData/Build/Intermediates.noindex/AEOTPTextField.build/Debug/AEOTPTextField-t.build/Objects-normal/arm64/AEOTPTextField.swiftmodule -serialize-diagnostics -dependency-scan-serialize-diagnostics-path /Users/admin/builder/spi-builder-workspace/.derivedData/Build/Intermediates.noindex/AEOTPTextField.build/Debug/AEOTPTextField-t.build/Objects-normal/arm64/AEOTPTextField-dependency-scan.dia -validate-clang-modules-once -clang-build-session-file /Users/admin/builder/spi-builder-workspace/.derivedData/ModuleCache.noindex/Session.modulevalidation -Xcc -fmodules-prune-interval\=86400 -Xcc -fmodules-prune-after\=345600 -emit-const-values -const-gather-protocols-list /Users/admin/builder/spi-builder-workspace/.derivedData/Build/Intermediates.noindex/AEOTPTextField.build/Debug/AEOTPTextField-t.build/Objects-normal/arm64/AEOTPTextField_const_extract_protocols.json -Xcc -I/Users/admin/builder/spi-builder-workspace/.derivedData/Build/Products/Debug/include -Xcc -I/Users/admin/builder/spi-builder-workspace/.derivedData/Build/Intermediates.noindex/AEOTPTextField.build/Debug/AEOTPTextField-t.build/DerivedSources-normal/arm64 -Xcc -I/Users/admin/builder/spi-builder-workspace/.derivedData/Build/Intermediates.noindex/AEOTPTextField.build/Debug/AEOTPTextField-t.build/DerivedSources/arm64 -Xcc -I/Users/admin/builder/spi-builder-workspace/.derivedData/Build/Intermediates.noindex/AEOTPTextField.build/Debug/AEOTPTextField-t.build/DerivedSources -Xcc -DSWIFT_PACKAGE -Xcc -DDEBUG\=1 -emit-objc-header -emit-objc-header-path /Users/admin/builder/spi-builder-workspace/.derivedData/Build/Intermediates.noindex/AEOTPTextField.build/Debug/AEOTPTextField-t.build/Objects-normal/arm64/AEOTPTextField-Swift.h -working-directory /Users/admin/builder/spi-builder-workspace/.swiftpm/xcode -experimental-emit-module-separately -disable-cmo
/Users/admin/builder/spi-builder-workspace/AEOTPTextField/Source/SwiftUI/Utilities/AEOTPTextFieldSwiftUI.swift:8:8: error: Unable to resolve module dependency: 'UIKit' (in target 'AEOTPTextField' from project 'AEOTPTextField')
note: A dependency of main module 'AEOTPTextField'
/Users/admin/builder/spi-builder-workspace/AEOTPTextField/Source/UIKit/Core/AEOTPTextField.swift:9:8: note: Also imported here
/Users/admin/builder/spi-builder-workspace/AEOTPTextField/Source/UIKit/Utilities/AEOTPTextFieldImplementation.swift:8:8: note: Also imported here
/Users/admin/builder/spi-builder-workspace/AEOTPTextField/Source/SwiftUI/Utilities/AEOTPTextFieldSwiftUI.swift:8:8: note: A dependency of main module 'AEOTPTextField'
import UIKit
^ (in target 'AEOTPTextField' from project 'AEOTPTextField')
/Users/admin/builder/spi-builder-workspace/AEOTPTextField/Source/UIKit/Core/AEOTPTextField.swift:9:8: note: Also imported here
import UIKit
^ (in target 'AEOTPTextField' from project 'AEOTPTextField')
/Users/admin/builder/spi-builder-workspace/AEOTPTextField/Source/UIKit/Utilities/AEOTPTextFieldImplementation.swift:8:8: note: Also imported here
import UIKit
^ (in target 'AEOTPTextField' from project 'AEOTPTextField')
PruneExplicitPrecompiledModules /Users/admin/builder/spi-builder-workspace/.derivedData/Build/Intermediates.noindex/ExplicitPrecompiledModules
PruneExplicitPrecompiledModules /Users/admin/builder/spi-builder-workspace/.derivedData/Build/Intermediates.noindex/SwiftExplicitPrecompiledModules
PruneExplicitPrecompiledModules /Users/admin/builder/spi-builder-workspace/.derivedData/SDKExplicitPrecompiledModules
2026-09-23 15:23:48.855 xcodebuild[689:4632] [MT] IDERunDestination: Supported platforms for the buildables in the current scheme is empty.
--- xcodebuild: WARNING: Using the first of multiple matching destinations:
{ platform:macOS, arch:arm64, id:75facf8447c8bbdff06739272e894e4c37ca36eb, name:My Mac }
{ platform:macOS, arch:arm64, variant:Mac Catalyst, id:75facf8447c8bbdff06739272e894e4c37ca36eb, name:My Mac }
{ platform:macOS, arch:arm64, variant:DriverKit, id:75facf8447c8bbdff06739272e894e4c37ca36eb, name:My Mac }
{ platform:macOS, arch:arm64, variant:Designed for [iPad,iPhone], id:75facf8447c8bbdff06739272e894e4c37ca36eb, name:My Mac }
** BUILD FAILED **
The following build commands failed:
SwiftDriver AEOTPTextField normal arm64 com.apple.xcode.tools.swift.compiler (in target 'AEOTPTextField' from project 'AEOTPTextField')
Building workspace AEOTPTextField with scheme AEOTPTextField
(2 failures)
BUILD FAILURE 6.4 macosXcodebuild