The Swift Package Index logo.Swift Package Index

Build Information

Failed to build openai-async-image-swiftui, reference main (cb9ace), with Swift 6.4 for Wasm on 22 Sep 2026 20:17:56 UTC.

Build Command

bash -c docker run --pull=always --rm -v "checkouts-54344843-0":/host -w "$PWD" -e JAVA_HOME="/root/.sdkman/candidates/java/current" -e SPI_BUILD="1" -e SPI_PROCESSING="1" registry.gitlab.com/saguaro1/spi-images:wasm-6.4-latest swift build --swift-sdk swift-6.4.x-DEVELOPMENT-SNAPSHOT-2026-09-04-a_wasm 2>&1

Build Log

========================================
RunAll
========================================
Builder version: 5.1.0
Interrupt handler set up.
========================================
Checkout
========================================
Clone URL: https://github.com/swiftuiux/openai-async-image-swiftui.git
Reference: main
Initialized empty Git repository in /host/spi-builder-workspace/.git/
hint: Using 'master' as the name for the initial branch. This default branch name
hint: is subject to change. To configure the initial branch name to use in all
hint: of your new repositories, which will suppress this warning, call:
hint:
hint: 	git config --global init.defaultBranch <name>
hint:
hint: Names commonly chosen instead of 'master' are 'main', 'trunk' and
hint: 'development'. The just-created branch can be renamed via this command:
hint:
hint: 	git branch -m <name>
From https://github.com/swiftuiux/openai-async-image-swiftui
 * branch            main       -> FETCH_HEAD
 * [new branch]      main       -> origin/main
HEAD is now at cb9ace5 Update Package.resolved
Cloned https://github.com/swiftuiux/openai-async-image-swiftui.git
Revision (git rev-parse @):
cb9ace51bedae632d78d0bdf15a669be3bbc0da0
SPI manifest file found: $PWD/.spi.yml
SUCCESS checkout https://github.com/swiftuiux/openai-async-image-swiftui.git at main
========================================
Build
========================================
Selected platform:         wasm
Swift version:             6.4
Building package at path:  $PWD
https://github.com/swiftuiux/openai-async-image-swiftui.git
Running build ...
bash -c docker run --pull=always --rm -v "checkouts-54344843-0":/host -w "$PWD" -e JAVA_HOME="/root/.sdkman/candidates/java/current" -e SPI_BUILD="1" -e SPI_PROCESSING="1" registry.gitlab.com/saguaro1/spi-images:wasm-6.4-latest swift build --swift-sdk swift-6.4.x-DEVELOPMENT-SNAPSHOT-2026-09-04-a_wasm 2>&1
wasm-6.4-latest: Pulling from saguaro1/spi-images
Digest: sha256:4328fdb43c680d205c1d6761b1e3267aa38277eefdda9ddfb17b6a0f1a77857a
Status: Image is up to date for registry.gitlab.com/saguaro1/spi-images:wasm-6.4-latest
Fetching https://github.com/swiftuiux/async-task.git
[1/411] Fetching async-task
Fetched https://github.com/swiftuiux/async-task.git (0.61s)
Fetching https://github.com/swiftuiux/async-http-client.git
[1/904] Fetching async-http-client
Fetched https://github.com/swiftuiux/async-http-client.git (0.48s)
Computing version for https://github.com/swiftuiux/async-http-client.git
Computed https://github.com/swiftuiux/async-http-client.git at 1.5.0 (0.67s)
Fetching https://github.com/swiftuiux/retry-policy-service.git
[1/101] Fetching retry-policy-service
Fetched https://github.com/swiftuiux/retry-policy-service.git (0.49s)
Computing version for https://github.com/swiftuiux/retry-policy-service.git
Computed https://github.com/swiftuiux/retry-policy-service.git at 1.0.1 (0.68s)
Creating working copy for https://github.com/swiftuiux/async-http-client.git
Working copy of https://github.com/swiftuiux/async-http-client.git resolved at 1.5.0
Creating working copy for https://github.com/swiftuiux/retry-policy-service.git
Working copy of https://github.com/swiftuiux/retry-policy-service.git resolved at 1.0.1
Creating working copy for https://github.com/swiftuiux/async-task.git
Working copy of https://github.com/swiftuiux/async-task.git resolved at main (fa9543e)
Building for debugging...
[Constructing description]
[Planning deferred tasks]
error: SwiftCompile normal wasm32 failed with a nonzero exit code. Command line:     cd /host

/host/spi-builder-workspace/.build/checkouts/retry-policy-service/Sources/retry-policy-service/Strategy.swift:27:23: error: cannot find type 'DispatchTimeInterval' in scope
25 |             retry: UInt = 3,
26 |             multiplier: Double = 2.0,
27 |             duration: DispatchTimeInterval = .seconds(2),
   |                       `- error: cannot find type 'DispatchTimeInterval' in scope
28 |             timeout: DispatchTimeInterval = .seconds(Int.max)
29 |         )
/host/spi-builder-workspace/.build/checkouts/retry-policy-service/Sources/retry-policy-service/Strategy.swift:28:22: error: cannot find type 'DispatchTimeInterval' in scope
26 |             multiplier: Double = 2.0,
27 |             duration: DispatchTimeInterval = .seconds(2),
28 |             timeout: DispatchTimeInterval = .seconds(Int.max)
   |                      `- error: cannot find type 'DispatchTimeInterval' in scope
29 |         )
30 |
/host/spi-builder-workspace/.build/checkouts/retry-policy-service/Sources/retry-policy-service/RetryService.swift:42:30: error: cannot find type 'DispatchTime' in scope
40 |
41 |         /// A time after which stop producing sequence
42 |         public let deadline: DispatchTime
   |                              `- error: cannot find type 'DispatchTime' in scope
43 |
44 |         /// - Parameter service: Retry service ``RetryService``
/host/spi-builder-workspace/.build/checkouts/retry-policy-service/Sources/retry-policy-service/Strategy.swift:19:23: error: cannot find type 'DispatchTimeInterval' in scope
17 |         case constant(
18 |             retry: UInt = 5,
19 |             duration: DispatchTimeInterval = .seconds(2),
   |                       `- error: cannot find type 'DispatchTimeInterval' in scope
20 |             timeout: DispatchTimeInterval = .seconds(Int.max)
21 |         )
/host/spi-builder-workspace/.build/checkouts/retry-policy-service/Sources/retry-policy-service/Strategy.swift:20:22: error: cannot find type 'DispatchTimeInterval' in scope
18 |             retry: UInt = 5,
19 |             duration: DispatchTimeInterval = .seconds(2),
20 |             timeout: DispatchTimeInterval = .seconds(Int.max)
   |                      `- error: cannot find type 'DispatchTimeInterval' in scope
21 |         )
22 |
/host/spi-builder-workspace/.build/checkouts/retry-policy-service/Sources/retry-policy-service/Strategy.swift:40:23: error: cannot find type 'DispatchTimeInterval' in scope
38 |
39 |         /// Duration between retries
40 |         var duration: DispatchTimeInterval {
   |                       `- error: cannot find type 'DispatchTimeInterval' in scope
41 |             switch self {
42 |             case .constant(_, let duration, _): return duration
/host/spi-builder-workspace/.build/checkouts/retry-policy-service/Sources/retry-policy-service/Strategy.swift:48:22: error: cannot find type 'DispatchTimeInterval' in scope
46 |
47 |         /// Max time before stop iterating
48 |         var timeout: DispatchTimeInterval {
   |                      `- error: cannot find type 'DispatchTimeInterval' in scope
49 |             switch self {
50 |             case .constant(_, _, let timeout): return timeout
/host/spi-builder-workspace/.build/checkouts/retry-policy-service/Sources/retry-policy-service/ext/DispatchTimeInterval.swift:13:11: error: cannot find type 'DispatchTimeInterval' in scope
11 |
12 | // DispatchTimeInterval Extension for toDouble method
13 | extension DispatchTimeInterval {
   |           `- error: cannot find type 'DispatchTimeInterval' in scope
14 |
15 |     /// Convert to Double
/host/spi-builder-workspace/.build/checkouts/retry-policy-service/Sources/retry-policy-service/ext/DispatchTimeInterval.swift:35:11: error: cannot find type 'DispatchTimeInterval' in scope
33 | }
34 |
35 | extension DispatchTimeInterval {
   |           `- error: cannot find type 'DispatchTimeInterval' in scope
36 |     func toDispatchTimeInterval() -> DispatchTimeInterval {
37 |         switch self {
Failed frontend command:
/usr/bin/swift-frontend -frontend -emit-module -experimental-skip-non-inlinable-function-bodies-without-types /host/spi-builder-workspace/.build/checkouts/retry-policy-service/Sources/retry-policy-service/RetryService.swift /host/spi-builder-workspace/.build/checkouts/retry-policy-service/Sources/retry-policy-service/Strategy.swift /host/spi-builder-workspace/.build/checkouts/retry-policy-service/Sources/retry-policy-service/ext/DispatchTimeInterval.swift -target wasm32-unknown-wasip1 -disable-objc-interop -sdk /root/.swiftpm/swift-sdks/swift-6.4.x-DEVELOPMENT-SNAPSHOT-2026-09-04-a_wasm.artifactbundle/swift-6.4.x-DEVELOPMENT-SNAPSHOT-2026-09-04-a_wasm/wasm32-unknown-wasip1/WASI.sdk -sysroot /root/.swiftpm/swift-sdks/swift-6.4.x-DEVELOPMENT-SNAPSHOT-2026-09-04-a_wasm.artifactbundle/swift-6.4.x-DEVELOPMENT-SNAPSHOT-2026-09-04-a_wasm/wasm32-unknown-wasip1/WASI.sdk -I /host/spi-builder-workspace/.build/out/Products/Debug-webassembly-wasm32 -module-cache-path /host/spi-builder-workspace/.build/out/ModuleCache.noindex -color-diagnostics -Xcc -fcolor-diagnostics -enable-testing -g -debug-info-format\=dwarf -dwarf-version\=4 -suppress-warnings -swift-version 5 -Onone -D SWIFT_PACKAGE -D DEBUG -D SWIFT_MODULE_RESOURCE_BUNDLE_UNAVAILABLE -D Xcode -serialize-debugging-options -enable-experimental-feature DebugDescriptionMacro -empty-abi-descriptor -external-plugin-path /usr/lib/swift/host/plugins/testing\#/usr/bin/swift-plugin-server -validate-clang-modules-once -clang-build-session-file /host/spi-builder-workspace/.build/out/ModuleCache.noindex/Session.modulevalidation -Xcc -working-directory -Xcc /host -resource-dir /root/.swiftpm/swift-sdks/swift-6.4.x-DEVELOPMENT-SNAPSHOT-2026-09-04-a_wasm.artifactbundle/swift-6.4.x-DEVELOPMENT-SNAPSHOT-2026-09-04-a_wasm/wasm32-unknown-wasip1/swift.xctoolchain/usr/lib/swift_static -use-static-resource-dir -enable-anonymous-context-mangled-names -file-compilation-dir /host -Xcc -resource-dir -Xcc /root/.swiftpm/swift-sdks/swift-6.4.x-DEVELOPMENT-SNAPSHOT-2026-09-04-a_wasm.artifactbundle/swift-6.4.x-DEVELOPMENT-SNAPSHOT-2026-09-04-a_wasm/wasm32-unknown-wasip1/swift.xctoolchain/usr/lib/swift_static/clang -Xcc -D_LIBCPP_HARDENING_MODE\=_LIBCPP_HARDENING_MODE_DEBUG -Xcc -fmodules-prune-interval\=86400 -Xcc -fmodules-prune-after\=345600 -Xcc -I/host/spi-builder-workspace/.build/out/Products/Debug-webassembly-wasm32/include -Xcc -I/host/spi-builder-workspace/.build/out/Intermediates.noindex/retry-policy-service.build/Debug-webassembly-wasm32/retry-policy-service-t.build/DerivedSources-normal/wasm32 -Xcc -I/host/spi-builder-workspace/.build/out/Intermediates.noindex/retry-policy-service.build/Debug-webassembly-wasm32/retry-policy-service-t.build/DerivedSources/wasm32 -Xcc -I/host/spi-builder-workspace/.build/out/Intermediates.noindex/retry-policy-service.build/Debug-webassembly-wasm32/retry-policy-service-t.build/DerivedSources -Xcc -DSWIFT_PACKAGE -Xcc -DDEBUG\=1 -no-auto-bridging-header-chaining -module-name retry_policy_service -const-gather-protocols-file /host/spi-builder-workspace/.build/out/Intermediates.noindex/retry-policy-service.build/Debug-webassembly-wasm32/retry-policy-service-t.build/Objects-normal/wasm32/retry-policy-service_const_extract_protocols.json -in-process-plugin-server-path /usr/lib/swift/host/libSwiftInProcPluginServer.so -plugin-path /usr/lib/swift/host/plugins -plugin-path /usr/local/lib/swift/host/plugins -emit-module-doc-path /host/spi-builder-workspace/.build/out/Intermediates.noindex/retry-policy-service.build/Debug-webassembly-wasm32/retry-policy-service-t.build/Objects-normal/wasm32/Modules/retry_policy_service.swiftdoc -emit-module-source-info-path /host/spi-builder-workspace/.build/out/Intermediates.noindex/retry-policy-service.build/Debug-webassembly-wasm32/retry-policy-service-t.build/Objects-normal/wasm32/Modules/retry_policy_service.swiftsourceinfo -emit-objc-header-path /host/spi-builder-workspace/.build/out/Intermediates.noindex/retry-policy-service.build/Debug-webassembly-wasm32/retry-policy-service-t.build/Objects-normal/wasm32/retry-policy-service-Swift.h -serialize-diagnostics-path /host/spi-builder-workspace/.build/out/Intermediates.noindex/retry-policy-service.build/Debug-webassembly-wasm32/retry-policy-service-t.build/Objects-normal/wasm32/retry-policy-service-primary-emit-module.dia -emit-dependencies-path /host/spi-builder-workspace/.build/out/Intermediates.noindex/retry-policy-service.build/Debug-webassembly-wasm32/retry-policy-service-t.build/Objects-normal/wasm32/retry-policy-service-primary-emit-module.d -parse-as-library -o /host/spi-builder-workspace/.build/out/Intermediates.noindex/retry-policy-service.build/Debug-webassembly-wasm32/retry-policy-service-t.build/Objects-normal/wasm32/Modules/retry_policy_service.swiftmodule
error: Build failed
BUILD FAILURE 6.4 wasm