The Swift Package Index logo.Swift Package Index

Build Information

Failed to build BRUtils, reference 1.1.5 (b2ba81), with Swift 6.4 for Android on 16 Sep 2026 22:17:02 UTC.

Build Command

bash -c docker run --pull=always --rm -v "checkouts-54344847-0":/host -w "$PWD" -e JAVA_HOME="/root/.sdkman/candidates/java/current" -e SPI_BUILD="1" -e SPI_PROCESSING="1" registry.gitlab.com/saguaro1/spi-images:android-6.4-latest swift build --swift-sdk aarch64-unknown-linux-android28 2>&1

Build Log

========================================
RunAll
========================================
Builder version: 5.1.0
Interrupt handler set up.
========================================
Checkout
========================================
Clone URL: https://github.com/Balancingrock/BRUtils.git
Reference: 1.1.5
Initialized empty Git repository in /host/spi-builder-workspace/.git/
hint: Using 'master' as the name for the initial branch. This default branch name
hint: is subject to change. To configure the initial branch name to use in all
hint: of your new repositories, which will suppress this warning, call:
hint:
hint: 	git config --global init.defaultBranch <name>
hint:
hint: Names commonly chosen instead of 'master' are 'main', 'trunk' and
hint: 'development'. The just-created branch can be renamed via this command:
hint:
hint: 	git branch -m <name>
From https://github.com/Balancingrock/BRUtils
 * tag               1.1.5      -> FETCH_HEAD
HEAD is now at b2ba81e Added license, swift version and platforms
Cloned https://github.com/Balancingrock/BRUtils.git
Revision (git rev-parse @):
b2ba81ea6098d32dd3a59c35b70fd7be72ea6afd
SUCCESS checkout https://github.com/Balancingrock/BRUtils.git at 1.1.5
========================================
Build
========================================
Selected platform:         android
Swift version:             6.4
Building package at path:  $PWD
https://github.com/Balancingrock/BRUtils.git
Running build ...
bash -c docker run --pull=always --rm -v "checkouts-54344847-0":/host -w "$PWD" -e JAVA_HOME="/root/.sdkman/candidates/java/current" -e SPI_BUILD="1" -e SPI_PROCESSING="1" registry.gitlab.com/saguaro1/spi-images:android-6.4-latest swift build --swift-sdk aarch64-unknown-linux-android28 2>&1
android-6.4-latest: Pulling from saguaro1/spi-images
Digest: sha256:abadcff584c273feba50641b454858d377ba30b35ea7287a94f45ebd8afd0ea0
Status: Image is up to date for registry.gitlab.com/saguaro1/spi-images:android-6.4-latest
Building for debugging...
[Planning deferred tasks]
[28 / 36] BRUtils
[29 / 36] BRUtils
error: SwiftCompile normal aarch64 /host/spi-builder-workspace/Sources/BRUtils/TimeRelated.swift failed with a nonzero exit code. Command line:     cd /host
    builtin-SwiftPerFileCompile TimeRelated.swift
/host/spi-builder-workspace/Sources/BRUtils/TimeRelated.swift:58:62: error: cannot find 'NSEC_PER_SEC' in scope
 56 |     init(timeInterval: TimeInterval) {
 57 |         let sec = Int(timeInterval)
 58 |         let nsec = Int((timeInterval - Double(sec)) * Double(NSEC_PER_SEC))
    |                                                              `- error: cannot find 'NSEC_PER_SEC' in scope
 59 |         self.init(tv_sec: sec, tv_nsec: nsec)
 60 |     }
/host/spi-builder-workspace/Sources/BRUtils/TimeRelated.swift:76:64: error: cannot find 'USEC_PER_SEC' in scope
 74 |         let usec = Int((timeInterval - Double(sec)) * Double(USEC_PER_SEC))
 75 |         #else
 76 |         let usec = Int32((timeInterval - Double(sec)) * Double(USEC_PER_SEC))
    |                                                                `- error: cannot find 'USEC_PER_SEC' in scope
 77 |         #endif
 78 |         self.init(tv_sec: sec, tv_usec: usec)
/host/spi-builder-workspace/Sources/BRUtils/TimeRelated.swift:91:80: error: cannot find 'NSEC_PER_SEC' in scope
 89 |
 90 |     init(timespec: timespec) {
 91 |         self.init(Double(timespec.tv_sec) + (Double(timespec.tv_nsec) / Double(NSEC_PER_SEC)))
    |                                                                                `- error: cannot find 'NSEC_PER_SEC' in scope
 92 |     }
 93 |
/host/spi-builder-workspace/Sources/BRUtils/TimeRelated.swift:98:78: error: cannot find 'USEC_PER_SEC' in scope
 96 |
 97 |     init(timeval: timeval) {
 98 |         self.init(Double(timeval.tv_sec) + (Double(timeval.tv_usec) / Double(USEC_PER_SEC)))
    |                                                                              `- error: cannot find 'USEC_PER_SEC' in scope
 99 |     }
100 | }
Failed frontend command:
/root/.local/share/swiftly/toolchains/6.4.x-snapshot-2026-09-04/usr/bin/swift-frontend -frontend -c /host/spi-builder-workspace/Sources/BRUtils/Array.Extensions.swift /host/spi-builder-workspace/Sources/BRUtils/Bool.Extensions.swift /host/spi-builder-workspace/Sources/BRUtils/Data.Extensions.swift /host/spi-builder-workspace/Sources/BRUtils/Date.Extensions.swift /host/spi-builder-workspace/Sources/BRUtils/Endianness.swift /host/spi-builder-workspace/Sources/BRUtils/GlobalFunctions.swift /host/spi-builder-workspace/Sources/BRUtils/Int.Extensions.swift /host/spi-builder-workspace/Sources/BRUtils/NSNumber.Extensions.swift -primary-file /host/spi-builder-workspace/Sources/BRUtils/TimeRelated.swift -emit-dependencies-path /host/spi-builder-workspace/.build/out/Intermediates.noindex/BRUtils.build/Debug-android-aarch64/BRUtils-t.build/Objects-normal/aarch64/TimeRelated.d -emit-const-values-path /host/spi-builder-workspace/.build/out/Intermediates.noindex/BRUtils.build/Debug-android-aarch64/BRUtils-t.build/Objects-normal/aarch64/TimeRelated.swiftconstvalues -emit-reference-dependencies-path /host/spi-builder-workspace/.build/out/Intermediates.noindex/BRUtils.build/Debug-android-aarch64/BRUtils-t.build/Objects-normal/aarch64/TimeRelated.swiftdeps -serialize-diagnostics-path /host/spi-builder-workspace/.build/out/Intermediates.noindex/BRUtils.build/Debug-android-aarch64/BRUtils-t.build/Objects-normal/aarch64/TimeRelated.dia -target aarch64-unknown-linux-android28 -Xllvm -aarch64-use-tbi -disable-objc-interop -sdk /android-ndk/android-ndk-r27d/toolchains/llvm/prebuilt/linux-x86_64/sysroot -sysroot /android-ndk/android-ndk-r27d/toolchains/llvm/prebuilt/linux-x86_64/sysroot -I /host/spi-builder-workspace/.build/out/Products/Debug-android-aarch64 -module-cache-path /host/spi-builder-workspace/.build/out/ModuleCache.noindex -color-diagnostics -Xcc -fcolor-diagnostics -enable-testing -g -debug-info-format\=dwarf -dwarf-version\=4 -swift-version 5 -Onone -D SWIFT_PACKAGE -D DEBUG -D SWIFT_MODULE_RESOURCE_BUNDLE_UNAVAILABLE -D Xcode -serialize-debugging-options -enable-experimental-feature DebugDescriptionMacro -empty-abi-descriptor -external-plugin-path /root/.local/share/swiftly/toolchains/6.4.x-snapshot-2026-09-04/usr/lib/swift/host/plugins/testing\#/root/.local/share/swiftly/toolchains/6.4.x-snapshot-2026-09-04/usr/bin/swift-plugin-server -validate-clang-modules-once -clang-build-session-file /host/spi-builder-workspace/.build/out/ModuleCache.noindex/Session.modulevalidation -Xcc -working-directory -Xcc /host -resource-dir /root/.swiftpm/swift-sdks/swift-6.4.x-DEVELOPMENT-SNAPSHOT-2026-09-04-a_android.artifactbundle/swift-android/swift-resources/usr/lib/swift-aarch64 -enable-anonymous-context-mangled-names -file-compilation-dir /host -Xcc -resource-dir -Xcc /android-ndk/android-ndk-r27d/toolchains/llvm/prebuilt/linux-x86_64/lib/clang/18 -Xcc -fno-omit-frame-pointer -Xcc -D_LIBCPP_HARDENING_MODE\=_LIBCPP_HARDENING_MODE_DEBUG -Xcc -fmodules-prune-interval\=86400 -Xcc -fmodules-prune-after\=345600 -Xcc -I/host/spi-builder-workspace/.build/out/Products/Debug-android-aarch64/include -Xcc -I/host/spi-builder-workspace/.build/out/Intermediates.noindex/BRUtils.build/Debug-android-aarch64/BRUtils-t.build/DerivedSources-normal/aarch64 -Xcc -I/host/spi-builder-workspace/.build/out/Intermediates.noindex/BRUtils.build/Debug-android-aarch64/BRUtils-t.build/DerivedSources/aarch64 -Xcc -I/host/spi-builder-workspace/.build/out/Intermediates.noindex/BRUtils.build/Debug-android-aarch64/BRUtils-t.build/DerivedSources -Xcc -DSWIFT_PACKAGE -Xcc -DDEBUG\=1 -no-auto-bridging-header-chaining -module-name BRUtils -const-gather-protocols-file /host/spi-builder-workspace/.build/out/Intermediates.noindex/BRUtils.build/Debug-android-aarch64/BRUtils-t.build/Objects-normal/aarch64/BRUtils_const_extract_protocols.json -in-process-plugin-server-path /root/.local/share/swiftly/toolchains/6.4.x-snapshot-2026-09-04/usr/lib/swift/host/libSwiftInProcPluginServer.so -plugin-path /root/.local/share/swiftly/toolchains/6.4.x-snapshot-2026-09-04/usr/lib/swift/host/plugins -plugin-path /root/.local/share/swiftly/toolchains/6.4.x-snapshot-2026-09-04/usr/local/lib/swift/host/plugins -parse-as-library -o /host/spi-builder-workspace/.build/out/Intermediates.noindex/BRUtils.build/Debug-android-aarch64/BRUtils-t.build/Objects-normal/aarch64/TimeRelated.o -index-unit-output-path /BRUtils.build/Debug-android-aarch64/BRUtils-t.build/Objects-normal/aarch64/TimeRelated.o -index-store-path /host/spi-builder-workspace/.build/out -index-system-modules
error: Build failed
BUILD FAILURE 6.4 android