Build Information
Failed to build RVS_PersistentPrefs, reference master (3bc008), with Swift 6.3 for watchOS using Xcode 26.4 on 16 Sep 2026 07:56:24 UTC.
Build Command
No build command. This typically means the build failed at an early stage where we determine the build command.Build Log
========================================
RunAll
========================================
Builder version: 5.1.0
Interrupt handler set up.
========================================
Checkout
========================================
Clone URL: https://github.com/RiftValleySoftware/RVS_PersistentPrefs.git
Reference: master
Initialized empty Git repository in /Users/admin/builder/spi-builder-workspace/.git/
From https://github.com/RiftValleySoftware/RVS_PersistentPrefs
* branch master -> FETCH_HEAD
* [new branch] master -> origin/master
HEAD is now at 3bc0085 The LLM found and fixed a few issues. Updated to latest tools. Updated the dependency.
Cloned https://github.com/RiftValleySoftware/RVS_PersistentPrefs.git
Revision (git rev-parse @):
3bc00859a0815a10f1c403d496f8fc332a69f09a
SUCCESS checkout https://github.com/RiftValleySoftware/RVS_PersistentPrefs.git at master
========================================
Build
========================================
Selected platform: watchOS
Swift version: 6.3
Building package at path: $PWD
https://github.com/RiftValleySoftware/RVS_PersistentPrefs.git
Command line invocation:
/Applications/Xcode-26.5.0.app/Contents/Developer/usr/bin/xcodebuild -IDEClonedSourcePackagesDirPathOverride=/Users/admin/builder/spi-builder-workspace/.dependencies -resolvePackageDependencies
Resolve Package Graph
Fetching from git@github.com:RiftValleySoftware/RVS_Generic_Swift_Toolbox.git
skipping cache due to an error: Failed to clone repository git@github.com:RiftValleySoftware/RVS_Generic_Swift_Toolbox.git:
Cloning into bare repository '/Users/admin/Library/Caches/org.swift.swiftpm/repositories/RVS_Generic_Swift_Toolbox-ce7f283b'...
Warning: Permanently added 'github.com' (ED25519) to the list of known hosts.
git@github.com: Permission denied (publickey).
fatal: Could not read from remote repository.
Please make sure you have the correct access rights
and the repository exists.
2026-09-16 03:56:22.583 xcodebuild[575:3153] Writing error result bundle to /var/folders/xq/y_g06wb113726d38xsyx71_h0000gn/T/ResultBundle_2026-16-09_03-56-0022.xcresult
xcodebuild: error: Could not resolve package dependencies:
Failed to clone repository git@github.com:RiftValleySoftware/RVS_Generic_Swift_Toolbox.git:
Cloning into bare repository '/Users/admin/builder/spi-builder-workspace/.dependencies/repositories/RVS_Generic_Swift_Toolbox-ce7f283b'...
git@github.com: Permission denied (publickey).
fatal: Could not read from remote repository.
Please make sure you have the correct access rights
and the repository exists.
Command line invocation:
/Applications/Xcode-26.5.0.app/Contents/Developer/usr/bin/xcodebuild -IDEClonedSourcePackagesDirPathOverride=/Users/admin/builder/spi-builder-workspace/.dependencies -resolvePackageDependencies
Resolve Package Graph
Fetching from git@github.com:RiftValleySoftware/RVS_Generic_Swift_Toolbox.git
skipping cache due to an error: Failed to clone repository git@github.com:RiftValleySoftware/RVS_Generic_Swift_Toolbox.git:
Cloning into bare repository '/Users/admin/Library/Caches/org.swift.swiftpm/repositories/RVS_Generic_Swift_Toolbox-ce7f283b'...
git@github.com: Permission denied (publickey).
fatal: Could not read from remote repository.
Please make sure you have the correct access rights
and the repository exists.
2026-09-16 03:56:24.772 xcodebuild[647:3688] Writing error result bundle to /var/folders/xq/y_g06wb113726d38xsyx71_h0000gn/T/ResultBundle_2026-16-09_03-56-0024.xcresult
xcodebuild: error: Could not resolve package dependencies:
Failed to clone repository git@github.com:RiftValleySoftware/RVS_Generic_Swift_Toolbox.git:
Cloning into bare repository '/Users/admin/builder/spi-builder-workspace/.dependencies/repositories/RVS_Generic_Swift_Toolbox-ce7f283b'...
git@github.com: Permission denied (publickey).
fatal: Could not read from remote repository.
Please make sure you have the correct access rights
and the repository exists.
BUILD FAILURE 6.3 watchOS