Build Information
Failed to build MachOSwiftSection, reference main (e2e178), with Swift 6.3 for Wasm on 5 Oct 2026 05:27:33 UTC.
Build Command
bash -c docker run --pull=always --rm -v "checkouts-54344843-0":/host -w "$PWD" -e JAVA_HOME="/root/.sdkman/candidates/java/current" -e SPI_BUILD="1" -e SPI_PROCESSING="1" registry.gitlab.com/saguaro1/spi-images:wasm-6.3-latest swift build --swift-sdk swift-6.3.2-RELEASE_wasm 2>&1Build Log
========================================
RunAll
========================================
Builder version: 5.1.1
Interrupt handler set up.
========================================
Checkout
========================================
Clone URL: https://github.com/lynnswap/MachOSwiftSection.git
Reference: main
Initialized empty Git repository in /host/spi-builder-workspace/.git/
hint: Using 'master' as the name for the initial branch. This default branch name
hint: is subject to change. To configure the initial branch name to use in all
hint: of your new repositories, which will suppress this warning, call:
hint:
hint: git config --global init.defaultBranch <name>
hint:
hint: Names commonly chosen instead of 'master' are 'main', 'trunk' and
hint: 'development'. The just-created branch can be renamed via this command:
hint:
hint: git branch -m <name>
From https://github.com/lynnswap/MachOSwiftSection
* branch main -> FETCH_HEAD
* [new branch] main -> origin/main
HEAD is now at e2e1783 Merge pull request #5 from lynnswap/codex/avoid-unused-metadata-accessors
Cloned https://github.com/lynnswap/MachOSwiftSection.git
Revision (git rev-parse @):
e2e178340fe8fbf4f15892d6e36ba8f6a280b9e5
SUCCESS checkout https://github.com/lynnswap/MachOSwiftSection.git at main
========================================
Build
========================================
Selected platform: wasm
Swift version: 6.3
Building package at path: $PWD
https://github.com/lynnswap/MachOSwiftSection.git
Running build ...
bash -c docker run --pull=always --rm -v "checkouts-54344843-0":/host -w "$PWD" -e JAVA_HOME="/root/.sdkman/candidates/java/current" -e SPI_BUILD="1" -e SPI_PROCESSING="1" registry.gitlab.com/saguaro1/spi-images:wasm-6.3-latest swift build --swift-sdk swift-6.3.2-RELEASE_wasm 2>&1
wasm-6.3-latest: Pulling from saguaro1/spi-images
Digest: sha256:253aad7f5b11d25cf9eaef34120b94cd8a325782929c57fb304a7711494a3f9a
Status: Image is up to date for registry.gitlab.com/saguaro1/spi-images:wasm-6.3-latest
Fetching https://github.com/lynnswap/MachOKit.git
[1/7606] Fetching machokit
Fetched https://github.com/lynnswap/MachOKit.git from cache (0.54s)
Fetching https://github.com/lynnswap/MachOObjCSection.git
[1/4099] Fetching machoobjcsection
Fetched https://github.com/lynnswap/MachOObjCSection.git from cache (0.69s)
Fetching https://github.com/lynnswap/swift-apinotes.git
[5/247] Fetching swift-apinotes
Fetched https://github.com/lynnswap/swift-apinotes.git from cache (0.52s)
Fetching https://github.com/MxIris-Reverse-Engineering/swift-semantic-string
Fetching https://github.com/onevcat/Rainbow
Fetching https://github.com/apple/swift-argument-parser
Fetching https://github.com/MxIris-Reverse-Engineering/MachOKitExtensions
[1/1514] Fetching rainbow
[1515/1611] Fetching rainbow, machokitextensions
Fetched https://github.com/MxIris-Reverse-Engineering/MachOKitExtensions from cache (0.50s)
Fetched https://github.com/onevcat/Rainbow from cache (0.50s)
Fetching https://github.com/MxIris-Reverse-Engineering/swift-objc-dump
Fetching https://github.com/p-x9/swift-fileio.git
[1/560] Fetching swift-semantic-string
[35/19610] Fetching swift-semantic-string, swift-argument-parser
Fetching https://github.com/Mx-Iris/FrameworkToolbox
Fetching https://github.com/jpsim/Yams
Fetched https://github.com/MxIris-Reverse-Engineering/swift-semantic-string from cache (0.72s)
Fetching https://github.com/p-x9/swift-binary-parse-support.git
[1524/19050] Fetching swift-argument-parser
[14098/19514] Fetching swift-argument-parser, swift-objc-dump
[19325/20204] Fetching swift-argument-parser, swift-objc-dump, swift-fileio
Fetched https://github.com/MxIris-Reverse-Engineering/swift-objc-dump from cache (0.45s)
Fetching https://github.com/apple/swift-asn1.git
[19099/19740] Fetching swift-argument-parser, swift-fileio
Fetched https://github.com/p-x9/swift-fileio.git from cache (0.55s)
Fetching https://github.com/apple/swift-crypto.git
[1/256] Fetching swift-binary-parse-support
Fetched https://github.com/p-x9/swift-binary-parse-support.git from cache (0.50s)
[1/2017] Fetching frameworktoolbox
[2/13878] Fetching frameworktoolbox, yams
Fetching https://github.com/p-x9/ObjectArchiveKit.git
[2730/15864] Fetching frameworktoolbox, yams, swift-asn1
Fetched https://github.com/Mx-Iris/FrameworkToolbox from cache (0.75s)
[1128/13847] Fetching yams, swift-asn1
Fetching https://github.com/p-x9/swift-fileio-extra.git
[2081/32419] Fetching yams, swift-asn1, swift-crypto
Fetched https://github.com/apple/swift-argument-parser from cache (1.63s)
Fetching https://github.com/pointfreeco/swift-snapshot-testing
Fetched https://github.com/apple/swift-asn1.git from cache (0.72s)
[6437/30433] Fetching yams, swift-crypto
[6438/30692] Fetching yams, swift-crypto, objectarchivekit
Fetching https://github.com/Mx-Iris/SourceKitD
Fetched https://github.com/p-x9/ObjectArchiveKit.git from cache (0.51s)
[6741/30433] Fetching yams, swift-crypto
Fetching https://github.com/pointfreeco/swift-dependencies
[9517/30524] Fetching yams, swift-crypto, swift-fileio-extra
Fetched https://github.com/p-x9/swift-fileio-extra.git from cache (0.55s)
[9753/30433] Fetching yams, swift-crypto
Fetching https://github.com/gohanlon/swift-memberwise-init-macro
[12663/30598] Fetching yams, swift-crypto, sourcekitd
[13303/38198] Fetching yams, swift-crypto, sourcekitd, swift-dependencies
Fetched https://github.com/Mx-Iris/SourceKitD from cache (0.59s)
[14413/38033] Fetching yams, swift-crypto, swift-dependencies
Fetching https://github.com/p-x9/AssociatedObject
[27077/39682] Fetching yams, swift-crypto, swift-dependencies, swift-memberwise-init-macro
Fetched https://github.com/pointfreeco/swift-dependencies from cache (0.88s)
[19757/32082] Fetching yams, swift-crypto, swift-memberwise-init-macro
Fetching https://github.com/apple/swift-collections
[21869/48581] Fetching yams, swift-crypto, swift-memberwise-init-macro, swift-snapshot-testing
[22613/49299] Fetching yams, swift-crypto, swift-memberwise-init-macro, swift-snapshot-testing, associatedobject
Fetched https://github.com/gohanlon/swift-memberwise-init-macro from cache (0.81s)
[21986/47650] Fetching yams, swift-crypto, swift-snapshot-testing, associatedobject
Fetching https://github.com/apple/swift-async-algorithms
Fetched https://github.com/p-x9/AssociatedObject from cache (0.68s)
[24036/46932] Fetching yams, swift-crypto, swift-snapshot-testing
Fetching https://github.com/swiftlang/swift-syntax.git
Fetched https://github.com/jpsim/Yams from cache (2.43s)
Fetching https://github.com/MxIris-Reverse-Engineering/swift-demangling
[16818/35071] Fetching swift-crypto, swift-snapshot-testing
[21873/63609] Fetching swift-crypto, swift-snapshot-testing, swift-collections
[22159/70408] Fetching swift-crypto, swift-snapshot-testing, swift-collections, swift-async-algorithms
[24973/72552] Fetching swift-crypto, swift-snapshot-testing, swift-collections, swift-async-algorithms, swift-demangling
Fetched https://github.com/MxIris-Reverse-Engineering/swift-demangling from cache (1.03s)
[34665/70408] Fetching swift-crypto, swift-snapshot-testing, swift-collections, swift-async-algorithms
Fetching https://github.com/SwiftyLab/MetaCodable
Fetched https://github.com/apple/swift-async-algorithms from cache (1.32s)
[28437/63609] Fetching swift-crypto, swift-snapshot-testing, swift-collections
Fetched https://github.com/apple/swift-crypto.git from cache (3.20s)
[12237/45037] Fetching swift-snapshot-testing, swift-collections
[29593/125306] Fetching swift-snapshot-testing, swift-collections, swift-syntax
[59158/336416] Fetching swift-snapshot-testing, swift-collections, swift-syntax, metacodable
Fetched https://github.com/apple/swift-collections from cache (3.32s)
[49322/307878] Fetching swift-snapshot-testing, swift-syntax, metacodable
Fetched https://github.com/pointfreeco/swift-snapshot-testing from cache (4.56s)
[45072/291379] Fetching swift-syntax, metacodable
Fetched https://github.com/swiftlang/swift-syntax.git from cache (9.36s)
[147777/211110] Fetching metacodable
Fetched https://github.com/SwiftyLab/MetaCodable from cache (15.56s)
Computing version for https://github.com/p-x9/ObjectArchiveKit.git
Computed https://github.com/p-x9/ObjectArchiveKit.git at 0.5.0 (20.49s)
Computing version for https://github.com/Mx-Iris/SourceKitD
Computed https://github.com/Mx-Iris/SourceKitD at 0.1.0 (0.55s)
Computing version for https://github.com/gohanlon/swift-memberwise-init-macro
Computed https://github.com/gohanlon/swift-memberwise-init-macro at 0.6.0 (1.65s)
Computing version for https://github.com/MxIris-Reverse-Engineering/swift-demangling
Computed https://github.com/MxIris-Reverse-Engineering/swift-demangling at 0.6.3 (0.54s)
Computing version for https://github.com/MxIris-Reverse-Engineering/swift-semantic-string
Computed https://github.com/MxIris-Reverse-Engineering/swift-semantic-string at 0.4.0 (0.52s)
Computing version for https://github.com/MxIris-Reverse-Engineering/swift-objc-dump
Computed https://github.com/MxIris-Reverse-Engineering/swift-objc-dump at 0.8.101 (0.53s)
Computing version for https://github.com/p-x9/swift-binary-parse-support.git
Computed https://github.com/p-x9/swift-binary-parse-support.git at 0.3.0 (0.33s)
Computing version for https://github.com/SwiftyLab/MetaCodable
Computed https://github.com/SwiftyLab/MetaCodable at 1.6.1 (0.47s)
Computing version for https://github.com/MxIris-Reverse-Engineering/MachOKitExtensions
Computed https://github.com/MxIris-Reverse-Engineering/MachOKitExtensions at 0.1.3 (0.46s)
Computing version for https://github.com/p-x9/swift-fileio.git
Computed https://github.com/p-x9/swift-fileio.git at 0.15.1 (0.33s)
Computing version for https://github.com/p-x9/swift-fileio-extra.git
Computed https://github.com/p-x9/swift-fileio-extra.git at 0.4.0 (0.44s)
Computing version for https://github.com/p-x9/AssociatedObject
Computed https://github.com/p-x9/AssociatedObject at 0.15.0 (0.32s)
Fetching https://github.com/p-x9/swift-object-association.git
Fetching https://github.com/p-x9/swift-literal-type-inference.git
[1/207] Fetching swift-object-association
[208/324] Fetching swift-object-association, swift-literal-type-inference
Fetched https://github.com/p-x9/swift-literal-type-inference.git from cache (0.43s)
Fetched https://github.com/p-x9/swift-object-association.git from cache (0.43s)
Computing version for https://github.com/p-x9/swift-object-association.git
Computed https://github.com/p-x9/swift-object-association.git at 0.5.0 (0.81s)
Computing version for https://github.com/p-x9/swift-literal-type-inference.git
Computed https://github.com/p-x9/swift-literal-type-inference.git at 0.6.0 (0.36s)
Computing version for https://github.com/jpsim/Yams
Computed https://github.com/jpsim/Yams at 6.2.2 (0.26s)
Computing version for https://github.com/onevcat/Rainbow
Computed https://github.com/onevcat/Rainbow at 4.2.2 (1.69s)
Computing version for https://github.com/Mx-Iris/FrameworkToolbox
Computed https://github.com/Mx-Iris/FrameworkToolbox at 0.15.0 (0.50s)
Computing version for https://github.com/pointfreeco/swift-snapshot-testing
Computed https://github.com/pointfreeco/swift-snapshot-testing at 1.19.6 (0.75s)
Fetching https://github.com/pointfreeco/swift-custom-dump
[1/5669] Fetching swift-custom-dump
Fetched https://github.com/pointfreeco/swift-custom-dump from cache (1.17s)
Computing version for https://github.com/swiftlang/swift-syntax.git
Computed https://github.com/swiftlang/swift-syntax.git at 603.0.2 (1.81s)
Computing version for https://github.com/apple/swift-async-algorithms
Computed https://github.com/apple/swift-async-algorithms at 1.1.7 (0.38s)
Computing version for https://github.com/apple/swift-collections
Computed https://github.com/apple/swift-collections at 1.7.1 (0.43s)
Computing version for https://github.com/apple/swift-argument-parser
Computed https://github.com/apple/swift-argument-parser at 1.8.2 (0.41s)
Computing version for https://github.com/pointfreeco/swift-custom-dump
Computed https://github.com/pointfreeco/swift-custom-dump at 1.7.3 (0.38s)
Fetching https://github.com/pointfreeco/xctest-dynamic-overlay
[1/2727] Fetching xctest-dynamic-overlay
Fetched https://github.com/pointfreeco/xctest-dynamic-overlay from cache (0.70s)
Computing version for https://github.com/pointfreeco/xctest-dynamic-overlay
Computed https://github.com/pointfreeco/xctest-dynamic-overlay at 1.13.1 (1.28s)
Computing version for https://github.com/apple/swift-asn1.git
Computed https://github.com/apple/swift-asn1.git at 1.7.3 (0.46s)
Computing version for https://github.com/pointfreeco/swift-dependencies
Computed https://github.com/pointfreeco/swift-dependencies at 1.17.1 (0.42s)
Fetching https://github.com/pointfreeco/swift-concurrency-extras
Fetching https://github.com/pointfreeco/swift-clocks
Fetching https://github.com/pointfreeco/combine-schedulers
[11/1058] Fetching swift-concurrency-extras
[351/3744] Fetching swift-concurrency-extras, combine-schedulers
[2537/5190] Fetching swift-concurrency-extras, combine-schedulers, swift-clocks
Fetched https://github.com/pointfreeco/combine-schedulers from cache (0.55s)
[2302/2504] Fetching swift-concurrency-extras, swift-clocks
Fetched https://github.com/pointfreeco/swift-clocks from cache (0.61s)
Fetched https://github.com/pointfreeco/swift-concurrency-extras from cache (0.62s)
Computing version for https://github.com/pointfreeco/swift-clocks
Computed https://github.com/pointfreeco/swift-clocks at 1.1.1 (1.03s)
Computing version for https://github.com/pointfreeco/combine-schedulers
Computed https://github.com/pointfreeco/combine-schedulers at 1.2.2 (0.51s)
Fetching https://github.com/OpenCombine/OpenCombine.git
[1/8306] Fetching opencombine
Fetched https://github.com/OpenCombine/OpenCombine.git from cache (0.86s)
Computing version for https://github.com/OpenCombine/OpenCombine.git
Computed https://github.com/OpenCombine/OpenCombine.git at 0.14.0 (1.22s)
Computing version for https://github.com/pointfreeco/swift-concurrency-extras
Computed https://github.com/pointfreeco/swift-concurrency-extras at 1.4.1 (0.44s)
Computing version for https://github.com/apple/swift-crypto.git
Computed https://github.com/apple/swift-crypto.git at 4.5.2 (0.49s)
Creating working copy for https://github.com/lynnswap/swift-apinotes.git
Working copy of https://github.com/lynnswap/swift-apinotes.git resolved at 6ad58901a18a9bc6d5a80ab8afedb372d13acd4f
Creating working copy for https://github.com/Mx-Iris/FrameworkToolbox
Working copy of https://github.com/Mx-Iris/FrameworkToolbox resolved at 0.15.0
Creating working copy for https://github.com/p-x9/swift-fileio-extra.git
Working copy of https://github.com/p-x9/swift-fileio-extra.git resolved at 0.4.0
Creating working copy for https://github.com/pointfreeco/swift-concurrency-extras
Working copy of https://github.com/pointfreeco/swift-concurrency-extras resolved at 1.4.1
Creating working copy for https://github.com/p-x9/swift-object-association.git
Working copy of https://github.com/p-x9/swift-object-association.git resolved at 0.5.0
Creating working copy for https://github.com/MxIris-Reverse-Engineering/MachOKitExtensions
Working copy of https://github.com/MxIris-Reverse-Engineering/MachOKitExtensions resolved at 0.1.3
Creating working copy for https://github.com/apple/swift-argument-parser
Working copy of https://github.com/apple/swift-argument-parser resolved at 1.8.2
Creating working copy for https://github.com/jpsim/Yams
Working copy of https://github.com/jpsim/Yams resolved at 6.2.2
Creating working copy for https://github.com/pointfreeco/xctest-dynamic-overlay
Working copy of https://github.com/pointfreeco/xctest-dynamic-overlay resolved at 1.13.1
Creating working copy for https://github.com/p-x9/swift-fileio.git
Working copy of https://github.com/p-x9/swift-fileio.git resolved at 0.15.1
Creating working copy for https://github.com/apple/swift-collections
Working copy of https://github.com/apple/swift-collections resolved at 1.7.1
Creating working copy for https://github.com/OpenCombine/OpenCombine.git
Working copy of https://github.com/OpenCombine/OpenCombine.git resolved at 0.14.0
Creating working copy for https://github.com/lynnswap/MachOObjCSection.git
Working copy of https://github.com/lynnswap/MachOObjCSection.git resolved at 5576f1e1f53ed88faf4e71c781246f7ec1cd1b24
Creating working copy for https://github.com/pointfreeco/combine-schedulers
Working copy of https://github.com/pointfreeco/combine-schedulers resolved at 1.2.2
Creating working copy for https://github.com/pointfreeco/swift-snapshot-testing
Working copy of https://github.com/pointfreeco/swift-snapshot-testing resolved at 1.19.6
Creating working copy for https://github.com/apple/swift-async-algorithms
Working copy of https://github.com/apple/swift-async-algorithms resolved at 1.1.7
Creating working copy for https://github.com/pointfreeco/swift-clocks
Working copy of https://github.com/pointfreeco/swift-clocks resolved at 1.1.1
Creating working copy for https://github.com/MxIris-Reverse-Engineering/swift-demangling
Working copy of https://github.com/MxIris-Reverse-Engineering/swift-demangling resolved at 0.6.3
Creating working copy for https://github.com/p-x9/AssociatedObject
Working copy of https://github.com/p-x9/AssociatedObject resolved at 0.15.0
Creating working copy for https://github.com/Mx-Iris/SourceKitD
Working copy of https://github.com/Mx-Iris/SourceKitD resolved at 0.1.0
Creating working copy for https://github.com/apple/swift-asn1.git
Working copy of https://github.com/apple/swift-asn1.git resolved at 1.7.3
Creating working copy for https://github.com/pointfreeco/swift-dependencies
Working copy of https://github.com/pointfreeco/swift-dependencies resolved at 1.17.1
Creating working copy for https://github.com/apple/swift-crypto.git
Working copy of https://github.com/apple/swift-crypto.git resolved at 4.5.2
Creating working copy for https://github.com/MxIris-Reverse-Engineering/swift-objc-dump
Working copy of https://github.com/MxIris-Reverse-Engineering/swift-objc-dump resolved at 0.8.101
Creating working copy for https://github.com/pointfreeco/swift-custom-dump
Working copy of https://github.com/pointfreeco/swift-custom-dump resolved at 1.7.3
Creating working copy for https://github.com/p-x9/swift-binary-parse-support.git
Working copy of https://github.com/p-x9/swift-binary-parse-support.git resolved at 0.3.0
Creating working copy for https://github.com/p-x9/swift-literal-type-inference.git
Working copy of https://github.com/p-x9/swift-literal-type-inference.git resolved at 0.6.0
Creating working copy for https://github.com/SwiftyLab/MetaCodable
Working copy of https://github.com/SwiftyLab/MetaCodable resolved at 1.6.1
Creating working copy for https://github.com/p-x9/ObjectArchiveKit.git
Working copy of https://github.com/p-x9/ObjectArchiveKit.git resolved at 0.5.0
Creating working copy for https://github.com/gohanlon/swift-memberwise-init-macro
Working copy of https://github.com/gohanlon/swift-memberwise-init-macro resolved at 0.6.0
Creating working copy for https://github.com/onevcat/Rainbow
Working copy of https://github.com/onevcat/Rainbow resolved at 4.2.2
Creating working copy for https://github.com/MxIris-Reverse-Engineering/swift-semantic-string
Working copy of https://github.com/MxIris-Reverse-Engineering/swift-semantic-string resolved at 0.4.0
Creating working copy for https://github.com/swiftlang/swift-syntax.git
Working copy of https://github.com/swiftlang/swift-syntax.git resolved at 603.0.2
Creating working copy for https://github.com/lynnswap/MachOKit.git
Working copy of https://github.com/lynnswap/MachOKit.git resolved at 8d451ca2e9d108f0a2024758b33b25e8faa2adbb
Downloading package prebuilt https://download.swift.org/prebuilts/swift-syntax/603.0.2/swift-6.3.2-RELEASE-ubuntu_jammy_x86_64-MacroSupport.tar.gz
Downloaded https://download.swift.org/prebuilts/swift-syntax/603.0.2/swift-6.3.2-RELEASE-ubuntu_jammy_x86_64-MacroSupport.tar.gz (0.27s)
warning: 'machokitextensions': Conflicting identity for machokit: dependency 'github.com/mxiris-reverse-engineering/machokit' and dependency 'github.com/lynnswap/machokit' both point to the same package identity 'machokit'. The dependencies are introduced through the following chains: (A) /host/spi-builder-workspace->github.com/mxiris-reverse-engineering/machokitextensions->github.com/mxiris-reverse-engineering/machokit (B) /host/spi-builder-workspace->github.com/lynnswap/machokit. If there are multiple chains that lead to the same dependency, only the first chain is shown here. To see all chains use debug output option. To resolve the conflict, coordinate with the maintainer of the package that introduces the conflicting dependency. This will be escalated to an error in future versions of SwiftPM.
[1/1] Compiling plugin RegenerateBaselinesPlugin
[2/2] Compiling plugin MetaProtocolCodable
[3/3] Compiling plugin GenerateManual
[4/4] Compiling plugin GenerateDoccReference
Building for debugging...
[4/757] Write sources
[11/757] Compiling MachOSwiftSectionC CallAccessor.c
[12/757] Write sources
[21/757] Compiling MachOSwiftSectionC Functions.c
[23/757] Write sources
[30/757] Compiling MachOSwiftSectionC ValueWitnessTable.c
[31/757] Write sources
[38/757] Compiling MachOSwiftSectionC ValueWitnessTable.c
[39/757] Write sources
[76/757] Compiling _SwiftSyntaxCShims PlatformMutex.c
[78/757] Write sources
[87/757] Compiling PointerAuthenticationSupport PointerAuthenticationSupport.c
[89/757] Write sources
[98/757] Compiling MachOObjCSectionC dummy.c
[99/757] Compiling CXKCPShims shims.c
[99/757] Compiling SimpleFIPS202.c
[101/757] Compiling MachOObjCSectionC memory_probe.c
[102/757] Compiling KeccakSponge.c
[103/757] Compiling fiat_p256_adx_sqr.S
[104/757] Compiling KeccakHash.c
[104/757] Compiling MachOKitC mach-o-linux.c
[106/757] Compiling fiat_curve25519_adx_square.S
[107/757] Compiling fiat_curve25519_adx_mul.S
[108/757] Compiling fiat_p256_adx_mul.S
[109/757] Compiling md5-x86_64-linux.S
[110/757] Compiling md5-x86_64-apple.S
[111/757] Compiling md5-586-linux.S
[112/757] Compiling md5-586-apple.S
[113/757] Compiling MachOTestingSupportC CDemangleTree.cpp
[114/757] Compiling chacha20_poly1305_x86_64-apple.S
[115/757] Compiling chacha20_poly1305_x86_64-linux.S
[116/757] Compiling chacha20_poly1305_armv8-win.S
[117/757] Compiling chacha20_poly1305_armv8-linux.S
[118/757] Compiling chacha20_poly1305_armv8-apple.S
[119/757] Compiling chacha-x86_64-linux.S
[120/757] Compiling chacha-x86_64-apple.S
[121/757] Compiling chacha-x86-linux.S
[122/757] Compiling chacha-x86-apple.S
[123/757] Compiling KeccakP-1600-opt64.c
[124/757] Compiling chacha-armv8-win.S
[125/757] Compiling chacha-armv8-linux.S
[126/757] Compiling CCryptoBoringSSLShims shims.c
[127/757] Compiling chacha-armv4-linux.S
[128/757] Compiling chacha-armv8-apple.S
[129/757] Compiling aes128gcmsiv-x86_64-linux.S
[130/757] Compiling COpenCombineHelpers COpenCombineHelpers.cpp
[131/757] Compiling aes128gcmsiv-x86_64-apple.S
[132/757] Compiling err_data.cc
[133/757] Compiling x86_64-mont5-apple.S
[134/757] Compiling x86_64-mont5-linux.S
[135/757] Compiling x86-mont-apple.S
[136/757] Compiling x86_64-mont-apple.S
[137/757] Compiling x86_64-mont-linux.S
[138/757] Compiling x86-mont-linux.S
[139/757] Compiling vpaes-armv8-win.S
[140/757] Compiling vpaes-x86-apple.S
[141/757] Compiling vpaes-x86_64-apple.S
[142/757] Compiling vpaes-x86_64-linux.S
[143/757] Compiling vpaes-x86-linux.S
[144/757] Compiling vpaes-armv8-linux.S
[145/757] Compiling vpaes-armv7-linux.S
[146/757] Compiling sha512-armv8-linux.S
[147/757] Compiling sha512-x86_64-apple.S
[148/757] Compiling sha512-armv8-win.S
[149/757] Compiling vpaes-armv8-apple.S
[150/757] Compiling sha512-x86_64-linux.S
[151/757] Compiling sha512-armv4-linux.S
[152/757] Compiling sha512-586-apple.S
[153/757] Compiling sha256-x86_64-apple.S
[154/757] Compiling sha256-x86_64-linux.S
[155/757] Compiling sha512-armv8-apple.S
[156/757] Compiling sha512-586-linux.S
[157/757] Compiling sha256-armv4-linux.S
[158/757] Compiling sha256-armv8-win.S
[159/757] Compiling sha256-armv8-apple.S
[160/757] Compiling sha256-armv8-linux.S
[161/757] Compiling sha1-x86_64-linux.S
[162/757] Compiling sha256-586-apple.S
[163/757] Compiling sha256-586-linux.S
[164/757] Compiling sha1-armv8-win.S
[165/757] Compiling sha1-x86_64-apple.S
[166/757] Compiling rsaz-avx2-linux.S
[167/757] Compiling sha1-armv8-linux.S
[168/757] Compiling sha1-armv4-large-linux.S
[169/757] Compiling rsaz-avx2-apple.S
[170/757] Compiling sha1-armv8-apple.S
[171/757] Compiling sha1-586-linux.S
[172/757] Compiling sha1-586-apple.S
[173/757] Compiling p256_beeu-x86_64-asm-linux.S
[174/757] Compiling p256_beeu-armv8-asm-linux.S
[175/757] Compiling rdrand-x86_64-linux.S
[176/757] Compiling p256_beeu-armv8-asm-apple.S
[177/757] Compiling rdrand-x86_64-apple.S
[178/757] Compiling p256_beeu-x86_64-asm-apple.S
[179/757] Compiling MachOTestingSupportC CDemangleTree.cpp
[180/757] Compiling p256_beeu-armv8-asm-win.S
[181/757] Compiling p256-armv8-asm-linux.S
[182/757] Compiling ghashv8-armv8-linux.S
[183/757] Compiling p256-x86_64-asm-apple.S
[184/757] Compiling p256-armv8-asm-apple.S
[185/757] Compiling p256-x86_64-asm-linux.S
[186/757] Compiling ghashv8-armv8-win.S
[187/757] Compiling ghashv8-armv7-linux.S
[188/757] Compiling ghash-x86_64-linux.S
[189/757] Compiling ghash-ssse3-x86_64-linux.S
[190/757] Compiling p256-armv8-asm-win.S
[191/757] Compiling ghash-ssse3-x86_64-apple.S
[192/757] Compiling ghash-x86_64-apple.S
[192/757] Compiling ghash-x86-linux.S
[194/757] Compiling ghashv8-armv8-apple.S
[195/757] Compiling ghash-x86-apple.S
[196/757] Compiling ghash-neon-armv8-win.S
[197/757] Compiling ghash-ssse3-x86-linux.S
[198/757] Compiling co-586-linux.S
[199/757] Compiling ghash-ssse3-x86-apple.S
[200/757] Compiling co-586-apple.S
[201/757] Compiling ghash-neon-armv8-linux.S
[202/757] Compiling bsaes-armv7-linux.S
[203/757] Compiling ghash-armv4-linux.S
[204/757] Compiling ghash-neon-armv8-apple.S
[204/757] Compiling bn-armv8-apple.S
[206/757] Compiling bn-586-apple.S
[207/757] Compiling bn-armv8-linux.S
[208/757] Compiling bn-armv8-win.S
[209/757] Compiling bn-586-linux.S
[210/757] Compiling armv8-mont-apple.S
[211/757] Compiling aesv8-gcm-armv8-linux.S
[212/757] Compiling armv4-mont-linux.S
[213/757] Compiling armv8-mont-linux.S
[214/757] Compiling aesv8-gcm-armv8-apple.S
[215/757] Compiling armv8-mont-win.S
[216/757] Compiling aesv8-gcm-armv8-win.S
[217/757] Compiling aesni-x86_64-linux.S
[218/757] Compiling aesv8-armv8-win.S
[219/757] Compiling aesv8-armv8-linux.S
[220/757] Compiling aesni-x86-linux.S
[221/757] Compiling aesv8-armv8-apple.S
[221/757] Compiling aesv8-armv7-linux.S
[223/757] Compiling aesni-x86_64-apple.S
[224/757] Compiling aesni-x86-apple.S
[225/757] Compiling aes-gcm-avx2-x86_64-linux.S
[226/757] Compiling aes-gcm-avx2-x86_64-apple.S
[227/757] Compiling aesni-gcm-x86_64-apple.S
[228/757] Compiling aes-gcm-avx512-x86_64-apple.S
[229/757] Compiling aes-gcm-avx512-x86_64-linux.S
[230/757] Compiling aesni-gcm-x86_64-linux.S
[231/757] Compiling xwing.cc
[232/757] Compiling x_x509.cc
[233/757] Compiling x_pubkey.cc
[234/757] Compiling x_sig.cc
[235/757] Compiling x_x509a.cc
[236/757] Compiling x_spki.cc
[237/757] Compiling x_req.cc
[238/757] Compiling x_name.cc
[239/757] Compiling x_crl.cc
[240/757] Compiling x_attrib.cc
[241/757] Compiling x_exten.cc
[242/757] Compiling x_algor.cc
[243/757] Compiling x509name.cc
[244/757] Compiling x_all.cc
[245/757] Compiling x509spki.cc
[246/757] Compiling x509cset.cc
[247/757] Compiling x509rset.cc
[248/757] Compiling x509_vpm.cc
[249/757] Compiling x509_txt.cc
[250/757] Compiling x509_req.cc
[251/757] Compiling x509_v3.cc
[252/757] Compiling x509_vfy.cc
[253/757] Compiling x509_trs.cc
[254/757] Compiling x509_set.cc
[255/757] Compiling x509_obj.cc
[256/757] Compiling x509_lu.cc
[257/757] Compiling x509_def.cc
[258/757] Compiling x509_d2.cc
[259/757] Compiling x509_att.cc
[260/757] Compiling x509_ext.cc
[261/757] Compiling x509.cc
[262/757] Compiling x509_cmp.cc
[263/757] Compiling v3_purp.cc
[264/757] Compiling v3_pmaps.cc
[265/757] Compiling v3_lib.cc
[266/757] Compiling v3_utl.cc
[267/757] Compiling v3_skey.cc
[268/757] Compiling v3_prn.cc
[269/757] Compiling v3_pcons.cc
[270/757] Compiling v3_ocsp.cc
[271/757] Compiling v3_int.cc
[272/757] Compiling v3_ncons.cc
[273/757] Compiling v3_genn.cc
[274/757] Compiling v3_crld.cc
[275/757] Compiling v3_info.cc
[276/757] Compiling v3_ia5.cc
[277/757] Compiling v3_extku.cc
[278/757] Compiling v3_conf.cc
[279/757] Compiling v3_enum.cc
[280/757] Compiling t_x509a.cc
[281/757] Compiling v3_cpols.cc
[282/757] Compiling v3_bcons.cc
[283/757] Compiling v3_akey.cc
[284/757] Compiling v3_bitst.cc
[285/757] Compiling v3_akeya.cc
[286/757] Compiling v3_alt.cc
[287/757] Compiling t_crl.cc
[288/757] Compiling t_x509.cc
[289/757] Compiling i2d_pr.cc
[290/757] Compiling t_req.cc
[291/757] Compiling rsa_pss.cc
[292/757] Compiling by_dir.cc
[293/757] Compiling policy.cc
[294/757] Compiling asn1_gen.cc
[295/757] Compiling name_print.cc
[296/757] Compiling algorithm.cc
[297/757] Compiling by_file.cc
[298/757] Compiling a_verify.cc
[299/757] Compiling trust_token.cc
[300/757] Compiling thread_win.cc
[301/757] Compiling pmbtoken.cc
[302/757] Compiling a_sign.cc
[303/757] Compiling thread_pthread.cc
[304/757] Compiling thread_none.cc
[305/757] Compiling thread.cc
[306/757] Compiling voprf.cc
[307/757] Compiling a_digest.cc
[308/757] Compiling sha512.cc
[309/757] Compiling stack.cc
[310/757] Compiling sha256.cc
[311/757] Compiling siphash.cc
[312/757] Compiling spake2plus.cc
[313/757] Compiling rsa_extra.cc
[314/757] Compiling sha1.cc
[315/757] Compiling rc4.cc
[316/757] Compiling slhdsa.cc
[317/757] Compiling rsa_print.cc
[318/757] Compiling refcount.cc
[319/757] Compiling trusty.cc
[320/757] Compiling rsa_crypt.cc
[321/757] Compiling windows.cc
[322/757] Compiling urandom.cc
[323/757] Compiling ios.cc
[324/757] Compiling rand.cc
[325/757] Compiling passive.cc
[326/757] Compiling poly1305_arm_asm.S
[327/757] Compiling rsa_asn1.cc
[328/757] Compiling getentropy.cc
[329/757] Compiling deterministic.cc
[330/757] Compiling forkunsafe.cc
[331/757] Compiling fork_detect.cc
[332/757] Compiling pool.cc
[333/757] Compiling poly1305.cc
[334/757] Compiling poly1305_arm.cc
[335/757] Compiling poly1305_vec.cc
[336/757] Compiling pkcs7.cc
[337/757] Compiling pem_xaux.cc
[338/757] Compiling pkcs8.cc
[339/757] Compiling pkcs8_x509.cc
[340/757] Compiling p5_pbev2.cc
[341/757] Compiling pem_x509.cc
[342/757] Compiling pkcs7_x509.cc
[343/757] Compiling pem_pkey.cc
[344/757] Compiling pem_pk8.cc
[345/757] Compiling pem_oth.cc
[346/757] Compiling mlkem.cc
[347/757] Compiling pem_lib.cc
[348/757] Compiling mem.cc
[349/757] Compiling obj_xref.cc
[350/757] Compiling mldsa.cc
[351/757] Compiling pem_info.cc
[352/757] Compiling md4.cc
[353/757] Compiling pem_all.cc
[354/757] Compiling poly_rq_mul.S
[355/757] Compiling fips_shared_support.cc
[356/757] Compiling obj.cc
[357/757] Compiling lhash.cc
[358/757] Compiling md5.cc
[359/757] Compiling fuzzer_mode.cc
[360/757] Compiling kyber.cc
[361/757] Compiling ex_data.cc
[362/757] Compiling hrss.cc
[363/757] Compiling hpke.cc
[364/757] Compiling scrypt.cc
[365/757] Compiling pbkdf.cc
[366/757] Compiling print.cc
[367/757] Compiling sign.cc
[368/757] Compiling p_hkdf.cc
[369/757] Compiling p_x25519.cc
[370/757] Compiling p_x25519_asn1.cc
[371/757] Compiling p_rsa_asn1.cc
[372/757] Compiling p_ed25519_asn1.cc
[373/757] Compiling p_rsa.cc
[374/757] Compiling p_ec_asn1.cc
[375/757] Compiling p_ed25519.cc
[376/757] Compiling p_dh_asn1.cc
[377/757] Compiling p_dh.cc
[378/757] Compiling p_ec.cc
[379/757] Compiling p_dsa_asn1.cc
[380/757] Compiling err.cc
[381/757] Compiling evp_ctx.cc
[382/757] Compiling evp.cc
[383/757] Compiling engine.cc
[384/757] Compiling ecdsa_p1363.cc
[385/757] Compiling evp_asn1.cc
[386/757] Compiling ecdsa_asn1.cc
[387/757] Compiling ecdh.cc
[388/757] Compiling ec_derive.cc
[389/757] Compiling ec_asn1.cc
[390/757] Compiling hash_to_curve.cc
[391/757] Compiling digest_extra.cc
[392/757] Compiling dsa.cc
[393/757] Compiling des.cc
[394/757] Compiling x25519-asm-arm.S
[395/757] Compiling dsa_asn1.cc
[396/757] Compiling curve25519.cc
[397/757] Compiling params.cc
[398/757] Compiling crypto.cc
[399/757] Compiling dh_asn1.cc
[400/757] Compiling cpu_intel.cc
[401/757] Compiling cpu_arm_linux.cc
[402/757] Compiling cpu_aarch64_win.cc
[403/757] Compiling curve25519_64_adx.cc
[404/757] Compiling spake25519.cc
[405/757] Compiling cpu_arm_freebsd.cc
[406/757] Compiling cpu_aarch64_fuchsia.cc
[407/757] Compiling cpu_aarch64_openbsd.cc
[408/757] Compiling tls_cbc.cc
[409/757] Compiling cpu_aarch64_sysreg.cc
[410/757] Compiling e_tls.cc
[411/757] Compiling cpu_aarch64_linux.cc
[412/757] Compiling cpu_aarch64_apple.cc
[413/757] Compiling conf.cc
[414/757] Compiling e_rc2.cc
[415/757] Compiling get_cipher.cc
[416/757] Compiling e_rc4.cc
[417/757] Compiling e_null.cc
[418/757] Compiling e_aesgcmsiv.cc
[419/757] Compiling e_des.cc
[420/757] Compiling e_chacha20poly1305.cc
[421/757] Compiling chacha.cc
[422/757] Compiling e_aesctrhmac.cc
[423/757] Compiling derive_key.cc
[424/757] Compiling e_aeseax.cc
[425/757] Compiling cms.cc
[426/757] Compiling cbb.cc
[427/757] Compiling sqrt.cc
[428/757] Compiling buf.cc
[429/757] Compiling unicode.cc
[430/757] Compiling exponentiation.cc
[431/757] Compiling cbs.cc
[432/757] Compiling ber.cc
[433/757] Compiling asn1_compat.cc
[434/757] Compiling div.cc
[435/757] Compiling pair.cc
[436/757] Compiling fd.cc
[437/757] Compiling blake2.cc
[438/757] Compiling printf.cc
[439/757] Compiling bn_asn1.cc
[440/757] Compiling hexdump.cc
[441/757] Compiling convert.cc
[442/757] Compiling file.cc
[443/757] Compiling errno.cc
[444/757] Compiling bio_mem.cc
[445/757] Compiling base64.cc
[446/757] Compiling bio.cc
[447/757] Compiling tasn_typ.cc
[448/757] Compiling tasn_fre.cc
[449/757] Compiling posix_time.cc
[450/757] Compiling tasn_new.cc
[451/757] Compiling asn_pack.cc
[452/757] Compiling tasn_enc.cc
[453/757] Compiling tasn_utl.cc
[454/757] Compiling f_string.cc
[455/757] Compiling asn1_par.cc
[456/757] Compiling f_int.cc
[457/757] Compiling tasn_dec.cc
[458/757] Compiling asn1_lib.cc
[459/757] Compiling a_type.cc
[460/757] Compiling a_strex.cc
[461/757] Compiling a_octet.cc
[462/757] Compiling a_time.cc
[463/757] Compiling a_utctm.cc
[464/757] Compiling a_mbstr.cc
[465/757] Compiling a_i2d_fp.cc
[466/757] Compiling a_dup.cc
[467/757] Compiling a_strnid.cc
[468/757] Compiling a_d2i_fp.cc
[469/757] Write sources
[472/757] Compiling a_object.cc
[473/757] Write sources
[477/757] Compiling AssociatedObjectC associated_object_key.c
[478/757] Write sources
[479/757] Compiling a_int.cc
[480/757] Write sources
[486/757] Compiling a_gentm.cc
[487/757] Compiling _SwiftSyntaxCShims PlatformMutex.c
[487/757] Write sources
[523/757] Compiling MachOSwiftSectionC CallAccessor.c
[524/757] Compiling PointerAuthenticationSupport PointerAuthenticationSupport.c
[525/757] Write sources
[529/757] Write swift-version-24593BA9C3E375BF.txt
[530/757] Write sources
[531/757] Compiling MachOSwiftSectionC Functions.c
[532/757] Compiling MachOObjCSectionC dummy.c
[533/757] Compiling MachOObjCSectionC memory_probe.c
[535/763] Emitting module SwiftSyntax603
[536/763] Emitting module SwiftSyntax602
[537/763] Emitting module SwiftSyntax603
[537/765] Compiling aes.cc
[538/765] Compiling a_bool.cc
[539/769] Compiling a_bitstr.cc
[540/771] Compiling bcm.cc
[542/773] Compiling SwiftSyntax602 Empty.swift
[544/774] Emitting module SwiftSyntax601
[545/774] Compiling SwiftSyntax601 Empty.swift
[547/775] Emitting module SwiftSyntax600
[548/775] Compiling SwiftSyntax600 Empty.swift
[549/777] Compiling SwiftSyntax603 Empty.swift
[552/779] Emitting module SwiftSyntax510
[553/779] Emitting module SwiftSyntax601
[554/779] Compiling SwiftSyntax601 Empty.swift
[555/782] Compiling SwiftSyntax510 Empty.swift
[557/785] Compiling SwiftSyntax509 Empty.swift
[559/787] Emitting module SwiftSyntax509
[562/788] Compiling SwiftSyntax509 Empty.swift
[563/788] Emitting module SwiftSyntax510
[565/790] Emitting module SwiftSyntax602
[566/790] Compiling SwiftSyntax602 Empty.swift
[568/793] Compiling SwiftSyntax600 Empty.swift
[569/793] Emitting module SwiftSyntax600
[570/794] Compiling SwiftSyntax603 Empty.swift
[575/970] Compiling SwiftSyntax SyntaxNodeStructure.swift
/host/spi-builder-workspace/.build/checkouts/swift-semantic-string/Sources/Semantic/Storage/CacheLockStripes.swift:42:27: error: cannot find type 'pthread_mutex_t' in scope
40 | #else
41 | @usableFromInline
42 | typealias Primitive = pthread_mutex_t
| `- error: cannot find type 'pthread_mutex_t' in scope
43 | #endif
44 |
/host/spi-builder-workspace/.build/checkouts/swift-semantic-string/Sources/Semantic/Storage/CacheLockStripes.swift:138:9: error: cannot find 'pthread_mutex_lock' in scope
136 | AcquireSRWLockExclusive(stripe)
137 | #else
138 | pthread_mutex_lock(stripe)
| `- error: cannot find 'pthread_mutex_lock' in scope
139 | #endif
140 | }
/host/spi-builder-workspace/.build/checkouts/swift-semantic-string/Sources/Semantic/Storage/CacheLockStripes.swift:149:9: error: cannot find 'pthread_mutex_unlock' in scope
147 | ReleaseSRWLockExclusive(stripe)
148 | #else
149 | pthread_mutex_unlock(stripe)
| `- error: cannot find 'pthread_mutex_unlock' in scope
150 | #endif
151 | }
/host/spi-builder-workspace/.build/checkouts/swift-semantic-string/Sources/Semantic/Storage/CacheLockStripes.swift:162:9: error: cannot find 'pthread_mutex_init' in scope
160 | InitializeSRWLock(stripe)
161 | #else
162 | pthread_mutex_init(stripe, nil)
| `- error: cannot find 'pthread_mutex_init' in scope
163 | #endif
164 | }
/host/spi-builder-workspace/.build/checkouts/swift-semantic-string/Sources/Semantic/Storage/CacheLockStripes.swift:162:36: error: 'nil' requires a contextual type
160 | InitializeSRWLock(stripe)
161 | #else
162 | pthread_mutex_init(stripe, nil)
| `- error: 'nil' requires a contextual type
163 | #endif
164 | }
[576/970] Compiling SwiftSyntax SyntaxProtocol.swift
/host/spi-builder-workspace/.build/checkouts/swift-semantic-string/Sources/Semantic/Storage/CacheLockStripes.swift:42:27: error: cannot find type 'pthread_mutex_t' in scope
40 | #else
41 | @usableFromInline
42 | typealias Primitive = pthread_mutex_t
| `- error: cannot find type 'pthread_mutex_t' in scope
43 | #endif
44 |
/host/spi-builder-workspace/.build/checkouts/swift-semantic-string/Sources/Semantic/Storage/CacheLockStripes.swift:138:9: error: cannot find 'pthread_mutex_lock' in scope
136 | AcquireSRWLockExclusive(stripe)
137 | #else
138 | pthread_mutex_lock(stripe)
| `- error: cannot find 'pthread_mutex_lock' in scope
139 | #endif
140 | }
/host/spi-builder-workspace/.build/checkouts/swift-semantic-string/Sources/Semantic/Storage/CacheLockStripes.swift:149:9: error: cannot find 'pthread_mutex_unlock' in scope
147 | ReleaseSRWLockExclusive(stripe)
148 | #else
149 | pthread_mutex_unlock(stripe)
| `- error: cannot find 'pthread_mutex_unlock' in scope
150 | #endif
151 | }
/host/spi-builder-workspace/.build/checkouts/swift-semantic-string/Sources/Semantic/Storage/CacheLockStripes.swift:162:9: error: cannot find 'pthread_mutex_init' in scope
160 | InitializeSRWLock(stripe)
161 | #else
162 | pthread_mutex_init(stripe, nil)
| `- error: cannot find 'pthread_mutex_init' in scope
163 | #endif
164 | }
/host/spi-builder-workspace/.build/checkouts/swift-semantic-string/Sources/Semantic/Storage/CacheLockStripes.swift:162:36: error: 'nil' requires a contextual type
160 | InitializeSRWLock(stripe)
161 | #else
162 | pthread_mutex_init(stripe, nil)
| `- error: 'nil' requires a contextual type
163 | #endif
164 | }
[577/970] Compiling SwiftSyntax SyntaxText.swift
/host/spi-builder-workspace/.build/checkouts/swift-semantic-string/Sources/Semantic/Storage/CacheLockStripes.swift:42:27: error: cannot find type 'pthread_mutex_t' in scope
40 | #else
41 | @usableFromInline
42 | typealias Primitive = pthread_mutex_t
| `- error: cannot find type 'pthread_mutex_t' in scope
43 | #endif
44 |
/host/spi-builder-workspace/.build/checkouts/swift-semantic-string/Sources/Semantic/Storage/CacheLockStripes.swift:138:9: error: cannot find 'pthread_mutex_lock' in scope
136 | AcquireSRWLockExclusive(stripe)
137 | #else
138 | pthread_mutex_lock(stripe)
| `- error: cannot find 'pthread_mutex_lock' in scope
139 | #endif
140 | }
/host/spi-builder-workspace/.build/checkouts/swift-semantic-string/Sources/Semantic/Storage/CacheLockStripes.swift:149:9: error: cannot find 'pthread_mutex_unlock' in scope
147 | ReleaseSRWLockExclusive(stripe)
148 | #else
149 | pthread_mutex_unlock(stripe)
| `- error: cannot find 'pthread_mutex_unlock' in scope
150 | #endif
151 | }
/host/spi-builder-workspace/.build/checkouts/swift-semantic-string/Sources/Semantic/Storage/CacheLockStripes.swift:162:9: error: cannot find 'pthread_mutex_init' in scope
160 | InitializeSRWLock(stripe)
161 | #else
162 | pthread_mutex_init(stripe, nil)
| `- error: cannot find 'pthread_mutex_init' in scope
163 | #endif
164 | }
/host/spi-builder-workspace/.build/checkouts/swift-semantic-string/Sources/Semantic/Storage/CacheLockStripes.swift:162:36: error: 'nil' requires a contextual type
160 | InitializeSRWLock(stripe)
161 | #else
162 | pthread_mutex_init(stripe, nil)
| `- error: 'nil' requires a contextual type
163 | #endif
164 | }
[578/970] Compiling SwiftSyntax SyntaxTreeViewMode.swift
/host/spi-builder-workspace/.build/checkouts/swift-semantic-string/Sources/Semantic/Storage/CacheLockStripes.swift:42:27: error: cannot find type 'pthread_mutex_t' in scope
40 | #else
41 | @usableFromInline
42 | typealias Primitive = pthread_mutex_t
| `- error: cannot find type 'pthread_mutex_t' in scope
43 | #endif
44 |
/host/spi-builder-workspace/.build/checkouts/swift-semantic-string/Sources/Semantic/Storage/CacheLockStripes.swift:138:9: error: cannot find 'pthread_mutex_lock' in scope
136 | AcquireSRWLockExclusive(stripe)
137 | #else
138 | pthread_mutex_lock(stripe)
| `- error: cannot find 'pthread_mutex_lock' in scope
139 | #endif
140 | }
/host/spi-builder-workspace/.build/checkouts/swift-semantic-string/Sources/Semantic/Storage/CacheLockStripes.swift:149:9: error: cannot find 'pthread_mutex_unlock' in scope
147 | ReleaseSRWLockExclusive(stripe)
148 | #else
149 | pthread_mutex_unlock(stripe)
| `- error: cannot find 'pthread_mutex_unlock' in scope
150 | #endif
151 | }
/host/spi-builder-workspace/.build/checkouts/swift-semantic-string/Sources/Semantic/Storage/CacheLockStripes.swift:162:9: error: cannot find 'pthread_mutex_init' in scope
160 | InitializeSRWLock(stripe)
161 | #else
162 | pthread_mutex_init(stripe, nil)
| `- error: cannot find 'pthread_mutex_init' in scope
163 | #endif
164 | }
/host/spi-builder-workspace/.build/checkouts/swift-semantic-string/Sources/Semantic/Storage/CacheLockStripes.swift:162:36: error: 'nil' requires a contextual type
160 | InitializeSRWLock(stripe)
161 | #else
162 | pthread_mutex_init(stripe, nil)
| `- error: 'nil' requires a contextual type
163 | #endif
164 | }
[579/970] Compiling SwiftSyntax TokenDiagnostic.swift
/host/spi-builder-workspace/.build/checkouts/swift-semantic-string/Sources/Semantic/Storage/CacheLockStripes.swift:42:27: error: cannot find type 'pthread_mutex_t' in scope
40 | #else
41 | @usableFromInline
42 | typealias Primitive = pthread_mutex_t
| `- error: cannot find type 'pthread_mutex_t' in scope
43 | #endif
44 |
/host/spi-builder-workspace/.build/checkouts/swift-semantic-string/Sources/Semantic/Storage/CacheLockStripes.swift:138:9: error: cannot find 'pthread_mutex_lock' in scope
136 | AcquireSRWLockExclusive(stripe)
137 | #else
138 | pthread_mutex_lock(stripe)
| `- error: cannot find 'pthread_mutex_lock' in scope
139 | #endif
140 | }
/host/spi-builder-workspace/.build/checkouts/swift-semantic-string/Sources/Semantic/Storage/CacheLockStripes.swift:149:9: error: cannot find 'pthread_mutex_unlock' in scope
147 | ReleaseSRWLockExclusive(stripe)
148 | #else
149 | pthread_mutex_unlock(stripe)
| `- error: cannot find 'pthread_mutex_unlock' in scope
150 | #endif
151 | }
/host/spi-builder-workspace/.build/checkouts/swift-semantic-string/Sources/Semantic/Storage/CacheLockStripes.swift:162:9: error: cannot find 'pthread_mutex_init' in scope
160 | InitializeSRWLock(stripe)
161 | #else
162 | pthread_mutex_init(stripe, nil)
| `- error: cannot find 'pthread_mutex_init' in scope
163 | #endif
164 | }
/host/spi-builder-workspace/.build/checkouts/swift-semantic-string/Sources/Semantic/Storage/CacheLockStripes.swift:162:36: error: 'nil' requires a contextual type
160 | InitializeSRWLock(stripe)
161 | #else
162 | pthread_mutex_init(stripe, nil)
| `- error: 'nil' requires a contextual type
163 | #endif
164 | }
[580/975] Compiling SwiftSyntax TokenSequence.swift
/host/spi-builder-workspace/.build/checkouts/swift-semantic-string/Sources/Semantic/Storage/CacheLockStripes.swift:42:27: error: cannot find type 'pthread_mutex_t' in scope
40 | #else
41 | @usableFromInline
42 | typealias Primitive = pthread_mutex_t
| `- error: cannot find type 'pthread_mutex_t' in scope
43 | #endif
44 |
[581/975] Compiling SwiftSyntax TokenSyntax.swift
/host/spi-builder-workspace/.build/checkouts/swift-semantic-string/Sources/Semantic/Storage/CacheLockStripes.swift:42:27: error: cannot find type 'pthread_mutex_t' in scope
40 | #else
41 | @usableFromInline
42 | typealias Primitive = pthread_mutex_t
| `- error: cannot find type 'pthread_mutex_t' in scope
43 | #endif
44 |
[582/975] Compiling SwiftSyntax Trivia.swift
/host/spi-builder-workspace/.build/checkouts/swift-semantic-string/Sources/Semantic/Storage/CacheLockStripes.swift:42:27: error: cannot find type 'pthread_mutex_t' in scope
40 | #else
41 | @usableFromInline
42 | typealias Primitive = pthread_mutex_t
| `- error: cannot find type 'pthread_mutex_t' in scope
43 | #endif
44 |
[583/975] Compiling SwiftSyntax Utils.swift
/host/spi-builder-workspace/.build/checkouts/swift-semantic-string/Sources/Semantic/Storage/CacheLockStripes.swift:42:27: error: cannot find type 'pthread_mutex_t' in scope
40 | #else
41 | @usableFromInline
42 | typealias Primitive = pthread_mutex_t
| `- error: cannot find type 'pthread_mutex_t' in scope
43 | #endif
44 |
[584/975] Compiling SwiftSyntax SyntaxRewriter.swift
/host/spi-builder-workspace/.build/checkouts/swift-semantic-string/Sources/Semantic/Storage/CacheLockStripes.swift:42:27: error: cannot find type 'pthread_mutex_t' in scope
40 | #else
41 | @usableFromInline
42 | typealias Primitive = pthread_mutex_t
| `- error: cannot find type 'pthread_mutex_t' in scope
43 | #endif
44 |
[585/975] Compiling SwiftSyntax Convenience.swift
[586/975] Compiling SwiftSyntax CustomTraits.swift
[587/975] Compiling SwiftSyntax EditorPlaceholder.swift
[588/975] Compiling SwiftSyntax Identifier.swift
[589/975] Compiling SwiftSyntax MemoryLayout.swift
[590/975] Compiling SwiftSyntax MissingNodeInitializers.swift
[591/975] Compiling SwiftSyntax RawSyntax.swift
[592/975] Compiling SwiftSyntax RawSyntaxArena.swift
[593/975] Compiling SwiftSyntax RawSyntaxLayoutView.swift
[594/975] Compiling SwiftSyntax RawSyntaxNodeProtocol.swift
[595/975] Compiling SwiftSyntax RawSyntaxTokenView.swift
[607/980] Compiling SwiftSyntax Syntax.swift
[608/980] Compiling SwiftSyntax SyntaxChildren.swift
[609/980] Compiling SwiftSyntax SyntaxCollection.swift
[610/980] Compiling SwiftSyntax SyntaxHashable.swift
[611/980] Compiling SwiftSyntax SyntaxIdentifier.swift
[612/980] Compiling SwiftSyntax SourceEdit.swift
[613/980] Compiling SwiftSyntax SourceLength.swift
[614/980] Compiling SwiftSyntax SourceLocation.swift
[615/980] Compiling SwiftSyntax SourcePresence.swift
[616/980] Compiling SwiftSyntax SwiftSyntaxCompatibility.swift
[617/980] Compiling SwiftSyntax AbsolutePosition.swift
[618/980] Compiling SwiftSyntax AbsoluteSyntaxInfo.swift
[619/980] Compiling SwiftSyntax ArenaAllocatedBuffer.swift
[620/980] Compiling SwiftSyntax Assert.swift
[621/980] Compiling SwiftSyntax BumpPtrAllocator.swift
[622/980] Compiling SwiftSyntax CommonAncestor.swift
error: emit-module command failed with exit code 1 (use -v to see invocation)
[623/980] Emitting module Semantic
/host/spi-builder-workspace/.build/checkouts/swift-semantic-string/Sources/Semantic/Storage/CacheLockStripes.swift:42:27: error: cannot find type 'pthread_mutex_t' in scope
40 | #else
41 | @usableFromInline
42 | typealias Primitive = pthread_mutex_t
| `- error: cannot find type 'pthread_mutex_t' in scope
43 | #endif
44 |
[630/980] Emitting module OutputTransformer
[633/982] Compiling Semantic VisibilityCondition.swift
[634/982] Compiling Semantic VisibilityLayout.swift
[635/982] Compiling Semantic VisibilityProjection.swift
[636/982] Compiling Semantic VisibilityRegion.swift
[637/982] Compiling Semantic VisibilityRegionTable.swift
[638/982] Emitting module Rainbow
error: cancelled
[639/982] Emitting module OutputTransformer
BUILD FAILURE 6.3 wasm