Build Information
Failed to build WineKit, reference 2.3.0 (f628d4), with Swift 6.4 for watchOS using Xcode 27.0 on 21 Sep 2026 20:59:50 UTC.
Build Command
env DEVELOPER_DIR=/Applications/Xcode-27.0.0-Release.Candidate.app xcrun xcodebuild -IDEClonedSourcePackagesDirPathOverride=$PWD/.dependencies -skipMacroValidation -skipPackagePluginValidation -derivedDataPath $PWD/.derivedData build -scheme WineKit-Package -destination generic/platform=watchOSBuild Log
========================================
RunAll
========================================
Builder version: 5.1.0
Interrupt handler set up.
========================================
Checkout
========================================
Clone URL: https://github.com/divadretlaw/WineKit.git
Reference: 2.3.0
Initialized empty Git repository in /Users/admin/builder/spi-builder-workspace/.git/
From https://github.com/divadretlaw/WineKit
* tag 2.3.0 -> FETCH_HEAD
HEAD is now at f628d46 Fix WineKit
Cloned https://github.com/divadretlaw/WineKit.git
Revision (git rev-parse @):
f628d46858b307805bb50e544cabe564ea420cca
SUCCESS checkout https://github.com/divadretlaw/WineKit.git at 2.3.0
========================================
Build
========================================
Selected platform: watchOS
Swift version: 6.4
Building package at path: $PWD
https://github.com/divadretlaw/WineKit.git
Command line invocation:
/Applications/Xcode-27.0.0-Release.Candidate.app/Contents/Developer/usr/bin/xcodebuild -IDEClonedSourcePackagesDirPathOverride=/Users/admin/builder/spi-builder-workspace/.dependencies -resolvePackageDependencies
Resolve Package Graph
Resolve Package Graph
Resolved source packages:
WineKit: /Users/admin/builder/spi-builder-workspace
resolved source packages: WineKit
2026-09-21 16:59:01.509 xcodebuild[525:3016] [MT] IDERunDestination: Supported platforms for the buildables in the current scheme is empty.
{
"dependencies" : [
],
"manifest_display_name" : "WineKit",
"name" : "WineKit",
"path" : "/Users/admin/builder/spi-builder-workspace",
"platforms" : [
{
"name" : "macos",
"version" : "13.0"
}
],
"products" : [
{
"name" : "WineKit",
"targets" : [
"WineKit"
],
"type" : {
"library" : [
"automatic"
]
}
},
{
"name" : "WindowsFileKit",
"targets" : [
"WindowsFileKit"
],
"type" : {
"library" : [
"automatic"
]
}
}
],
"targets" : [
{
"c99name" : "WinetricksPlugin",
"module_type" : "PluginTarget",
"name" : "WinetricksPlugin",
"path" : "Plugins/WinetricksPlugin",
"plugin_capability" : {
"intent" : {
"description" : "Generate enums from latest Winetricks verbs",
"type" : "custom",
"verb" : "winetricks-generate"
},
"permissions" : [
{
"network_scope" : {
"all" : {
"ports" : [
]
}
},
"reason" : "Download latest verbs",
"type" : "allowNetworkConnections"
}
],
"type" : "command"
},
"sources" : [
"main.swift"
],
"type" : "plugin"
},
{
"c99name" : "WineKitTests",
"module_type" : "SwiftTarget",
"name" : "WineKitTests",
"path" : "Tests/WineKitTests",
"sources" : [
"BottleIconTests.swift",
"BottleTests.swift",
"ModelTests.swift",
"WineKitTests.swift",
"WineLoader.swift"
],
"target_dependencies" : [
"WineKit"
],
"type" : "test"
},
{
"c99name" : "WineKit",
"module_type" : "SwiftTarget",
"name" : "WineKit",
"path" : "Sources/WineKit",
"product_memberships" : [
"WineKit"
],
"resources" : [
{
"path" : "/Users/admin/builder/spi-builder-workspace/Sources/WineKit/Resources/winetricks.sh",
"rule" : {
"process" : {
}
}
}
],
"sources" : [
"Domain/DXMT.swift",
"Domain/DXVK.swift",
"Domain/GPTK.swift",
"Domain/RegistryType.swift",
"Domain/SynchronizationMode.swift",
"Domain/Verbs/Verbs+App.swift",
"Domain/Verbs/Verbs+Benchmark.swift",
"Domain/Verbs/Verbs+DLL.swift",
"Domain/Verbs/Verbs+Font.swift",
"Domain/Verbs/Verbs+Setting.swift",
"Domain/WindowsVersion.swift",
"Domain/WineEnvironment.swift",
"Domain/WineError.swift",
"Domain/WineOutput.swift",
"Domain/WinePackageVersion.swift",
"Extensions/DictionaryExtensions.swift",
"Extensions/FileManagerExtensions.swift",
"Extensions/StringExtensions.swift",
"Extensions/URLExtensions.swift",
"Logger.swift",
"Model/Bottle/Bottle.swift",
"Model/Bottle/BottleIcon.swift",
"Model/Bottle/BottleIdentifier.swift",
"Model/Bottle/BottleReference.swift",
"Model/Prefix/Prefix.swift",
"Model/Prefix/PrefixSettings.swift",
"Model/Program/Program.swift",
"Model/Program/ProgramReference.swift",
"Model/Program/ProgramSettings.swift",
"Model/WineProcess.swift",
"TaskManager/TaskManager.swift",
"Wine/Wine.swift",
"Wine/WineCommands.swift",
"Wine/WineRegistry.swift",
"Wine/WineServer.swift",
"Wine/Winetricks.swift"
],
"target_dependencies" : [
"WindowsFileKit"
],
"type" : "library"
},
{
"c99name" : "WindowsFileKitTests",
"module_type" : "SwiftTarget",
"name" : "WindowsFileKitTests",
"path" : "Tests/WindowsFileKitTests",
"resources" : [
{
"path" : "/Users/admin/builder/spi-builder-workspace/Tests/WindowsFileKitTests/Resources/explorer.lnk",
"rule" : {
"process" : {
}
}
}
],
"sources" : [
"PortableExecutableTests.swift",
"ShellLinkTests.swift"
],
"target_dependencies" : [
"WindowsFileKit"
],
"type" : "test"
},
{
"c99name" : "WindowsFileKit",
"module_type" : "SwiftTarget",
"name" : "WindowsFileKit",
"path" : "Sources/WindowsFileKit",
"product_memberships" : [
"WineKit",
"WindowsFileKit"
],
"sources" : [
"Extensions/DataExtensions.swift",
"Extensions/IntExtensions.swift",
"Extensions/UInt64Extensions.swift",
"FileHandle/FileHandleExtensions.swift",
"FileHandle/FileHandleIterator.swift",
"PortableExecutable/COFFHeader.swift",
"PortableExecutable/Characteristics.swift",
"PortableExecutable/DLLCharacteristics.swift",
"PortableExecutable/Machine.swift",
"PortableExecutable/Magic.swift",
"PortableExecutable/OptionalHeader.swift",
"PortableExecutable/PortableExecutable.swift",
"PortableExecutable/RSRC/ResourceDataEntry.swift",
"PortableExecutable/RSRC/ResourceDirectoryEntry.swift",
"PortableExecutable/RSRC/ResourceDirectoryString.swift",
"PortableExecutable/RSRC/ResourceDirectoryTable.swift",
"PortableExecutable/RSRC/ResourceType.swift",
"PortableExecutable/Section.swift",
"PortableExecutable/SectionFlag.swift",
"PortableExecutable/WindowsSubsystem.swift",
"ShellLink/FileAttributesFlags.swift",
"ShellLink/LinkFlags.swift",
"ShellLink/LinkInfo.swift",
"ShellLink/LinkInfoFlags.swift",
"ShellLink/LinkTargetIDList.swift",
"ShellLink/ShellLink.swift",
"ShellLink/ShellLinkHeader.swift",
"ShellLink/ShowCommand.swift",
"VersionInfo/FixedFileInfo.swift",
"VersionInfo/String.swift",
"VersionInfo/StringFileInfo.swift",
"VersionInfo/StringTable.swift",
"VersionInfo/VarFileInfo.swift",
"VersionInfo/VersionInfo.swift"
],
"type" : "library"
}
],
"tools_version" : "5.9"
}
{
"workspace" : {
"name" : "WineKit",
"schemes" : [
"WindowsFileKit",
"WineKit",
"WineKit-Package"
]
}
}
2026-09-21 16:59:34.348 xcodebuild[624:3830] [MT] IDERunDestination: Supported platforms for the buildables in the current scheme is empty.
Running build ...
env DEVELOPER_DIR=/Applications/Xcode-27.0.0-Release.Candidate.app xcrun xcodebuild -IDEClonedSourcePackagesDirPathOverride=$PWD/.dependencies -skipMacroValidation -skipPackagePluginValidation -derivedDataPath $PWD/.derivedData build -scheme WineKit-Package -destination generic/platform=watchOS
Command line invocation:
/Applications/Xcode-27.0.0-Release.Candidate.app/Contents/Developer/usr/bin/xcodebuild -IDEClonedSourcePackagesDirPathOverride=/Users/admin/builder/spi-builder-workspace/.dependencies -skipMacroValidation -skipPackagePluginValidation -derivedDataPath /Users/admin/builder/spi-builder-workspace/.derivedData build -scheme WineKit-Package -destination generic/platform=watchOS
Resolve Package Graph
Resolved source packages:
WineKit: /Users/admin/builder/spi-builder-workspace
ComputePackagePrebuildTargetDependencyGraph
Prepare packages
Compile plug-in “WinetricksPlugin” in package “spi-builder-workspace”
[debug]: Compiling plugin to executable at /Users/admin/builder/spi-builder-workspace/.derivedData/Build/Products/PluginExecutables/WinetricksPlugin
[debug]: Using compiler /Applications/Xcode-27.0.0-Release.Candidate.app/Contents/Developer/Toolchains/XcodeDefault.xctoolchain/usr/bin/swiftc
[debug]: Plugin compilation output directory '/Users/admin/builder/spi-builder-workspace/.derivedData/Build/Products/PluginExecutables'
[debug]: Computed hash of plugin compilation inputs: 7632b38fb2cdfaeb982843d919b4293b2e01af5e49d35f5f69ee4bdda68539c5
Process build tool plug-in results
CreateBuildRequest
SendProjectDescription
CreateBuildOperation
ComputeTargetDependencyGraph
note: Building targets in dependency order
note: Target dependency graph (5 targets)
Target 'WindowsFileKit-product' in project 'WineKit'
➜ Explicit dependency on target 'WindowsFileKit' in project 'WineKit'
Target 'WineKit-product' in project 'WineKit'
➜ Explicit dependency on target 'WineKit' in project 'WineKit'
➜ Explicit dependency on target 'WineKit_WineKit' in project 'WineKit'
➜ Explicit dependency on target 'WindowsFileKit' in project 'WineKit'
Target 'WineKit' in project 'WineKit'
➜ Explicit dependency on target 'WineKit_WineKit' in project 'WineKit'
➜ Explicit dependency on target 'WindowsFileKit' in project 'WineKit'
Target 'WindowsFileKit' in project 'WineKit' (no dependencies)
Target 'WineKit_WineKit' in project 'WineKit' (no dependencies)
GatherProvisioningInputs
CreateBuildDescription
ExecuteExternalTool /Applications/Xcode-27.0.0-Release.Candidate.app/Contents/Developer/Toolchains/XcodeDefault.xctoolchain/usr/bin/clang -v -E -dM -isysroot /Applications/Xcode-27.0.0-Release.Candidate.app/Contents/Developer/Platforms/WatchOS.platform/Developer/SDKs/WatchOS27.0.sdk -x c -c /dev/null
ExecuteExternalTool /Applications/Xcode-27.0.0-Release.Candidate.app/Contents/Developer/Toolchains/XcodeDefault.xctoolchain/usr/bin/swiftc --version
ExecuteExternalTool /Applications/Xcode-27.0.0-Release.Candidate.app/Contents/Developer/Toolchains/XcodeDefault.xctoolchain/usr/bin/ld -version_details
Build description signature: b55613c7a4643dd16589f32f85c57f82
Build description path: /Users/admin/builder/spi-builder-workspace/.derivedData/Build/Intermediates.noindex/XCBuildData/b55613c7a4643dd16589f32f85c57f82.xcbuilddata
CreateBuildDirectory /Users/admin/builder/spi-builder-workspace/.derivedData/ModuleCache.noindex
cd /Users/admin/builder/spi-builder-workspace/.swiftpm/xcode
builtin-create-build-directory /Users/admin/builder/spi-builder-workspace/.derivedData/ModuleCache.noindex
CreateBuildDirectory /Users/admin/builder/spi-builder-workspace/.derivedData/CompilationCache.noindex
cd /Users/admin/builder/spi-builder-workspace/.swiftpm/xcode
builtin-create-build-directory /Users/admin/builder/spi-builder-workspace/.derivedData/CompilationCache.noindex
CreateBuildDirectory /Users/admin/builder/spi-builder-workspace/.derivedData/SDKExplicitPrecompiledModules
cd /Users/admin/builder/spi-builder-workspace/.swiftpm/xcode
builtin-create-build-directory /Users/admin/builder/spi-builder-workspace/.derivedData/SDKExplicitPrecompiledModules
ClangStatCache /Applications/Xcode-27.0.0-Release.Candidate.app/Contents/Developer/Toolchains/XcodeDefault.xctoolchain/usr/bin/clang-stat-cache /Applications/Xcode-27.0.0-Release.Candidate.app/Contents/Developer/Platforms/WatchOS.platform/Developer/SDKs/WatchOS27.0.sdk /Users/admin/builder/spi-builder-workspace/.derivedData/SDKStatCaches.noindex/watchos27.0-24R360-e829b21a6f8c9b70876ba0858053c04477534ef55a1706bf4c1112bbb242f0a2.sdkstatcache
cd /Users/admin/builder/spi-builder-workspace/.swiftpm/xcode
/Applications/Xcode-27.0.0-Release.Candidate.app/Contents/Developer/Toolchains/XcodeDefault.xctoolchain/usr/bin/clang-stat-cache /Applications/Xcode-27.0.0-Release.Candidate.app/Contents/Developer/Platforms/WatchOS.platform/Developer/SDKs/WatchOS27.0.sdk -o /Users/admin/builder/spi-builder-workspace/.derivedData/SDKStatCaches.noindex/watchos27.0-24R360-e829b21a6f8c9b70876ba0858053c04477534ef55a1706bf4c1112bbb242f0a2.sdkstatcache
CreateBuildDirectory /Users/admin/builder/spi-builder-workspace/.derivedData/Build/Products
cd /Users/admin/builder/spi-builder-workspace/.swiftpm/xcode
builtin-create-build-directory /Users/admin/builder/spi-builder-workspace/.derivedData/Build/Products
CreateBuildDirectory /Users/admin/builder/spi-builder-workspace/.derivedData/Build/Intermediates.noindex
cd /Users/admin/builder/spi-builder-workspace/.swiftpm/xcode
builtin-create-build-directory /Users/admin/builder/spi-builder-workspace/.derivedData/Build/Intermediates.noindex
CreateBuildDirectory /Users/admin/builder/spi-builder-workspace/.derivedData/Build/Products/Debug-watchos
cd /Users/admin/builder/spi-builder-workspace/.swiftpm/xcode
builtin-create-build-directory /Users/admin/builder/spi-builder-workspace/.derivedData/Build/Products/Debug-watchos
CreateBuildDirectory /Users/admin/builder/spi-builder-workspace/.derivedData/Build/Intermediates.noindex/PrecompiledHeaders
cd /Users/admin/builder/spi-builder-workspace/.swiftpm/xcode
builtin-create-build-directory /Users/admin/builder/spi-builder-workspace/.derivedData/Build/Intermediates.noindex/PrecompiledHeaders
CreateBuildDirectory /Users/admin/builder/spi-builder-workspace/.derivedData/Build/Intermediates.noindex/SwiftExplicitPrecompiledModules
cd /Users/admin/builder/spi-builder-workspace/.swiftpm/xcode
builtin-create-build-directory /Users/admin/builder/spi-builder-workspace/.derivedData/Build/Intermediates.noindex/SwiftExplicitPrecompiledModules
CreateBuildDirectory /Users/admin/builder/spi-builder-workspace/.derivedData/Build/Intermediates.noindex/ExplicitPrecompiledModules
cd /Users/admin/builder/spi-builder-workspace/.swiftpm/xcode
builtin-create-build-directory /Users/admin/builder/spi-builder-workspace/.derivedData/Build/Intermediates.noindex/ExplicitPrecompiledModules
CreateBuildDirectory /Users/admin/builder/spi-builder-workspace/.derivedData/Build/Intermediates.noindex/EagerLinkingTBDs/Debug-watchos
cd /Users/admin/builder/spi-builder-workspace/.swiftpm/xcode
builtin-create-build-directory /Users/admin/builder/spi-builder-workspace/.derivedData/Build/Intermediates.noindex/EagerLinkingTBDs/Debug-watchos
CreateBuildDirectory /Users/admin/builder/spi-builder-workspace/.derivedData/Build/Products/Debug-watchos/PackageFrameworks
cd /Users/admin/builder/spi-builder-workspace/.swiftpm/xcode
builtin-create-build-directory /Users/admin/builder/spi-builder-workspace/.derivedData/Build/Products/Debug-watchos/PackageFrameworks
MkDir /Users/admin/builder/spi-builder-workspace/.derivedData/Build/Products/Debug-watchos/WineKit_WineKit.bundle (in target 'WineKit_WineKit' from project 'WineKit')
cd /Users/admin/builder/spi-builder-workspace
/bin/mkdir -p /Users/admin/builder/spi-builder-workspace/.derivedData/Build/Products/Debug-watchos/WineKit_WineKit.bundle
WriteAuxiliaryFile /Users/admin/builder/spi-builder-workspace/.derivedData/Build/Intermediates.noindex/WineKit.build/Debug-watchos/WineKit_WineKit-b.build/empty-WineKit_WineKit.plist (in target 'WineKit_WineKit' from project 'WineKit')
cd /Users/admin/builder/spi-builder-workspace
write-file /Users/admin/builder/spi-builder-workspace/.derivedData/Build/Intermediates.noindex/WineKit.build/Debug-watchos/WineKit_WineKit-b.build/empty-WineKit_WineKit.plist
WriteAuxiliaryFile /Users/admin/builder/spi-builder-workspace/.derivedData/Build/Intermediates.noindex/WineKit.build/Debug-watchos/WineKit_WineKit-b.build/WineKit_WineKit.DependencyMetadataFileList (in target 'WineKit_WineKit' from project 'WineKit')
cd /Users/admin/builder/spi-builder-workspace
write-file /Users/admin/builder/spi-builder-workspace/.derivedData/Build/Intermediates.noindex/WineKit.build/Debug-watchos/WineKit_WineKit-b.build/WineKit_WineKit.DependencyMetadataFileList
WriteAuxiliaryFile /Users/admin/builder/spi-builder-workspace/.derivedData/Build/Intermediates.noindex/WineKit.build/Debug-watchos/WineKit-t.build/WineKit.modulemap (in target 'WineKit' from project 'WineKit')
cd /Users/admin/builder/spi-builder-workspace
write-file /Users/admin/builder/spi-builder-workspace/.derivedData/Build/Intermediates.noindex/WineKit.build/Debug-watchos/WineKit-t.build/WineKit.modulemap
WriteAuxiliaryFile /Users/admin/builder/spi-builder-workspace/.derivedData/Build/Intermediates.noindex/WineKit.build/Debug-watchos/WineKit-t.build/WineKit.DependencyStaticMetadataFileList (in target 'WineKit' from project 'WineKit')
cd /Users/admin/builder/spi-builder-workspace
write-file /Users/admin/builder/spi-builder-workspace/.derivedData/Build/Intermediates.noindex/WineKit.build/Debug-watchos/WineKit-t.build/WineKit.DependencyStaticMetadataFileList
WriteAuxiliaryFile /Users/admin/builder/spi-builder-workspace/.derivedData/Build/Intermediates.noindex/WineKit.build/Debug-watchos/WineKit-t.build/WineKit.DependencyMetadataFileList (in target 'WineKit' from project 'WineKit')
cd /Users/admin/builder/spi-builder-workspace
write-file /Users/admin/builder/spi-builder-workspace/.derivedData/Build/Intermediates.noindex/WineKit.build/Debug-watchos/WineKit-t.build/WineKit.DependencyMetadataFileList
WriteAuxiliaryFile /Users/admin/builder/spi-builder-workspace/.derivedData/Build/Intermediates.noindex/WineKit.build/Debug-watchos/WineKit_WineKit-b.build/WineKit_WineKit.DependencyStaticMetadataFileList (in target 'WineKit_WineKit' from project 'WineKit')
cd /Users/admin/builder/spi-builder-workspace
write-file /Users/admin/builder/spi-builder-workspace/.derivedData/Build/Intermediates.noindex/WineKit.build/Debug-watchos/WineKit_WineKit-b.build/WineKit_WineKit.DependencyStaticMetadataFileList
WriteAuxiliaryFile /Users/admin/builder/spi-builder-workspace/.derivedData/Build/Intermediates.noindex/WineKit.build/Debug-watchos/WindowsFileKit-t.build/WindowsFileKit.modulemap (in target 'WindowsFileKit' from project 'WineKit')
cd /Users/admin/builder/spi-builder-workspace
write-file /Users/admin/builder/spi-builder-workspace/.derivedData/Build/Intermediates.noindex/WineKit.build/Debug-watchos/WindowsFileKit-t.build/WindowsFileKit.modulemap
WriteAuxiliaryFile /Users/admin/builder/spi-builder-workspace/.derivedData/Build/Intermediates.noindex/WineKit.build/Debug-watchos/WineKit-t.build/Objects-normal/arm64_32/WineKit_const_extract_protocols.json (in target 'WineKit' from project 'WineKit')
cd /Users/admin/builder/spi-builder-workspace
write-file /Users/admin/builder/spi-builder-workspace/.derivedData/Build/Intermediates.noindex/WineKit.build/Debug-watchos/WineKit-t.build/Objects-normal/arm64_32/WineKit_const_extract_protocols.json
WriteAuxiliaryFile /Users/admin/builder/spi-builder-workspace/.derivedData/Build/Intermediates.noindex/WineKit.build/Debug-watchos/WineKit-t.build/Objects-normal/arm64_32/WineKit.SwiftFileList (in target 'WineKit' from project 'WineKit')
cd /Users/admin/builder/spi-builder-workspace
write-file /Users/admin/builder/spi-builder-workspace/.derivedData/Build/Intermediates.noindex/WineKit.build/Debug-watchos/WineKit-t.build/Objects-normal/arm64_32/WineKit.SwiftFileList
WriteAuxiliaryFile /Users/admin/builder/spi-builder-workspace/.derivedData/Build/Intermediates.noindex/WineKit.build/Debug-watchos/WineKit-t.build/Objects-normal/arm64_32/WineKit.LinkFileList (in target 'WineKit' from project 'WineKit')
cd /Users/admin/builder/spi-builder-workspace
write-file /Users/admin/builder/spi-builder-workspace/.derivedData/Build/Intermediates.noindex/WineKit.build/Debug-watchos/WineKit-t.build/Objects-normal/arm64_32/WineKit.LinkFileList
WriteAuxiliaryFile /Users/admin/builder/spi-builder-workspace/.derivedData/Build/Intermediates.noindex/WineKit.build/Debug-watchos/WineKit-t.build/Objects-normal/arm64_32/WineKit.SwiftConstValuesFileList (in target 'WineKit' from project 'WineKit')
cd /Users/admin/builder/spi-builder-workspace
write-file /Users/admin/builder/spi-builder-workspace/.derivedData/Build/Intermediates.noindex/WineKit.build/Debug-watchos/WineKit-t.build/Objects-normal/arm64_32/WineKit.SwiftConstValuesFileList
WriteAuxiliaryFile /Users/admin/builder/spi-builder-workspace/.derivedData/Build/Intermediates.noindex/WineKit.build/Debug-watchos/WineKit-t.build/Objects-normal/arm64_32/WineKit-OutputFileMap.json (in target 'WineKit' from project 'WineKit')
cd /Users/admin/builder/spi-builder-workspace
write-file /Users/admin/builder/spi-builder-workspace/.derivedData/Build/Intermediates.noindex/WineKit.build/Debug-watchos/WineKit-t.build/Objects-normal/arm64_32/WineKit-OutputFileMap.json
WriteAuxiliaryFile /Users/admin/builder/spi-builder-workspace/.derivedData/Build/Intermediates.noindex/WineKit.build/Debug-watchos/WineKit-t.build/Objects-normal/arm64/WineKit_const_extract_protocols.json (in target 'WineKit' from project 'WineKit')
cd /Users/admin/builder/spi-builder-workspace
write-file /Users/admin/builder/spi-builder-workspace/.derivedData/Build/Intermediates.noindex/WineKit.build/Debug-watchos/WineKit-t.build/Objects-normal/arm64/WineKit_const_extract_protocols.json
WriteAuxiliaryFile /Users/admin/builder/spi-builder-workspace/.derivedData/Build/Intermediates.noindex/WineKit.build/Debug-watchos/WineKit-t.build/Objects-normal/arm64/WineKit.SwiftFileList (in target 'WineKit' from project 'WineKit')
cd /Users/admin/builder/spi-builder-workspace
write-file /Users/admin/builder/spi-builder-workspace/.derivedData/Build/Intermediates.noindex/WineKit.build/Debug-watchos/WineKit-t.build/Objects-normal/arm64/WineKit.SwiftFileList
WriteAuxiliaryFile /Users/admin/builder/spi-builder-workspace/.derivedData/Build/Intermediates.noindex/WineKit.build/Debug-watchos/WineKit-t.build/Objects-normal/arm64/WineKit.SwiftConstValuesFileList (in target 'WineKit' from project 'WineKit')
cd /Users/admin/builder/spi-builder-workspace
write-file /Users/admin/builder/spi-builder-workspace/.derivedData/Build/Intermediates.noindex/WineKit.build/Debug-watchos/WineKit-t.build/Objects-normal/arm64/WineKit.SwiftConstValuesFileList
WriteAuxiliaryFile /Users/admin/builder/spi-builder-workspace/.derivedData/Build/Intermediates.noindex/WineKit.build/Debug-watchos/WineKit-t.build/Objects-normal/arm64/WineKit.LinkFileList (in target 'WineKit' from project 'WineKit')
cd /Users/admin/builder/spi-builder-workspace
write-file /Users/admin/builder/spi-builder-workspace/.derivedData/Build/Intermediates.noindex/WineKit.build/Debug-watchos/WineKit-t.build/Objects-normal/arm64/WineKit.LinkFileList
WriteAuxiliaryFile /Users/admin/builder/spi-builder-workspace/.derivedData/Build/Intermediates.noindex/WineKit.build/Debug-watchos/WineKit-t.build/Objects-normal/arm64/WineKit-OutputFileMap.json (in target 'WineKit' from project 'WineKit')
cd /Users/admin/builder/spi-builder-workspace
write-file /Users/admin/builder/spi-builder-workspace/.derivedData/Build/Intermediates.noindex/WineKit.build/Debug-watchos/WineKit-t.build/Objects-normal/arm64/WineKit-OutputFileMap.json
WriteAuxiliaryFile /Users/admin/builder/spi-builder-workspace/.derivedData/Build/Intermediates.noindex/WineKit.build/Debug-watchos/WineKit-t.build/DerivedSources/resource_bundle_accessor.swift (in target 'WineKit' from project 'WineKit')
cd /Users/admin/builder/spi-builder-workspace
write-file /Users/admin/builder/spi-builder-workspace/.derivedData/Build/Intermediates.noindex/WineKit.build/Debug-watchos/WineKit-t.build/DerivedSources/resource_bundle_accessor.swift
WriteAuxiliaryFile /Users/admin/builder/spi-builder-workspace/.derivedData/Build/Intermediates.noindex/WineKit.build/Debug-watchos/WindowsFileKit-t.build/WindowsFileKit.DependencyStaticMetadataFileList (in target 'WindowsFileKit' from project 'WineKit')
cd /Users/admin/builder/spi-builder-workspace
write-file /Users/admin/builder/spi-builder-workspace/.derivedData/Build/Intermediates.noindex/WineKit.build/Debug-watchos/WindowsFileKit-t.build/WindowsFileKit.DependencyStaticMetadataFileList
WriteAuxiliaryFile /Users/admin/builder/spi-builder-workspace/.derivedData/Build/Intermediates.noindex/WineKit.build/Debug-watchos/WindowsFileKit-t.build/WindowsFileKit.DependencyMetadataFileList (in target 'WindowsFileKit' from project 'WineKit')
cd /Users/admin/builder/spi-builder-workspace
write-file /Users/admin/builder/spi-builder-workspace/.derivedData/Build/Intermediates.noindex/WineKit.build/Debug-watchos/WindowsFileKit-t.build/WindowsFileKit.DependencyMetadataFileList
Copy /Users/admin/builder/spi-builder-workspace/.derivedData/Build/Intermediates.noindex/GeneratedModuleMaps-watchos/WineKit.modulemap /Users/admin/builder/spi-builder-workspace/.derivedData/Build/Intermediates.noindex/WineKit.build/Debug-watchos/WineKit-t.build/WineKit.modulemap (in target 'WineKit' from project 'WineKit')
cd /Users/admin/builder/spi-builder-workspace
builtin-copy -exclude .DS_Store -exclude CVS -exclude .svn -exclude .git -exclude .hg -resolve-src-symlinks /Users/admin/builder/spi-builder-workspace/.derivedData/Build/Intermediates.noindex/WineKit.build/Debug-watchos/WineKit-t.build/WineKit.modulemap /Users/admin/builder/spi-builder-workspace/.derivedData/Build/Intermediates.noindex/GeneratedModuleMaps-watchos
WriteAuxiliaryFile /Users/admin/builder/spi-builder-workspace/.derivedData/Build/Intermediates.noindex/WineKit.build/Debug-watchos/WindowsFileKit-t.build/Objects-normal/arm64_32/WindowsFileKit.SwiftFileList (in target 'WindowsFileKit' from project 'WineKit')
cd /Users/admin/builder/spi-builder-workspace
write-file /Users/admin/builder/spi-builder-workspace/.derivedData/Build/Intermediates.noindex/WineKit.build/Debug-watchos/WindowsFileKit-t.build/Objects-normal/arm64_32/WindowsFileKit.SwiftFileList
WriteAuxiliaryFile /Users/admin/builder/spi-builder-workspace/.derivedData/Build/Intermediates.noindex/WineKit.build/Debug-watchos/WindowsFileKit-t.build/Objects-normal/arm64_32/WindowsFileKit_const_extract_protocols.json (in target 'WindowsFileKit' from project 'WineKit')
cd /Users/admin/builder/spi-builder-workspace
write-file /Users/admin/builder/spi-builder-workspace/.derivedData/Build/Intermediates.noindex/WineKit.build/Debug-watchos/WindowsFileKit-t.build/Objects-normal/arm64_32/WindowsFileKit_const_extract_protocols.json
WriteAuxiliaryFile /Users/admin/builder/spi-builder-workspace/.derivedData/Build/Intermediates.noindex/WineKit.build/Debug-watchos/WindowsFileKit-t.build/Objects-normal/arm64_32/WindowsFileKit.SwiftConstValuesFileList (in target 'WindowsFileKit' from project 'WineKit')
cd /Users/admin/builder/spi-builder-workspace
write-file /Users/admin/builder/spi-builder-workspace/.derivedData/Build/Intermediates.noindex/WineKit.build/Debug-watchos/WindowsFileKit-t.build/Objects-normal/arm64_32/WindowsFileKit.SwiftConstValuesFileList
WriteAuxiliaryFile /Users/admin/builder/spi-builder-workspace/.derivedData/Build/Intermediates.noindex/WineKit.build/Debug-watchos/WindowsFileKit-t.build/Objects-normal/arm64_32/WindowsFileKit.LinkFileList (in target 'WindowsFileKit' from project 'WineKit')
cd /Users/admin/builder/spi-builder-workspace
write-file /Users/admin/builder/spi-builder-workspace/.derivedData/Build/Intermediates.noindex/WineKit.build/Debug-watchos/WindowsFileKit-t.build/Objects-normal/arm64_32/WindowsFileKit.LinkFileList
WriteAuxiliaryFile /Users/admin/builder/spi-builder-workspace/.derivedData/Build/Intermediates.noindex/WineKit.build/Debug-watchos/WindowsFileKit-t.build/Objects-normal/arm64_32/WindowsFileKit-OutputFileMap.json (in target 'WindowsFileKit' from project 'WineKit')
cd /Users/admin/builder/spi-builder-workspace
write-file /Users/admin/builder/spi-builder-workspace/.derivedData/Build/Intermediates.noindex/WineKit.build/Debug-watchos/WindowsFileKit-t.build/Objects-normal/arm64_32/WindowsFileKit-OutputFileMap.json
WriteAuxiliaryFile /Users/admin/builder/spi-builder-workspace/.derivedData/Build/Intermediates.noindex/WineKit.build/Debug-watchos/WindowsFileKit-t.build/Objects-normal/arm64/WindowsFileKit_const_extract_protocols.json (in target 'WindowsFileKit' from project 'WineKit')
cd /Users/admin/builder/spi-builder-workspace
write-file /Users/admin/builder/spi-builder-workspace/.derivedData/Build/Intermediates.noindex/WineKit.build/Debug-watchos/WindowsFileKit-t.build/Objects-normal/arm64/WindowsFileKit_const_extract_protocols.json
WriteAuxiliaryFile /Users/admin/builder/spi-builder-workspace/.derivedData/Build/Intermediates.noindex/WineKit.build/Debug-watchos/WindowsFileKit-t.build/Objects-normal/arm64/WindowsFileKit.SwiftFileList (in target 'WindowsFileKit' from project 'WineKit')
cd /Users/admin/builder/spi-builder-workspace
write-file /Users/admin/builder/spi-builder-workspace/.derivedData/Build/Intermediates.noindex/WineKit.build/Debug-watchos/WindowsFileKit-t.build/Objects-normal/arm64/WindowsFileKit.SwiftFileList
WriteAuxiliaryFile /Users/admin/builder/spi-builder-workspace/.derivedData/Build/Intermediates.noindex/WineKit.build/Debug-watchos/WindowsFileKit-t.build/Objects-normal/arm64/WindowsFileKit.SwiftConstValuesFileList (in target 'WindowsFileKit' from project 'WineKit')
cd /Users/admin/builder/spi-builder-workspace
write-file /Users/admin/builder/spi-builder-workspace/.derivedData/Build/Intermediates.noindex/WineKit.build/Debug-watchos/WindowsFileKit-t.build/Objects-normal/arm64/WindowsFileKit.SwiftConstValuesFileList
WriteAuxiliaryFile /Users/admin/builder/spi-builder-workspace/.derivedData/Build/Intermediates.noindex/WineKit.build/Debug-watchos/WindowsFileKit-t.build/Objects-normal/arm64/WindowsFileKit.LinkFileList (in target 'WindowsFileKit' from project 'WineKit')
cd /Users/admin/builder/spi-builder-workspace
write-file /Users/admin/builder/spi-builder-workspace/.derivedData/Build/Intermediates.noindex/WineKit.build/Debug-watchos/WindowsFileKit-t.build/Objects-normal/arm64/WindowsFileKit.LinkFileList
WriteAuxiliaryFile /Users/admin/builder/spi-builder-workspace/.derivedData/Build/Intermediates.noindex/WineKit.build/Debug-watchos/WindowsFileKit-t.build/Objects-normal/arm64/WindowsFileKit-OutputFileMap.json (in target 'WindowsFileKit' from project 'WineKit')
cd /Users/admin/builder/spi-builder-workspace
write-file /Users/admin/builder/spi-builder-workspace/.derivedData/Build/Intermediates.noindex/WineKit.build/Debug-watchos/WindowsFileKit-t.build/Objects-normal/arm64/WindowsFileKit-OutputFileMap.json
Copy /Users/admin/builder/spi-builder-workspace/.derivedData/Build/Intermediates.noindex/GeneratedModuleMaps-watchos/WindowsFileKit.modulemap /Users/admin/builder/spi-builder-workspace/.derivedData/Build/Intermediates.noindex/WineKit.build/Debug-watchos/WindowsFileKit-t.build/WindowsFileKit.modulemap (in target 'WindowsFileKit' from project 'WineKit')
cd /Users/admin/builder/spi-builder-workspace
builtin-copy -exclude .DS_Store -exclude CVS -exclude .svn -exclude .git -exclude .hg -resolve-src-symlinks /Users/admin/builder/spi-builder-workspace/.derivedData/Build/Intermediates.noindex/WineKit.build/Debug-watchos/WindowsFileKit-t.build/WindowsFileKit.modulemap /Users/admin/builder/spi-builder-workspace/.derivedData/Build/Intermediates.noindex/GeneratedModuleMaps-watchos
ProcessInfoPlistFile /Users/admin/builder/spi-builder-workspace/.derivedData/Build/Products/Debug-watchos/WineKit_WineKit.bundle/Info.plist /Users/admin/builder/spi-builder-workspace/.derivedData/Build/Intermediates.noindex/WineKit.build/Debug-watchos/WineKit_WineKit-b.build/empty-WineKit_WineKit.plist (in target 'WineKit_WineKit' from project 'WineKit')
cd /Users/admin/builder/spi-builder-workspace
builtin-infoPlistUtility /Users/admin/builder/spi-builder-workspace/.derivedData/Build/Intermediates.noindex/WineKit.build/Debug-watchos/WineKit_WineKit-b.build/empty-WineKit_WineKit.plist -producttype com.apple.product-type.bundle -expandbuildsettings -format binary -platform watchos -o /Users/admin/builder/spi-builder-workspace/.derivedData/Build/Products/Debug-watchos/WineKit_WineKit.bundle/Info.plist
CpResource /Users/admin/builder/spi-builder-workspace/.derivedData/Build/Products/Debug-watchos/WineKit_WineKit.bundle/winetricks.sh /Users/admin/builder/spi-builder-workspace/Sources/WineKit/Resources/winetricks.sh (in target 'WineKit_WineKit' from project 'WineKit')
cd /Users/admin/builder/spi-builder-workspace
builtin-copy -exclude .DS_Store -exclude CVS -exclude .svn -exclude .git -exclude .hg -resolve-src-symlinks /Users/admin/builder/spi-builder-workspace/Sources/WineKit/Resources/winetricks.sh /Users/admin/builder/spi-builder-workspace/.derivedData/Build/Products/Debug-watchos/WineKit_WineKit.bundle
RegisterExecutionPolicyException /Users/admin/builder/spi-builder-workspace/.derivedData/Build/Products/Debug-watchos/WineKit_WineKit.bundle (in target 'WineKit_WineKit' from project 'WineKit')
cd /Users/admin/builder/spi-builder-workspace
builtin-RegisterExecutionPolicyException /Users/admin/builder/spi-builder-workspace/.derivedData/Build/Products/Debug-watchos/WineKit_WineKit.bundle
Touch /Users/admin/builder/spi-builder-workspace/.derivedData/Build/Products/Debug-watchos/WineKit_WineKit.bundle (in target 'WineKit_WineKit' from project 'WineKit')
cd /Users/admin/builder/spi-builder-workspace
/usr/bin/touch -c /Users/admin/builder/spi-builder-workspace/.derivedData/Build/Products/Debug-watchos/WineKit_WineKit.bundle
SwiftDriver WindowsFileKit normal arm64 com.apple.xcode.tools.swift.compiler (in target 'WindowsFileKit' from project 'WineKit')
cd /Users/admin/builder/spi-builder-workspace/.swiftpm/xcode
builtin-SwiftDriver -- /Applications/Xcode-27.0.0-Release.Candidate.app/Contents/Developer/Toolchains/XcodeDefault.xctoolchain/usr/bin/swiftc -parse-as-library -module-name WindowsFileKit -Onone @/Users/admin/builder/spi-builder-workspace/.derivedData/Build/Intermediates.noindex/WineKit.build/Debug-watchos/WindowsFileKit-t.build/Objects-normal/arm64/WindowsFileKit.SwiftFileList -DSWIFT_PACKAGE -DDEBUG -DSWIFT_MODULE_RESOURCE_BUNDLE_UNAVAILABLE -DXcode -plugin-path /Applications/Xcode-27.0.0-Release.Candidate.app/Contents/Developer/Toolchains/XcodeDefault.xctoolchain/usr/lib/swift/host/plugins/testing -enable-experimental-feature DebugDescriptionMacro -sdk /Applications/Xcode-27.0.0-Release.Candidate.app/Contents/Developer/Platforms/WatchOS.platform/Developer/SDKs/WatchOS27.0.sdk -target arm64-apple-watchos9.0 -g -module-cache-path /Users/admin/builder/spi-builder-workspace/.derivedData/ModuleCache.noindex -Xfrontend -serialize-debugging-options -profile-coverage-mapping -profile-generate -enable-testing -index-store-path /Users/admin/builder/spi-builder-workspace/.derivedData/Index.noindex/DataStore -Xcc -D_LIBCPP_HARDENING_MODE\=_LIBCPP_HARDENING_MODE_DEBUG -swift-version 5 -I /Users/admin/builder/spi-builder-workspace/.derivedData/Build/Products/Debug-watchos -Isystem /Applications/Xcode-27.0.0-Release.Candidate.app/Contents/Developer/Platforms/WatchOS.platform/Developer/usr/lib -F /Users/admin/builder/spi-builder-workspace/.derivedData/Build/Products/Debug-watchos -F /Applications/Xcode-27.0.0-Release.Candidate.app/Contents/Developer/Platforms/WatchOS.platform/Developer/Library/Frameworks -F /Applications/Xcode-27.0.0-Release.Candidate.app/Contents/Developer/Platforms/WatchOS.platform/Developer/SDKs/WatchOS27.0.sdk/Developer/Library/Frameworks -c -j10 -enable-batch-mode -incremental -Xcc -ivfsstatcache -Xcc /Users/admin/builder/spi-builder-workspace/.derivedData/SDKStatCaches.noindex/watchos27.0-24R360-e829b21a6f8c9b70876ba0858053c04477534ef55a1706bf4c1112bbb242f0a2.sdkstatcache -output-file-map /Users/admin/builder/spi-builder-workspace/.derivedData/Build/Intermediates.noindex/WineKit.build/Debug-watchos/WindowsFileKit-t.build/Objects-normal/arm64/WindowsFileKit-OutputFileMap.json -save-temps -no-color-diagnostics -explicit-module-build -module-cache-path /Users/admin/builder/spi-builder-workspace/.derivedData/Build/Intermediates.noindex/SwiftExplicitPrecompiledModules -clang-scanner-module-cache-path /Users/admin/builder/spi-builder-workspace/.derivedData/ModuleCache.noindex -sdk-module-cache-path /Users/admin/builder/spi-builder-workspace/.derivedData/SDKExplicitPrecompiledModules -emit-dependencies -emit-module -emit-module-path /Users/admin/builder/spi-builder-workspace/.derivedData/Build/Intermediates.noindex/WineKit.build/Debug-watchos/WindowsFileKit-t.build/Objects-normal/arm64/WindowsFileKit.swiftmodule -serialize-diagnostics -dependency-scan-serialize-diagnostics-path /Users/admin/builder/spi-builder-workspace/.derivedData/Build/Intermediates.noindex/WineKit.build/Debug-watchos/WindowsFileKit-t.build/Objects-normal/arm64/WindowsFileKit-dependency-scan.dia -validate-clang-modules-once -clang-build-session-file /Users/admin/builder/spi-builder-workspace/.derivedData/ModuleCache.noindex/Session.modulevalidation -Xcc -fmodules-prune-interval\=86400 -Xcc -fmodules-prune-after\=345600 -package-name spi_builder_workspace -emit-const-values -const-gather-protocols-list /Users/admin/builder/spi-builder-workspace/.derivedData/Build/Intermediates.noindex/WineKit.build/Debug-watchos/WindowsFileKit-t.build/Objects-normal/arm64/WindowsFileKit_const_extract_protocols.json -Xcc -I/Users/admin/builder/spi-builder-workspace/.derivedData/Build/Products/Debug-watchos/include -Xcc -I/Users/admin/builder/spi-builder-workspace/.derivedData/Build/Intermediates.noindex/WineKit.build/Debug-watchos/WindowsFileKit-t.build/DerivedSources-normal/arm64 -Xcc -I/Users/admin/builder/spi-builder-workspace/.derivedData/Build/Intermediates.noindex/WineKit.build/Debug-watchos/WindowsFileKit-t.build/DerivedSources/arm64 -Xcc -I/Users/admin/builder/spi-builder-workspace/.derivedData/Build/Intermediates.noindex/WineKit.build/Debug-watchos/WindowsFileKit-t.build/DerivedSources -Xcc -DSWIFT_PACKAGE -Xcc -DDEBUG\=1 -emit-objc-header -emit-objc-header-path /Users/admin/builder/spi-builder-workspace/.derivedData/Build/Intermediates.noindex/WineKit.build/Debug-watchos/WindowsFileKit-t.build/Objects-normal/arm64/WindowsFileKit-Swift.h -working-directory /Users/admin/builder/spi-builder-workspace/.swiftpm/xcode -experimental-emit-module-separately -disable-cmo
SwiftDriver WindowsFileKit normal arm64_32 com.apple.xcode.tools.swift.compiler (in target 'WindowsFileKit' from project 'WineKit')
cd /Users/admin/builder/spi-builder-workspace/.swiftpm/xcode
builtin-SwiftDriver -- /Applications/Xcode-27.0.0-Release.Candidate.app/Contents/Developer/Toolchains/XcodeDefault.xctoolchain/usr/bin/swiftc -parse-as-library -module-name WindowsFileKit -Onone @/Users/admin/builder/spi-builder-workspace/.derivedData/Build/Intermediates.noindex/WineKit.build/Debug-watchos/WindowsFileKit-t.build/Objects-normal/arm64_32/WindowsFileKit.SwiftFileList -DSWIFT_PACKAGE -DDEBUG -DSWIFT_MODULE_RESOURCE_BUNDLE_UNAVAILABLE -DXcode -plugin-path /Applications/Xcode-27.0.0-Release.Candidate.app/Contents/Developer/Toolchains/XcodeDefault.xctoolchain/usr/lib/swift/host/plugins/testing -enable-experimental-feature DebugDescriptionMacro -sdk /Applications/Xcode-27.0.0-Release.Candidate.app/Contents/Developer/Platforms/WatchOS.platform/Developer/SDKs/WatchOS27.0.sdk -target arm64_32-apple-watchos9.0 -g -module-cache-path /Users/admin/builder/spi-builder-workspace/.derivedData/ModuleCache.noindex -Xfrontend -serialize-debugging-options -profile-coverage-mapping -profile-generate -enable-testing -index-store-path /Users/admin/builder/spi-builder-workspace/.derivedData/Index.noindex/DataStore -Xcc -D_LIBCPP_HARDENING_MODE\=_LIBCPP_HARDENING_MODE_DEBUG -swift-version 5 -I /Users/admin/builder/spi-builder-workspace/.derivedData/Build/Products/Debug-watchos -Isystem /Applications/Xcode-27.0.0-Release.Candidate.app/Contents/Developer/Platforms/WatchOS.platform/Developer/usr/lib -F /Users/admin/builder/spi-builder-workspace/.derivedData/Build/Products/Debug-watchos -F /Applications/Xcode-27.0.0-Release.Candidate.app/Contents/Developer/Platforms/WatchOS.platform/Developer/Library/Frameworks -F /Applications/Xcode-27.0.0-Release.Candidate.app/Contents/Developer/Platforms/WatchOS.platform/Developer/SDKs/WatchOS27.0.sdk/Developer/Library/Frameworks -c -j10 -enable-batch-mode -incremental -Xcc -ivfsstatcache -Xcc /Users/admin/builder/spi-builder-workspace/.derivedData/SDKStatCaches.noindex/watchos27.0-24R360-e829b21a6f8c9b70876ba0858053c04477534ef55a1706bf4c1112bbb242f0a2.sdkstatcache -output-file-map /Users/admin/builder/spi-builder-workspace/.derivedData/Build/Intermediates.noindex/WineKit.build/Debug-watchos/WindowsFileKit-t.build/Objects-normal/arm64_32/WindowsFileKit-OutputFileMap.json -save-temps -no-color-diagnostics -explicit-module-build -module-cache-path /Users/admin/builder/spi-builder-workspace/.derivedData/Build/Intermediates.noindex/SwiftExplicitPrecompiledModules -clang-scanner-module-cache-path /Users/admin/builder/spi-builder-workspace/.derivedData/ModuleCache.noindex -sdk-module-cache-path /Users/admin/builder/spi-builder-workspace/.derivedData/SDKExplicitPrecompiledModules -emit-dependencies -emit-module -emit-module-path /Users/admin/builder/spi-builder-workspace/.derivedData/Build/Intermediates.noindex/WineKit.build/Debug-watchos/WindowsFileKit-t.build/Objects-normal/arm64_32/WindowsFileKit.swiftmodule -serialize-diagnostics -dependency-scan-serialize-diagnostics-path /Users/admin/builder/spi-builder-workspace/.derivedData/Build/Intermediates.noindex/WineKit.build/Debug-watchos/WindowsFileKit-t.build/Objects-normal/arm64_32/WindowsFileKit-dependency-scan.dia -validate-clang-modules-once -clang-build-session-file /Users/admin/builder/spi-builder-workspace/.derivedData/ModuleCache.noindex/Session.modulevalidation -Xcc -fmodules-prune-interval\=86400 -Xcc -fmodules-prune-after\=345600 -package-name spi_builder_workspace -emit-const-values -const-gather-protocols-list /Users/admin/builder/spi-builder-workspace/.derivedData/Build/Intermediates.noindex/WineKit.build/Debug-watchos/WindowsFileKit-t.build/Objects-normal/arm64_32/WindowsFileKit_const_extract_protocols.json -Xcc -I/Users/admin/builder/spi-builder-workspace/.derivedData/Build/Products/Debug-watchos/include -Xcc -I/Users/admin/builder/spi-builder-workspace/.derivedData/Build/Intermediates.noindex/WineKit.build/Debug-watchos/WindowsFileKit-t.build/DerivedSources-normal/arm64_32 -Xcc -I/Users/admin/builder/spi-builder-workspace/.derivedData/Build/Intermediates.noindex/WineKit.build/Debug-watchos/WindowsFileKit-t.build/DerivedSources/arm64_32 -Xcc -I/Users/admin/builder/spi-builder-workspace/.derivedData/Build/Intermediates.noindex/WineKit.build/Debug-watchos/WindowsFileKit-t.build/DerivedSources -Xcc -DSWIFT_PACKAGE -Xcc -DDEBUG\=1 -emit-objc-header -emit-objc-header-path /Users/admin/builder/spi-builder-workspace/.derivedData/Build/Intermediates.noindex/WineKit.build/Debug-watchos/WindowsFileKit-t.build/Objects-normal/arm64_32/WindowsFileKit-Swift.h -working-directory /Users/admin/builder/spi-builder-workspace/.swiftpm/xcode -experimental-emit-module-separately -disable-cmo
SwiftExplicitDependencyGeneratePcm arm64_32 /Users/admin/builder/spi-builder-workspace/.derivedData/SDKExplicitPrecompiledModules/ptrauth-BFXF358ME5AK535N5A9Z766WU.pcm
SwiftExplicitDependencyGeneratePcm arm64_32 /Users/admin/builder/spi-builder-workspace/.derivedData/SDKExplicitPrecompiledModules/_Builtin_float-6KO8O3PEWRCA4WC6PPLOYO6WJ.pcm
SwiftExplicitDependencyGeneratePcm arm64_32 /Users/admin/builder/spi-builder-workspace/.derivedData/SDKExplicitPrecompiledModules/_Builtin_stdarg-D305JG44A2WPI6CJY37X3QJE8.pcm
SwiftExplicitDependencyGeneratePcm arm64_32 /Users/admin/builder/spi-builder-workspace/.derivedData/SDKExplicitPrecompiledModules/_AvailabilityInternal-244WAN3Z1QBT7PIA64EZEFY1R.pcm
SwiftExplicitDependencyGeneratePcm arm64_32 /Users/admin/builder/spi-builder-workspace/.derivedData/SDKExplicitPrecompiledModules/_Builtin_stddef-H44EFHQX6XSS5MZ7QP6YJZ76.pcm
SwiftExplicitDependencyGeneratePcm arm64_32 /Users/admin/builder/spi-builder-workspace/.derivedData/SDKExplicitPrecompiledModules/_Builtin_stdbool-A967K8W8YUYEC9SN52KJ7OO88.pcm
SwiftExplicitDependencyGeneratePcm arm64_32 /Users/admin/builder/spi-builder-workspace/.derivedData/SDKExplicitPrecompiledModules/SwiftShims-9CQQGWTSNTN9EB5NSHDWUJICH.pcm
SwiftExplicitDependencyGeneratePcm arm64_32 /Users/admin/builder/spi-builder-workspace/.derivedData/SDKExplicitPrecompiledModules/_SwiftConcurrencyShims-6RTBPQ03V7BM9SPRK8SUE055H.pcm
SwiftExplicitDependencyGeneratePcm arm64 /Users/admin/builder/spi-builder-workspace/.derivedData/SDKExplicitPrecompiledModules/_Builtin_stddef-1FU30Y8SWFB7OUUHMJQH5J6FM.pcm
SwiftExplicitDependencyGeneratePcm arm64_32 /Users/admin/builder/spi-builder-workspace/.derivedData/SDKExplicitPrecompiledModules/ptrcheck-7ELIH9BTIGVKX3UBITM9N72WD.pcm
SwiftExplicitDependencyGeneratePcm arm64 /Users/admin/builder/spi-builder-workspace/.derivedData/SDKExplicitPrecompiledModules/_Builtin_stdarg-A7UU8LE6MP85SM26YO7PBZNUQ.pcm
SwiftExplicitDependencyGeneratePcm arm64 /Users/admin/builder/spi-builder-workspace/.derivedData/SDKExplicitPrecompiledModules/ptrcheck-AIF0NDOYZ8ORBNHQAQR5NNB8M.pcm
SwiftExplicitDependencyGeneratePcm arm64 /Users/admin/builder/spi-builder-workspace/.derivedData/SDKExplicitPrecompiledModules/ptrauth-3TZ9WJCGLYD25HQPWH4968ONX.pcm
SwiftExplicitDependencyGeneratePcm arm64 /Users/admin/builder/spi-builder-workspace/.derivedData/SDKExplicitPrecompiledModules/_Builtin_float-C0CW5Q4HGBQYKE77TC42IAFB5.pcm
SwiftExplicitDependencyGeneratePcm arm64 /Users/admin/builder/spi-builder-workspace/.derivedData/SDKExplicitPrecompiledModules/_SwiftConcurrencyShims-659N52XSKR5F0QSB880BH2FJR.pcm
SwiftExplicitDependencyGeneratePcm arm64 /Users/admin/builder/spi-builder-workspace/.derivedData/SDKExplicitPrecompiledModules/_AvailabilityInternal-BUNV3UXM65NT37THI4W1AM0SF.pcm
SwiftExplicitDependencyGeneratePcm arm64 /Users/admin/builder/spi-builder-workspace/.derivedData/SDKExplicitPrecompiledModules/SwiftShims-4MXFZPV6FEB0XBYXCGPWAMQGL.pcm
SwiftExplicitDependencyGeneratePcm arm64 /Users/admin/builder/spi-builder-workspace/.derivedData/SDKExplicitPrecompiledModules/_Builtin_stdbool-83J96QSOFE9VX04AAS6310UAE.pcm
SwiftExplicitDependencyGeneratePcm arm64_32 /Users/admin/builder/spi-builder-workspace/.derivedData/SDKExplicitPrecompiledModules/_DarwinFoundation1-2GWF9RFMPLQW4PDHS3NARVI3G.pcm
SwiftExplicitDependencyGeneratePcm arm64 /Users/admin/builder/spi-builder-workspace/.derivedData/SDKExplicitPrecompiledModules/_DarwinFoundation1-7SPX3MD0HMP55E4OLNCPNDQ53.pcm
SwiftExplicitDependencyGeneratePcm arm64_32 /Users/admin/builder/spi-builder-workspace/.derivedData/SDKExplicitPrecompiledModules/_DarwinFoundation2-9MY8GOSYRO0M9MKNXF6D3MBNK.pcm
SwiftExplicitDependencyGeneratePcm arm64_32 /Users/admin/builder/spi-builder-workspace/.derivedData/SDKExplicitPrecompiledModules/_Builtin_limits-3VKBU2AFTD65PAJZ5CJ3LHFM2.pcm
SwiftExplicitDependencyGeneratePcm arm64 /Users/admin/builder/spi-builder-workspace/.derivedData/SDKExplicitPrecompiledModules/_Builtin_limits-9GWPA2B0H20DYUNYHYCWKABJG.pcm
SwiftExplicitDependencyGeneratePcm arm64 /Users/admin/builder/spi-builder-workspace/.derivedData/SDKExplicitPrecompiledModules/_DarwinFoundation2-D0XAPJU49S5E9XMKYOFGSTB1Q.pcm
SwiftExplicitDependencyGeneratePcm arm64_32 /Users/admin/builder/spi-builder-workspace/.derivedData/SDKExplicitPrecompiledModules/sys_types-8TLLMW08ZJWDGIIPKOYFGHHZW.pcm
SwiftExplicitDependencyGeneratePcm arm64_32 /Users/admin/builder/spi-builder-workspace/.derivedData/SDKExplicitPrecompiledModules/string_h-BFVLUQUSBZWYMLCU9QI7VZALW.pcm
SwiftExplicitDependencyGeneratePcm arm64_32 /Users/admin/builder/spi-builder-workspace/.derivedData/SDKExplicitPrecompiledModules/_Builtin_stdint-1HMXWI3V0V4TXHRWZOMZGZ80Y.pcm
SwiftExplicitDependencyGeneratePcm arm64 /Users/admin/builder/spi-builder-workspace/.derivedData/SDKExplicitPrecompiledModules/string_h-E6PRXK75PHIPCZFWOFCQ3QBMK.pcm
SwiftExplicitDependencyGeneratePcm arm64 /Users/admin/builder/spi-builder-workspace/.derivedData/SDKExplicitPrecompiledModules/_Builtin_stdint-8XMILLJZEGRN2XG7XZUXZ5RLX.pcm
SwiftExplicitDependencyGeneratePcm arm64 /Users/admin/builder/spi-builder-workspace/.derivedData/SDKExplicitPrecompiledModules/sys_types-2KXQLI78OUCDP779AE68GZJ2.pcm
SwiftExplicitDependencyGeneratePcm arm64_32 /Users/admin/builder/spi-builder-workspace/.derivedData/SDKExplicitPrecompiledModules/_DarwinFoundation3-3DUTYQDQSD9HUAAVY947NMWOI.pcm
SwiftExplicitDependencyGeneratePcm arm64 /Users/admin/builder/spi-builder-workspace/.derivedData/SDKExplicitPrecompiledModules/_DarwinFoundation3-B97LRG0E9GON2NUE65TVG81HU.pcm
SwiftExplicitDependencyGeneratePcm arm64_32 /Users/admin/builder/spi-builder-workspace/.derivedData/SDKExplicitPrecompiledModules/_Builtin_inttypes-D2KPCR4PEX9AQA33NGLUT5SBR.pcm
SwiftExplicitDependencyGeneratePcm arm64 /Users/admin/builder/spi-builder-workspace/.derivedData/SDKExplicitPrecompiledModules/_Builtin_inttypes-3UQSCM7WNM9EK4HZML8TY5J3D.pcm
SwiftExplicitDependencyGeneratePcm arm64_32 /Users/admin/builder/spi-builder-workspace/.derivedData/SDKExplicitPrecompiledModules/Darwin-3FVT1SKLN2ZQ5RVOABMTQBB34.pcm
SwiftExplicitDependencyGeneratePcm arm64 /Users/admin/builder/spi-builder-workspace/.derivedData/SDKExplicitPrecompiledModules/Darwin-3984OXKFNSPE77NT743WK8SEX.pcm
SwiftExplicitDependencyGeneratePcm arm64_32 /Users/admin/builder/spi-builder-workspace/.derivedData/SDKExplicitPrecompiledModules/ObjectiveC-6IJNELR2E80E7LUKESVCP2KET.pcm
SwiftExplicitDependencyGeneratePcm arm64 /Users/admin/builder/spi-builder-workspace/.derivedData/SDKExplicitPrecompiledModules/ObjectiveC-72IVD3VS2RS8Q28D9PIMY0KQP.pcm
SwiftExplicitDependencyGeneratePcm arm64_32 /Users/admin/builder/spi-builder-workspace/.derivedData/SDKExplicitPrecompiledModules/os_object-5YWTC6L4756IWSTPGXS5NM0D0.pcm
SwiftExplicitDependencyGeneratePcm arm64 /Users/admin/builder/spi-builder-workspace/.derivedData/SDKExplicitPrecompiledModules/os_object-3SDKD7F87FTZ26OON37DRYT6O.pcm
SwiftExplicitDependencyGeneratePcm arm64_32 /Users/admin/builder/spi-builder-workspace/.derivedData/SDKExplicitPrecompiledModules/os_workgroup-5JHTPDMNBUNHLJI8LPHKQK1JK.pcm
SwiftExplicitDependencyGeneratePcm arm64 /Users/admin/builder/spi-builder-workspace/.derivedData/SDKExplicitPrecompiledModules/os_workgroup-89GG5G7YC2D0ZTK6AZXXQ20DH.pcm
SwiftExplicitDependencyGeneratePcm arm64_32 /Users/admin/builder/spi-builder-workspace/.derivedData/SDKExplicitPrecompiledModules/Dispatch-2P62F1T4XV63S4P99TUDTOK2Q.pcm
SwiftExplicitDependencyGeneratePcm arm64 /Users/admin/builder/spi-builder-workspace/.derivedData/SDKExplicitPrecompiledModules/Dispatch-1NLJOVAK60XP0DUB05XA59EIM.pcm
SwiftExplicitDependencyGeneratePcm arm64_32 /Users/admin/builder/spi-builder-workspace/.derivedData/SDKExplicitPrecompiledModules/XPC-81Y45QFY96XYYFCW2GT6FY8S4.pcm
SwiftExplicitDependencyGeneratePcm arm64_32 /Users/admin/builder/spi-builder-workspace/.derivedData/SDKExplicitPrecompiledModules/CoreFoundation-8E6Y4BA3EXYKUGJ24GT9LGV3N.pcm
SwiftExplicitDependencyGeneratePcm arm64 /Users/admin/builder/spi-builder-workspace/.derivedData/SDKExplicitPrecompiledModules/XPC-40DR0X1DHKGCV4J1IOLFS8MOU.pcm
SwiftExplicitDependencyGeneratePcm arm64 /Users/admin/builder/spi-builder-workspace/.derivedData/SDKExplicitPrecompiledModules/CoreFoundation-8T2L24YC5NU7WO6WQJWRY7W08.pcm
SwiftExplicitDependencyGeneratePcm arm64_32 /Users/admin/builder/spi-builder-workspace/.derivedData/SDKExplicitPrecompiledModules/Security-D7TOWF88VWF67TB9HAFP5UWB1.pcm
SwiftExplicitDependencyGeneratePcm arm64 /Users/admin/builder/spi-builder-workspace/.derivedData/SDKExplicitPrecompiledModules/Security-6RZ6YBRU8WCUHRFFRVUK5WKMM.pcm
SwiftExplicitDependencyGeneratePcm arm64_32 /Users/admin/builder/spi-builder-workspace/.derivedData/SDKExplicitPrecompiledModules/Foundation-BJ2VQGI3OGR34500MEQ1VKHPH.pcm
SwiftExplicitDependencyGeneratePcm arm64 /Users/admin/builder/spi-builder-workspace/.derivedData/SDKExplicitPrecompiledModules/Foundation-DLBKUSGXN8QHAT8W0OARR9S8A.pcm
SwiftCompile normal arm64_32 Compiling\ StringTable.swift,\ VarFileInfo.swift,\ VersionInfo.swift /Users/admin/builder/spi-builder-workspace/Sources/WindowsFileKit/VersionInfo/StringTable.swift /Users/admin/builder/spi-builder-workspace/Sources/WindowsFileKit/VersionInfo/VarFileInfo.swift /Users/admin/builder/spi-builder-workspace/Sources/WindowsFileKit/VersionInfo/VersionInfo.swift (in target 'WindowsFileKit' from project 'WineKit')
SwiftCompile normal arm64_32 /Users/admin/builder/spi-builder-workspace/Sources/WindowsFileKit/VersionInfo/StringTable.swift (in target 'WindowsFileKit' from project 'WineKit')
cd /Users/admin/builder/spi-builder-workspace/.swiftpm/xcode
builtin-SwiftPerFileCompile StringTable.swift
SwiftCompile normal arm64_32 /Users/admin/builder/spi-builder-workspace/Sources/WindowsFileKit/VersionInfo/VarFileInfo.swift (in target 'WindowsFileKit' from project 'WineKit')
cd /Users/admin/builder/spi-builder-workspace/.swiftpm/xcode
builtin-SwiftPerFileCompile VarFileInfo.swift
SwiftCompile normal arm64_32 /Users/admin/builder/spi-builder-workspace/Sources/WindowsFileKit/VersionInfo/VersionInfo.swift (in target 'WindowsFileKit' from project 'WineKit')
cd /Users/admin/builder/spi-builder-workspace/.swiftpm/xcode
builtin-SwiftPerFileCompile VersionInfo.swift
SwiftCompile normal arm64_32 Compiling\ WindowsSubsystem.swift,\ FileAttributesFlags.swift,\ LinkFlags.swift /Users/admin/builder/spi-builder-workspace/Sources/WindowsFileKit/PortableExecutable/WindowsSubsystem.swift /Users/admin/builder/spi-builder-workspace/Sources/WindowsFileKit/ShellLink/FileAttributesFlags.swift /Users/admin/builder/spi-builder-workspace/Sources/WindowsFileKit/ShellLink/LinkFlags.swift (in target 'WindowsFileKit' from project 'WineKit')
SwiftCompile normal arm64_32 /Users/admin/builder/spi-builder-workspace/Sources/WindowsFileKit/PortableExecutable/WindowsSubsystem.swift (in target 'WindowsFileKit' from project 'WineKit')
cd /Users/admin/builder/spi-builder-workspace/.swiftpm/xcode
builtin-SwiftPerFileCompile WindowsSubsystem.swift
SwiftCompile normal arm64_32 /Users/admin/builder/spi-builder-workspace/Sources/WindowsFileKit/ShellLink/FileAttributesFlags.swift (in target 'WindowsFileKit' from project 'WineKit')
cd /Users/admin/builder/spi-builder-workspace/.swiftpm/xcode
builtin-SwiftPerFileCompile FileAttributesFlags.swift
SwiftCompile normal arm64_32 /Users/admin/builder/spi-builder-workspace/Sources/WindowsFileKit/ShellLink/LinkFlags.swift (in target 'WindowsFileKit' from project 'WineKit')
cd /Users/admin/builder/spi-builder-workspace/.swiftpm/xcode
builtin-SwiftPerFileCompile LinkFlags.swift
SwiftEmitModule normal arm64_32 Emitting\ module\ for\ WindowsFileKit (in target 'WindowsFileKit' from project 'WineKit')
SwiftCompile normal arm64_32 (in target 'WindowsFileKit' from project 'WineKit')
cd /Users/admin/builder/spi-builder-workspace/.swiftpm/xcode
SwiftCompile normal arm64_32 Compiling\ Machine.swift,\ Magic.swift,\ OptionalHeader.swift,\ PortableExecutable.swift /Users/admin/builder/spi-builder-workspace/Sources/WindowsFileKit/PortableExecutable/Machine.swift /Users/admin/builder/spi-builder-workspace/Sources/WindowsFileKit/PortableExecutable/Magic.swift /Users/admin/builder/spi-builder-workspace/Sources/WindowsFileKit/PortableExecutable/OptionalHeader.swift /Users/admin/builder/spi-builder-workspace/Sources/WindowsFileKit/PortableExecutable/PortableExecutable.swift (in target 'WindowsFileKit' from project 'WineKit')
SwiftCompile normal arm64_32 /Users/admin/builder/spi-builder-workspace/Sources/WindowsFileKit/PortableExecutable/Machine.swift (in target 'WindowsFileKit' from project 'WineKit')
cd /Users/admin/builder/spi-builder-workspace/.swiftpm/xcode
builtin-SwiftPerFileCompile Machine.swift
SwiftCompile normal arm64_32 /Users/admin/builder/spi-builder-workspace/Sources/WindowsFileKit/PortableExecutable/Magic.swift (in target 'WindowsFileKit' from project 'WineKit')
cd /Users/admin/builder/spi-builder-workspace/.swiftpm/xcode
builtin-SwiftPerFileCompile Magic.swift
SwiftCompile normal arm64_32 /Users/admin/builder/spi-builder-workspace/Sources/WindowsFileKit/PortableExecutable/OptionalHeader.swift (in target 'WindowsFileKit' from project 'WineKit')
cd /Users/admin/builder/spi-builder-workspace/.swiftpm/xcode
builtin-SwiftPerFileCompile OptionalHeader.swift
SwiftCompile normal arm64_32 /Users/admin/builder/spi-builder-workspace/Sources/WindowsFileKit/PortableExecutable/PortableExecutable.swift (in target 'WindowsFileKit' from project 'WineKit')
cd /Users/admin/builder/spi-builder-workspace/.swiftpm/xcode
builtin-SwiftPerFileCompile PortableExecutable.swift
SwiftCompile normal arm64_32 Compiling\ ResourceDataEntry.swift,\ ResourceDirectoryEntry.swift,\ ResourceDirectoryString.swift,\ ResourceDirectoryTable.swift /Users/admin/builder/spi-builder-workspace/Sources/WindowsFileKit/PortableExecutable/RSRC/ResourceDataEntry.swift /Users/admin/builder/spi-builder-workspace/Sources/WindowsFileKit/PortableExecutable/RSRC/ResourceDirectoryEntry.swift /Users/admin/builder/spi-builder-workspace/Sources/WindowsFileKit/PortableExecutable/RSRC/ResourceDirectoryString.swift /Users/admin/builder/spi-builder-workspace/Sources/WindowsFileKit/PortableExecutable/RSRC/ResourceDirectoryTable.swift (in target 'WindowsFileKit' from project 'WineKit')
SwiftCompile normal arm64_32 /Users/admin/builder/spi-builder-workspace/Sources/WindowsFileKit/PortableExecutable/RSRC/ResourceDataEntry.swift (in target 'WindowsFileKit' from project 'WineKit')
cd /Users/admin/builder/spi-builder-workspace/.swiftpm/xcode
builtin-SwiftPerFileCompile ResourceDataEntry.swift
SwiftCompile normal arm64_32 /Users/admin/builder/spi-builder-workspace/Sources/WindowsFileKit/PortableExecutable/RSRC/ResourceDirectoryEntry.swift (in target 'WindowsFileKit' from project 'WineKit')
cd /Users/admin/builder/spi-builder-workspace/.swiftpm/xcode
builtin-SwiftPerFileCompile ResourceDirectoryEntry.swift
SwiftCompile normal arm64_32 /Users/admin/builder/spi-builder-workspace/Sources/WindowsFileKit/PortableExecutable/RSRC/ResourceDirectoryString.swift (in target 'WindowsFileKit' from project 'WineKit')
cd /Users/admin/builder/spi-builder-workspace/.swiftpm/xcode
builtin-SwiftPerFileCompile ResourceDirectoryString.swift
SwiftCompile normal arm64_32 /Users/admin/builder/spi-builder-workspace/Sources/WindowsFileKit/PortableExecutable/RSRC/ResourceDirectoryTable.swift (in target 'WindowsFileKit' from project 'WineKit')
cd /Users/admin/builder/spi-builder-workspace/.swiftpm/xcode
builtin-SwiftPerFileCompile ResourceDirectoryTable.swift
SwiftCompile normal arm64_32 Compiling\ FixedFileInfo.swift,\ String.swift,\ StringFileInfo.swift /Users/admin/builder/spi-builder-workspace/Sources/WindowsFileKit/VersionInfo/FixedFileInfo.swift /Users/admin/builder/spi-builder-workspace/Sources/WindowsFileKit/VersionInfo/String.swift /Users/admin/builder/spi-builder-workspace/Sources/WindowsFileKit/VersionInfo/StringFileInfo.swift (in target 'WindowsFileKit' from project 'WineKit')
SwiftCompile normal arm64_32 /Users/admin/builder/spi-builder-workspace/Sources/WindowsFileKit/VersionInfo/FixedFileInfo.swift (in target 'WindowsFileKit' from project 'WineKit')
cd /Users/admin/builder/spi-builder-workspace/.swiftpm/xcode
builtin-SwiftPerFileCompile FixedFileInfo.swift
SwiftCompile normal arm64_32 /Users/admin/builder/spi-builder-workspace/Sources/WindowsFileKit/VersionInfo/String.swift (in target 'WindowsFileKit' from project 'WineKit')
cd /Users/admin/builder/spi-builder-workspace/.swiftpm/xcode
builtin-SwiftPerFileCompile String.swift
SwiftCompile normal arm64_32 /Users/admin/builder/spi-builder-workspace/Sources/WindowsFileKit/VersionInfo/StringFileInfo.swift (in target 'WindowsFileKit' from project 'WineKit')
cd /Users/admin/builder/spi-builder-workspace/.swiftpm/xcode
builtin-SwiftPerFileCompile StringFileInfo.swift
SwiftCompile normal arm64_32 Compiling\ DataExtensions.swift,\ IntExtensions.swift,\ UInt64Extensions.swift,\ FileHandleExtensions.swift /Users/admin/builder/spi-builder-workspace/Sources/WindowsFileKit/Extensions/DataExtensions.swift /Users/admin/builder/spi-builder-workspace/Sources/WindowsFileKit/Extensions/IntExtensions.swift /Users/admin/builder/spi-builder-workspace/Sources/WindowsFileKit/Extensions/UInt64Extensions.swift /Users/admin/builder/spi-builder-workspace/Sources/WindowsFileKit/FileHandle/FileHandleExtensions.swift (in target 'WindowsFileKit' from project 'WineKit')
SwiftCompile normal arm64_32 /Users/admin/builder/spi-builder-workspace/Sources/WindowsFileKit/Extensions/DataExtensions.swift (in target 'WindowsFileKit' from project 'WineKit')
cd /Users/admin/builder/spi-builder-workspace/.swiftpm/xcode
builtin-SwiftPerFileCompile DataExtensions.swift
SwiftCompile normal arm64_32 /Users/admin/builder/spi-builder-workspace/Sources/WindowsFileKit/Extensions/IntExtensions.swift (in target 'WindowsFileKit' from project 'WineKit')
cd /Users/admin/builder/spi-builder-workspace/.swiftpm/xcode
builtin-SwiftPerFileCompile IntExtensions.swift
SwiftCompile normal arm64_32 /Users/admin/builder/spi-builder-workspace/Sources/WindowsFileKit/Extensions/UInt64Extensions.swift (in target 'WindowsFileKit' from project 'WineKit')
cd /Users/admin/builder/spi-builder-workspace/.swiftpm/xcode
builtin-SwiftPerFileCompile UInt64Extensions.swift
SwiftCompile normal arm64_32 /Users/admin/builder/spi-builder-workspace/Sources/WindowsFileKit/FileHandle/FileHandleExtensions.swift (in target 'WindowsFileKit' from project 'WineKit')
cd /Users/admin/builder/spi-builder-workspace/.swiftpm/xcode
builtin-SwiftPerFileCompile FileHandleExtensions.swift
SwiftCompile normal arm64_32 Compiling\ ShellLink.swift,\ ShellLinkHeader.swift,\ ShowCommand.swift /Users/admin/builder/spi-builder-workspace/Sources/WindowsFileKit/ShellLink/ShellLink.swift /Users/admin/builder/spi-builder-workspace/Sources/WindowsFileKit/ShellLink/ShellLinkHeader.swift /Users/admin/builder/spi-builder-workspace/Sources/WindowsFileKit/ShellLink/ShowCommand.swift (in target 'WindowsFileKit' from project 'WineKit')
SwiftCompile normal arm64_32 /Users/admin/builder/spi-builder-workspace/Sources/WindowsFileKit/ShellLink/ShellLink.swift (in target 'WindowsFileKit' from project 'WineKit')
cd /Users/admin/builder/spi-builder-workspace/.swiftpm/xcode
builtin-SwiftPerFileCompile ShellLink.swift
SwiftCompile normal arm64_32 /Users/admin/builder/spi-builder-workspace/Sources/WindowsFileKit/ShellLink/ShellLinkHeader.swift (in target 'WindowsFileKit' from project 'WineKit')
cd /Users/admin/builder/spi-builder-workspace/.swiftpm/xcode
builtin-SwiftPerFileCompile ShellLinkHeader.swift
SwiftCompile normal arm64_32 /Users/admin/builder/spi-builder-workspace/Sources/WindowsFileKit/ShellLink/ShowCommand.swift (in target 'WindowsFileKit' from project 'WineKit')
cd /Users/admin/builder/spi-builder-workspace/.swiftpm/xcode
builtin-SwiftPerFileCompile ShowCommand.swift
SwiftCompile normal arm64_32 Compiling\ LinkInfo.swift,\ LinkInfoFlags.swift,\ LinkTargetIDList.swift /Users/admin/builder/spi-builder-workspace/Sources/WindowsFileKit/ShellLink/LinkInfo.swift /Users/admin/builder/spi-builder-workspace/Sources/WindowsFileKit/ShellLink/LinkInfoFlags.swift /Users/admin/builder/spi-builder-workspace/Sources/WindowsFileKit/ShellLink/LinkTargetIDList.swift (in target 'WindowsFileKit' from project 'WineKit')
SwiftCompile normal arm64_32 /Users/admin/builder/spi-builder-workspace/Sources/WindowsFileKit/ShellLink/LinkInfo.swift (in target 'WindowsFileKit' from project 'WineKit')
cd /Users/admin/builder/spi-builder-workspace/.swiftpm/xcode
builtin-SwiftPerFileCompile LinkInfo.swift
SwiftCompile normal arm64_32 /Users/admin/builder/spi-builder-workspace/Sources/WindowsFileKit/ShellLink/LinkInfoFlags.swift (in target 'WindowsFileKit' from project 'WineKit')
cd /Users/admin/builder/spi-builder-workspace/.swiftpm/xcode
builtin-SwiftPerFileCompile LinkInfoFlags.swift
SwiftCompile normal arm64_32 /Users/admin/builder/spi-builder-workspace/Sources/WindowsFileKit/ShellLink/LinkTargetIDList.swift (in target 'WindowsFileKit' from project 'WineKit')
cd /Users/admin/builder/spi-builder-workspace/.swiftpm/xcode
builtin-SwiftPerFileCompile LinkTargetIDList.swift
SwiftCompile normal arm64_32 Compiling\ FileHandleIterator.swift,\ COFFHeader.swift,\ Characteristics.swift,\ DLLCharacteristics.swift /Users/admin/builder/spi-builder-workspace/Sources/WindowsFileKit/FileHandle/FileHandleIterator.swift /Users/admin/builder/spi-builder-workspace/Sources/WindowsFileKit/PortableExecutable/COFFHeader.swift /Users/admin/builder/spi-builder-workspace/Sources/WindowsFileKit/PortableExecutable/Characteristics.swift /Users/admin/builder/spi-builder-workspace/Sources/WindowsFileKit/PortableExecutable/DLLCharacteristics.swift (in target 'WindowsFileKit' from project 'WineKit')
SwiftCompile normal arm64_32 /Users/admin/builder/spi-builder-workspace/Sources/WindowsFileKit/FileHandle/FileHandleIterator.swift (in target 'WindowsFileKit' from project 'WineKit')
cd /Users/admin/builder/spi-builder-workspace/.swiftpm/xcode
builtin-SwiftPerFileCompile FileHandleIterator.swift
SwiftCompile normal arm64_32 /Users/admin/builder/spi-builder-workspace/Sources/WindowsFileKit/PortableExecutable/COFFHeader.swift (in target 'WindowsFileKit' from project 'WineKit')
cd /Users/admin/builder/spi-builder-workspace/.swiftpm/xcode
builtin-SwiftPerFileCompile COFFHeader.swift
SwiftCompile normal arm64_32 /Users/admin/builder/spi-builder-workspace/Sources/WindowsFileKit/PortableExecutable/Characteristics.swift (in target 'WindowsFileKit' from project 'WineKit')
cd /Users/admin/builder/spi-builder-workspace/.swiftpm/xcode
builtin-SwiftPerFileCompile Characteristics.swift
SwiftCompile normal arm64_32 /Users/admin/builder/spi-builder-workspace/Sources/WindowsFileKit/PortableExecutable/DLLCharacteristics.swift (in target 'WindowsFileKit' from project 'WineKit')
cd /Users/admin/builder/spi-builder-workspace/.swiftpm/xcode
builtin-SwiftPerFileCompile DLLCharacteristics.swift
SwiftEmitModule normal arm64 Emitting\ module\ for\ WindowsFileKit (in target 'WindowsFileKit' from project 'WineKit')
SwiftCompile normal arm64 (in target 'WindowsFileKit' from project 'WineKit')
cd /Users/admin/builder/spi-builder-workspace/.swiftpm/xcode
SwiftDriverJobDiscovery normal arm64_32 Emitting module for WindowsFileKit (in target 'WindowsFileKit' from project 'WineKit')
SwiftDriver\ Compilation\ Requirements WindowsFileKit normal arm64_32 com.apple.xcode.tools.swift.compiler (in target 'WindowsFileKit' from project 'WineKit')
cd /Users/admin/builder/spi-builder-workspace/.swiftpm/xcode
builtin-Swift-Compilation-Requirements -- /Applications/Xcode-27.0.0-Release.Candidate.app/Contents/Developer/Toolchains/XcodeDefault.xctoolchain/usr/bin/swiftc -parse-as-library -module-name WindowsFileKit -Onone @/Users/admin/builder/spi-builder-workspace/.derivedData/Build/Intermediates.noindex/WineKit.build/Debug-watchos/WindowsFileKit-t.build/Objects-normal/arm64_32/WindowsFileKit.SwiftFileList -DSWIFT_PACKAGE -DDEBUG -DSWIFT_MODULE_RESOURCE_BUNDLE_UNAVAILABLE -DXcode -plugin-path /Applications/Xcode-27.0.0-Release.Candidate.app/Contents/Developer/Toolchains/XcodeDefault.xctoolchain/usr/lib/swift/host/plugins/testing -enable-experimental-feature DebugDescriptionMacro -sdk /Applications/Xcode-27.0.0-Release.Candidate.app/Contents/Developer/Platforms/WatchOS.platform/Developer/SDKs/WatchOS27.0.sdk -target arm64_32-apple-watchos9.0 -g -module-cache-path /Users/admin/builder/spi-builder-workspace/.derivedData/ModuleCache.noindex -Xfrontend -serialize-debugging-options -profile-coverage-mapping -profile-generate -enable-testing -index-store-path /Users/admin/builder/spi-builder-workspace/.derivedData/Index.noindex/DataStore -Xcc -D_LIBCPP_HARDENING_MODE\=_LIBCPP_HARDENING_MODE_DEBUG -swift-version 5 -I /Users/admin/builder/spi-builder-workspace/.derivedData/Build/Products/Debug-watchos -Isystem /Applications/Xcode-27.0.0-Release.Candidate.app/Contents/Developer/Platforms/WatchOS.platform/Developer/usr/lib -F /Users/admin/builder/spi-builder-workspace/.derivedData/Build/Products/Debug-watchos -F /Applications/Xcode-27.0.0-Release.Candidate.app/Contents/Developer/Platforms/WatchOS.platform/Developer/Library/Frameworks -F /Applications/Xcode-27.0.0-Release.Candidate.app/Contents/Developer/Platforms/WatchOS.platform/Developer/SDKs/WatchOS27.0.sdk/Developer/Library/Frameworks -c -j10 -enable-batch-mode -incremental -Xcc -ivfsstatcache -Xcc /Users/admin/builder/spi-builder-workspace/.derivedData/SDKStatCaches.noindex/watchos27.0-24R360-e829b21a6f8c9b70876ba0858053c04477534ef55a1706bf4c1112bbb242f0a2.sdkstatcache -output-file-map /Users/admin/builder/spi-builder-workspace/.derivedData/Build/Intermediates.noindex/WineKit.build/Debug-watchos/WindowsFileKit-t.build/Objects-normal/arm64_32/WindowsFileKit-OutputFileMap.json -save-temps -no-color-diagnostics -explicit-module-build -module-cache-path /Users/admin/builder/spi-builder-workspace/.derivedData/Build/Intermediates.noindex/SwiftExplicitPrecompiledModules -clang-scanner-module-cache-path /Users/admin/builder/spi-builder-workspace/.derivedData/ModuleCache.noindex -sdk-module-cache-path /Users/admin/builder/spi-builder-workspace/.derivedData/SDKExplicitPrecompiledModules -emit-dependencies -emit-module -emit-module-path /Users/admin/builder/spi-builder-workspace/.derivedData/Build/Intermediates.noindex/WineKit.build/Debug-watchos/WindowsFileKit-t.build/Objects-normal/arm64_32/WindowsFileKit.swiftmodule -serialize-diagnostics -dependency-scan-serialize-diagnostics-path /Users/admin/builder/spi-builder-workspace/.derivedData/Build/Intermediates.noindex/WineKit.build/Debug-watchos/WindowsFileKit-t.build/Objects-normal/arm64_32/WindowsFileKit-dependency-scan.dia -validate-clang-modules-once -clang-build-session-file /Users/admin/builder/spi-builder-workspace/.derivedData/ModuleCache.noindex/Session.modulevalidation -Xcc -fmodules-prune-interval\=86400 -Xcc -fmodules-prune-after\=345600 -package-name spi_builder_workspace -emit-const-values -const-gather-protocols-list /Users/admin/builder/spi-builder-workspace/.derivedData/Build/Intermediates.noindex/WineKit.build/Debug-watchos/WindowsFileKit-t.build/Objects-normal/arm64_32/WindowsFileKit_const_extract_protocols.json -Xcc -I/Users/admin/builder/spi-builder-workspace/.derivedData/Build/Products/Debug-watchos/include -Xcc -I/Users/admin/builder/spi-builder-workspace/.derivedData/Build/Intermediates.noindex/WineKit.build/Debug-watchos/WindowsFileKit-t.build/DerivedSources-normal/arm64_32 -Xcc -I/Users/admin/builder/spi-builder-workspace/.derivedData/Build/Intermediates.noindex/WineKit.build/Debug-watchos/WindowsFileKit-t.build/DerivedSources/arm64_32 -Xcc -I/Users/admin/builder/spi-builder-workspace/.derivedData/Build/Intermediates.noindex/WineKit.build/Debug-watchos/WindowsFileKit-t.build/DerivedSources -Xcc -DSWIFT_PACKAGE -Xcc -DDEBUG\=1 -emit-objc-header -emit-objc-header-path /Users/admin/builder/spi-builder-workspace/.derivedData/Build/Intermediates.noindex/WineKit.build/Debug-watchos/WindowsFileKit-t.build/Objects-normal/arm64_32/WindowsFileKit-Swift.h -working-directory /Users/admin/builder/spi-builder-workspace/.swiftpm/xcode -experimental-emit-module-separately -disable-cmo
SwiftDriverJobDiscovery normal arm64 Emitting module for WindowsFileKit (in target 'WindowsFileKit' from project 'WineKit')
SwiftDriver\ Compilation\ Requirements WindowsFileKit normal arm64 com.apple.xcode.tools.swift.compiler (in target 'WindowsFileKit' from project 'WineKit')
cd /Users/admin/builder/spi-builder-workspace/.swiftpm/xcode
builtin-Swift-Compilation-Requirements -- /Applications/Xcode-27.0.0-Release.Candidate.app/Contents/Developer/Toolchains/XcodeDefault.xctoolchain/usr/bin/swiftc -parse-as-library -module-name WindowsFileKit -Onone @/Users/admin/builder/spi-builder-workspace/.derivedData/Build/Intermediates.noindex/WineKit.build/Debug-watchos/WindowsFileKit-t.build/Objects-normal/arm64/WindowsFileKit.SwiftFileList -DSWIFT_PACKAGE -DDEBUG -DSWIFT_MODULE_RESOURCE_BUNDLE_UNAVAILABLE -DXcode -plugin-path /Applications/Xcode-27.0.0-Release.Candidate.app/Contents/Developer/Toolchains/XcodeDefault.xctoolchain/usr/lib/swift/host/plugins/testing -enable-experimental-feature DebugDescriptionMacro -sdk /Applications/Xcode-27.0.0-Release.Candidate.app/Contents/Developer/Platforms/WatchOS.platform/Developer/SDKs/WatchOS27.0.sdk -target arm64-apple-watchos9.0 -g -module-cache-path /Users/admin/builder/spi-builder-workspace/.derivedData/ModuleCache.noindex -Xfrontend -serialize-debugging-options -profile-coverage-mapping -profile-generate -enable-testing -index-store-path /Users/admin/builder/spi-builder-workspace/.derivedData/Index.noindex/DataStore -Xcc -D_LIBCPP_HARDENING_MODE\=_LIBCPP_HARDENING_MODE_DEBUG -swift-version 5 -I /Users/admin/builder/spi-builder-workspace/.derivedData/Build/Products/Debug-watchos -Isystem /Applications/Xcode-27.0.0-Release.Candidate.app/Contents/Developer/Platforms/WatchOS.platform/Developer/usr/lib -F /Users/admin/builder/spi-builder-workspace/.derivedData/Build/Products/Debug-watchos -F /Applications/Xcode-27.0.0-Release.Candidate.app/Contents/Developer/Platforms/WatchOS.platform/Developer/Library/Frameworks -F /Applications/Xcode-27.0.0-Release.Candidate.app/Contents/Developer/Platforms/WatchOS.platform/Developer/SDKs/WatchOS27.0.sdk/Developer/Library/Frameworks -c -j10 -enable-batch-mode -incremental -Xcc -ivfsstatcache -Xcc /Users/admin/builder/spi-builder-workspace/.derivedData/SDKStatCaches.noindex/watchos27.0-24R360-e829b21a6f8c9b70876ba0858053c04477534ef55a1706bf4c1112bbb242f0a2.sdkstatcache -output-file-map /Users/admin/builder/spi-builder-workspace/.derivedData/Build/Intermediates.noindex/WineKit.build/Debug-watchos/WindowsFileKit-t.build/Objects-normal/arm64/WindowsFileKit-OutputFileMap.json -save-temps -no-color-diagnostics -explicit-module-build -module-cache-path /Users/admin/builder/spi-builder-workspace/.derivedData/Build/Intermediates.noindex/SwiftExplicitPrecompiledModules -clang-scanner-module-cache-path /Users/admin/builder/spi-builder-workspace/.derivedData/ModuleCache.noindex -sdk-module-cache-path /Users/admin/builder/spi-builder-workspace/.derivedData/SDKExplicitPrecompiledModules -emit-dependencies -emit-module -emit-module-path /Users/admin/builder/spi-builder-workspace/.derivedData/Build/Intermediates.noindex/WineKit.build/Debug-watchos/WindowsFileKit-t.build/Objects-normal/arm64/WindowsFileKit.swiftmodule -serialize-diagnostics -dependency-scan-serialize-diagnostics-path /Users/admin/builder/spi-builder-workspace/.derivedData/Build/Intermediates.noindex/WineKit.build/Debug-watchos/WindowsFileKit-t.build/Objects-normal/arm64/WindowsFileKit-dependency-scan.dia -validate-clang-modules-once -clang-build-session-file /Users/admin/builder/spi-builder-workspace/.derivedData/ModuleCache.noindex/Session.modulevalidation -Xcc -fmodules-prune-interval\=86400 -Xcc -fmodules-prune-after\=345600 -package-name spi_builder_workspace -emit-const-values -const-gather-protocols-list /Users/admin/builder/spi-builder-workspace/.derivedData/Build/Intermediates.noindex/WineKit.build/Debug-watchos/WindowsFileKit-t.build/Objects-normal/arm64/WindowsFileKit_const_extract_protocols.json -Xcc -I/Users/admin/builder/spi-builder-workspace/.derivedData/Build/Products/Debug-watchos/include -Xcc -I/Users/admin/builder/spi-builder-workspace/.derivedData/Build/Intermediates.noindex/WineKit.build/Debug-watchos/WindowsFileKit-t.build/DerivedSources-normal/arm64 -Xcc -I/Users/admin/builder/spi-builder-workspace/.derivedData/Build/Intermediates.noindex/WineKit.build/Debug-watchos/WindowsFileKit-t.build/DerivedSources/arm64 -Xcc -I/Users/admin/builder/spi-builder-workspace/.derivedData/Build/Intermediates.noindex/WineKit.build/Debug-watchos/WindowsFileKit-t.build/DerivedSources -Xcc -DSWIFT_PACKAGE -Xcc -DDEBUG\=1 -emit-objc-header -emit-objc-header-path /Users/admin/builder/spi-builder-workspace/.derivedData/Build/Intermediates.noindex/WineKit.build/Debug-watchos/WindowsFileKit-t.build/Objects-normal/arm64/WindowsFileKit-Swift.h -working-directory /Users/admin/builder/spi-builder-workspace/.swiftpm/xcode -experimental-emit-module-separately -disable-cmo
Copy /Users/admin/builder/spi-builder-workspace/.derivedData/Build/Products/Debug-watchos/WindowsFileKit.swiftmodule/arm64_32-apple-watchos.swiftmodule /Users/admin/builder/spi-builder-workspace/.derivedData/Build/Intermediates.noindex/WineKit.build/Debug-watchos/WindowsFileKit-t.build/Objects-normal/arm64_32/WindowsFileKit.swiftmodule (in target 'WindowsFileKit' from project 'WineKit')
cd /Users/admin/builder/spi-builder-workspace
builtin-copy -exclude .DS_Store -exclude CVS -exclude .svn -exclude .git -exclude .hg -resolve-src-symlinks -rename /Users/admin/builder/spi-builder-workspace/.derivedData/Build/Intermediates.noindex/WineKit.build/Debug-watchos/WindowsFileKit-t.build/Objects-normal/arm64_32/WindowsFileKit.swiftmodule /Users/admin/builder/spi-builder-workspace/.derivedData/Build/Products/Debug-watchos/WindowsFileKit.swiftmodule/arm64_32-apple-watchos.swiftmodule
SwiftMergeGeneratedHeaders /Users/admin/builder/spi-builder-workspace/.derivedData/Build/Intermediates.noindex/GeneratedModuleMaps-watchos/WindowsFileKit-Swift.h /Users/admin/builder/spi-builder-workspace/.derivedData/Build/Intermediates.noindex/WineKit.build/Debug-watchos/WindowsFileKit-t.build/Objects-normal/arm64/WindowsFileKit-Swift.h /Users/admin/builder/spi-builder-workspace/.derivedData/Build/Intermediates.noindex/WineKit.build/Debug-watchos/WindowsFileKit-t.build/Objects-normal/arm64_32/WindowsFileKit-Swift.h (in target 'WindowsFileKit' from project 'WineKit')
cd /Users/admin/builder/spi-builder-workspace
builtin-swiftHeaderTool -arch arm64 /Users/admin/builder/spi-builder-workspace/.derivedData/Build/Intermediates.noindex/WineKit.build/Debug-watchos/WindowsFileKit-t.build/Objects-normal/arm64/WindowsFileKit-Swift.h -arch arm64_32 /Users/admin/builder/spi-builder-workspace/.derivedData/Build/Intermediates.noindex/WineKit.build/Debug-watchos/WindowsFileKit-t.build/Objects-normal/arm64_32/WindowsFileKit-Swift.h -o /Users/admin/builder/spi-builder-workspace/.derivedData/Build/Intermediates.noindex/GeneratedModuleMaps-watchos/WindowsFileKit-Swift.h
Copy /Users/admin/builder/spi-builder-workspace/.derivedData/Build/Products/Debug-watchos/WindowsFileKit.swiftmodule/arm64_32-apple-watchos.swiftdoc /Users/admin/builder/spi-builder-workspace/.derivedData/Build/Intermediates.noindex/WineKit.build/Debug-watchos/WindowsFileKit-t.build/Objects-normal/arm64_32/WindowsFileKit.swiftdoc (in target 'WindowsFileKit' from project 'WineKit')
cd /Users/admin/builder/spi-builder-workspace
builtin-copy -exclude .DS_Store -exclude CVS -exclude .svn -exclude .git -exclude .hg -resolve-src-symlinks -rename /Users/admin/builder/spi-builder-workspace/.derivedData/Build/Intermediates.noindex/WineKit.build/Debug-watchos/WindowsFileKit-t.build/Objects-normal/arm64_32/WindowsFileKit.swiftdoc /Users/admin/builder/spi-builder-workspace/.derivedData/Build/Products/Debug-watchos/WindowsFileKit.swiftmodule/arm64_32-apple-watchos.swiftdoc
Copy /Users/admin/builder/spi-builder-workspace/.derivedData/Build/Products/Debug-watchos/WindowsFileKit.swiftmodule/arm64_32-apple-watchos.abi.json /Users/admin/builder/spi-builder-workspace/.derivedData/Build/Intermediates.noindex/WineKit.build/Debug-watchos/WindowsFileKit-t.build/Objects-normal/arm64_32/WindowsFileKit.abi.json (in target 'WindowsFileKit' from project 'WineKit')
cd /Users/admin/builder/spi-builder-workspace
builtin-copy -exclude .DS_Store -exclude CVS -exclude .svn -exclude .git -exclude .hg -resolve-src-symlinks -rename /Users/admin/builder/spi-builder-workspace/.derivedData/Build/Intermediates.noindex/WineKit.build/Debug-watchos/WindowsFileKit-t.build/Objects-normal/arm64_32/WindowsFileKit.abi.json /Users/admin/builder/spi-builder-workspace/.derivedData/Build/Products/Debug-watchos/WindowsFileKit.swiftmodule/arm64_32-apple-watchos.abi.json
Copy /Users/admin/builder/spi-builder-workspace/.derivedData/Build/Products/Debug-watchos/WindowsFileKit.swiftmodule/arm64-apple-watchos.swiftmodule /Users/admin/builder/spi-builder-workspace/.derivedData/Build/Intermediates.noindex/WineKit.build/Debug-watchos/WindowsFileKit-t.build/Objects-normal/arm64/WindowsFileKit.swiftmodule (in target 'WindowsFileKit' from project 'WineKit')
cd /Users/admin/builder/spi-builder-workspace
builtin-copy -exclude .DS_Store -exclude CVS -exclude .svn -exclude .git -exclude .hg -resolve-src-symlinks -rename /Users/admin/builder/spi-builder-workspace/.derivedData/Build/Intermediates.noindex/WineKit.build/Debug-watchos/WindowsFileKit-t.build/Objects-normal/arm64/WindowsFileKit.swiftmodule /Users/admin/builder/spi-builder-workspace/.derivedData/Build/Products/Debug-watchos/WindowsFileKit.swiftmodule/arm64-apple-watchos.swiftmodule
Copy /Users/admin/builder/spi-builder-workspace/.derivedData/Build/Products/Debug-watchos/WindowsFileKit.swiftmodule/arm64-apple-watchos.swiftdoc /Users/admin/builder/spi-builder-workspace/.derivedData/Build/Intermediates.noindex/WineKit.build/Debug-watchos/WindowsFileKit-t.build/Objects-normal/arm64/WindowsFileKit.swiftdoc (in target 'WindowsFileKit' from project 'WineKit')
cd /Users/admin/builder/spi-builder-workspace
builtin-copy -exclude .DS_Store -exclude CVS -exclude .svn -exclude .git -exclude .hg -resolve-src-symlinks -rename /Users/admin/builder/spi-builder-workspace/.derivedData/Build/Intermediates.noindex/WineKit.build/Debug-watchos/WindowsFileKit-t.build/Objects-normal/arm64/WindowsFileKit.swiftdoc /Users/admin/builder/spi-builder-workspace/.derivedData/Build/Products/Debug-watchos/WindowsFileKit.swiftmodule/arm64-apple-watchos.swiftdoc
Copy /Users/admin/builder/spi-builder-workspace/.derivedData/Build/Products/Debug-watchos/WindowsFileKit.swiftmodule/arm64-apple-watchos.abi.json /Users/admin/builder/spi-builder-workspace/.derivedData/Build/Intermediates.noindex/WineKit.build/Debug-watchos/WindowsFileKit-t.build/Objects-normal/arm64/WindowsFileKit.abi.json (in target 'WindowsFileKit' from project 'WineKit')
cd /Users/admin/builder/spi-builder-workspace
builtin-copy -exclude .DS_Store -exclude CVS -exclude .svn -exclude .git -exclude .hg -resolve-src-symlinks -rename /Users/admin/builder/spi-builder-workspace/.derivedData/Build/Intermediates.noindex/WineKit.build/Debug-watchos/WindowsFileKit-t.build/Objects-normal/arm64/WindowsFileKit.abi.json /Users/admin/builder/spi-builder-workspace/.derivedData/Build/Products/Debug-watchos/WindowsFileKit.swiftmodule/arm64-apple-watchos.abi.json
Copy /Users/admin/builder/spi-builder-workspace/.derivedData/Build/Products/Debug-watchos/WindowsFileKit.swiftmodule/Project/arm64_32-apple-watchos.swiftsourceinfo /Users/admin/builder/spi-builder-workspace/.derivedData/Build/Intermediates.noindex/WineKit.build/Debug-watchos/WindowsFileKit-t.build/Objects-normal/arm64_32/WindowsFileKit.swiftsourceinfo (in target 'WindowsFileKit' from project 'WineKit')
cd /Users/admin/builder/spi-builder-workspace
builtin-copy -exclude .DS_Store -exclude CVS -exclude .svn -exclude .git -exclude .hg -resolve-src-symlinks -rename /Users/admin/builder/spi-builder-workspace/.derivedData/Build/Intermediates.noindex/WineKit.build/Debug-watchos/WindowsFileKit-t.build/Objects-normal/arm64_32/WindowsFileKit.swiftsourceinfo /Users/admin/builder/spi-builder-workspace/.derivedData/Build/Products/Debug-watchos/WindowsFileKit.swiftmodule/Project/arm64_32-apple-watchos.swiftsourceinfo
Copy /Users/admin/builder/spi-builder-workspace/.derivedData/Build/Products/Debug-watchos/WindowsFileKit.swiftmodule/Project/arm64-apple-watchos.swiftsourceinfo /Users/admin/builder/spi-builder-workspace/.derivedData/Build/Intermediates.noindex/WineKit.build/Debug-watchos/WindowsFileKit-t.build/Objects-normal/arm64/WindowsFileKit.swiftsourceinfo (in target 'WindowsFileKit' from project 'WineKit')
cd /Users/admin/builder/spi-builder-workspace
builtin-copy -exclude .DS_Store -exclude CVS -exclude .svn -exclude .git -exclude .hg -resolve-src-symlinks -rename /Users/admin/builder/spi-builder-workspace/.derivedData/Build/Intermediates.noindex/WineKit.build/Debug-watchos/WindowsFileKit-t.build/Objects-normal/arm64/WindowsFileKit.swiftsourceinfo /Users/admin/builder/spi-builder-workspace/.derivedData/Build/Products/Debug-watchos/WindowsFileKit.swiftmodule/Project/arm64-apple-watchos.swiftsourceinfo
SwiftCompile normal arm64 Compiling\ ResourceDataEntry.swift,\ ResourceDirectoryEntry.swift,\ ResourceDirectoryString.swift,\ ResourceDirectoryTable.swift /Users/admin/builder/spi-builder-workspace/Sources/WindowsFileKit/PortableExecutable/RSRC/ResourceDataEntry.swift /Users/admin/builder/spi-builder-workspace/Sources/WindowsFileKit/PortableExecutable/RSRC/ResourceDirectoryEntry.swift /Users/admin/builder/spi-builder-workspace/Sources/WindowsFileKit/PortableExecutable/RSRC/ResourceDirectoryString.swift /Users/admin/builder/spi-builder-workspace/Sources/WindowsFileKit/PortableExecutable/RSRC/ResourceDirectoryTable.swift (in target 'WindowsFileKit' from project 'WineKit')
SwiftCompile normal arm64 /Users/admin/builder/spi-builder-workspace/Sources/WindowsFileKit/PortableExecutable/RSRC/ResourceDataEntry.swift (in target 'WindowsFileKit' from project 'WineKit')
cd /Users/admin/builder/spi-builder-workspace/.swiftpm/xcode
builtin-SwiftPerFileCompile ResourceDataEntry.swift
SwiftCompile normal arm64 /Users/admin/builder/spi-builder-workspace/Sources/WindowsFileKit/PortableExecutable/RSRC/ResourceDirectoryEntry.swift (in target 'WindowsFileKit' from project 'WineKit')
cd /Users/admin/builder/spi-builder-workspace/.swiftpm/xcode
builtin-SwiftPerFileCompile ResourceDirectoryEntry.swift
SwiftCompile normal arm64 /Users/admin/builder/spi-builder-workspace/Sources/WindowsFileKit/PortableExecutable/RSRC/ResourceDirectoryString.swift (in target 'WindowsFileKit' from project 'WineKit')
cd /Users/admin/builder/spi-builder-workspace/.swiftpm/xcode
builtin-SwiftPerFileCompile ResourceDirectoryString.swift
SwiftCompile normal arm64 /Users/admin/builder/spi-builder-workspace/Sources/WindowsFileKit/PortableExecutable/RSRC/ResourceDirectoryTable.swift (in target 'WindowsFileKit' from project 'WineKit')
cd /Users/admin/builder/spi-builder-workspace/.swiftpm/xcode
builtin-SwiftPerFileCompile ResourceDirectoryTable.swift
SwiftCompile normal arm64 Compiling\ FileHandleIterator.swift,\ COFFHeader.swift,\ Characteristics.swift,\ DLLCharacteristics.swift /Users/admin/builder/spi-builder-workspace/Sources/WindowsFileKit/FileHandle/FileHandleIterator.swift /Users/admin/builder/spi-builder-workspace/Sources/WindowsFileKit/PortableExecutable/COFFHeader.swift /Users/admin/builder/spi-builder-workspace/Sources/WindowsFileKit/PortableExecutable/Characteristics.swift /Users/admin/builder/spi-builder-workspace/Sources/WindowsFileKit/PortableExecutable/DLLCharacteristics.swift (in target 'WindowsFileKit' from project 'WineKit')
SwiftCompile normal arm64 /Users/admin/builder/spi-builder-workspace/Sources/WindowsFileKit/FileHandle/FileHandleIterator.swift (in target 'WindowsFileKit' from project 'WineKit')
cd /Users/admin/builder/spi-builder-workspace/.swiftpm/xcode
builtin-SwiftPerFileCompile FileHandleIterator.swift
SwiftCompile normal arm64 /Users/admin/builder/spi-builder-workspace/Sources/WindowsFileKit/PortableExecutable/COFFHeader.swift (in target 'WindowsFileKit' from project 'WineKit')
cd /Users/admin/builder/spi-builder-workspace/.swiftpm/xcode
builtin-SwiftPerFileCompile COFFHeader.swift
SwiftCompile normal arm64 /Users/admin/builder/spi-builder-workspace/Sources/WindowsFileKit/PortableExecutable/Characteristics.swift (in target 'WindowsFileKit' from project 'WineKit')
cd /Users/admin/builder/spi-builder-workspace/.swiftpm/xcode
builtin-SwiftPerFileCompile Characteristics.swift
SwiftCompile normal arm64 /Users/admin/builder/spi-builder-workspace/Sources/WindowsFileKit/PortableExecutable/DLLCharacteristics.swift (in target 'WindowsFileKit' from project 'WineKit')
cd /Users/admin/builder/spi-builder-workspace/.swiftpm/xcode
builtin-SwiftPerFileCompile DLLCharacteristics.swift
SwiftDriverJobDiscovery normal arm64_32 Compiling WindowsSubsystem.swift, FileAttributesFlags.swift, LinkFlags.swift (in target 'WindowsFileKit' from project 'WineKit')
SwiftCompile normal arm64 Compiling\ ShellLink.swift,\ ShellLinkHeader.swift,\ ShowCommand.swift /Users/admin/builder/spi-builder-workspace/Sources/WindowsFileKit/ShellLink/ShellLink.swift /Users/admin/builder/spi-builder-workspace/Sources/WindowsFileKit/ShellLink/ShellLinkHeader.swift /Users/admin/builder/spi-builder-workspace/Sources/WindowsFileKit/ShellLink/ShowCommand.swift (in target 'WindowsFileKit' from project 'WineKit')
SwiftCompile normal arm64 /Users/admin/builder/spi-builder-workspace/Sources/WindowsFileKit/ShellLink/ShellLink.swift (in target 'WindowsFileKit' from project 'WineKit')
cd /Users/admin/builder/spi-builder-workspace/.swiftpm/xcode
builtin-SwiftPerFileCompile ShellLink.swift
SwiftCompile normal arm64 /Users/admin/builder/spi-builder-workspace/Sources/WindowsFileKit/ShellLink/ShellLinkHeader.swift (in target 'WindowsFileKit' from project 'WineKit')
cd /Users/admin/builder/spi-builder-workspace/.swiftpm/xcode
builtin-SwiftPerFileCompile ShellLinkHeader.swift
SwiftCompile normal arm64 /Users/admin/builder/spi-builder-workspace/Sources/WindowsFileKit/ShellLink/ShowCommand.swift (in target 'WindowsFileKit' from project 'WineKit')
cd /Users/admin/builder/spi-builder-workspace/.swiftpm/xcode
builtin-SwiftPerFileCompile ShowCommand.swift
SwiftDriverJobDiscovery normal arm64_32 Compiling ShellLink.swift, ShellLinkHeader.swift, ShowCommand.swift (in target 'WindowsFileKit' from project 'WineKit')
SwiftCompile normal arm64 Compiling\ ResourceType.swift,\ Section.swift,\ SectionFlag.swift /Users/admin/builder/spi-builder-workspace/Sources/WindowsFileKit/PortableExecutable/RSRC/ResourceType.swift /Users/admin/builder/spi-builder-workspace/Sources/WindowsFileKit/PortableExecutable/Section.swift /Users/admin/builder/spi-builder-workspace/Sources/WindowsFileKit/PortableExecutable/SectionFlag.swift (in target 'WindowsFileKit' from project 'WineKit')
SwiftCompile normal arm64 /Users/admin/builder/spi-builder-workspace/Sources/WindowsFileKit/PortableExecutable/RSRC/ResourceType.swift (in target 'WindowsFileKit' from project 'WineKit')
cd /Users/admin/builder/spi-builder-workspace/.swiftpm/xcode
builtin-SwiftPerFileCompile ResourceType.swift
SwiftCompile normal arm64 /Users/admin/builder/spi-builder-workspace/Sources/WindowsFileKit/PortableExecutable/Section.swift (in target 'WindowsFileKit' from project 'WineKit')
cd /Users/admin/builder/spi-builder-workspace/.swiftpm/xcode
builtin-SwiftPerFileCompile Section.swift
SwiftCompile normal arm64 /Users/admin/builder/spi-builder-workspace/Sources/WindowsFileKit/PortableExecutable/SectionFlag.swift (in target 'WindowsFileKit' from project 'WineKit')
cd /Users/admin/builder/spi-builder-workspace/.swiftpm/xcode
builtin-SwiftPerFileCompile SectionFlag.swift
SwiftCompile normal arm64 Compiling\ DataExtensions.swift,\ IntExtensions.swift,\ UInt64Extensions.swift,\ FileHandleExtensions.swift /Users/admin/builder/spi-builder-workspace/Sources/WindowsFileKit/Extensions/DataExtensions.swift /Users/admin/builder/spi-builder-workspace/Sources/WindowsFileKit/Extensions/IntExtensions.swift /Users/admin/builder/spi-builder-workspace/Sources/WindowsFileKit/Extensions/UInt64Extensions.swift /Users/admin/builder/spi-builder-workspace/Sources/WindowsFileKit/FileHandle/FileHandleExtensions.swift (in target 'WindowsFileKit' from project 'WineKit')
SwiftCompile normal arm64 /Users/admin/builder/spi-builder-workspace/Sources/WindowsFileKit/Extensions/DataExtensions.swift (in target 'WindowsFileKit' from project 'WineKit')
cd /Users/admin/builder/spi-builder-workspace/.swiftpm/xcode
builtin-SwiftPerFileCompile DataExtensions.swift
SwiftCompile normal arm64 /Users/admin/builder/spi-builder-workspace/Sources/WindowsFileKit/Extensions/IntExtensions.swift (in target 'WindowsFileKit' from project 'WineKit')
cd /Users/admin/builder/spi-builder-workspace/.swiftpm/xcode
builtin-SwiftPerFileCompile IntExtensions.swift
SwiftCompile normal arm64 /Users/admin/builder/spi-builder-workspace/Sources/WindowsFileKit/Extensions/UInt64Extensions.swift (in target 'WindowsFileKit' from project 'WineKit')
cd /Users/admin/builder/spi-builder-workspace/.swiftpm/xcode
builtin-SwiftPerFileCompile UInt64Extensions.swift
SwiftCompile normal arm64 /Users/admin/builder/spi-builder-workspace/Sources/WindowsFileKit/FileHandle/FileHandleExtensions.swift (in target 'WindowsFileKit' from project 'WineKit')
cd /Users/admin/builder/spi-builder-workspace/.swiftpm/xcode
builtin-SwiftPerFileCompile FileHandleExtensions.swift
SwiftCompile normal arm64 Compiling\ Machine.swift,\ Magic.swift,\ OptionalHeader.swift,\ PortableExecutable.swift /Users/admin/builder/spi-builder-workspace/Sources/WindowsFileKit/PortableExecutable/Machine.swift /Users/admin/builder/spi-builder-workspace/Sources/WindowsFileKit/PortableExecutable/Magic.swift /Users/admin/builder/spi-builder-workspace/Sources/WindowsFileKit/PortableExecutable/OptionalHeader.swift /Users/admin/builder/spi-builder-workspace/Sources/WindowsFileKit/PortableExecutable/PortableExecutable.swift (in target 'WindowsFileKit' from project 'WineKit')
SwiftCompile normal arm64 /Users/admin/builder/spi-builder-workspace/Sources/WindowsFileKit/PortableExecutable/Machine.swift (in target 'WindowsFileKit' from project 'WineKit')
cd /Users/admin/builder/spi-builder-workspace/.swiftpm/xcode
builtin-SwiftPerFileCompile Machine.swift
SwiftCompile normal arm64 /Users/admin/builder/spi-builder-workspace/Sources/WindowsFileKit/PortableExecutable/Magic.swift (in target 'WindowsFileKit' from project 'WineKit')
cd /Users/admin/builder/spi-builder-workspace/.swiftpm/xcode
builtin-SwiftPerFileCompile Magic.swift
SwiftCompile normal arm64 /Users/admin/builder/spi-builder-workspace/Sources/WindowsFileKit/PortableExecutable/OptionalHeader.swift (in target 'WindowsFileKit' from project 'WineKit')
cd /Users/admin/builder/spi-builder-workspace/.swiftpm/xcode
builtin-SwiftPerFileCompile OptionalHeader.swift
SwiftCompile normal arm64 /Users/admin/builder/spi-builder-workspace/Sources/WindowsFileKit/PortableExecutable/PortableExecutable.swift (in target 'WindowsFileKit' from project 'WineKit')
cd /Users/admin/builder/spi-builder-workspace/.swiftpm/xcode
builtin-SwiftPerFileCompile PortableExecutable.swift
SwiftCompile normal arm64 Compiling\ FixedFileInfo.swift,\ String.swift,\ StringFileInfo.swift /Users/admin/builder/spi-builder-workspace/Sources/WindowsFileKit/VersionInfo/FixedFileInfo.swift /Users/admin/builder/spi-builder-workspace/Sources/WindowsFileKit/VersionInfo/String.swift /Users/admin/builder/spi-builder-workspace/Sources/WindowsFileKit/VersionInfo/StringFileInfo.swift (in target 'WindowsFileKit' from project 'WineKit')
SwiftCompile normal arm64 /Users/admin/builder/spi-builder-workspace/Sources/WindowsFileKit/VersionInfo/FixedFileInfo.swift (in target 'WindowsFileKit' from project 'WineKit')
cd /Users/admin/builder/spi-builder-workspace/.swiftpm/xcode
builtin-SwiftPerFileCompile FixedFileInfo.swift
SwiftCompile normal arm64 /Users/admin/builder/spi-builder-workspace/Sources/WindowsFileKit/VersionInfo/String.swift (in target 'WindowsFileKit' from project 'WineKit')
cd /Users/admin/builder/spi-builder-workspace/.swiftpm/xcode
builtin-SwiftPerFileCompile String.swift
SwiftCompile normal arm64 /Users/admin/builder/spi-builder-workspace/Sources/WindowsFileKit/VersionInfo/StringFileInfo.swift (in target 'WindowsFileKit' from project 'WineKit')
cd /Users/admin/builder/spi-builder-workspace/.swiftpm/xcode
builtin-SwiftPerFileCompile StringFileInfo.swift
SwiftDriverJobDiscovery normal arm64_32 Compiling StringTable.swift, VarFileInfo.swift, VersionInfo.swift (in target 'WindowsFileKit' from project 'WineKit')
SwiftCompile normal arm64 Compiling\ LinkInfo.swift,\ LinkInfoFlags.swift,\ LinkTargetIDList.swift /Users/admin/builder/spi-builder-workspace/Sources/WindowsFileKit/ShellLink/LinkInfo.swift /Users/admin/builder/spi-builder-workspace/Sources/WindowsFileKit/ShellLink/LinkInfoFlags.swift /Users/admin/builder/spi-builder-workspace/Sources/WindowsFileKit/ShellLink/LinkTargetIDList.swift (in target 'WindowsFileKit' from project 'WineKit')
SwiftCompile normal arm64 /Users/admin/builder/spi-builder-workspace/Sources/WindowsFileKit/ShellLink/LinkInfo.swift (in target 'WindowsFileKit' from project 'WineKit')
cd /Users/admin/builder/spi-builder-workspace/.swiftpm/xcode
builtin-SwiftPerFileCompile LinkInfo.swift
SwiftCompile normal arm64 /Users/admin/builder/spi-builder-workspace/Sources/WindowsFileKit/ShellLink/LinkInfoFlags.swift (in target 'WindowsFileKit' from project 'WineKit')
cd /Users/admin/builder/spi-builder-workspace/.swiftpm/xcode
builtin-SwiftPerFileCompile LinkInfoFlags.swift
SwiftCompile normal arm64 /Users/admin/builder/spi-builder-workspace/Sources/WindowsFileKit/ShellLink/LinkTargetIDList.swift (in target 'WindowsFileKit' from project 'WineKit')
cd /Users/admin/builder/spi-builder-workspace/.swiftpm/xcode
builtin-SwiftPerFileCompile LinkTargetIDList.swift
SwiftCompile normal arm64 Compiling\ WindowsSubsystem.swift,\ FileAttributesFlags.swift,\ LinkFlags.swift /Users/admin/builder/spi-builder-workspace/Sources/WindowsFileKit/PortableExecutable/WindowsSubsystem.swift /Users/admin/builder/spi-builder-workspace/Sources/WindowsFileKit/ShellLink/FileAttributesFlags.swift /Users/admin/builder/spi-builder-workspace/Sources/WindowsFileKit/ShellLink/LinkFlags.swift (in target 'WindowsFileKit' from project 'WineKit')
SwiftCompile normal arm64 /Users/admin/builder/spi-builder-workspace/Sources/WindowsFileKit/PortableExecutable/WindowsSubsystem.swift (in target 'WindowsFileKit' from project 'WineKit')
cd /Users/admin/builder/spi-builder-workspace/.swiftpm/xcode
builtin-SwiftPerFileCompile WindowsSubsystem.swift
SwiftCompile normal arm64 /Users/admin/builder/spi-builder-workspace/Sources/WindowsFileKit/ShellLink/FileAttributesFlags.swift (in target 'WindowsFileKit' from project 'WineKit')
cd /Users/admin/builder/spi-builder-workspace/.swiftpm/xcode
builtin-SwiftPerFileCompile FileAttributesFlags.swift
SwiftCompile normal arm64 /Users/admin/builder/spi-builder-workspace/Sources/WindowsFileKit/ShellLink/LinkFlags.swift (in target 'WindowsFileKit' from project 'WineKit')
cd /Users/admin/builder/spi-builder-workspace/.swiftpm/xcode
builtin-SwiftPerFileCompile LinkFlags.swift
SwiftCompile normal arm64_32 Compiling\ ResourceType.swift,\ Section.swift,\ SectionFlag.swift /Users/admin/builder/spi-builder-workspace/Sources/WindowsFileKit/PortableExecutable/RSRC/ResourceType.swift /Users/admin/builder/spi-builder-workspace/Sources/WindowsFileKit/PortableExecutable/Section.swift /Users/admin/builder/spi-builder-workspace/Sources/WindowsFileKit/PortableExecutable/SectionFlag.swift (in target 'WindowsFileKit' from project 'WineKit')
SwiftCompile normal arm64_32 /Users/admin/builder/spi-builder-workspace/Sources/WindowsFileKit/PortableExecutable/RSRC/ResourceType.swift (in target 'WindowsFileKit' from project 'WineKit')
cd /Users/admin/builder/spi-builder-workspace/.swiftpm/xcode
builtin-SwiftPerFileCompile ResourceType.swift
SwiftCompile normal arm64_32 /Users/admin/builder/spi-builder-workspace/Sources/WindowsFileKit/PortableExecutable/Section.swift (in target 'WindowsFileKit' from project 'WineKit')
cd /Users/admin/builder/spi-builder-workspace/.swiftpm/xcode
builtin-SwiftPerFileCompile Section.swift
SwiftCompile normal arm64_32 /Users/admin/builder/spi-builder-workspace/Sources/WindowsFileKit/PortableExecutable/SectionFlag.swift (in target 'WindowsFileKit' from project 'WineKit')
cd /Users/admin/builder/spi-builder-workspace/.swiftpm/xcode
builtin-SwiftPerFileCompile SectionFlag.swift
SwiftDriverJobDiscovery normal arm64_32 Compiling LinkInfo.swift, LinkInfoFlags.swift, LinkTargetIDList.swift (in target 'WindowsFileKit' from project 'WineKit')
SwiftDriverJobDiscovery normal arm64_32 Compiling DataExtensions.swift, IntExtensions.swift, UInt64Extensions.swift, FileHandleExtensions.swift (in target 'WindowsFileKit' from project 'WineKit')
SwiftDriverJobDiscovery normal arm64_32 Compiling FixedFileInfo.swift, String.swift, StringFileInfo.swift (in target 'WindowsFileKit' from project 'WineKit')
SwiftDriverJobDiscovery normal arm64_32 Compiling FileHandleIterator.swift, COFFHeader.swift, Characteristics.swift, DLLCharacteristics.swift (in target 'WindowsFileKit' from project 'WineKit')
SwiftDriverJobDiscovery normal arm64_32 Compiling Machine.swift, Magic.swift, OptionalHeader.swift, PortableExecutable.swift (in target 'WindowsFileKit' from project 'WineKit')
SwiftDriverJobDiscovery normal arm64_32 Compiling ResourceDataEntry.swift, ResourceDirectoryEntry.swift, ResourceDirectoryString.swift, ResourceDirectoryTable.swift (in target 'WindowsFileKit' from project 'WineKit')
SwiftDriverJobDiscovery normal arm64 Compiling ResourceDataEntry.swift, ResourceDirectoryEntry.swift, ResourceDirectoryString.swift, ResourceDirectoryTable.swift (in target 'WindowsFileKit' from project 'WineKit')
SwiftCompile normal arm64 Compiling\ StringTable.swift,\ VarFileInfo.swift,\ VersionInfo.swift /Users/admin/builder/spi-builder-workspace/Sources/WindowsFileKit/VersionInfo/StringTable.swift /Users/admin/builder/spi-builder-workspace/Sources/WindowsFileKit/VersionInfo/VarFileInfo.swift /Users/admin/builder/spi-builder-workspace/Sources/WindowsFileKit/VersionInfo/VersionInfo.swift (in target 'WindowsFileKit' from project 'WineKit')
SwiftCompile normal arm64 /Users/admin/builder/spi-builder-workspace/Sources/WindowsFileKit/VersionInfo/StringTable.swift (in target 'WindowsFileKit' from project 'WineKit')
cd /Users/admin/builder/spi-builder-workspace/.swiftpm/xcode
builtin-SwiftPerFileCompile StringTable.swift
SwiftCompile normal arm64 /Users/admin/builder/spi-builder-workspace/Sources/WindowsFileKit/VersionInfo/VarFileInfo.swift (in target 'WindowsFileKit' from project 'WineKit')
cd /Users/admin/builder/spi-builder-workspace/.swiftpm/xcode
builtin-SwiftPerFileCompile VarFileInfo.swift
SwiftCompile normal arm64 /Users/admin/builder/spi-builder-workspace/Sources/WindowsFileKit/VersionInfo/VersionInfo.swift (in target 'WindowsFileKit' from project 'WineKit')
cd /Users/admin/builder/spi-builder-workspace/.swiftpm/xcode
builtin-SwiftPerFileCompile VersionInfo.swift
SwiftDriverJobDiscovery normal arm64 Compiling FileHandleIterator.swift, COFFHeader.swift, Characteristics.swift, DLLCharacteristics.swift (in target 'WindowsFileKit' from project 'WineKit')
SwiftDriver WineKit normal arm64 com.apple.xcode.tools.swift.compiler (in target 'WineKit' from project 'WineKit')
cd /Users/admin/builder/spi-builder-workspace/.swiftpm/xcode
builtin-SwiftDriver -- /Applications/Xcode-27.0.0-Release.Candidate.app/Contents/Developer/Toolchains/XcodeDefault.xctoolchain/usr/bin/swiftc -parse-as-library -module-name WineKit -Onone @/Users/admin/builder/spi-builder-workspace/.derivedData/Build/Intermediates.noindex/WineKit.build/Debug-watchos/WineKit-t.build/Objects-normal/arm64/WineKit.SwiftFileList -DSWIFT_PACKAGE -DDEBUG -DSWIFT_MODULE_RESOURCE_BUNDLE_AVAILABLE -DXcode -plugin-path /Applications/Xcode-27.0.0-Release.Candidate.app/Contents/Developer/Toolchains/XcodeDefault.xctoolchain/usr/lib/swift/host/plugins/testing -enable-experimental-feature DebugDescriptionMacro -sdk /Applications/Xcode-27.0.0-Release.Candidate.app/Contents/Developer/Platforms/WatchOS.platform/Developer/SDKs/WatchOS27.0.sdk -target arm64-apple-watchos9.0 -g -module-cache-path /Users/admin/builder/spi-builder-workspace/.derivedData/ModuleCache.noindex -Xfrontend -serialize-debugging-options -profile-coverage-mapping -profile-generate -enable-testing -index-store-path /Users/admin/builder/spi-builder-workspace/.derivedData/Index.noindex/DataStore -Xcc -D_LIBCPP_HARDENING_MODE\=_LIBCPP_HARDENING_MODE_DEBUG -swift-version 5 -I /Users/admin/builder/spi-builder-workspace/.derivedData/Build/Products/Debug-watchos -Isystem /Applications/Xcode-27.0.0-Release.Candidate.app/Contents/Developer/Platforms/WatchOS.platform/Developer/usr/lib -F /Users/admin/builder/spi-builder-workspace/.derivedData/Build/Products/Debug-watchos/PackageFrameworks -F /Users/admin/builder/spi-builder-workspace/.derivedData/Build/Products/Debug-watchos -F /Applications/Xcode-27.0.0-Release.Candidate.app/Contents/Developer/Platforms/WatchOS.platform/Developer/Library/Frameworks -F /Applications/Xcode-27.0.0-Release.Candidate.app/Contents/Developer/Platforms/WatchOS.platform/Developer/SDKs/WatchOS27.0.sdk/Developer/Library/Frameworks -c -j10 -enable-batch-mode -incremental -Xcc -ivfsstatcache -Xcc /Users/admin/builder/spi-builder-workspace/.derivedData/SDKStatCaches.noindex/watchos27.0-24R360-e829b21a6f8c9b70876ba0858053c04477534ef55a1706bf4c1112bbb242f0a2.sdkstatcache -output-file-map /Users/admin/builder/spi-builder-workspace/.derivedData/Build/Intermediates.noindex/WineKit.build/Debug-watchos/WineKit-t.build/Objects-normal/arm64/WineKit-OutputFileMap.json -save-temps -no-color-diagnostics -explicit-module-build -module-cache-path /Users/admin/builder/spi-builder-workspace/.derivedData/Build/Intermediates.noindex/SwiftExplicitPrecompiledModules -clang-scanner-module-cache-path /Users/admin/builder/spi-builder-workspace/.derivedData/ModuleCache.noindex -sdk-module-cache-path /Users/admin/builder/spi-builder-workspace/.derivedData/SDKExplicitPrecompiledModules -emit-dependencies -emit-module -emit-module-path /Users/admin/builder/spi-builder-workspace/.derivedData/Build/Intermediates.noindex/WineKit.build/Debug-watchos/WineKit-t.build/Objects-normal/arm64/WineKit.swiftmodule -serialize-diagnostics -dependency-scan-serialize-diagnostics-path /Users/admin/builder/spi-builder-workspace/.derivedData/Build/Intermediates.noindex/WineKit.build/Debug-watchos/WineKit-t.build/Objects-normal/arm64/WineKit-dependency-scan.dia -validate-clang-modules-once -clang-build-session-file /Users/admin/builder/spi-builder-workspace/.derivedData/ModuleCache.noindex/Session.modulevalidation -Xcc -fmodules-prune-interval\=86400 -Xcc -fmodules-prune-after\=345600 -package-name spi_builder_workspace -emit-const-values -const-gather-protocols-list /Users/admin/builder/spi-builder-workspace/.derivedData/Build/Intermediates.noindex/WineKit.build/Debug-watchos/WineKit-t.build/Objects-normal/arm64/WineKit_const_extract_protocols.json -Xcc -I/Users/admin/builder/spi-builder-workspace/.derivedData/Build/Products/Debug-watchos/include -Xcc -I/Users/admin/builder/spi-builder-workspace/.derivedData/Build/Intermediates.noindex/WineKit.build/Debug-watchos/WineKit-t.build/DerivedSources-normal/arm64 -Xcc -I/Users/admin/builder/spi-builder-workspace/.derivedData/Build/Intermediates.noindex/WineKit.build/Debug-watchos/WineKit-t.build/DerivedSources/arm64 -Xcc -I/Users/admin/builder/spi-builder-workspace/.derivedData/Build/Intermediates.noindex/WineKit.build/Debug-watchos/WineKit-t.build/DerivedSources -Xcc -DSWIFT_PACKAGE -Xcc -DDEBUG\=1 -emit-objc-header -emit-objc-header-path /Users/admin/builder/spi-builder-workspace/.derivedData/Build/Intermediates.noindex/WineKit.build/Debug-watchos/WineKit-t.build/Objects-normal/arm64/WineKit-Swift.h -working-directory /Users/admin/builder/spi-builder-workspace/.swiftpm/xcode -experimental-emit-module-separately -disable-cmo
/Users/admin/builder/spi-builder-workspace/Sources/WineKit/Domain/GPTK.swift:9:8: error: Unable to resolve module dependency: 'Metal' (in target 'WineKit' from project 'WineKit')
note: A dependency of main module 'WineKit'
/Users/admin/builder/spi-builder-workspace/Sources/WineKit/Domain/GPTK.swift:9:8: note: A dependency of main module 'WineKit'
import Metal
^ (in target 'WineKit' from project 'WineKit')
SwiftDriver WineKit normal arm64_32 com.apple.xcode.tools.swift.compiler (in target 'WineKit' from project 'WineKit')
cd /Users/admin/builder/spi-builder-workspace/.swiftpm/xcode
builtin-SwiftDriver -- /Applications/Xcode-27.0.0-Release.Candidate.app/Contents/Developer/Toolchains/XcodeDefault.xctoolchain/usr/bin/swiftc -parse-as-library -module-name WineKit -Onone @/Users/admin/builder/spi-builder-workspace/.derivedData/Build/Intermediates.noindex/WineKit.build/Debug-watchos/WineKit-t.build/Objects-normal/arm64_32/WineKit.SwiftFileList -DSWIFT_PACKAGE -DDEBUG -DSWIFT_MODULE_RESOURCE_BUNDLE_AVAILABLE -DXcode -plugin-path /Applications/Xcode-27.0.0-Release.Candidate.app/Contents/Developer/Toolchains/XcodeDefault.xctoolchain/usr/lib/swift/host/plugins/testing -enable-experimental-feature DebugDescriptionMacro -sdk /Applications/Xcode-27.0.0-Release.Candidate.app/Contents/Developer/Platforms/WatchOS.platform/Developer/SDKs/WatchOS27.0.sdk -target arm64_32-apple-watchos9.0 -g -module-cache-path /Users/admin/builder/spi-builder-workspace/.derivedData/ModuleCache.noindex -Xfrontend -serialize-debugging-options -profile-coverage-mapping -profile-generate -enable-testing -index-store-path /Users/admin/builder/spi-builder-workspace/.derivedData/Index.noindex/DataStore -Xcc -D_LIBCPP_HARDENING_MODE\=_LIBCPP_HARDENING_MODE_DEBUG -swift-version 5 -I /Users/admin/builder/spi-builder-workspace/.derivedData/Build/Products/Debug-watchos -Isystem /Applications/Xcode-27.0.0-Release.Candidate.app/Contents/Developer/Platforms/WatchOS.platform/Developer/usr/lib -F /Users/admin/builder/spi-builder-workspace/.derivedData/Build/Products/Debug-watchos/PackageFrameworks -F /Users/admin/builder/spi-builder-workspace/.derivedData/Build/Products/Debug-watchos -F /Applications/Xcode-27.0.0-Release.Candidate.app/Contents/Developer/Platforms/WatchOS.platform/Developer/Library/Frameworks -F /Applications/Xcode-27.0.0-Release.Candidate.app/Contents/Developer/Platforms/WatchOS.platform/Developer/SDKs/WatchOS27.0.sdk/Developer/Library/Frameworks -c -j10 -enable-batch-mode -incremental -Xcc -ivfsstatcache -Xcc /Users/admin/builder/spi-builder-workspace/.derivedData/SDKStatCaches.noindex/watchos27.0-24R360-e829b21a6f8c9b70876ba0858053c04477534ef55a1706bf4c1112bbb242f0a2.sdkstatcache -output-file-map /Users/admin/builder/spi-builder-workspace/.derivedData/Build/Intermediates.noindex/WineKit.build/Debug-watchos/WineKit-t.build/Objects-normal/arm64_32/WineKit-OutputFileMap.json -save-temps -no-color-diagnostics -explicit-module-build -module-cache-path /Users/admin/builder/spi-builder-workspace/.derivedData/Build/Intermediates.noindex/SwiftExplicitPrecompiledModules -clang-scanner-module-cache-path /Users/admin/builder/spi-builder-workspace/.derivedData/ModuleCache.noindex -sdk-module-cache-path /Users/admin/builder/spi-builder-workspace/.derivedData/SDKExplicitPrecompiledModules -emit-dependencies -emit-module -emit-module-path /Users/admin/builder/spi-builder-workspace/.derivedData/Build/Intermediates.noindex/WineKit.build/Debug-watchos/WineKit-t.build/Objects-normal/arm64_32/WineKit.swiftmodule -serialize-diagnostics -dependency-scan-serialize-diagnostics-path /Users/admin/builder/spi-builder-workspace/.derivedData/Build/Intermediates.noindex/WineKit.build/Debug-watchos/WineKit-t.build/Objects-normal/arm64_32/WineKit-dependency-scan.dia -validate-clang-modules-once -clang-build-session-file /Users/admin/builder/spi-builder-workspace/.derivedData/ModuleCache.noindex/Session.modulevalidation -Xcc -fmodules-prune-interval\=86400 -Xcc -fmodules-prune-after\=345600 -package-name spi_builder_workspace -emit-const-values -const-gather-protocols-list /Users/admin/builder/spi-builder-workspace/.derivedData/Build/Intermediates.noindex/WineKit.build/Debug-watchos/WineKit-t.build/Objects-normal/arm64_32/WineKit_const_extract_protocols.json -Xcc -I/Users/admin/builder/spi-builder-workspace/.derivedData/Build/Products/Debug-watchos/include -Xcc -I/Users/admin/builder/spi-builder-workspace/.derivedData/Build/Intermediates.noindex/WineKit.build/Debug-watchos/WineKit-t.build/DerivedSources-normal/arm64_32 -Xcc -I/Users/admin/builder/spi-builder-workspace/.derivedData/Build/Intermediates.noindex/WineKit.build/Debug-watchos/WineKit-t.build/DerivedSources/arm64_32 -Xcc -I/Users/admin/builder/spi-builder-workspace/.derivedData/Build/Intermediates.noindex/WineKit.build/Debug-watchos/WineKit-t.build/DerivedSources -Xcc -DSWIFT_PACKAGE -Xcc -DDEBUG\=1 -emit-objc-header -emit-objc-header-path /Users/admin/builder/spi-builder-workspace/.derivedData/Build/Intermediates.noindex/WineKit.build/Debug-watchos/WineKit-t.build/Objects-normal/arm64_32/WineKit-Swift.h -working-directory /Users/admin/builder/spi-builder-workspace/.swiftpm/xcode -experimental-emit-module-separately -disable-cmo
error: Clang dependency scanning failure: (in target 'WineKit' from project 'WineKit')
/Users/admin/builder/spi-builder-workspace/Sources/WineKit/Domain/GPTK.swift:9:8: error: Unable to resolve module dependency: 'Metal' (in target 'WineKit' from project 'WineKit')
note: A dependency of main module 'WineKit'
/Users/admin/builder/spi-builder-workspace/Sources/WineKit/Domain/GPTK.swift:9:8: note: A dependency of main module 'WineKit'
import Metal
^ (in target 'WineKit' from project 'WineKit')
SwiftDriverJobDiscovery normal arm64 Compiling ShellLink.swift, ShellLinkHeader.swift, ShowCommand.swift (in target 'WindowsFileKit' from project 'WineKit')
SwiftDriverJobDiscovery normal arm64 Compiling ResourceType.swift, Section.swift, SectionFlag.swift (in target 'WindowsFileKit' from project 'WineKit')
SwiftDriverJobDiscovery normal arm64 Compiling LinkInfo.swift, LinkInfoFlags.swift, LinkTargetIDList.swift (in target 'WindowsFileKit' from project 'WineKit')
SwiftDriverJobDiscovery normal arm64_32 Compiling ResourceType.swift, Section.swift, SectionFlag.swift (in target 'WindowsFileKit' from project 'WineKit')
SwiftDriver\ Compilation WindowsFileKit normal arm64_32 com.apple.xcode.tools.swift.compiler (in target 'WindowsFileKit' from project 'WineKit')
cd /Users/admin/builder/spi-builder-workspace/.swiftpm/xcode
builtin-Swift-Compilation -- /Applications/Xcode-27.0.0-Release.Candidate.app/Contents/Developer/Toolchains/XcodeDefault.xctoolchain/usr/bin/swiftc -parse-as-library -module-name WindowsFileKit -Onone @/Users/admin/builder/spi-builder-workspace/.derivedData/Build/Intermediates.noindex/WineKit.build/Debug-watchos/WindowsFileKit-t.build/Objects-normal/arm64_32/WindowsFileKit.SwiftFileList -DSWIFT_PACKAGE -DDEBUG -DSWIFT_MODULE_RESOURCE_BUNDLE_UNAVAILABLE -DXcode -plugin-path /Applications/Xcode-27.0.0-Release.Candidate.app/Contents/Developer/Toolchains/XcodeDefault.xctoolchain/usr/lib/swift/host/plugins/testing -enable-experimental-feature DebugDescriptionMacro -sdk /Applications/Xcode-27.0.0-Release.Candidate.app/Contents/Developer/Platforms/WatchOS.platform/Developer/SDKs/WatchOS27.0.sdk -target arm64_32-apple-watchos9.0 -g -module-cache-path /Users/admin/builder/spi-builder-workspace/.derivedData/ModuleCache.noindex -Xfrontend -serialize-debugging-options -profile-coverage-mapping -profile-generate -enable-testing -index-store-path /Users/admin/builder/spi-builder-workspace/.derivedData/Index.noindex/DataStore -Xcc -D_LIBCPP_HARDENING_MODE\=_LIBCPP_HARDENING_MODE_DEBUG -swift-version 5 -I /Users/admin/builder/spi-builder-workspace/.derivedData/Build/Products/Debug-watchos -Isystem /Applications/Xcode-27.0.0-Release.Candidate.app/Contents/Developer/Platforms/WatchOS.platform/Developer/usr/lib -F /Users/admin/builder/spi-builder-workspace/.derivedData/Build/Products/Debug-watchos -F /Applications/Xcode-27.0.0-Release.Candidate.app/Contents/Developer/Platforms/WatchOS.platform/Developer/Library/Frameworks -F /Applications/Xcode-27.0.0-Release.Candidate.app/Contents/Developer/Platforms/WatchOS.platform/Developer/SDKs/WatchOS27.0.sdk/Developer/Library/Frameworks -c -j10 -enable-batch-mode -incremental -Xcc -ivfsstatcache -Xcc /Users/admin/builder/spi-builder-workspace/.derivedData/SDKStatCaches.noindex/watchos27.0-24R360-e829b21a6f8c9b70876ba0858053c04477534ef55a1706bf4c1112bbb242f0a2.sdkstatcache -output-file-map /Users/admin/builder/spi-builder-workspace/.derivedData/Build/Intermediates.noindex/WineKit.build/Debug-watchos/WindowsFileKit-t.build/Objects-normal/arm64_32/WindowsFileKit-OutputFileMap.json -save-temps -no-color-diagnostics -explicit-module-build -module-cache-path /Users/admin/builder/spi-builder-workspace/.derivedData/Build/Intermediates.noindex/SwiftExplicitPrecompiledModules -clang-scanner-module-cache-path /Users/admin/builder/spi-builder-workspace/.derivedData/ModuleCache.noindex -sdk-module-cache-path /Users/admin/builder/spi-builder-workspace/.derivedData/SDKExplicitPrecompiledModules -emit-dependencies -emit-module -emit-module-path /Users/admin/builder/spi-builder-workspace/.derivedData/Build/Intermediates.noindex/WineKit.build/Debug-watchos/WindowsFileKit-t.build/Objects-normal/arm64_32/WindowsFileKit.swiftmodule -serialize-diagnostics -dependency-scan-serialize-diagnostics-path /Users/admin/builder/spi-builder-workspace/.derivedData/Build/Intermediates.noindex/WineKit.build/Debug-watchos/WindowsFileKit-t.build/Objects-normal/arm64_32/WindowsFileKit-dependency-scan.dia -validate-clang-modules-once -clang-build-session-file /Users/admin/builder/spi-builder-workspace/.derivedData/ModuleCache.noindex/Session.modulevalidation -Xcc -fmodules-prune-interval\=86400 -Xcc -fmodules-prune-after\=345600 -package-name spi_builder_workspace -emit-const-values -const-gather-protocols-list /Users/admin/builder/spi-builder-workspace/.derivedData/Build/Intermediates.noindex/WineKit.build/Debug-watchos/WindowsFileKit-t.build/Objects-normal/arm64_32/WindowsFileKit_const_extract_protocols.json -Xcc -I/Users/admin/builder/spi-builder-workspace/.derivedData/Build/Products/Debug-watchos/include -Xcc -I/Users/admin/builder/spi-builder-workspace/.derivedData/Build/Intermediates.noindex/WineKit.build/Debug-watchos/WindowsFileKit-t.build/DerivedSources-normal/arm64_32 -Xcc -I/Users/admin/builder/spi-builder-workspace/.derivedData/Build/Intermediates.noindex/WineKit.build/Debug-watchos/WindowsFileKit-t.build/DerivedSources/arm64_32 -Xcc -I/Users/admin/builder/spi-builder-workspace/.derivedData/Build/Intermediates.noindex/WineKit.build/Debug-watchos/WindowsFileKit-t.build/DerivedSources -Xcc -DSWIFT_PACKAGE -Xcc -DDEBUG\=1 -emit-objc-header -emit-objc-header-path /Users/admin/builder/spi-builder-workspace/.derivedData/Build/Intermediates.noindex/WineKit.build/Debug-watchos/WindowsFileKit-t.build/Objects-normal/arm64_32/WindowsFileKit-Swift.h -working-directory /Users/admin/builder/spi-builder-workspace/.swiftpm/xcode -experimental-emit-module-separately -disable-cmo
SwiftDriverJobDiscovery normal arm64 Compiling DataExtensions.swift, IntExtensions.swift, UInt64Extensions.swift, FileHandleExtensions.swift (in target 'WindowsFileKit' from project 'WineKit')
Ld /Users/admin/builder/spi-builder-workspace/.derivedData/Build/Intermediates.noindex/WineKit.build/Debug-watchos/WindowsFileKit-t.build/Objects-normal/arm64_32/Binary/WindowsFileKit.o normal arm64_32 (in target 'WindowsFileKit' from project 'WineKit')
cd /Users/admin/builder/spi-builder-workspace
/Applications/Xcode-27.0.0-Release.Candidate.app/Contents/Developer/Toolchains/XcodeDefault.xctoolchain/usr/bin/clang -Xlinker -reproducible -target arm64_32-apple-watchos9.0 -r -isysroot /Applications/Xcode-27.0.0-Release.Candidate.app/Contents/Developer/Platforms/WatchOS.platform/Developer/SDKs/WatchOS27.0.sdk -O0 -Xlinker -no_warn_duplicate_libraries -F/Users/admin/builder/spi-builder-workspace/.derivedData/Build/Intermediates.noindex/EagerLinkingTBDs/Debug-watchos -F/Users/admin/builder/spi-builder-workspace/.derivedData/Build/Products/Debug-watchos -iframework /Applications/Xcode-27.0.0-Release.Candidate.app/Contents/Developer/Platforms/WatchOS.platform/Developer/Library/Frameworks -iframework /Applications/Xcode-27.0.0-Release.Candidate.app/Contents/Developer/Platforms/WatchOS.platform/Developer/SDKs/WatchOS27.0.sdk/Developer/Library/Frameworks -filelist /Users/admin/builder/spi-builder-workspace/.derivedData/Build/Intermediates.noindex/WineKit.build/Debug-watchos/WindowsFileKit-t.build/Objects-normal/arm64_32/WindowsFileKit.LinkFileList -nostdlib -Xlinker -object_path_lto -Xlinker /Users/admin/builder/spi-builder-workspace/.derivedData/Build/Intermediates.noindex/WineKit.build/Debug-watchos/WindowsFileKit-t.build/Objects-normal/arm64_32/WindowsFileKit_lto.o -Xlinker -no_deduplicate -Xlinker -debug_variant -Xlinker -dependency_info -Xlinker /Users/admin/builder/spi-builder-workspace/.derivedData/Build/Intermediates.noindex/WineKit.build/Debug-watchos/WindowsFileKit-t.build/Objects-normal/arm64_32/WindowsFileKit_dependency_info.dat -fobjc-link-runtime -L/Applications/Xcode-27.0.0-Release.Candidate.app/Contents/Developer/Toolchains/XcodeDefault.xctoolchain/usr/lib/swift/watchos -L/usr/lib/swift -Xlinker -add_ast_path -Xlinker /Users/admin/builder/spi-builder-workspace/.derivedData/Build/Intermediates.noindex/WineKit.build/Debug-watchos/WindowsFileKit-t.build/Objects-normal/arm64_32/WindowsFileKit.swiftmodule -o /Users/admin/builder/spi-builder-workspace/.derivedData/Build/Intermediates.noindex/WineKit.build/Debug-watchos/WindowsFileKit-t.build/Objects-normal/arm64_32/Binary/WindowsFileKit.o
SwiftDriverJobDiscovery normal arm64 Compiling WindowsSubsystem.swift, FileAttributesFlags.swift, LinkFlags.swift (in target 'WindowsFileKit' from project 'WineKit')
SwiftDriverJobDiscovery normal arm64 Compiling FixedFileInfo.swift, String.swift, StringFileInfo.swift (in target 'WindowsFileKit' from project 'WineKit')
SwiftDriverJobDiscovery normal arm64 Compiling Machine.swift, Magic.swift, OptionalHeader.swift, PortableExecutable.swift (in target 'WindowsFileKit' from project 'WineKit')
SwiftDriverJobDiscovery normal arm64 Compiling StringTable.swift, VarFileInfo.swift, VersionInfo.swift (in target 'WindowsFileKit' from project 'WineKit')
SwiftDriver\ Compilation WindowsFileKit normal arm64 com.apple.xcode.tools.swift.compiler (in target 'WindowsFileKit' from project 'WineKit')
cd /Users/admin/builder/spi-builder-workspace/.swiftpm/xcode
builtin-Swift-Compilation -- /Applications/Xcode-27.0.0-Release.Candidate.app/Contents/Developer/Toolchains/XcodeDefault.xctoolchain/usr/bin/swiftc -parse-as-library -module-name WindowsFileKit -Onone @/Users/admin/builder/spi-builder-workspace/.derivedData/Build/Intermediates.noindex/WineKit.build/Debug-watchos/WindowsFileKit-t.build/Objects-normal/arm64/WindowsFileKit.SwiftFileList -DSWIFT_PACKAGE -DDEBUG -DSWIFT_MODULE_RESOURCE_BUNDLE_UNAVAILABLE -DXcode -plugin-path /Applications/Xcode-27.0.0-Release.Candidate.app/Contents/Developer/Toolchains/XcodeDefault.xctoolchain/usr/lib/swift/host/plugins/testing -enable-experimental-feature DebugDescriptionMacro -sdk /Applications/Xcode-27.0.0-Release.Candidate.app/Contents/Developer/Platforms/WatchOS.platform/Developer/SDKs/WatchOS27.0.sdk -target arm64-apple-watchos9.0 -g -module-cache-path /Users/admin/builder/spi-builder-workspace/.derivedData/ModuleCache.noindex -Xfrontend -serialize-debugging-options -profile-coverage-mapping -profile-generate -enable-testing -index-store-path /Users/admin/builder/spi-builder-workspace/.derivedData/Index.noindex/DataStore -Xcc -D_LIBCPP_HARDENING_MODE\=_LIBCPP_HARDENING_MODE_DEBUG -swift-version 5 -I /Users/admin/builder/spi-builder-workspace/.derivedData/Build/Products/Debug-watchos -Isystem /Applications/Xcode-27.0.0-Release.Candidate.app/Contents/Developer/Platforms/WatchOS.platform/Developer/usr/lib -F /Users/admin/builder/spi-builder-workspace/.derivedData/Build/Products/Debug-watchos -F /Applications/Xcode-27.0.0-Release.Candidate.app/Contents/Developer/Platforms/WatchOS.platform/Developer/Library/Frameworks -F /Applications/Xcode-27.0.0-Release.Candidate.app/Contents/Developer/Platforms/WatchOS.platform/Developer/SDKs/WatchOS27.0.sdk/Developer/Library/Frameworks -c -j10 -enable-batch-mode -incremental -Xcc -ivfsstatcache -Xcc /Users/admin/builder/spi-builder-workspace/.derivedData/SDKStatCaches.noindex/watchos27.0-24R360-e829b21a6f8c9b70876ba0858053c04477534ef55a1706bf4c1112bbb242f0a2.sdkstatcache -output-file-map /Users/admin/builder/spi-builder-workspace/.derivedData/Build/Intermediates.noindex/WineKit.build/Debug-watchos/WindowsFileKit-t.build/Objects-normal/arm64/WindowsFileKit-OutputFileMap.json -save-temps -no-color-diagnostics -explicit-module-build -module-cache-path /Users/admin/builder/spi-builder-workspace/.derivedData/Build/Intermediates.noindex/SwiftExplicitPrecompiledModules -clang-scanner-module-cache-path /Users/admin/builder/spi-builder-workspace/.derivedData/ModuleCache.noindex -sdk-module-cache-path /Users/admin/builder/spi-builder-workspace/.derivedData/SDKExplicitPrecompiledModules -emit-dependencies -emit-module -emit-module-path /Users/admin/builder/spi-builder-workspace/.derivedData/Build/Intermediates.noindex/WineKit.build/Debug-watchos/WindowsFileKit-t.build/Objects-normal/arm64/WindowsFileKit.swiftmodule -serialize-diagnostics -dependency-scan-serialize-diagnostics-path /Users/admin/builder/spi-builder-workspace/.derivedData/Build/Intermediates.noindex/WineKit.build/Debug-watchos/WindowsFileKit-t.build/Objects-normal/arm64/WindowsFileKit-dependency-scan.dia -validate-clang-modules-once -clang-build-session-file /Users/admin/builder/spi-builder-workspace/.derivedData/ModuleCache.noindex/Session.modulevalidation -Xcc -fmodules-prune-interval\=86400 -Xcc -fmodules-prune-after\=345600 -package-name spi_builder_workspace -emit-const-values -const-gather-protocols-list /Users/admin/builder/spi-builder-workspace/.derivedData/Build/Intermediates.noindex/WineKit.build/Debug-watchos/WindowsFileKit-t.build/Objects-normal/arm64/WindowsFileKit_const_extract_protocols.json -Xcc -I/Users/admin/builder/spi-builder-workspace/.derivedData/Build/Products/Debug-watchos/include -Xcc -I/Users/admin/builder/spi-builder-workspace/.derivedData/Build/Intermediates.noindex/WineKit.build/Debug-watchos/WindowsFileKit-t.build/DerivedSources-normal/arm64 -Xcc -I/Users/admin/builder/spi-builder-workspace/.derivedData/Build/Intermediates.noindex/WineKit.build/Debug-watchos/WindowsFileKit-t.build/DerivedSources/arm64 -Xcc -I/Users/admin/builder/spi-builder-workspace/.derivedData/Build/Intermediates.noindex/WineKit.build/Debug-watchos/WindowsFileKit-t.build/DerivedSources -Xcc -DSWIFT_PACKAGE -Xcc -DDEBUG\=1 -emit-objc-header -emit-objc-header-path /Users/admin/builder/spi-builder-workspace/.derivedData/Build/Intermediates.noindex/WineKit.build/Debug-watchos/WindowsFileKit-t.build/Objects-normal/arm64/WindowsFileKit-Swift.h -working-directory /Users/admin/builder/spi-builder-workspace/.swiftpm/xcode -experimental-emit-module-separately -disable-cmo
Ld /Users/admin/builder/spi-builder-workspace/.derivedData/Build/Intermediates.noindex/WineKit.build/Debug-watchos/WindowsFileKit-t.build/Objects-normal/arm64/Binary/WindowsFileKit.o normal arm64 (in target 'WindowsFileKit' from project 'WineKit')
cd /Users/admin/builder/spi-builder-workspace
/Applications/Xcode-27.0.0-Release.Candidate.app/Contents/Developer/Toolchains/XcodeDefault.xctoolchain/usr/bin/clang -Xlinker -reproducible -target arm64-apple-watchos9.0 -r -isysroot /Applications/Xcode-27.0.0-Release.Candidate.app/Contents/Developer/Platforms/WatchOS.platform/Developer/SDKs/WatchOS27.0.sdk -O0 -Xlinker -no_warn_duplicate_libraries -F/Users/admin/builder/spi-builder-workspace/.derivedData/Build/Intermediates.noindex/EagerLinkingTBDs/Debug-watchos -F/Users/admin/builder/spi-builder-workspace/.derivedData/Build/Products/Debug-watchos -iframework /Applications/Xcode-27.0.0-Release.Candidate.app/Contents/Developer/Platforms/WatchOS.platform/Developer/Library/Frameworks -iframework /Applications/Xcode-27.0.0-Release.Candidate.app/Contents/Developer/Platforms/WatchOS.platform/Developer/SDKs/WatchOS27.0.sdk/Developer/Library/Frameworks -filelist /Users/admin/builder/spi-builder-workspace/.derivedData/Build/Intermediates.noindex/WineKit.build/Debug-watchos/WindowsFileKit-t.build/Objects-normal/arm64/WindowsFileKit.LinkFileList -nostdlib -Xlinker -object_path_lto -Xlinker /Users/admin/builder/spi-builder-workspace/.derivedData/Build/Intermediates.noindex/WineKit.build/Debug-watchos/WindowsFileKit-t.build/Objects-normal/arm64/WindowsFileKit_lto.o -Xlinker -no_deduplicate -Xlinker -debug_variant -Xlinker -dependency_info -Xlinker /Users/admin/builder/spi-builder-workspace/.derivedData/Build/Intermediates.noindex/WineKit.build/Debug-watchos/WindowsFileKit-t.build/Objects-normal/arm64/WindowsFileKit_dependency_info.dat -fobjc-link-runtime -L/Applications/Xcode-27.0.0-Release.Candidate.app/Contents/Developer/Toolchains/XcodeDefault.xctoolchain/usr/lib/swift/watchos -L/usr/lib/swift -Xlinker -add_ast_path -Xlinker /Users/admin/builder/spi-builder-workspace/.derivedData/Build/Intermediates.noindex/WineKit.build/Debug-watchos/WindowsFileKit-t.build/Objects-normal/arm64/WindowsFileKit.swiftmodule -o /Users/admin/builder/spi-builder-workspace/.derivedData/Build/Intermediates.noindex/WineKit.build/Debug-watchos/WindowsFileKit-t.build/Objects-normal/arm64/Binary/WindowsFileKit.o
CreateUniversalBinary /Users/admin/builder/spi-builder-workspace/.derivedData/Build/Products/Debug-watchos/WindowsFileKit.o normal arm64\ arm64_32 (in target 'WindowsFileKit' from project 'WineKit')
cd /Users/admin/builder/spi-builder-workspace
/Applications/Xcode-27.0.0-Release.Candidate.app/Contents/Developer/Toolchains/XcodeDefault.xctoolchain/usr/bin/lipo -create /Users/admin/builder/spi-builder-workspace/.derivedData/Build/Intermediates.noindex/WineKit.build/Debug-watchos/WindowsFileKit-t.build/Objects-normal/arm64/Binary/WindowsFileKit.o /Users/admin/builder/spi-builder-workspace/.derivedData/Build/Intermediates.noindex/WineKit.build/Debug-watchos/WindowsFileKit-t.build/Objects-normal/arm64_32/Binary/WindowsFileKit.o -output /Users/admin/builder/spi-builder-workspace/.derivedData/Build/Products/Debug-watchos/WindowsFileKit.o
ExtractAppIntentsMetadata (in target 'WindowsFileKit' from project 'WineKit')
cd /Users/admin/builder/spi-builder-workspace
/Applications/Xcode-27.0.0-Release.Candidate.app/Contents/Developer/Toolchains/XcodeDefault.xctoolchain/usr/bin/appintentsmetadataprocessor --toolchain-dir /var/run/com.apple.security.cryptexd/mnt/com.apple.MobileAsset.MetalToolchain-v27.1.266.1.j21NJr/Metal.xctoolchain --module-name WindowsFileKit --sdk-root /Applications/Xcode-27.0.0-Release.Candidate.app/Contents/Developer/Platforms/WatchOS.platform/Developer/SDKs/WatchOS27.0.sdk --xcode-version 27A266a --platform-family watchOS --deployment-target 9.0 --bundle-identifier spi-builder-workspace.WindowsFileKit --output /Users/admin/builder/spi-builder-workspace/.derivedData/Build/Products/Debug-watchos/WindowsFileKit.appintents --target-triple arm64-apple-watchos9.0 --target-triple arm64_32-apple-watchos9.0 --binary-file /Users/admin/builder/spi-builder-workspace/.derivedData/Build/Products/Debug-watchos/WindowsFileKit.o --dependency-file /Users/admin/builder/spi-builder-workspace/.derivedData/Build/Intermediates.noindex/WineKit.build/Debug-watchos/WindowsFileKit-t.build/Objects-normal/arm64/WindowsFileKit_dependency_info.dat --dependency-file /Users/admin/builder/spi-builder-workspace/.derivedData/Build/Intermediates.noindex/WineKit.build/Debug-watchos/WindowsFileKit-t.build/Objects-normal/arm64_32/WindowsFileKit_dependency_info.dat --stringsdata-file /Users/admin/builder/spi-builder-workspace/.derivedData/Build/Intermediates.noindex/WineKit.build/Debug-watchos/WindowsFileKit-t.build/Objects-normal/arm64/ExtractedAppShortcutsMetadata.stringsdata --stringsdata-file /Users/admin/builder/spi-builder-workspace/.derivedData/Build/Intermediates.noindex/WineKit.build/Debug-watchos/WindowsFileKit-t.build/Objects-normal/arm64_32/ExtractedAppShortcutsMetadata.stringsdata --source-file-list /Users/admin/builder/spi-builder-workspace/.derivedData/Build/Intermediates.noindex/WineKit.build/Debug-watchos/WindowsFileKit-t.build/Objects-normal/arm64/WindowsFileKit.SwiftFileList --source-file-list /Users/admin/builder/spi-builder-workspace/.derivedData/Build/Intermediates.noindex/WineKit.build/Debug-watchos/WindowsFileKit-t.build/Objects-normal/arm64_32/WindowsFileKit.SwiftFileList --metadata-file-list /Users/admin/builder/spi-builder-workspace/.derivedData/Build/Intermediates.noindex/WineKit.build/Debug-watchos/WindowsFileKit-t.build/WindowsFileKit.DependencyMetadataFileList --static-metadata-file-list /Users/admin/builder/spi-builder-workspace/.derivedData/Build/Intermediates.noindex/WineKit.build/Debug-watchos/WindowsFileKit-t.build/WindowsFileKit.DependencyStaticMetadataFileList --swift-const-vals-list /Users/admin/builder/spi-builder-workspace/.derivedData/Build/Intermediates.noindex/WineKit.build/Debug-watchos/WindowsFileKit-t.build/Objects-normal/arm64/WindowsFileKit.SwiftConstValuesFileList --swift-const-vals-list /Users/admin/builder/spi-builder-workspace/.derivedData/Build/Intermediates.noindex/WineKit.build/Debug-watchos/WindowsFileKit-t.build/Objects-normal/arm64_32/WindowsFileKit.SwiftConstValuesFileList --force --compile-time-extraction --deployment-aware-processing --no-app-shortcuts-localization
2026-09-21 16:59:45.047 appintentsmetadataprocessor[749:4652] Starting appintentsmetadataprocessor export
2026-09-21 16:59:45.181 appintentsmetadataprocessor[749:4652] Extracted no relevant App Intents symbols, skipping writing output
PruneExplicitPrecompiledModules /Users/admin/builder/spi-builder-workspace/.derivedData/SDKExplicitPrecompiledModules
PruneExplicitPrecompiledModules /Users/admin/builder/spi-builder-workspace/.derivedData/Build/Intermediates.noindex/SwiftExplicitPrecompiledModules
PruneExplicitPrecompiledModules /Users/admin/builder/spi-builder-workspace/.derivedData/Build/Intermediates.noindex/ExplicitPrecompiledModules
2026-09-21 16:59:36.011 xcodebuild[626:3879] [MT] IDERunDestination: Supported platforms for the buildables in the current scheme is empty.
** BUILD FAILED **
The following build commands failed:
SwiftDriver WineKit normal arm64 com.apple.xcode.tools.swift.compiler (in target 'WineKit' from project 'WineKit')
SwiftDriver WineKit normal arm64_32 com.apple.xcode.tools.swift.compiler (in target 'WineKit' from project 'WineKit')
Building workspace WineKit with scheme WineKit-Package
(3 failures)
Command line invocation:
/Applications/Xcode-27.0.0-Release.Candidate.app/Contents/Developer/usr/bin/xcodebuild -IDEClonedSourcePackagesDirPathOverride=/Users/admin/builder/spi-builder-workspace/.dependencies -resolvePackageDependencies
Resolve Package Graph
Resolved source packages:
WineKit: /Users/admin/builder/spi-builder-workspace
resolved source packages: WineKit
2026-09-21 16:59:46.627 xcodebuild[750:4730] [MT] IDERunDestination: Supported platforms for the buildables in the current scheme is empty.
{
"dependencies" : [
],
"manifest_display_name" : "WineKit",
"name" : "WineKit",
"path" : "/Users/admin/builder/spi-builder-workspace",
"platforms" : [
{
"name" : "macos",
"version" : "13.0"
}
],
"products" : [
{
"name" : "WineKit",
"targets" : [
"WineKit"
],
"type" : {
"library" : [
"automatic"
]
}
},
{
"name" : "WindowsFileKit",
"targets" : [
"WindowsFileKit"
],
"type" : {
"library" : [
"automatic"
]
}
}
],
"targets" : [
{
"c99name" : "WinetricksPlugin",
"module_type" : "PluginTarget",
"name" : "WinetricksPlugin",
"path" : "Plugins/WinetricksPlugin",
"plugin_capability" : {
"intent" : {
"description" : "Generate enums from latest Winetricks verbs",
"type" : "custom",
"verb" : "winetricks-generate"
},
"permissions" : [
{
"network_scope" : {
"all" : {
"ports" : [
]
}
},
"reason" : "Download latest verbs",
"type" : "allowNetworkConnections"
}
],
"type" : "command"
},
"sources" : [
"main.swift"
],
"type" : "plugin"
},
{
"c99name" : "WineKitTests",
"module_type" : "SwiftTarget",
"name" : "WineKitTests",
"path" : "Tests/WineKitTests",
"sources" : [
"BottleIconTests.swift",
"BottleTests.swift",
"ModelTests.swift",
"WineKitTests.swift",
"WineLoader.swift"
],
"target_dependencies" : [
"WineKit"
],
"type" : "test"
},
{
"c99name" : "WineKit",
"module_type" : "SwiftTarget",
"name" : "WineKit",
"path" : "Sources/WineKit",
"product_memberships" : [
"WineKit"
],
"resources" : [
{
"path" : "/Users/admin/builder/spi-builder-workspace/Sources/WineKit/Resources/winetricks.sh",
"rule" : {
"process" : {
}
}
}
],
"sources" : [
"Domain/DXMT.swift",
"Domain/DXVK.swift",
"Domain/GPTK.swift",
"Domain/RegistryType.swift",
"Domain/SynchronizationMode.swift",
"Domain/Verbs/Verbs+App.swift",
"Domain/Verbs/Verbs+Benchmark.swift",
"Domain/Verbs/Verbs+DLL.swift",
"Domain/Verbs/Verbs+Font.swift",
"Domain/Verbs/Verbs+Setting.swift",
"Domain/WindowsVersion.swift",
"Domain/WineEnvironment.swift",
"Domain/WineError.swift",
"Domain/WineOutput.swift",
"Domain/WinePackageVersion.swift",
"Extensions/DictionaryExtensions.swift",
"Extensions/FileManagerExtensions.swift",
"Extensions/StringExtensions.swift",
"Extensions/URLExtensions.swift",
"Logger.swift",
"Model/Bottle/Bottle.swift",
"Model/Bottle/BottleIcon.swift",
"Model/Bottle/BottleIdentifier.swift",
"Model/Bottle/BottleReference.swift",
"Model/Prefix/Prefix.swift",
"Model/Prefix/PrefixSettings.swift",
"Model/Program/Program.swift",
"Model/Program/ProgramReference.swift",
"Model/Program/ProgramSettings.swift",
"Model/WineProcess.swift",
"TaskManager/TaskManager.swift",
"Wine/Wine.swift",
"Wine/WineCommands.swift",
"Wine/WineRegistry.swift",
"Wine/WineServer.swift",
"Wine/Winetricks.swift"
],
"target_dependencies" : [
"WindowsFileKit"
],
"type" : "library"
},
{
"c99name" : "WindowsFileKitTests",
"module_type" : "SwiftTarget",
"name" : "WindowsFileKitTests",
"path" : "Tests/WindowsFileKitTests",
"resources" : [
{
"path" : "/Users/admin/builder/spi-builder-workspace/Tests/WindowsFileKitTests/Resources/explorer.lnk",
"rule" : {
"process" : {
}
}
}
],
"sources" : [
"PortableExecutableTests.swift",
"ShellLinkTests.swift"
],
"target_dependencies" : [
"WindowsFileKit"
],
"type" : "test"
},
{
"c99name" : "WindowsFileKit",
"module_type" : "SwiftTarget",
"name" : "WindowsFileKit",
"path" : "Sources/WindowsFileKit",
"product_memberships" : [
"WineKit",
"WindowsFileKit"
],
"sources" : [
"Extensions/DataExtensions.swift",
"Extensions/IntExtensions.swift",
"Extensions/UInt64Extensions.swift",
"FileHandle/FileHandleExtensions.swift",
"FileHandle/FileHandleIterator.swift",
"PortableExecutable/COFFHeader.swift",
"PortableExecutable/Characteristics.swift",
"PortableExecutable/DLLCharacteristics.swift",
"PortableExecutable/Machine.swift",
"PortableExecutable/Magic.swift",
"PortableExecutable/OptionalHeader.swift",
"PortableExecutable/PortableExecutable.swift",
"PortableExecutable/RSRC/ResourceDataEntry.swift",
"PortableExecutable/RSRC/ResourceDirectoryEntry.swift",
"PortableExecutable/RSRC/ResourceDirectoryString.swift",
"PortableExecutable/RSRC/ResourceDirectoryTable.swift",
"PortableExecutable/RSRC/ResourceType.swift",
"PortableExecutable/Section.swift",
"PortableExecutable/SectionFlag.swift",
"PortableExecutable/WindowsSubsystem.swift",
"ShellLink/FileAttributesFlags.swift",
"ShellLink/LinkFlags.swift",
"ShellLink/LinkInfo.swift",
"ShellLink/LinkInfoFlags.swift",
"ShellLink/LinkTargetIDList.swift",
"ShellLink/ShellLink.swift",
"ShellLink/ShellLinkHeader.swift",
"ShellLink/ShowCommand.swift",
"VersionInfo/FixedFileInfo.swift",
"VersionInfo/String.swift",
"VersionInfo/StringFileInfo.swift",
"VersionInfo/StringTable.swift",
"VersionInfo/VarFileInfo.swift",
"VersionInfo/VersionInfo.swift"
],
"type" : "library"
}
],
"tools_version" : "5.9"
}
{
"workspace" : {
"name" : "WineKit",
"schemes" : [
"WindowsFileKit",
"WineKit",
"WineKit-Package"
]
}
}
2026-09-21 16:59:48.056 xcodebuild[759:4803] [MT] IDERunDestination: Supported platforms for the buildables in the current scheme is empty.
Running build ...
env DEVELOPER_DIR=/Applications/Xcode-27.0.0-Release.Candidate.app xcrun xcodebuild -IDEClonedSourcePackagesDirPathOverride=$PWD/.dependencies -skipMacroValidation -skipPackagePluginValidation -derivedDataPath $PWD/.derivedData build -scheme WineKit-Package -destination generic/platform=watchOS
Command line invocation:
/Applications/Xcode-27.0.0-Release.Candidate.app/Contents/Developer/usr/bin/xcodebuild -IDEClonedSourcePackagesDirPathOverride=/Users/admin/builder/spi-builder-workspace/.dependencies -skipMacroValidation -skipPackagePluginValidation -derivedDataPath /Users/admin/builder/spi-builder-workspace/.derivedData build -scheme WineKit-Package -destination generic/platform=watchOS
Resolve Package Graph
Resolved source packages:
WineKit: /Users/admin/builder/spi-builder-workspace
ComputePackagePrebuildTargetDependencyGraph
Prepare packages
Compile plug-in “WinetricksPlugin” in package “spi-builder-workspace”
[debug]: Compiling plugin to executable at /Users/admin/builder/spi-builder-workspace/.derivedData/Build/Products/PluginExecutables/WinetricksPlugin
[debug]: Using compiler /Applications/Xcode-27.0.0-Release.Candidate.app/Contents/Developer/Toolchains/XcodeDefault.xctoolchain/usr/bin/swiftc
[debug]: Plugin compilation output directory '/Users/admin/builder/spi-builder-workspace/.derivedData/Build/Products/PluginExecutables'
[debug]: Computed hash of plugin compilation inputs: 7632b38fb2cdfaeb982843d919b4293b2e01af5e49d35f5f69ee4bdda68539c5
Process build tool plug-in results
CreateBuildRequest
SendProjectDescription
CreateBuildOperation
ComputeTargetDependencyGraph
note: Building targets in dependency order
note: Target dependency graph (5 targets)
Target 'WindowsFileKit-product' in project 'WineKit'
➜ Explicit dependency on target 'WindowsFileKit' in project 'WineKit'
Target 'WineKit-product' in project 'WineKit'
➜ Explicit dependency on target 'WineKit' in project 'WineKit'
➜ Explicit dependency on target 'WineKit_WineKit' in project 'WineKit'
➜ Explicit dependency on target 'WindowsFileKit' in project 'WineKit'
Target 'WineKit' in project 'WineKit'
➜ Explicit dependency on target 'WineKit_WineKit' in project 'WineKit'
➜ Explicit dependency on target 'WindowsFileKit' in project 'WineKit'
Target 'WindowsFileKit' in project 'WineKit' (no dependencies)
Target 'WineKit_WineKit' in project 'WineKit' (no dependencies)
GatherProvisioningInputs
CreateBuildDescription
ClangStatCache /Applications/Xcode-27.0.0-Release.Candidate.app/Contents/Developer/Toolchains/XcodeDefault.xctoolchain/usr/bin/clang-stat-cache /Applications/Xcode-27.0.0-Release.Candidate.app/Contents/Developer/Platforms/WatchOS.platform/Developer/SDKs/WatchOS27.0.sdk /Users/admin/builder/spi-builder-workspace/.derivedData/SDKStatCaches.noindex/watchos27.0-24R360-e829b21a6f8c9b70876ba0858053c04477534ef55a1706bf4c1112bbb242f0a2.sdkstatcache
cd /Users/admin/builder/spi-builder-workspace/.swiftpm/xcode
/Applications/Xcode-27.0.0-Release.Candidate.app/Contents/Developer/Toolchains/XcodeDefault.xctoolchain/usr/bin/clang-stat-cache /Applications/Xcode-27.0.0-Release.Candidate.app/Contents/Developer/Platforms/WatchOS.platform/Developer/SDKs/WatchOS27.0.sdk -o /Users/admin/builder/spi-builder-workspace/.derivedData/SDKStatCaches.noindex/watchos27.0-24R360-e829b21a6f8c9b70876ba0858053c04477534ef55a1706bf4c1112bbb242f0a2.sdkstatcache
SwiftDriver WineKit normal arm64 com.apple.xcode.tools.swift.compiler (in target 'WineKit' from project 'WineKit')
cd /Users/admin/builder/spi-builder-workspace/.swiftpm/xcode
builtin-SwiftDriver -- /Applications/Xcode-27.0.0-Release.Candidate.app/Contents/Developer/Toolchains/XcodeDefault.xctoolchain/usr/bin/swiftc -parse-as-library -module-name WineKit -Onone @/Users/admin/builder/spi-builder-workspace/.derivedData/Build/Intermediates.noindex/WineKit.build/Debug-watchos/WineKit-t.build/Objects-normal/arm64/WineKit.SwiftFileList -DSWIFT_PACKAGE -DDEBUG -DSWIFT_MODULE_RESOURCE_BUNDLE_AVAILABLE -DXcode -plugin-path /Applications/Xcode-27.0.0-Release.Candidate.app/Contents/Developer/Toolchains/XcodeDefault.xctoolchain/usr/lib/swift/host/plugins/testing -enable-experimental-feature DebugDescriptionMacro -sdk /Applications/Xcode-27.0.0-Release.Candidate.app/Contents/Developer/Platforms/WatchOS.platform/Developer/SDKs/WatchOS27.0.sdk -target arm64-apple-watchos9.0 -g -module-cache-path /Users/admin/builder/spi-builder-workspace/.derivedData/ModuleCache.noindex -Xfrontend -serialize-debugging-options -profile-coverage-mapping -profile-generate -enable-testing -index-store-path /Users/admin/builder/spi-builder-workspace/.derivedData/Index.noindex/DataStore -Xcc -D_LIBCPP_HARDENING_MODE\=_LIBCPP_HARDENING_MODE_DEBUG -swift-version 5 -I /Users/admin/builder/spi-builder-workspace/.derivedData/Build/Products/Debug-watchos -Isystem /Applications/Xcode-27.0.0-Release.Candidate.app/Contents/Developer/Platforms/WatchOS.platform/Developer/usr/lib -F /Users/admin/builder/spi-builder-workspace/.derivedData/Build/Products/Debug-watchos/PackageFrameworks -F /Users/admin/builder/spi-builder-workspace/.derivedData/Build/Products/Debug-watchos -F /Applications/Xcode-27.0.0-Release.Candidate.app/Contents/Developer/Platforms/WatchOS.platform/Developer/Library/Frameworks -F /Applications/Xcode-27.0.0-Release.Candidate.app/Contents/Developer/Platforms/WatchOS.platform/Developer/SDKs/WatchOS27.0.sdk/Developer/Library/Frameworks -c -j10 -enable-batch-mode -incremental -Xcc -ivfsstatcache -Xcc /Users/admin/builder/spi-builder-workspace/.derivedData/SDKStatCaches.noindex/watchos27.0-24R360-e829b21a6f8c9b70876ba0858053c04477534ef55a1706bf4c1112bbb242f0a2.sdkstatcache -output-file-map /Users/admin/builder/spi-builder-workspace/.derivedData/Build/Intermediates.noindex/WineKit.build/Debug-watchos/WineKit-t.build/Objects-normal/arm64/WineKit-OutputFileMap.json -save-temps -no-color-diagnostics -explicit-module-build -module-cache-path /Users/admin/builder/spi-builder-workspace/.derivedData/Build/Intermediates.noindex/SwiftExplicitPrecompiledModules -clang-scanner-module-cache-path /Users/admin/builder/spi-builder-workspace/.derivedData/ModuleCache.noindex -sdk-module-cache-path /Users/admin/builder/spi-builder-workspace/.derivedData/SDKExplicitPrecompiledModules -emit-dependencies -emit-module -emit-module-path /Users/admin/builder/spi-builder-workspace/.derivedData/Build/Intermediates.noindex/WineKit.build/Debug-watchos/WineKit-t.build/Objects-normal/arm64/WineKit.swiftmodule -serialize-diagnostics -dependency-scan-serialize-diagnostics-path /Users/admin/builder/spi-builder-workspace/.derivedData/Build/Intermediates.noindex/WineKit.build/Debug-watchos/WineKit-t.build/Objects-normal/arm64/WineKit-dependency-scan.dia -validate-clang-modules-once -clang-build-session-file /Users/admin/builder/spi-builder-workspace/.derivedData/ModuleCache.noindex/Session.modulevalidation -Xcc -fmodules-prune-interval\=86400 -Xcc -fmodules-prune-after\=345600 -package-name spi_builder_workspace -emit-const-values -const-gather-protocols-list /Users/admin/builder/spi-builder-workspace/.derivedData/Build/Intermediates.noindex/WineKit.build/Debug-watchos/WineKit-t.build/Objects-normal/arm64/WineKit_const_extract_protocols.json -Xcc -I/Users/admin/builder/spi-builder-workspace/.derivedData/Build/Products/Debug-watchos/include -Xcc -I/Users/admin/builder/spi-builder-workspace/.derivedData/Build/Intermediates.noindex/WineKit.build/Debug-watchos/WineKit-t.build/DerivedSources-normal/arm64 -Xcc -I/Users/admin/builder/spi-builder-workspace/.derivedData/Build/Intermediates.noindex/WineKit.build/Debug-watchos/WineKit-t.build/DerivedSources/arm64 -Xcc -I/Users/admin/builder/spi-builder-workspace/.derivedData/Build/Intermediates.noindex/WineKit.build/Debug-watchos/WineKit-t.build/DerivedSources -Xcc -DSWIFT_PACKAGE -Xcc -DDEBUG\=1 -emit-objc-header -emit-objc-header-path /Users/admin/builder/spi-builder-workspace/.derivedData/Build/Intermediates.noindex/WineKit.build/Debug-watchos/WineKit-t.build/Objects-normal/arm64/WineKit-Swift.h -working-directory /Users/admin/builder/spi-builder-workspace/.swiftpm/xcode -experimental-emit-module-separately -disable-cmo
/Users/admin/builder/spi-builder-workspace/Sources/WineKit/Domain/GPTK.swift:9:8: error: Unable to resolve module dependency: 'Metal' (in target 'WineKit' from project 'WineKit')
note: A dependency of main module 'WineKit'
/Users/admin/builder/spi-builder-workspace/Sources/WineKit/Domain/GPTK.swift:9:8: note: A dependency of main module 'WineKit'
import Metal
^ (in target 'WineKit' from project 'WineKit')
SwiftDriver WineKit normal arm64_32 com.apple.xcode.tools.swift.compiler (in target 'WineKit' from project 'WineKit')
cd /Users/admin/builder/spi-builder-workspace/.swiftpm/xcode
builtin-SwiftDriver -- /Applications/Xcode-27.0.0-Release.Candidate.app/Contents/Developer/Toolchains/XcodeDefault.xctoolchain/usr/bin/swiftc -parse-as-library -module-name WineKit -Onone @/Users/admin/builder/spi-builder-workspace/.derivedData/Build/Intermediates.noindex/WineKit.build/Debug-watchos/WineKit-t.build/Objects-normal/arm64_32/WineKit.SwiftFileList -DSWIFT_PACKAGE -DDEBUG -DSWIFT_MODULE_RESOURCE_BUNDLE_AVAILABLE -DXcode -plugin-path /Applications/Xcode-27.0.0-Release.Candidate.app/Contents/Developer/Toolchains/XcodeDefault.xctoolchain/usr/lib/swift/host/plugins/testing -enable-experimental-feature DebugDescriptionMacro -sdk /Applications/Xcode-27.0.0-Release.Candidate.app/Contents/Developer/Platforms/WatchOS.platform/Developer/SDKs/WatchOS27.0.sdk -target arm64_32-apple-watchos9.0 -g -module-cache-path /Users/admin/builder/spi-builder-workspace/.derivedData/ModuleCache.noindex -Xfrontend -serialize-debugging-options -profile-coverage-mapping -profile-generate -enable-testing -index-store-path /Users/admin/builder/spi-builder-workspace/.derivedData/Index.noindex/DataStore -Xcc -D_LIBCPP_HARDENING_MODE\=_LIBCPP_HARDENING_MODE_DEBUG -swift-version 5 -I /Users/admin/builder/spi-builder-workspace/.derivedData/Build/Products/Debug-watchos -Isystem /Applications/Xcode-27.0.0-Release.Candidate.app/Contents/Developer/Platforms/WatchOS.platform/Developer/usr/lib -F /Users/admin/builder/spi-builder-workspace/.derivedData/Build/Products/Debug-watchos/PackageFrameworks -F /Users/admin/builder/spi-builder-workspace/.derivedData/Build/Products/Debug-watchos -F /Applications/Xcode-27.0.0-Release.Candidate.app/Contents/Developer/Platforms/WatchOS.platform/Developer/Library/Frameworks -F /Applications/Xcode-27.0.0-Release.Candidate.app/Contents/Developer/Platforms/WatchOS.platform/Developer/SDKs/WatchOS27.0.sdk/Developer/Library/Frameworks -c -j10 -enable-batch-mode -incremental -Xcc -ivfsstatcache -Xcc /Users/admin/builder/spi-builder-workspace/.derivedData/SDKStatCaches.noindex/watchos27.0-24R360-e829b21a6f8c9b70876ba0858053c04477534ef55a1706bf4c1112bbb242f0a2.sdkstatcache -output-file-map /Users/admin/builder/spi-builder-workspace/.derivedData/Build/Intermediates.noindex/WineKit.build/Debug-watchos/WineKit-t.build/Objects-normal/arm64_32/WineKit-OutputFileMap.json -save-temps -no-color-diagnostics -explicit-module-build -module-cache-path /Users/admin/builder/spi-builder-workspace/.derivedData/Build/Intermediates.noindex/SwiftExplicitPrecompiledModules -clang-scanner-module-cache-path /Users/admin/builder/spi-builder-workspace/.derivedData/ModuleCache.noindex -sdk-module-cache-path /Users/admin/builder/spi-builder-workspace/.derivedData/SDKExplicitPrecompiledModules -emit-dependencies -emit-module -emit-module-path /Users/admin/builder/spi-builder-workspace/.derivedData/Build/Intermediates.noindex/WineKit.build/Debug-watchos/WineKit-t.build/Objects-normal/arm64_32/WineKit.swiftmodule -serialize-diagnostics -dependency-scan-serialize-diagnostics-path /Users/admin/builder/spi-builder-workspace/.derivedData/Build/Intermediates.noindex/WineKit.build/Debug-watchos/WineKit-t.build/Objects-normal/arm64_32/WineKit-dependency-scan.dia -validate-clang-modules-once -clang-build-session-file /Users/admin/builder/spi-builder-workspace/.derivedData/ModuleCache.noindex/Session.modulevalidation -Xcc -fmodules-prune-interval\=86400 -Xcc -fmodules-prune-after\=345600 -package-name spi_builder_workspace -emit-const-values -const-gather-protocols-list /Users/admin/builder/spi-builder-workspace/.derivedData/Build/Intermediates.noindex/WineKit.build/Debug-watchos/WineKit-t.build/Objects-normal/arm64_32/WineKit_const_extract_protocols.json -Xcc -I/Users/admin/builder/spi-builder-workspace/.derivedData/Build/Products/Debug-watchos/include -Xcc -I/Users/admin/builder/spi-builder-workspace/.derivedData/Build/Intermediates.noindex/WineKit.build/Debug-watchos/WineKit-t.build/DerivedSources-normal/arm64_32 -Xcc -I/Users/admin/builder/spi-builder-workspace/.derivedData/Build/Intermediates.noindex/WineKit.build/Debug-watchos/WineKit-t.build/DerivedSources/arm64_32 -Xcc -I/Users/admin/builder/spi-builder-workspace/.derivedData/Build/Intermediates.noindex/WineKit.build/Debug-watchos/WineKit-t.build/DerivedSources -Xcc -DSWIFT_PACKAGE -Xcc -DDEBUG\=1 -emit-objc-header -emit-objc-header-path /Users/admin/builder/spi-builder-workspace/.derivedData/Build/Intermediates.noindex/WineKit.build/Debug-watchos/WineKit-t.build/Objects-normal/arm64_32/WineKit-Swift.h -working-directory /Users/admin/builder/spi-builder-workspace/.swiftpm/xcode -experimental-emit-module-separately -disable-cmo
/Users/admin/builder/spi-builder-workspace/Sources/WineKit/Domain/GPTK.swift:9:8: error: Unable to resolve module dependency: 'Metal' (in target 'WineKit' from project 'WineKit')
note: A dependency of main module 'WineKit'
/Users/admin/builder/spi-builder-workspace/Sources/WineKit/Domain/GPTK.swift:9:8: note: A dependency of main module 'WineKit'
import Metal
^ (in target 'WineKit' from project 'WineKit')
PruneExplicitPrecompiledModules /Users/admin/builder/spi-builder-workspace/.derivedData/Build/Intermediates.noindex/ExplicitPrecompiledModules
PruneExplicitPrecompiledModules /Users/admin/builder/spi-builder-workspace/.derivedData/Build/Intermediates.noindex/SwiftExplicitPrecompiledModules
PruneExplicitPrecompiledModules /Users/admin/builder/spi-builder-workspace/.derivedData/SDKExplicitPrecompiledModules
2026-09-21 16:59:49.151 xcodebuild[761:4832] [MT] IDERunDestination: Supported platforms for the buildables in the current scheme is empty.
** BUILD FAILED **
The following build commands failed:
SwiftDriver WineKit normal arm64 com.apple.xcode.tools.swift.compiler (in target 'WineKit' from project 'WineKit')
SwiftDriver WineKit normal arm64_32 com.apple.xcode.tools.swift.compiler (in target 'WineKit' from project 'WineKit')
Building workspace WineKit with scheme WineKit-Package
(3 failures)
BUILD FAILURE 6.4 watchOS