Build Information
Failed to build sqlite-data, reference main (37c461), with Swift 6.2 for Wasm on 16 Oct 2026 02:07:32 UTC.
Build Command
bash -c docker run --pull=always --rm -v "checkouts-54344843-0":/host -w "$PWD" -e JAVA_HOME="/root/.sdkman/candidates/java/current" -e SPI_BUILD="1" -e SPI_PROCESSING="1" registry.gitlab.com/saguaro1/spi-images:wasm-6.2-latest swift build --swift-sdk swift-6.2-RELEASE_wasm 2>&1Build Log
========================================
RunAll
========================================
Builder version: 5.1.3
Interrupt handler set up.
========================================
Checkout
========================================
Clone URL: https://github.com/pointfreeco/sqlite-data.git
Reference: main
Initialized empty Git repository in /host/spi-builder-workspace/.git/
hint: Using 'master' as the name for the initial branch. This default branch name
hint: is subject to change. To configure the initial branch name to use in all
hint: of your new repositories, which will suppress this warning, call:
hint:
hint: git config --global init.defaultBranch <name>
hint:
hint: Names commonly chosen instead of 'master' are 'main', 'trunk' and
hint: 'development'. The just-created branch can be renamed via this command:
hint:
hint: git branch -m <name>
From https://github.com/pointfreeco/sqlite-data
* branch main -> FETCH_HEAD
* [new branch] main -> origin/main
HEAD is now at 37c461a Update docs/code samples to use dependencies preview trait (#526)
Cloned https://github.com/pointfreeco/sqlite-data.git
Revision (git rev-parse @):
37c461a814707e4b33a7d22921cafbcd43a8b125
SPI manifest file found: $PWD/.spi.yml
SUCCESS checkout https://github.com/pointfreeco/sqlite-data.git at main
========================================
Build
========================================
Selected platform: wasm
Swift version: 6.2
Building package at path: $PWD
https://github.com/pointfreeco/sqlite-data.git
Running build ...
bash -c docker run --pull=always --rm -v "checkouts-54344843-0":/host -w "$PWD" -e JAVA_HOME="/root/.sdkman/candidates/java/current" -e SPI_BUILD="1" -e SPI_PROCESSING="1" registry.gitlab.com/saguaro1/spi-images:wasm-6.2-latest swift build --swift-sdk swift-6.2-RELEASE_wasm 2>&1
wasm-6.2-latest: Pulling from saguaro1/spi-images
Digest: sha256:0563b842faffea9ddc6fe15fbd2051d02dff3ef29dc4b5bfe0a0910a084eee81
Status: Image is up to date for registry.gitlab.com/saguaro1/spi-images:wasm-6.2-latest
Fetching https://github.com/apple/swift-docc-plugin
Fetching https://github.com/pointfreeco/swift-sharing
Fetching https://github.com/pointfreeco/xctest-dynamic-overlay
Fetching https://github.com/pointfreeco/swift-structured-queries
Fetching https://github.com/pointfreeco/swift-snapshot-testing
Fetching https://github.com/pointfreeco/swift-perception
[1/4191] Fetching swift-sharing
[4192/14898] Fetching swift-sharing, swift-structured-queries
[7619/16976] Fetching swift-sharing, swift-structured-queries, swift-perception
Fetched https://github.com/pointfreeco/swift-perception from cache (0.62s)
Fetching https://github.com/pointfreeco/swift-dependencies
[1/2345] Fetching swift-docc-plugin
[236/5072] Fetching swift-docc-plugin, xctest-dynamic-overlay
[5073/12713] Fetching swift-docc-plugin, xctest-dynamic-overlay, swift-dependencies
Fetched https://github.com/pointfreeco/swift-dependencies from cache (0.50s)
Fetching https://github.com/pointfreeco/swift-custom-dump
[1/5669] Fetching swift-custom-dump
[5670/22222] Fetching swift-custom-dump, swift-snapshot-testing
Fetched https://github.com/pointfreeco/swift-custom-dump from cache (0.47s)
Fetching https://github.com/pointfreeco/swift-concurrency-extras
[166/16553] Fetching swift-snapshot-testing
[1491/17671] Fetching swift-snapshot-testing, swift-concurrency-extras
Fetched https://github.com/pointfreeco/swift-concurrency-extras from cache (0.44s)
[1656/16553] Fetching swift-snapshot-testing
Fetching https://github.com/groue/GRDB.swift
[16554/130638] Fetching swift-snapshot-testing, grdb.swift
Fetched https://github.com/pointfreeco/swift-sharing from cache (2.79s)
Fetched https://github.com/pointfreeco/xctest-dynamic-overlay from cache (2.80s)
Fetched https://github.com/pointfreeco/swift-structured-queries from cache (2.80s)
Fetched https://github.com/apple/swift-docc-plugin from cache (2.80s)
Fetching https://github.com/apple/swift-collections
Fetched https://github.com/pointfreeco/swift-snapshot-testing from cache (2.83s)
[13691/114085] Fetching grdb.swift
[34227/142944] Fetching grdb.swift, swift-collections
Fetched https://github.com/apple/swift-collections from cache (1.66s)
[45634/114085] Fetching grdb.swift
Fetched https://github.com/groue/GRDB.swift from cache (8.88s)
Computing version for https://github.com/pointfreeco/xctest-dynamic-overlay
Computed https://github.com/pointfreeco/xctest-dynamic-overlay at 1.13.1 (11.13s)
Computing version for https://github.com/pointfreeco/swift-structured-queries
Computed https://github.com/pointfreeco/swift-structured-queries at 0.39.2 (0.21s)
Fetching https://github.com/swiftlang/swift-syntax
[1/80777] Fetching swift-syntax
Fetched https://github.com/swiftlang/swift-syntax from cache (5.34s)
Computing version for https://github.com/pointfreeco/swift-concurrency-extras
Computed https://github.com/pointfreeco/swift-concurrency-extras at 1.4.3 (5.51s)
Computing version for https://github.com/groue/GRDB.swift
Computed https://github.com/groue/GRDB.swift at 7.11.1 (0.24s)
Computing version for https://github.com/swiftlang/swift-syntax
Computed https://github.com/swiftlang/swift-syntax at 604.0.0 (0.96s)
Computing version for https://github.com/pointfreeco/swift-custom-dump
Computed https://github.com/pointfreeco/swift-custom-dump at 1.7.3 (0.14s)
Computing version for https://github.com/apple/swift-docc-plugin
Computed https://github.com/apple/swift-docc-plugin at 1.5.0 (0.17s)
Fetching https://github.com/swiftlang/swift-docc-symbolkit
[1/3839] Fetching swift-docc-symbolkit
Fetched https://github.com/swiftlang/swift-docc-symbolkit from cache (0.54s)
Computing version for https://github.com/swiftlang/swift-docc-symbolkit
Computed https://github.com/swiftlang/swift-docc-symbolkit at 1.0.0 (0.74s)
Computing version for https://github.com/pointfreeco/swift-snapshot-testing
Computed https://github.com/pointfreeco/swift-snapshot-testing at 1.19.6 (0.14s)
Computing version for https://github.com/pointfreeco/swift-perception
Computed https://github.com/pointfreeco/swift-perception at 2.0.12 (0.15s)
Computing version for https://github.com/pointfreeco/swift-dependencies
Computed https://github.com/pointfreeco/swift-dependencies at 1.17.1 (0.17s)
Fetching https://github.com/pointfreeco/combine-schedulers
Fetching https://github.com/pointfreeco/swift-clocks
[1/2690] Fetching combine-schedulers
[82/4400] Fetching combine-schedulers, swift-clocks
Fetched https://github.com/pointfreeco/combine-schedulers from cache (0.40s)
[1146/1710] Fetching swift-clocks
Fetched https://github.com/pointfreeco/swift-clocks from cache (0.42s)
Computing version for https://github.com/pointfreeco/swift-clocks
Computed https://github.com/pointfreeco/swift-clocks at 1.1.1 (0.58s)
Computing version for https://github.com/pointfreeco/combine-schedulers
Computed https://github.com/pointfreeco/combine-schedulers at 1.2.2 (0.16s)
Fetching https://github.com/OpenCombine/OpenCombine.git
[1/8306] Fetching opencombine
Fetched https://github.com/OpenCombine/OpenCombine.git from cache (0.75s)
Computing version for https://github.com/OpenCombine/OpenCombine.git
Computed https://github.com/OpenCombine/OpenCombine.git at 0.14.0 (0.94s)
Computing version for https://github.com/pointfreeco/swift-sharing
Computed https://github.com/pointfreeco/swift-sharing at 2.10.1 (0.21s)
Fetching https://github.com/pointfreeco/swift-identified-collections
[1/1580] Fetching swift-identified-collections
Fetched https://github.com/pointfreeco/swift-identified-collections from cache (2.62s)
Computing version for https://github.com/pointfreeco/swift-identified-collections
Computed https://github.com/pointfreeco/swift-identified-collections at 1.1.1 (2.77s)
Computing version for https://github.com/apple/swift-collections
Computed https://github.com/apple/swift-collections at 1.7.3 (0.24s)
Creating working copy for https://github.com/OpenCombine/OpenCombine.git
Working copy of https://github.com/OpenCombine/OpenCombine.git resolved at 0.14.0
Creating working copy for https://github.com/apple/swift-docc-plugin
Working copy of https://github.com/apple/swift-docc-plugin resolved at 1.5.0
Creating working copy for https://github.com/pointfreeco/swift-sharing
Working copy of https://github.com/pointfreeco/swift-sharing resolved at 2.10.1
Creating working copy for https://github.com/groue/GRDB.swift
Working copy of https://github.com/groue/GRDB.swift resolved at 7.11.1
Creating working copy for https://github.com/pointfreeco/swift-identified-collections
Working copy of https://github.com/pointfreeco/swift-identified-collections resolved at 1.1.1
Creating working copy for https://github.com/pointfreeco/swift-dependencies
Working copy of https://github.com/pointfreeco/swift-dependencies resolved at 1.17.1
Creating working copy for https://github.com/pointfreeco/swift-structured-queries
Working copy of https://github.com/pointfreeco/swift-structured-queries resolved at 0.39.2
Creating working copy for https://github.com/pointfreeco/swift-perception
Working copy of https://github.com/pointfreeco/swift-perception resolved at 2.0.12
Creating working copy for https://github.com/pointfreeco/swift-concurrency-extras
Working copy of https://github.com/pointfreeco/swift-concurrency-extras resolved at 1.4.3
Creating working copy for https://github.com/pointfreeco/combine-schedulers
Working copy of https://github.com/pointfreeco/combine-schedulers resolved at 1.2.2
Creating working copy for https://github.com/pointfreeco/swift-snapshot-testing
Working copy of https://github.com/pointfreeco/swift-snapshot-testing resolved at 1.19.6
Creating working copy for https://github.com/pointfreeco/swift-clocks
Working copy of https://github.com/pointfreeco/swift-clocks resolved at 1.1.1
Creating working copy for https://github.com/swiftlang/swift-syntax
Working copy of https://github.com/swiftlang/swift-syntax resolved at 604.0.0
Creating working copy for https://github.com/pointfreeco/swift-custom-dump
Working copy of https://github.com/pointfreeco/swift-custom-dump resolved at 1.7.3
Creating working copy for https://github.com/pointfreeco/xctest-dynamic-overlay
Working copy of https://github.com/pointfreeco/xctest-dynamic-overlay resolved at 1.13.1
Creating working copy for https://github.com/apple/swift-collections
Working copy of https://github.com/apple/swift-collections resolved at 1.7.3
Creating working copy for https://github.com/swiftlang/swift-docc-symbolkit
Working copy of https://github.com/swiftlang/swift-docc-symbolkit resolved at 1.0.0
[1/1] Compiling plugin Swift-DocC Preview
[2/2] Compiling plugin Swift-DocC
Building for debugging...
[2/102] Write sources
[6/102] Copying PrivacyInfo.xcprivacy
[6/102] Write sources
[7/102] Copying PrivacyInfo.xcprivacy
[9/102] Copying Info.plist
[11/102] Write sources
[68/102] Compiling _SwiftSyntaxCShims PlatformMutex.c
[70/102] Write swift-version-24593BA9C3E375BF.txt
[72/118] Emitting module SwiftSyntax603
[73/118] Emitting module SwiftSyntax601
[74/118] Emitting module SwiftSyntax602
[75/118] Compiling SwiftSyntax603 Empty.swift
[78/119] Emitting module SwiftSyntax603
[80/122] Compiling SwiftSyntax600 Empty.swift
[81/122] Emitting module SwiftSyntax600
[83/123] Compiling SwiftSyntax602 Empty.swift
[85/126] Compiling SwiftSyntax600 Empty.swift
[86/126] Emitting module SwiftSyntax600
[88/131] Emitting module SwiftSyntax510
[89/131] Compiling SwiftSyntax510 Empty.swift
[90/132] Compiling SwiftSyntax602 Empty.swift
[91/132] Emitting module SwiftSyntax602
[93/133] Compiling SwiftSyntax510 Empty.swift
[94/133] Emitting module SwiftSyntax510
[97/136] Emitting module SwiftSyntax509
[98/136] Compiling SwiftSyntax509 Empty.swift
[100/139] Emitting module SwiftSyntax604
[101/139] Compiling SwiftSyntax604 Empty.swift
[102/140] Emitting module SwiftSyntax509
[104/173] Compiling SwiftSyntax509 Empty.swift
[105/173] Compiling Sharing2 Empty.swift
[106/173] Emitting module Sharing2
[107/175] Compiling SwiftSyntax601 Empty.swift
[111/178] Compiling SwiftSyntax604 Empty.swift
[112/178] Emitting module SwiftSyntax604
[113/180] Compiling Sharing1 Empty.swift
[114/183] Emitting module Sharing1
[115/184] Emitting module SwiftSyntax601
[116/184] Compiling SwiftSyntax601 Empty.swift
[120/400] Compiling SwiftSyntax SourcePresence.swift
[121/401] Compiling SwiftSyntax SwiftSyntaxCompatibility.swift
[122/401] Compiling SwiftSyntax Syntax.swift
[123/441] Compiling SwiftSyntax AbsolutePosition.swift
[124/441] Compiling SwiftSyntax AbsoluteSyntaxInfo.swift
[125/441] Compiling SwiftSyntax ArenaAllocatedBuffer.swift
[126/441] Compiling SwiftSyntax Assert.swift
[127/462] Compiling InternalCollectionsUtilities UnsafeRawBufferPointer+Extras.swift
[128/462] Compiling InternalCollectionsUtilities _SortedCollection.swift
[129/462] Compiling InternalCollectionsUtilities _UniqueCollection.swift
[130/462] Emitting module ConcurrencyExtrasTestSupport
[131/462] Compiling ConcurrencyExtrasTestSupport TaskLocalTrait.swift
[133/463] Compiling SwiftSyntax RawSyntax.swift
[134/463] Compiling SwiftSyntax RawSyntaxArena.swift
[135/463] Compiling SwiftSyntax RawSyntaxLayoutView.swift
[136/463] Compiling SwiftSyntax RawSyntaxNodeProtocol.swift
[137/527] Compiling SwiftSyntax SourceEdit.swift
[138/527] Compiling SwiftSyntax AbsolutePosition.swift
[139/527] Compiling SwiftSyntax AbsoluteSyntaxInfo.swift
[140/527] Compiling SwiftSyntax ArenaAllocatedBuffer.swift
[141/527] Compiling SwiftSyntax RawSyntaxArena.swift
[142/527] Compiling SwiftSyntax RawSyntaxLayoutView.swift
[143/527] Compiling SwiftSyntax RawSyntaxNodeProtocol.swift
[144/527] Compiling SwiftSyntax RawSyntaxTokenView.swift
[145/527] Emitting module InternalCollectionsUtilities
[146/527] Compiling SwiftSyntax CustomTraits.swift
[147/527] Compiling SwiftSyntax EditorPlaceholder.swift
[148/527] Compiling SwiftSyntax SourceLength.swift
[149/527] Compiling SwiftSyntax SourceLocation.swift
[150/527] Compiling SwiftSyntax SyntaxChildren.swift
[151/527] Compiling SwiftSyntax SyntaxCollection.swift
[152/527] Compiling SwiftSyntax SyntaxHashable.swift
[153/527] Compiling SwiftSyntax SyntaxIdentifier.swift
[154/528] Wrapping AST for SwiftSyntax604 for debugging
[156/585] Compiling ConcurrencyExtras MainSerialExecutor.swift
[157/586] Compiling OrderedCollections OrderedDictionary+Sequence.swift
[158/586] Compiling OrderedCollections OrderedDictionary+Codable.swift
[159/586] Compiling OrderedCollections OrderedDictionary+CustomReflectable.swift
[160/588] Compiling IssueReportingTestSupport SwiftTesting.swift
/host/spi-builder-workspace/.build/checkouts/xctest-dynamic-overlay/Sources/IssueReportingTestSupport/SwiftTesting.swift:94:3: error: cannot convert '@Sendable (String?, Bool, String, String, Int, Int, nonisolated(nonsending) () async throws -> Void) async -> ()' to 'nonisolated(nonsending) @Sendable (String?, Bool, String, String, Int, Int, nonisolated(nonsending) () async throws -> Void) async -> ()' because crossing of an isolation boundary requires parameter and result types to conform to 'Sendable' protocol
92 |
93 | public func _withKnownIssueAsync() -> Any {
94 | __withKnownIssueAsync(_:isIntermittent:fileID:filePath:line:column:_:)
| |- error: cannot convert '@Sendable (String?, Bool, String, String, Int, Int, nonisolated(nonsending) () async throws -> Void) async -> ()' to 'nonisolated(nonsending) @Sendable (String?, Bool, String, String, Int, Int, nonisolated(nonsending) () async throws -> Void) async -> ()' because crossing of an isolation boundary requires parameter and result types to conform to 'Sendable' protocol
| `- note: type 'nonisolated(nonsending) () async throws -> Void' does not conform to 'Sendable' protocol
95 | }
96 | @Sendable
[161/588] Compiling ConcurrencyExtras UncheckedSendable.swift
[162/588] Compiling OrderedCollections OrderedSet+Codable.swift
/host/spi-builder-workspace/.build/checkouts/swift-snapshot-testing/Sources/SnapshotTesting/AssertSnapshot.swift:577:10: error: no such module 'CoreServices'
575 |
576 | #if !os(Android) && !os(Linux) && !os(Windows)
577 | import CoreServices
| `- error: no such module 'CoreServices'
578 |
579 | func uniformTypeIdentifier(fromExtension pathExtension: String) -> String? {
[163/588] Compiling OrderedCollections OrderedSet+CustomReflectable.swift
/host/spi-builder-workspace/.build/checkouts/swift-snapshot-testing/Sources/SnapshotTesting/AssertSnapshot.swift:577:10: error: no such module 'CoreServices'
575 |
576 | #if !os(Android) && !os(Linux) && !os(Windows)
577 | import CoreServices
| `- error: no such module 'CoreServices'
578 |
579 | func uniformTypeIdentifier(fromExtension pathExtension: String) -> String? {
[164/588] Compiling OrderedCollections OrderedSet+Descriptions.swift
/host/spi-builder-workspace/.build/checkouts/swift-snapshot-testing/Sources/SnapshotTesting/AssertSnapshot.swift:577:10: error: no such module 'CoreServices'
575 |
576 | #if !os(Android) && !os(Linux) && !os(Windows)
577 | import CoreServices
| `- error: no such module 'CoreServices'
578 |
579 | func uniformTypeIdentifier(fromExtension pathExtension: String) -> String? {
[165/588] Compiling OrderedCollections OrderedSet+Diffing.swift
/host/spi-builder-workspace/.build/checkouts/swift-snapshot-testing/Sources/SnapshotTesting/AssertSnapshot.swift:577:10: error: no such module 'CoreServices'
575 |
576 | #if !os(Android) && !os(Linux) && !os(Windows)
577 | import CoreServices
| `- error: no such module 'CoreServices'
578 |
579 | func uniformTypeIdentifier(fromExtension pathExtension: String) -> String? {
[166/592] Compiling SnapshotTesting UIImage.swift
/host/spi-builder-workspace/.build/checkouts/swift-snapshot-testing/Sources/SnapshotTesting/AssertSnapshot.swift:577:10: error: no such module 'CoreServices'
575 |
576 | #if !os(Android) && !os(Linux) && !os(Windows)
577 | import CoreServices
| `- error: no such module 'CoreServices'
578 |
579 | func uniformTypeIdentifier(fromExtension pathExtension: String) -> String? {
[167/592] Compiling SnapshotTesting UIView.swift
/host/spi-builder-workspace/.build/checkouts/swift-snapshot-testing/Sources/SnapshotTesting/AssertSnapshot.swift:577:10: error: no such module 'CoreServices'
575 |
576 | #if !os(Android) && !os(Linux) && !os(Windows)
577 | import CoreServices
| `- error: no such module 'CoreServices'
578 |
579 | func uniformTypeIdentifier(fromExtension pathExtension: String) -> String? {
[168/592] Compiling SnapshotTesting UIViewController.swift
/host/spi-builder-workspace/.build/checkouts/swift-snapshot-testing/Sources/SnapshotTesting/AssertSnapshot.swift:577:10: error: no such module 'CoreServices'
575 |
576 | #if !os(Android) && !os(Linux) && !os(Windows)
577 | import CoreServices
| `- error: no such module 'CoreServices'
578 |
579 | func uniformTypeIdentifier(fromExtension pathExtension: String) -> String? {
[169/592] Compiling SnapshotTesting URLRequest.swift
/host/spi-builder-workspace/.build/checkouts/swift-snapshot-testing/Sources/SnapshotTesting/AssertSnapshot.swift:577:10: error: no such module 'CoreServices'
575 |
576 | #if !os(Android) && !os(Linux) && !os(Windows)
577 | import CoreServices
| `- error: no such module 'CoreServices'
578 |
579 | func uniformTypeIdentifier(fromExtension pathExtension: String) -> String? {
[170/592] Compiling OrderedCollections OrderedDictionary+Deprecations.swift
[171/592] Compiling OrderedCollections OrderedDictionary+Descriptions.swift
[172/592] Compiling OrderedCollections OrderedSet+Partial SetAlgebra formSymmetricDifference.swift
[173/592] Compiling OrderedCollections OrderedSet+Partial SetAlgebra formUnion.swift
[174/592] Compiling OrderedCollections OrderedSet+Partial SetAlgebra intersection.swift
[175/592] Compiling OrderedCollections OrderedSet+Partial SetAlgebra isDisjoint.swift
[176/592] Compiling OrderedCollections OrderedSet+Partial SetAlgebra isEqualSet.swift
[177/592] Compiling OrderedCollections OrderedSet+Partial SetAlgebra isStrictSubset.swift
[178/592] Compiling OrderedCollections OrderedSet+Partial SetAlgebra isStrictSuperset.swift
[179/592] Compiling OrderedCollections OrderedSet+Partial SetAlgebra isSubset.swift
[180/592] Compiling OrderedCollections OrderedSet+Partial SetAlgebra isSuperset.swift
[181/592] Compiling OrderedCollections OrderedSet+Partial SetAlgebra subtract.swift
[182/592] Compiling OrderedCollections OrderedSet+Partial SetAlgebra subtracting.swift
[183/592] Compiling OrderedCollections OrderedSet+Partial SetAlgebra symmetricDifference.swift
[184/592] Compiling OrderedCollections OrderedSet+Partial SetAlgebra union.swift
[185/592] Compiling OrderedCollections OrderedSet+Partial SetAlgebra+Basics.swift
[186/592] Compiling OrderedCollections OrderedSet+RandomAccessCollection.swift
[187/592] Compiling OrderedCollections OrderedSet+ReserveCapacity.swift
[190/599] Compiling OrderedCollections OrderedSet+Insertions.swift
[191/599] Compiling OrderedCollections OrderedSet+Invariants.swift
[192/599] Compiling OrderedCollections OrderedSet+Move.swift
[193/599] Compiling OrderedCollections OrderedSet+Partial MutableCollection.swift
[194/599] Compiling OrderedCollections OrderedSet+Partial RangeReplaceableCollection.swift
[195/599] Compiling OrderedCollections OrderedSet+Partial SetAlgebra formIntersection.swift
[200/599] Compiling IssueReporting WithExpectedIssue.swift
[201/599] Compiling IssueReporting WithIssueContext.swift
[202/599] Compiling OrderedCollections OrderedDictionary+Equatable.swift
[203/599] Compiling OrderedCollections OrderedDictionary+ExpressibleByDictionaryLiteral.swift
[206/599] Compiling OrderedCollections OrderedDictionary+Hashable.swift
[207/599] Compiling OrderedCollections OrderedDictionary+Initializers.swift
[208/599] Compiling OrderedCollections OrderedDictionary+Invariants.swift
[209/599] Compiling OrderedCollections OrderedDictionary+Move.swift
[210/599] Compiling OrderedCollections OrderedDictionary+Partial MutableCollection.swift
[211/599] Compiling OrderedCollections OrderedDictionary+Partial RangeReplaceableCollection.swift
[212/599] Compiling OrderedCollections OrderedDictionary+Sendable.swift
[214/599] Compiling OrderedCollections OrderedDictionary+Values.swift
[215/599] Compiling OrderedCollections OrderedDictionary.swift
[222/599] Emitting module IssueReporting
[232/607] Compiling OrderedCollections _HashTable+CustomStringConvertible.swift
[233/607] Compiling OrderedCollections _HashTable+Testing.swift
[234/607] Compiling OrderedCollections _HashTable+UnsafeHandle.swift
/host/spi-builder-workspace/.build/checkouts/swift-snapshot-testing/Sources/SnapshotTesting/AssertSnapshot.swift:577:10: error: no such module 'CoreServices'
575 |
576 | #if !os(Android) && !os(Linux) && !os(Windows)
577 | import CoreServices
| `- error: no such module 'CoreServices'
578 |
579 | func uniformTypeIdentifier(fromExtension pathExtension: String) -> String? {
/host/spi-builder-workspace/.build/checkouts/swift-snapshot-testing/Sources/SnapshotTesting/AssertSnapshot.swift:577:10: error: no such module 'CoreServices'
575 |
576 | #if !os(Android) && !os(Linux) && !os(Windows)
577 | import CoreServices
| `- error: no such module 'CoreServices'
578 |
579 | func uniformTypeIdentifier(fromExtension pathExtension: String) -> String? {
/host/spi-builder-workspace/.build/checkouts/swift-snapshot-testing/Sources/SnapshotTesting/AssertSnapshot.swift:577:10: error: no such module 'CoreServices'
575 |
576 | #if !os(Android) && !os(Linux) && !os(Windows)
577 | import CoreServices
| `- error: no such module 'CoreServices'
578 |
579 | func uniformTypeIdentifier(fromExtension pathExtension: String) -> String? {
/host/spi-builder-workspace/.build/checkouts/swift-snapshot-testing/Sources/SnapshotTesting/AssertSnapshot.swift:577:10: error: no such module 'CoreServices'
575 |
576 | #if !os(Android) && !os(Linux) && !os(Windows)
577 | import CoreServices
| `- error: no such module 'CoreServices'
578 |
579 | func uniformTypeIdentifier(fromExtension pathExtension: String) -> String? {
[239/607] Compiling IssueReportingTestSupport _Test.swift
/host/spi-builder-workspace/.build/checkouts/swift-snapshot-testing/Sources/SnapshotTesting/AssertSnapshot.swift:577:10: error: no such module 'CoreServices'
575 |
576 | #if !os(Android) && !os(Linux) && !os(Windows)
577 | import CoreServices
| `- error: no such module 'CoreServices'
578 |
579 | func uniformTypeIdentifier(fromExtension pathExtension: String) -> String? {
/host/spi-builder-workspace/.build/checkouts/swift-snapshot-testing/Sources/SnapshotTesting/AssertSnapshot.swift:577:10: error: no such module 'CoreServices'
575 |
576 | #if !os(Android) && !os(Linux) && !os(Windows)
577 | import CoreServices
| `- error: no such module 'CoreServices'
578 |
579 | func uniformTypeIdentifier(fromExtension pathExtension: String) -> String? {
/host/spi-builder-workspace/.build/checkouts/swift-snapshot-testing/Sources/SnapshotTesting/AssertSnapshot.swift:577:10: error: no such module 'CoreServices'
575 |
576 | #if !os(Android) && !os(Linux) && !os(Windows)
577 | import CoreServices
| `- error: no such module 'CoreServices'
578 |
579 | func uniformTypeIdentifier(fromExtension pathExtension: String) -> String? {
/host/spi-builder-workspace/.build/checkouts/swift-snapshot-testing/Sources/SnapshotTesting/AssertSnapshot.swift:577:10: error: no such module 'CoreServices'
575 |
576 | #if !os(Android) && !os(Linux) && !os(Windows)
577 | import CoreServices
| `- error: no such module 'CoreServices'
578 |
579 | func uniformTypeIdentifier(fromExtension pathExtension: String) -> String? {
[244/607] Emitting module IssueReportingTestSupport
[245/607] Compiling IssueReportingTestSupport XCTest.swift
[246/607] Compiling SwiftSyntax SyntaxNodesC.swift
<module-includes>:1:10: note: in file included from <module-includes>:1:
1 | #include "shim.h"
| `- note: in file included from <module-includes>:1:
2 |
/host/spi-builder-workspace/.build/checkouts/GRDB.swift/Sources/GRDBSQLite/shim.h:1:10: error: 'sqlite3.h' file not found
1 | #include <sqlite3.h>
| `- error: 'sqlite3.h' file not found
2 |
3 | typedef void(*_errorLogCallback)(void *pArg, int iErrCode, const char *zMsg);
/host/spi-builder-workspace/.build/checkouts/GRDB.swift/GRDB/Core/Configuration.swift:10:8: error: could not build C module 'GRDBSQLite'
8 | import SQLCipher
9 | #else // Default SPM trait must be the default. It impossible to detect from Xcode.
10 | import GRDBSQLite
| `- error: could not build C module 'GRDBSQLite'
11 | #endif
12 |
[247/607] Compiling SwiftSyntax SyntaxNodesD.swift
<module-includes>:1:10: note: in file included from <module-includes>:1:
1 | #include "shim.h"
| `- note: in file included from <module-includes>:1:
2 |
/host/spi-builder-workspace/.build/checkouts/GRDB.swift/Sources/GRDBSQLite/shim.h:1:10: error: 'sqlite3.h' file not found
1 | #include <sqlite3.h>
| `- error: 'sqlite3.h' file not found
2 |
3 | typedef void(*_errorLogCallback)(void *pArg, int iErrCode, const char *zMsg);
/host/spi-builder-workspace/.build/checkouts/GRDB.swift/GRDB/Core/Configuration.swift:10:8: error: could not build C module 'GRDBSQLite'
8 | import SQLCipher
9 | #else // Default SPM trait must be the default. It impossible to detect from Xcode.
10 | import GRDBSQLite
| `- error: could not build C module 'GRDBSQLite'
11 | #endif
12 |
[248/607] Compiling SwiftSyntax SyntaxNodesEF.swift
<module-includes>:1:10: note: in file included from <module-includes>:1:
1 | #include "shim.h"
| `- note: in file included from <module-includes>:1:
2 |
/host/spi-builder-workspace/.build/checkouts/GRDB.swift/Sources/GRDBSQLite/shim.h:1:10: error: 'sqlite3.h' file not found
1 | #include <sqlite3.h>
| `- error: 'sqlite3.h' file not found
2 |
3 | typedef void(*_errorLogCallback)(void *pArg, int iErrCode, const char *zMsg);
/host/spi-builder-workspace/.build/checkouts/GRDB.swift/GRDB/Core/Configuration.swift:10:8: error: could not build C module 'GRDBSQLite'
8 | import SQLCipher
9 | #else // Default SPM trait must be the default. It impossible to detect from Xcode.
10 | import GRDBSQLite
| `- error: could not build C module 'GRDBSQLite'
11 | #endif
12 |
[249/607] Compiling SwiftSyntax SyntaxNodesGHI.swift
<module-includes>:1:10: note: in file included from <module-includes>:1:
1 | #include "shim.h"
| `- note: in file included from <module-includes>:1:
2 |
/host/spi-builder-workspace/.build/checkouts/GRDB.swift/Sources/GRDBSQLite/shim.h:1:10: error: 'sqlite3.h' file not found
1 | #include <sqlite3.h>
| `- error: 'sqlite3.h' file not found
2 |
3 | typedef void(*_errorLogCallback)(void *pArg, int iErrCode, const char *zMsg);
/host/spi-builder-workspace/.build/checkouts/GRDB.swift/GRDB/Core/Configuration.swift:10:8: error: could not build C module 'GRDBSQLite'
8 | import SQLCipher
9 | #else // Default SPM trait must be the default. It impossible to detect from Xcode.
10 | import GRDBSQLite
| `- error: could not build C module 'GRDBSQLite'
11 | #endif
12 |
[250/607] Compiling SwiftSyntax SyntaxNodesJKLMN.swift
<module-includes>:1:10: note: in file included from <module-includes>:1:
1 | #include "shim.h"
| `- note: in file included from <module-includes>:1:
2 |
/host/spi-builder-workspace/.build/checkouts/GRDB.swift/Sources/GRDBSQLite/shim.h:1:10: error: 'sqlite3.h' file not found
1 | #include <sqlite3.h>
| `- error: 'sqlite3.h' file not found
2 |
3 | typedef void(*_errorLogCallback)(void *pArg, int iErrCode, const char *zMsg);
/host/spi-builder-workspace/.build/checkouts/GRDB.swift/GRDB/Core/Configuration.swift:10:8: error: could not build C module 'GRDBSQLite'
8 | import SQLCipher
9 | #else // Default SPM trait must be the default. It impossible to detect from Xcode.
10 | import GRDBSQLite
| `- error: could not build C module 'GRDBSQLite'
11 | #endif
12 |
[251/607] Compiling SwiftSyntax SyntaxNodesOP.swift
<module-includes>:1:10: note: in file included from <module-includes>:1:
1 | #include "shim.h"
| `- note: in file included from <module-includes>:1:
2 |
/host/spi-builder-workspace/.build/checkouts/GRDB.swift/Sources/GRDBSQLite/shim.h:1:10: error: 'sqlite3.h' file not found
1 | #include <sqlite3.h>
| `- error: 'sqlite3.h' file not found
2 |
3 | typedef void(*_errorLogCallback)(void *pArg, int iErrCode, const char *zMsg);
/host/spi-builder-workspace/.build/checkouts/GRDB.swift/GRDB/Core/Configuration.swift:10:8: error: could not build C module 'GRDBSQLite'
8 | import SQLCipher
9 | #else // Default SPM trait must be the default. It impossible to detect from Xcode.
10 | import GRDBSQLite
| `- error: could not build C module 'GRDBSQLite'
11 | #endif
12 |
[252/607] Compiling SwiftSyntax SyntaxNodesQRS.swift
<module-includes>:1:10: note: in file included from <module-includes>:1:
1 | #include "shim.h"
| `- note: in file included from <module-includes>:1:
2 |
/host/spi-builder-workspace/.build/checkouts/GRDB.swift/Sources/GRDBSQLite/shim.h:1:10: error: 'sqlite3.h' file not found
1 | #include <sqlite3.h>
| `- error: 'sqlite3.h' file not found
2 |
3 | typedef void(*_errorLogCallback)(void *pArg, int iErrCode, const char *zMsg);
/host/spi-builder-workspace/.build/checkouts/GRDB.swift/GRDB/Core/Configuration.swift:10:8: error: could not build C module 'GRDBSQLite'
8 | import SQLCipher
9 | #else // Default SPM trait must be the default. It impossible to detect from Xcode.
10 | import GRDBSQLite
| `- error: could not build C module 'GRDBSQLite'
11 | #endif
12 |
[253/607] Compiling SwiftSyntax SyntaxNodesTUVWXYZ.swift
<module-includes>:1:10: note: in file included from <module-includes>:1:
1 | #include "shim.h"
| `- note: in file included from <module-includes>:1:
2 |
/host/spi-builder-workspace/.build/checkouts/GRDB.swift/Sources/GRDBSQLite/shim.h:1:10: error: 'sqlite3.h' file not found
1 | #include <sqlite3.h>
| `- error: 'sqlite3.h' file not found
2 |
3 | typedef void(*_errorLogCallback)(void *pArg, int iErrCode, const char *zMsg);
/host/spi-builder-workspace/.build/checkouts/GRDB.swift/GRDB/Core/Configuration.swift:10:8: error: could not build C module 'GRDBSQLite'
8 | import SQLCipher
9 | #else // Default SPM trait must be the default. It impossible to detect from Xcode.
10 | import GRDBSQLite
| `- error: could not build C module 'GRDBSQLite'
11 | #endif
12 |
[254/607] Compiling GRDB FTS5.swift
<module-includes>:1:10: note: in file included from <module-includes>:1:
1 | #include "shim.h"
| `- note: in file included from <module-includes>:1:
2 |
/host/spi-builder-workspace/.build/checkouts/GRDB.swift/Sources/GRDBSQLite/shim.h:1:10: error: 'sqlite3.h' file not found
1 | #include <sqlite3.h>
| `- error: 'sqlite3.h' file not found
2 |
3 | typedef void(*_errorLogCallback)(void *pArg, int iErrCode, const char *zMsg);
/host/spi-builder-workspace/.build/checkouts/GRDB.swift/GRDB/Core/Configuration.swift:10:8: error: could not build C module 'GRDBSQLite'
8 | import SQLCipher
9 | #else // Default SPM trait must be the default. It impossible to detect from Xcode.
10 | import GRDBSQLite
| `- error: could not build C module 'GRDBSQLite'
11 | #endif
12 |
[255/607] Compiling GRDB FTS5CustomTokenizer.swift
<module-includes>:1:10: note: in file included from <module-includes>:1:
1 | #include "shim.h"
| `- note: in file included from <module-includes>:1:
2 |
/host/spi-builder-workspace/.build/checkouts/GRDB.swift/Sources/GRDBSQLite/shim.h:1:10: error: 'sqlite3.h' file not found
1 | #include <sqlite3.h>
| `- error: 'sqlite3.h' file not found
2 |
3 | typedef void(*_errorLogCallback)(void *pArg, int iErrCode, const char *zMsg);
/host/spi-builder-workspace/.build/checkouts/GRDB.swift/GRDB/Core/Configuration.swift:10:8: error: could not build C module 'GRDBSQLite'
8 | import SQLCipher
9 | #else // Default SPM trait must be the default. It impossible to detect from Xcode.
10 | import GRDBSQLite
| `- error: could not build C module 'GRDBSQLite'
11 | #endif
12 |
[256/607] Compiling GRDB FTS5Pattern.swift
<module-includes>:1:10: note: in file included from <module-includes>:1:
1 | #include "shim.h"
| `- note: in file included from <module-includes>:1:
2 |
/host/spi-builder-workspace/.build/checkouts/GRDB.swift/Sources/GRDBSQLite/shim.h:1:10: error: 'sqlite3.h' file not found
1 | #include <sqlite3.h>
| `- error: 'sqlite3.h' file not found
2 |
3 | typedef void(*_errorLogCallback)(void *pArg, int iErrCode, const char *zMsg);
/host/spi-builder-workspace/.build/checkouts/GRDB.swift/GRDB/Core/Configuration.swift:10:8: error: could not build C module 'GRDBSQLite'
8 | import SQLCipher
9 | #else // Default SPM trait must be the default. It impossible to detect from Xcode.
10 | import GRDBSQLite
| `- error: could not build C module 'GRDBSQLite'
11 | #endif
12 |
[257/607] Compiling GRDB FTS5Tokenizer.swift
<module-includes>:1:10: note: in file included from <module-includes>:1:
1 | #include "shim.h"
| `- note: in file included from <module-includes>:1:
2 |
/host/spi-builder-workspace/.build/checkouts/GRDB.swift/Sources/GRDBSQLite/shim.h:1:10: error: 'sqlite3.h' file not found
1 | #include <sqlite3.h>
| `- error: 'sqlite3.h' file not found
2 |
3 | typedef void(*_errorLogCallback)(void *pArg, int iErrCode, const char *zMsg);
/host/spi-builder-workspace/.build/checkouts/GRDB.swift/GRDB/Core/Configuration.swift:10:8: error: could not build C module 'GRDBSQLite'
8 | import SQLCipher
9 | #else // Default SPM trait must be the default. It impossible to detect from Xcode.
10 | import GRDBSQLite
| `- error: could not build C module 'GRDBSQLite'
11 | #endif
12 |
[258/607] Compiling GRDB FTS5TokenizerDescriptor.swift
<module-includes>:1:10: note: in file included from <module-includes>:1:
1 | #include "shim.h"
| `- note: in file included from <module-includes>:1:
2 |
/host/spi-builder-workspace/.build/checkouts/GRDB.swift/Sources/GRDBSQLite/shim.h:1:10: error: 'sqlite3.h' file not found
1 | #include <sqlite3.h>
| `- error: 'sqlite3.h' file not found
2 |
3 | typedef void(*_errorLogCallback)(void *pArg, int iErrCode, const char *zMsg);
/host/spi-builder-workspace/.build/checkouts/GRDB.swift/GRDB/Core/Configuration.swift:10:8: error: could not build C module 'GRDBSQLite'
8 | import SQLCipher
9 | #else // Default SPM trait must be the default. It impossible to detect from Xcode.
10 | import GRDBSQLite
| `- error: could not build C module 'GRDBSQLite'
11 | #endif
12 |
[259/607] Compiling GRDB FTS5WrapperTokenizer.swift
<module-includes>:1:10: note: in file included from <module-includes>:1:
1 | #include "shim.h"
| `- note: in file included from <module-includes>:1:
2 |
/host/spi-builder-workspace/.build/checkouts/GRDB.swift/Sources/GRDBSQLite/shim.h:1:10: error: 'sqlite3.h' file not found
1 | #include <sqlite3.h>
| `- error: 'sqlite3.h' file not found
2 |
3 | typedef void(*_errorLogCallback)(void *pArg, int iErrCode, const char *zMsg);
/host/spi-builder-workspace/.build/checkouts/GRDB.swift/GRDB/Core/Configuration.swift:10:8: error: could not build C module 'GRDBSQLite'
8 | import SQLCipher
9 | #else // Default SPM trait must be the default. It impossible to detect from Xcode.
10 | import GRDBSQLite
| `- error: could not build C module 'GRDBSQLite'
11 | #endif
12 |
[260/607] Compiling GRDB Fixits.swift
<module-includes>:1:10: note: in file included from <module-includes>:1:
1 | #include "shim.h"
| `- note: in file included from <module-includes>:1:
2 |
/host/spi-builder-workspace/.build/checkouts/GRDB.swift/Sources/GRDBSQLite/shim.h:1:10: error: 'sqlite3.h' file not found
1 | #include <sqlite3.h>
| `- error: 'sqlite3.h' file not found
2 |
3 | typedef void(*_errorLogCallback)(void *pArg, int iErrCode, const char *zMsg);
/host/spi-builder-workspace/.build/checkouts/GRDB.swift/GRDB/Core/Configuration.swift:10:8: error: could not build C module 'GRDBSQLite'
8 | import SQLCipher
9 | #else // Default SPM trait must be the default. It impossible to detect from Xcode.
10 | import GRDBSQLite
| `- error: could not build C module 'GRDBSQLite'
11 | #endif
12 |
[261/607] Compiling GRDB JSONColumn.swift
<module-includes>:1:10: note: in file included from <module-includes>:1:
1 | #include "shim.h"
| `- note: in file included from <module-includes>:1:
2 |
/host/spi-builder-workspace/.build/checkouts/GRDB.swift/Sources/GRDBSQLite/shim.h:1:10: error: 'sqlite3.h' file not found
1 | #include <sqlite3.h>
| `- error: 'sqlite3.h' file not found
2 |
3 | typedef void(*_errorLogCallback)(void *pArg, int iErrCode, const char *zMsg);
/host/spi-builder-workspace/.build/checkouts/GRDB.swift/GRDB/Core/Configuration.swift:10:8: error: could not build C module 'GRDBSQLite'
8 | import SQLCipher
9 | #else // Default SPM trait must be the default. It impossible to detect from Xcode.
10 | import GRDBSQLite
| `- error: could not build C module 'GRDBSQLite'
11 | #endif
12 |
[262/607] Compiling GRDB SQLJSONExpressible.swift
<module-includes>:1:10: note: in file included from <module-includes>:1:
1 | #include "shim.h"
| `- note: in file included from <module-includes>:1:
2 |
/host/spi-builder-workspace/.build/checkouts/GRDB.swift/Sources/GRDBSQLite/shim.h:1:10: error: 'sqlite3.h' file not found
1 | #include <sqlite3.h>
| `- error: 'sqlite3.h' file not found
2 |
3 | typedef void(*_errorLogCallback)(void *pArg, int iErrCode, const char *zMsg);
/host/spi-builder-workspace/.build/checkouts/GRDB.swift/GRDB/Core/Configuration.swift:10:8: error: could not build C module 'GRDBSQLite'
8 | import SQLCipher
9 | #else // Default SPM trait must be the default. It impossible to detect from Xcode.
10 | import GRDBSQLite
| `- error: could not build C module 'GRDBSQLite'
11 | #endif
12 |
[263/607] Compiling GRDB SQLJSONFunctions.swift
<module-includes>:1:10: note: in file included from <module-includes>:1:
1 | #include "shim.h"
| `- note: in file included from <module-includes>:1:
2 |
/host/spi-builder-workspace/.build/checkouts/GRDB.swift/Sources/GRDBSQLite/shim.h:1:10: error: 'sqlite3.h' file not found
1 | #include <sqlite3.h>
| `- error: 'sqlite3.h' file not found
2 |
3 | typedef void(*_errorLogCallback)(void *pArg, int iErrCode, const char *zMsg);
/host/spi-builder-workspace/.build/checkouts/GRDB.swift/GRDB/Core/Configuration.swift:10:8: error: could not build C module 'GRDBSQLite'
8 | import SQLCipher
9 | #else // Default SPM trait must be the default. It impossible to detect from Xcode.
10 | import GRDBSQLite
| `- error: could not build C module 'GRDBSQLite'
11 | #endif
12 |
[264/607] Compiling GRDB DatabaseMigrator.swift
<module-includes>:1:10: note: in file included from <module-includes>:1:
1 | #include "shim.h"
| `- note: in file included from <module-includes>:1:
2 |
/host/spi-builder-workspace/.build/checkouts/GRDB.swift/Sources/GRDBSQLite/shim.h:1:10: error: 'sqlite3.h' file not found
1 | #include <sqlite3.h>
| `- error: 'sqlite3.h' file not found
2 |
3 | typedef void(*_errorLogCallback)(void *pArg, int iErrCode, const char *zMsg);
/host/spi-builder-workspace/.build/checkouts/GRDB.swift/GRDB/Core/Configuration.swift:10:8: error: could not build C module 'GRDBSQLite'
8 | import SQLCipher
9 | #else // Default SPM trait must be the default. It impossible to detect from Xcode.
10 | import GRDBSQLite
| `- error: could not build C module 'GRDBSQLite'
11 | #endif
12 |
[265/607] Compiling GRDB Migration.swift
<module-includes>:1:10: note: in file included from <module-includes>:1:
1 | #include "shim.h"
| `- note: in file included from <module-includes>:1:
2 |
/host/spi-builder-workspace/.build/checkouts/GRDB.swift/Sources/GRDBSQLite/shim.h:1:10: error: 'sqlite3.h' file not found
1 | #include <sqlite3.h>
| `- error: 'sqlite3.h' file not found
2 |
3 | typedef void(*_errorLogCallback)(void *pArg, int iErrCode, const char *zMsg);
/host/spi-builder-workspace/.build/checkouts/GRDB.swift/GRDB/Core/Configuration.swift:10:8: error: could not build C module 'GRDBSQLite'
8 | import SQLCipher
9 | #else // Default SPM trait must be the default. It impossible to detect from Xcode.
10 | import GRDBSQLite
| `- error: could not build C module 'GRDBSQLite'
11 | #endif
12 |
[266/607] Compiling GRDB FTS3+QueryInterface.swift
<module-includes>:1:10: note: in file included from <module-includes>:1:
1 | #include "shim.h"
| `- note: in file included from <module-includes>:1:
2 |
/host/spi-builder-workspace/.build/checkouts/GRDB.swift/Sources/GRDBSQLite/shim.h:1:10: error: 'sqlite3.h' file not found
1 | #include <sqlite3.h>
| `- error: 'sqlite3.h' file not found
2 |
3 | typedef void(*_errorLogCallback)(void *pArg, int iErrCode, const char *zMsg);
/host/spi-builder-workspace/.build/checkouts/GRDB.swift/GRDB/Core/Configuration.swift:10:8: error: could not build C module 'GRDBSQLite'
8 | import SQLCipher
9 | #else // Default SPM trait must be the default. It impossible to detect from Xcode.
10 | import GRDBSQLite
| `- error: could not build C module 'GRDBSQLite'
11 | #endif
12 |
[273/628] Compiling OrderedCollections _HashTable.swift
[274/628] Compiling OrderedCollections _Hashtable+Header.swift
<module-includes>:1:10: note: in file included from <module-includes>:1:
1 | #include "shim.h"
| `- note: in file included from <module-includes>:1:
2 |
/host/spi-builder-workspace/.build/checkouts/GRDB.swift/Sources/GRDBSQLite/shim.h:1:10: error: 'sqlite3.h' file not found
1 | #include <sqlite3.h>
| `- error: 'sqlite3.h' file not found
2 |
3 | typedef void(*_errorLogCallback)(void *pArg, int iErrCode, const char *zMsg);
[276/628] Compiling ConcurrencyExtras Result.swift
[277/628] Compiling ConcurrencyExtras LockIsolated.swift
BUILD FAILURE 6.2 wasm