Build Information
Failed to build Ricemill, reference master (7ef039), with Swift 6.4 for watchOS using Xcode 27.0 on 17 Sep 2026 15:17:51 UTC.
Build Command
env DEVELOPER_DIR=/Applications/Xcode-27.0.0-Release.Candidate.app xcrun xcodebuild -IDEClonedSourcePackagesDirPathOverride=$PWD/.dependencies -skipMacroValidation -skipPackagePluginValidation -derivedDataPath $PWD/.derivedData build -scheme Ricemill -destination generic/platform=watchOSBuild Log
========================================
RunAll
========================================
Builder version: 5.1.0
Interrupt handler set up.
========================================
Checkout
========================================
Clone URL: https://github.com/marty-suzuki/Ricemill.git
Reference: master
Initialized empty Git repository in /Users/admin/builder/spi-builder-workspace/.git/
From https://github.com/marty-suzuki/Ricemill
* branch master -> FETCH_HEAD
* [new branch] master -> origin/master
HEAD is now at 7ef039a Update README
Cloned https://github.com/marty-suzuki/Ricemill.git
Revision (git rev-parse @):
7ef039a0c79704194f4cc082171824106bedbc60
SUCCESS checkout https://github.com/marty-suzuki/Ricemill.git at master
========================================
Build
========================================
Selected platform: watchOS
Swift version: 6.4
Building package at path: $PWD
https://github.com/marty-suzuki/Ricemill.git
Command line invocation:
/Applications/Xcode-27.0.0-Release.Candidate.app/Contents/Developer/usr/bin/xcodebuild -IDEClonedSourcePackagesDirPathOverride=/Users/admin/builder/spi-builder-workspace/.dependencies -resolvePackageDependencies
resolved source packages:
{
"dependencies" : [
],
"manifest_display_name" : "Ricemill",
"name" : "Ricemill",
"path" : "/Users/admin/builder/spi-builder-workspace",
"platforms" : [
{
"name" : "macos",
"version" : "10.15"
},
{
"name" : "ios",
"version" : "13.0"
},
{
"name" : "tvos",
"version" : "13.0"
},
{
"name" : "watchos",
"version" : "6.0"
}
],
"products" : [
{
"name" : "Ricemill",
"targets" : [
"Ricemill"
],
"type" : {
"library" : [
"automatic"
]
}
}
],
"targets" : [
{
"c99name" : "RicemillTests",
"module_type" : "SwiftTarget",
"name" : "RicemillTests",
"path" : "Tests/RicemillTests",
"sources" : [
"RicemillTests.swift",
"XCTestManifests.swift"
],
"target_dependencies" : [
"Ricemill"
],
"type" : "test"
},
{
"c99name" : "Ricemill",
"module_type" : "SwiftTarget",
"name" : "Ricemill",
"path" : "Sources/Ricemill",
"product_memberships" : [
"Ricemill"
],
"sources" : [
"AnyResolverBasedMachine.swift",
"Machine.swift",
"MachineType.swift",
"Polished.swift",
"Proxy.swift",
"Publishing.swift"
],
"type" : "library"
}
],
"tools_version" : "5.1"
}
{
"project" : {
"configurations" : [
"Debug",
"Release"
],
"name" : "Ricemill",
"schemes" : [
"Ricemill"
],
"targets" : [
"Ricemill",
"RicemillPackageDescription",
"RicemillPackageTests",
"RicemillTests"
]
}
}
Running build ...
env DEVELOPER_DIR=/Applications/Xcode-27.0.0-Release.Candidate.app xcrun xcodebuild -IDEClonedSourcePackagesDirPathOverride=$PWD/.dependencies -skipMacroValidation -skipPackagePluginValidation -derivedDataPath $PWD/.derivedData build -scheme Ricemill -destination generic/platform=watchOS
Command line invocation:
/Applications/Xcode-27.0.0-Release.Candidate.app/Contents/Developer/usr/bin/xcodebuild -IDEClonedSourcePackagesDirPathOverride=/Users/admin/builder/spi-builder-workspace/.dependencies -skipMacroValidation -skipPackagePluginValidation -derivedDataPath /Users/admin/builder/spi-builder-workspace/.derivedData build -scheme Ricemill -destination generic/platform=watchOS
ComputePackagePrebuildTargetDependencyGraph
Prepare packages
CreateBuildRequest
SendProjectDescription
CreateBuildOperation
ComputeTargetDependencyGraph
note: Building targets in dependency order
note: Target dependency graph (1 target)
Target 'Ricemill' in project 'Ricemill' (no dependencies)
GatherProvisioningInputs
CreateBuildDescription
ExecuteExternalTool /Applications/Xcode-27.0.0-Release.Candidate.app/Contents/Developer/Toolchains/XcodeDefault.xctoolchain/usr/bin/clang -v -E -dM -isysroot /Applications/Xcode-27.0.0-Release.Candidate.app/Contents/Developer/Platforms/WatchOS.platform/Developer/SDKs/WatchOS27.0.sdk -x c -c /dev/null
ExecuteExternalTool /Applications/Xcode-27.0.0-Release.Candidate.app/Contents/Developer/Toolchains/XcodeDefault.xctoolchain/usr/bin/swiftc --version
ExecuteExternalTool /Applications/Xcode-27.0.0-Release.Candidate.app/Contents/Developer/Toolchains/XcodeDefault.xctoolchain/usr/bin/ld -version_details
Build description signature: 6e5102820e9f82e6a371c955cb792567
Build description path: /Users/admin/builder/spi-builder-workspace/.derivedData/Build/Intermediates.noindex/XCBuildData/6e5102820e9f82e6a371c955cb792567.xcbuilddata
/Users/admin/builder/spi-builder-workspace/Ricemill.xcodeproj: error: The watchOS deployment target 'WATCHOS_DEPLOYMENT_TARGET' is set to 6.0, but the range of supported deployment target versions is 9.0 to 27.0.x. (in target 'Ricemill' from project 'Ricemill')
error: The armv7k architecture is deprecated. You should update your ARCHS build setting to remove the armv7k architecture. (in target 'Ricemill' from project 'Ricemill')
** BUILD FAILED **
The following build commands failed:
Building project Ricemill with scheme Ricemill
(1 failure)
Command line invocation:
/Applications/Xcode-27.0.0-Release.Candidate.app/Contents/Developer/usr/bin/xcodebuild -IDEClonedSourcePackagesDirPathOverride=/Users/admin/builder/spi-builder-workspace/.dependencies -resolvePackageDependencies
resolved source packages:
{
"dependencies" : [
],
"manifest_display_name" : "Ricemill",
"name" : "Ricemill",
"path" : "/Users/admin/builder/spi-builder-workspace",
"platforms" : [
{
"name" : "macos",
"version" : "10.15"
},
{
"name" : "ios",
"version" : "13.0"
},
{
"name" : "tvos",
"version" : "13.0"
},
{
"name" : "watchos",
"version" : "6.0"
}
],
"products" : [
{
"name" : "Ricemill",
"targets" : [
"Ricemill"
],
"type" : {
"library" : [
"automatic"
]
}
}
],
"targets" : [
{
"c99name" : "RicemillTests",
"module_type" : "SwiftTarget",
"name" : "RicemillTests",
"path" : "Tests/RicemillTests",
"sources" : [
"RicemillTests.swift",
"XCTestManifests.swift"
],
"target_dependencies" : [
"Ricemill"
],
"type" : "test"
},
{
"c99name" : "Ricemill",
"module_type" : "SwiftTarget",
"name" : "Ricemill",
"path" : "Sources/Ricemill",
"product_memberships" : [
"Ricemill"
],
"sources" : [
"AnyResolverBasedMachine.swift",
"Machine.swift",
"MachineType.swift",
"Polished.swift",
"Proxy.swift",
"Publishing.swift"
],
"type" : "library"
}
],
"tools_version" : "5.1"
}
{
"project" : {
"configurations" : [
"Debug",
"Release"
],
"name" : "Ricemill",
"schemes" : [
"Ricemill"
],
"targets" : [
"Ricemill",
"RicemillPackageDescription",
"RicemillPackageTests",
"RicemillTests"
]
}
}
Running build ...
env DEVELOPER_DIR=/Applications/Xcode-27.0.0-Release.Candidate.app xcrun xcodebuild -IDEClonedSourcePackagesDirPathOverride=$PWD/.dependencies -skipMacroValidation -skipPackagePluginValidation -derivedDataPath $PWD/.derivedData build -scheme Ricemill -destination generic/platform=watchOS
Command line invocation:
/Applications/Xcode-27.0.0-Release.Candidate.app/Contents/Developer/usr/bin/xcodebuild -IDEClonedSourcePackagesDirPathOverride=/Users/admin/builder/spi-builder-workspace/.dependencies -skipMacroValidation -skipPackagePluginValidation -derivedDataPath /Users/admin/builder/spi-builder-workspace/.derivedData build -scheme Ricemill -destination generic/platform=watchOS
ComputePackagePrebuildTargetDependencyGraph
Prepare packages
CreateBuildRequest
SendProjectDescription
CreateBuildOperation
ComputeTargetDependencyGraph
note: Building targets in dependency order
note: Target dependency graph (1 target)
Target 'Ricemill' in project 'Ricemill' (no dependencies)
GatherProvisioningInputs
CreateBuildDescription
error: The armv7k architecture is deprecated. You should update your ARCHS build setting to remove the armv7k architecture. (in target 'Ricemill' from project 'Ricemill')
/Users/admin/builder/spi-builder-workspace/Ricemill.xcodeproj: error: The watchOS deployment target 'WATCHOS_DEPLOYMENT_TARGET' is set to 6.0, but the range of supported deployment target versions is 9.0 to 27.0.x. (in target 'Ricemill' from project 'Ricemill')
** BUILD FAILED **
The following build commands failed:
Building project Ricemill with scheme Ricemill
(1 failure)
BUILD FAILURE 6.4 watchOS