The Swift Package Index logo.Swift Package Index

Build Information

Failed to build NyaruDB2, reference main (389909), with Swift 6.2 for Linux on 11 Aug 2026 00:33:13 UTC.

Build Command

bash -c docker run --pull=always --rm -v "checkouts-54344847-0":/host -w "$PWD" -e JAVA_HOME="/root/.sdkman/candidates/java/current" -e SPI_BUILD="1" -e SPI_PROCESSING="1" registry.gitlab.com/saguaro1/spi-images:basic-6.2-latest swift build --triple x86_64-unknown-linux-gnu 2>&1

Build Log

========================================
RunAll
========================================
Builder version: 729ceb5fcd9493dc13ee340bc4f0908bd201f85d
Interrupt handler set up.
========================================
Checkout
========================================
Clone URL: https://github.com/maltzsama/nyarudb2.git
Reference: main
Initialized empty Git repository in /host/spi-builder-workspace/.git/
hint: Using 'master' as the name for the initial branch. This default branch name
hint: is subject to change. To configure the initial branch name to use in all
hint: of your new repositories, which will suppress this warning, call:
hint:
hint: 	git config --global init.defaultBranch <name>
hint:
hint: Names commonly chosen instead of 'master' are 'main', 'trunk' and
hint: 'development'. The just-created branch can be renamed via this command:
hint:
hint: 	git branch -m <name>
From https://github.com/maltzsama/nyarudb2
 * branch            main       -> FETCH_HEAD
 * [new branch]      main       -> origin/main
HEAD is now at 3899095 docs: remove unsupported --hosting-base-url; serve at root base path
Cloned https://github.com/maltzsama/nyarudb2.git
Revision (git rev-parse @):
38990955f49dfe9a662c2875225d5c868b8332dd
SUCCESS checkout https://github.com/maltzsama/nyarudb2.git at main
========================================
Build
========================================
Selected platform:         linux
Swift version:             6.2
Building package at path:  $PWD
https://github.com/maltzsama/nyarudb2.git
Running build ...
bash -c docker run --pull=always --rm -v "checkouts-54344847-0":/host -w "$PWD" -e JAVA_HOME="/root/.sdkman/candidates/java/current" -e SPI_BUILD="1" -e SPI_PROCESSING="1" registry.gitlab.com/saguaro1/spi-images:basic-6.2-latest swift build --triple x86_64-unknown-linux-gnu 2>&1
basic-6.2-latest: Pulling from saguaro1/spi-images
Digest: sha256:4f3911e0f09a6ac47ac813ad3222aa373869118ee0ae384fd641a13da74b5e3f
Status: Image is up to date for registry.gitlab.com/saguaro1/spi-images:basic-6.2-latest
Fetching https://github.com/apple/swift-crypto
Fetching https://github.com/galileostd/swift-msgpack
Fetching https://github.com/apple/swift-docc-plugin
Fetching https://github.com/apple/swift-log
[1/7953] Fetching swift-log
[2/10298] Fetching swift-log, swift-docc-plugin
[7871/11124] Fetching swift-log, swift-docc-plugin, swift-msgpack
Fetched https://github.com/apple/swift-log from cache (0.50s)
[1/18266] Fetching swift-crypto
Fetched https://github.com/galileostd/swift-msgpack from cache (1.41s)
Fetched https://github.com/apple/swift-docc-plugin from cache (1.41s)
Fetched https://github.com/apple/swift-crypto from cache (1.42s)
Computing version for https://github.com/apple/swift-docc-plugin
Computed https://github.com/apple/swift-docc-plugin at 1.4.6 (2.28s)
Fetching https://github.com/swiftlang/swift-docc-symbolkit
[1/3804] Fetching swift-docc-symbolkit
Fetched https://github.com/swiftlang/swift-docc-symbolkit from cache (0.59s)
Computing version for https://github.com/galileostd/swift-msgpack
Computed https://github.com/galileostd/swift-msgpack at 1.4.0 (0.75s)
Computing version for https://github.com/swiftlang/swift-docc-symbolkit
Computed https://github.com/swiftlang/swift-docc-symbolkit at 1.0.0 (0.18s)
Computing version for https://github.com/apple/swift-log
Computed https://github.com/apple/swift-log at 1.15.0 (0.14s)
Computing version for https://github.com/apple/swift-crypto
Computed https://github.com/apple/swift-crypto at 4.5.1 (1.15s)
Fetching https://github.com/apple/swift-asn1.git
[1/1914] Fetching swift-asn1
Fetched https://github.com/apple/swift-asn1.git from cache (0.43s)
Computing version for https://github.com/apple/swift-asn1.git
Computed https://github.com/apple/swift-asn1.git at 1.7.1 (0.62s)
Creating working copy for https://github.com/apple/swift-docc-plugin
Working copy of https://github.com/apple/swift-docc-plugin resolved at 1.4.6
Creating working copy for https://github.com/swiftlang/swift-docc-symbolkit
Working copy of https://github.com/swiftlang/swift-docc-symbolkit resolved at 1.0.0
Creating working copy for https://github.com/galileostd/swift-msgpack
Working copy of https://github.com/galileostd/swift-msgpack resolved at 1.4.0
Creating working copy for https://github.com/apple/swift-log
Working copy of https://github.com/apple/swift-log resolved at 1.15.0
Creating working copy for https://github.com/apple/swift-asn1.git
Working copy of https://github.com/apple/swift-asn1.git resolved at 1.7.1
Creating working copy for https://github.com/apple/swift-crypto
Working copy of https://github.com/apple/swift-crypto resolved at 4.5.1
[1/1] Compiling plugin Swift-DocC Preview
[2/2] Compiling plugin Swift-DocC
Building for debugging...
[2/389] Write sources
[7/389] Compiling aes.cc
[7/389] Write sources
[9/389] Compiling CXKCPShims shims.c
[10/389] Compiling SimpleFIPS202.c
[11/389] Compiling KeccakSponge.c
[12/389] Compiling ec_derive.cc
[13/389] Compiling KeccakHash.c
[14/389] Compiling md4.cc
[15/389] Compiling ec_asn1.cc
[16/389] Compiling md5.cc
[17/389] Compiling fiat_p256_adx_sqr.S
[18/389] Compiling fiat_p256_adx_mul.S
[19/389] Compiling fiat_curve25519_adx_square.S
[20/389] Compiling a_bitstr.cc
[21/389] Compiling fiat_curve25519_adx_mul.S
[22/389] Write swift-version-24593BA9C3E375BF.txt
[23/389] Compiling hash_to_curve.cc
[24/389] Compiling md5-x86_64-linux.S
[25/389] Compiling md5-x86_64-apple.S
[26/389] Compiling md5-586-linux.S
[27/389] Compiling md5-586-apple.S
[28/389] Compiling chacha20_poly1305_x86_64-apple.S
[29/397] Compiling chacha20_poly1305_armv8-win.S
[30/408] Compiling chacha20_poly1305_x86_64-linux.S
[31/408] Compiling chacha20_poly1305_armv8-linux.S
[32/408] Compiling chacha20_poly1305_armv8-apple.S
[33/408] Compiling CCryptoBoringSSLShims shims.c
[34/408] Compiling KeccakP-1600-opt64.c
[35/408] Compiling chacha-x86_64-linux.S
[36/408] Compiling chacha-x86_64-apple.S
[37/408] Compiling chacha-x86-linux.S
[38/408] Compiling chacha-x86-apple.S
[39/408] Compiling chacha-armv8-win.S
[40/408] Compiling chacha-armv8-linux.S
[41/408] Compiling chacha-armv4-linux.S
[42/408] Compiling chacha-armv8-apple.S
[43/408] Compiling err_data.cc
[44/408] Compiling aes128gcmsiv-x86_64-apple.S
[45/408] Compiling aes128gcmsiv-x86_64-linux.S
[46/408] Compiling x86_64-mont5-apple.S
[47/408] Compiling x86_64-mont-apple.S
[48/408] Compiling x86_64-mont5-linux.S
[49/408] Compiling x86_64-mont-linux.S
[50/408] Compiling x86-mont-apple.S
[51/408] Compiling x86-mont-linux.S
[52/408] Compiling vpaes-x86_64-linux.S
[53/408] Compiling vpaes-x86_64-apple.S
[54/408] Compiling vpaes-x86-apple.S
[55/408] Compiling vpaes-x86-linux.S
[56/408] Compiling vpaes-armv8-linux.S
[57/408] Compiling vpaes-armv8-win.S
[57/408] Compiling vpaes-armv8-apple.S
[59/408] Compiling vpaes-armv7-linux.S
[60/408] Compiling sha512-x86_64-apple.S
[61/408] Compiling sha512-x86_64-linux.S
[62/408] Compiling sha512-armv8-win.S
[63/408] Compiling sha512-armv8-apple.S
[64/408] Compiling sha512-armv8-linux.S
[65/408] Compiling sha512-armv4-linux.S
[66/408] Compiling sha512-586-apple.S
[67/408] Compiling sha512-586-linux.S
[68/408] Compiling sha256-armv8-win.S
[69/408] Compiling sha256-x86_64-linux.S
[70/408] Compiling sha256-armv8-linux.S
[71/408] Compiling sha256-x86_64-apple.S
[72/408] Compiling sha256-armv8-apple.S
[73/408] Compiling sha256-armv4-linux.S
[74/408] Compiling sha256-586-linux.S
[75/408] Compiling sha256-586-apple.S
[76/408] Compiling sha1-x86_64-apple.S
[77/408] Compiling sha1-x86_64-linux.S
[78/408] Compiling sha1-armv8-win.S
[79/408] Compiling sha1-armv4-large-linux.S
[80/408] Compiling sha1-armv8-apple.S
[81/408] Compiling sha1-586-linux.S
[82/408] Compiling sha1-586-apple.S
[83/408] Compiling sha1-armv8-linux.S
[84/408] Compiling rdrand-x86_64-linux.S
[85/408] Compiling rsaz-avx2-apple.S
[85/408] Compiling rsaz-avx2-linux.S
[87/408] Compiling p256_beeu-x86_64-asm-apple.S
[88/408] Compiling p256_beeu-x86_64-asm-linux.S
[89/408] Compiling rdrand-x86_64-apple.S
[90/408] Compiling p256_beeu-armv8-asm-linux.S
[91/408] Compiling p256_beeu-armv8-asm-win.S
[92/408] Compiling p256_beeu-armv8-asm-apple.S
[93/408] Compiling p256-x86_64-asm-linux.S
[94/408] Compiling p256-x86_64-asm-apple.S
[95/408] Compiling p256-armv8-asm-win.S
[96/408] Compiling p256-armv8-asm-linux.S
[97/408] Compiling p256-armv8-asm-apple.S
[98/408] Compiling ghashv8-armv8-win.S
[99/408] Compiling ghashv8-armv8-linux.S
[100/408] Compiling ghashv8-armv8-apple.S
[101/408] Compiling ghashv8-armv7-linux.S
[102/408] Compiling ghash-x86_64-linux.S
[103/408] Compiling ghash-x86_64-apple.S
[104/408] Compiling ghash-x86-linux.S
[105/408] Compiling ghash-x86-apple.S
[106/408] Compiling ghash-ssse3-x86_64-linux.S
[107/408] Compiling ghash-ssse3-x86_64-apple.S
[108/408] Compiling ghash-ssse3-x86-linux.S
[109/408] Compiling ghash-ssse3-x86-apple.S
[110/408] Compiling ghash-neon-armv8-win.S
[111/408] Compiling ghash-neon-armv8-linux.S
[112/408] Compiling ghash-armv4-linux.S
[113/408] Compiling co-586-linux.S
[114/408] Compiling ghash-neon-armv8-apple.S
[115/408] Compiling bsaes-armv7-linux.S
[116/408] Compiling co-586-apple.S
[117/408] Compiling bn-armv8-win.S
[118/408] Compiling bn-armv8-linux.S
[119/408] Compiling bn-armv8-apple.S
[120/408] Compiling bn-586-linux.S
[121/408] Compiling bn-586-apple.S
[122/408] Compiling armv8-mont-apple.S
[123/408] Compiling armv8-mont-win.S
[124/408] Compiling armv8-mont-linux.S
[125/408] Compiling armv4-mont-linux.S
[126/408] Compiling aesv8-gcm-armv8-win.S
[127/408] Compiling aesv8-gcm-armv8-apple.S
[128/408] Compiling aesv8-gcm-armv8-linux.S
[129/408] Compiling aesv8-armv8-linux.S
[130/408] Compiling aesv8-armv8-win.S
[131/408] Compiling aesv8-armv8-apple.S
[132/408] Compiling aesni-x86_64-linux.S
[133/408] Compiling aesv8-armv7-linux.S
[134/408] Compiling aesni-x86-apple.S
[135/408] Compiling aesni-x86_64-apple.S
[136/408] Compiling aesni-x86-linux.S
[137/408] Compiling aesni-gcm-x86_64-linux.S
[138/408] Compiling aesni-gcm-x86_64-apple.S
[139/408] Compiling aes-gcm-avx512-x86_64-apple.S
[140/408] Compiling aes-gcm-avx512-x86_64-linux.S
[141/408] Compiling aes-gcm-avx2-x86_64-linux.S
[142/408] Compiling aes-gcm-avx2-x86_64-apple.S
[143/408] Compiling xwing.cc
[144/408] Compiling x_x509a.cc
[145/408] Compiling x_req.cc
[146/408] Compiling x_spki.cc
[147/408] Compiling x_x509.cc
[148/408] Compiling x_sig.cc
[149/408] Compiling x_pubkey.cc
[150/408] Compiling x_all.cc
[151/408] Compiling x_attrib.cc
[152/408] Compiling x_exten.cc
[153/408] Compiling x_name.cc
[154/408] Compiling x_algor.cc
[155/408] Compiling x_crl.cc
[156/408] Compiling x509spki.cc
[157/408] Compiling x509rset.cc
[158/408] Compiling x509name.cc
[159/408] Compiling x509cset.cc
[160/408] Compiling x509_vpm.cc
[162/408] Compiling Logging LoggingSystem.swift
[163/409] Compiling Logging LogEvent.swift
[164/409] Compiling Logging LogHandler.swift
[164/409] Compiling x509_vfy.cc
[165/409] Compiling x509_txt.cc
[166/409] Compiling x509_v3.cc
[168/409] Compiling Logging Logger.swift
[169/409] Compiling Logging Logger+With.swift
[169/409] Compiling x509_set.cc
[171/409] Compiling Logging Logger+Attributes.swift
[171/409] Compiling x509_trs.cc
[172/409] Compiling x509_lu.cc
[173/409] Compiling x509_req.cc
[174/409] Compiling x509_def.cc
[176/409] Compiling Logging MetadataProvider.swift
[176/409] Compiling x509_obj.cc
[177/409] Compiling x509_ext.cc
[179/409] Emitting module SwiftMsgpack
[180/409] Compiling SwiftMsgpack AnyCodable.swift
[181/409] Compiling Logging MultiplexLogHandler.swift
[182/409] Compiling Logging StreamLogHandler.swift
[183/409] Compiling Logging SwiftLogNoOpLogHandler.swift
[184/409] Compiling Logging Locks.swift
[185/409] Emitting module Logging
[186/410] Compiling SwiftMsgpack MsgPackLazyValue.swift
[187/410] Compiling SwiftMsgpack MsgPackRawValue.swift
[187/410] Compiling x509_d2.cc
[189/410] Compiling SwiftMsgpack MsgPackTimestamp.swift
[190/410] Compiling SwiftMsgpack MsgPackScanner.swift
[191/410] Compiling x509.cc
[192/410] Wrapping AST for Logging for debugging
[194/410] Compiling SwiftMsgpack MsgPackEncoder.swift
[195/410] Compiling SwiftMsgpack MsgPackDecoder.swift
[195/410] Compiling x509_cmp.cc
[197/411] Compiling x509_att.cc
[198/411] Compiling v3_utl.cc
[199/411] Compiling v3_skey.cc
[200/411] Wrapping AST for SwiftMsgpack for debugging
[201/411] Compiling v3_purp.cc
[202/411] Compiling v3_prn.cc
[203/411] Compiling v3_pmaps.cc
[204/411] Compiling v3_pcons.cc
[205/411] Compiling v3_ocsp.cc
[206/411] Compiling v3_ncons.cc
[207/411] Compiling v3_lib.cc
[208/411] Compiling v3_int.cc
[209/411] Compiling v3_ia5.cc
[210/411] Compiling v3_info.cc
[211/411] Compiling v3_genn.cc
[212/411] Compiling v3_extku.cc
[213/411] Compiling v3_enum.cc
[214/411] Compiling v3_crld.cc
[215/411] Compiling v3_cpols.cc
[216/411] Compiling v3_conf.cc
[217/411] Compiling v3_bcons.cc
[218/411] Compiling v3_bitst.cc
[219/411] Compiling v3_akeya.cc
[220/411] Compiling v3_alt.cc
[221/411] Compiling v3_akey.cc
[222/411] Compiling t_x509a.cc
[223/411] Compiling t_x509.cc
[224/411] Compiling t_req.cc
[225/411] Compiling t_crl.cc
[226/411] Compiling i2d_pr.cc
[226/411] Compiling rsa_pss.cc
[228/411] Compiling name_print.cc
[229/411] Compiling policy.cc
[230/411] Compiling by_file.cc
[231/411] Compiling by_dir.cc
[232/411] Compiling asn1_gen.cc
[233/411] Compiling algorithm.cc
[234/411] Compiling a_verify.cc
[235/411] Compiling a_sign.cc
[236/411] Compiling thread_win.cc
[237/411] Compiling thread_pthread.cc
[238/411] Compiling voprf.cc
[239/411] Compiling a_digest.cc
[240/411] Compiling thread.cc
[241/411] Compiling thread_none.cc
[242/411] Compiling trust_token.cc
[243/411] Compiling pmbtoken.cc
[244/411] Compiling stack.cc
[245/411] Compiling sha512.cc
[246/411] Compiling siphash.cc
[247/411] Compiling sha256.cc
[248/411] Compiling slhdsa.cc
[249/411] Compiling sha1.cc
[250/411] Compiling rsa_print.cc
[251/411] Compiling rsa_extra.cc
[252/411] Compiling spake2plus.cc
[253/411] Compiling refcount.cc
[254/411] Compiling rc4.cc
[255/411] Compiling rsa_crypt.cc
[256/411] Compiling trusty.cc
[257/411] Compiling windows.cc
[258/411] Compiling rand.cc
[259/411] Compiling urandom.cc
[260/411] Compiling passive.cc
[261/411] Compiling ios.cc
[262/411] Compiling getentropy.cc
[263/411] Compiling poly1305_arm_asm.S
[264/411] Compiling deterministic.cc
[265/411] Compiling forkunsafe.cc
[266/411] Compiling fork_detect.cc
[267/411] Compiling rsa_asn1.cc
[268/411] Compiling poly1305_arm.cc
[269/411] Compiling poly1305.cc
[270/411] Compiling poly1305_vec.cc
[271/411] Compiling pool.cc
[272/411] Compiling pkcs7.cc
[273/411] Compiling p5_pbev2.cc
[274/411] Compiling pkcs8.cc
[275/411] Compiling pkcs8_x509.cc
[276/411] Compiling pkcs7_x509.cc
[277/411] Compiling pem_xaux.cc
[278/411] Compiling pem_x509.cc
[279/411] Compiling pem_pkey.cc
[280/411] Compiling mlkem.cc
[281/411] Compiling pem_pk8.cc
[282/411] Compiling obj_xref.cc
[283/411] Compiling pem_oth.cc
[284/411] Compiling mldsa.cc
[285/411] Compiling pem_info.cc
[286/411] Compiling pem_lib.cc
[287/411] Compiling pem_all.cc
[288/411] Compiling poly_rq_mul.S
[289/411] Compiling fips_shared_support.cc
[290/411] Compiling lhash.cc
[291/411] Compiling mem.cc
[292/411] Compiling obj.cc
[293/411] Compiling fuzzer_mode.cc
[294/411] Compiling kyber.cc
[295/411] Compiling ex_data.cc
[296/411] Compiling scrypt.cc
[297/411] Compiling hrss.cc
[298/411] Compiling hpke.cc
[299/411] Compiling sign.cc
[300/411] Compiling print.cc
[301/411] Compiling pbkdf.cc
[302/411] Compiling p_x25519_asn1.cc
[303/411] Compiling p_x25519.cc
[304/411] Compiling p_rsa_asn1.cc
[305/411] Compiling p_hkdf.cc
[306/411] Compiling p_rsa.cc
[307/411] Compiling p_ed25519_asn1.cc
[308/411] Compiling p_ed25519.cc
[309/411] Compiling p_ec_asn1.cc
[310/411] Compiling p_ec.cc
[311/411] Compiling p_dsa_asn1.cc
[312/411] Compiling p_dh.cc
[313/411] Compiling p_dh_asn1.cc
[314/411] Compiling evp_ctx.cc
[315/411] Compiling err.cc
[316/411] Compiling evp_asn1.cc
[317/411] Compiling engine.cc
[318/411] Compiling ecdsa_p1363.cc
[319/411] Compiling evp.cc
[320/411] Compiling ecdh.cc
[321/411] Compiling ecdsa_asn1.cc
[322/411] Compiling dsa.cc
[323/411] Compiling dsa_asn1.cc
[324/411] Compiling des.cc
[325/411] Compiling params.cc
[326/411] Compiling x25519-asm-arm.S
[327/411] Compiling digest_extra.cc
[328/411] Compiling dh_asn1.cc
[329/411] Compiling crypto.cc
[330/411] Compiling cpu_intel.cc
[331/411] Compiling cpu_arm_linux.cc
[332/411] Compiling spake25519.cc
[333/411] Compiling cpu_arm_freebsd.cc
[334/411] Compiling curve25519.cc
[335/411] Compiling cpu_aarch64_win.cc
[336/411] Compiling cpu_aarch64_openbsd.cc
[337/411] Compiling cpu_aarch64_sysreg.cc
[338/411] Compiling curve25519_64_adx.cc
[339/411] Compiling cpu_aarch64_linux.cc
[340/411] Compiling cpu_aarch64_fuchsia.cc
[341/411] Compiling cpu_aarch64_apple.cc
[342/411] Compiling conf.cc
[343/411] Compiling tls_cbc.cc
[344/411] Compiling get_cipher.cc
[345/411] Compiling e_tls.cc
[346/411] Compiling e_rc4.cc
[347/411] Compiling e_rc2.cc
[348/411] Compiling e_null.cc
[349/411] Compiling e_des.cc
[350/411] Compiling e_chacha20poly1305.cc
[351/411] Compiling derive_key.cc
[352/411] Compiling cms.cc
[353/411] Compiling e_aeseax.cc
[354/411] Compiling e_aesgcmsiv.cc
[355/411] Compiling e_aesctrhmac.cc
[356/411] Compiling chacha.cc
[357/411] Compiling buf.cc
[358/411] Compiling unicode.cc
[359/411] Compiling cbs.cc
[360/411] Compiling sqrt.cc
[361/411] Compiling cbb.cc
[362/411] Compiling ber.cc
[363/411] Compiling asn1_compat.cc
[364/411] Compiling exponentiation.cc
[365/411] Compiling div.cc
[366/411] Compiling printf.cc
[367/411] Compiling pair.cc
[368/411] Compiling bn_asn1.cc
[369/411] Compiling blake2.cc
[370/411] Compiling convert.cc
[371/411] Compiling hexdump.cc
[372/411] Compiling file.cc
[373/411] Compiling fd.cc
[374/411] Compiling errno.cc
[375/411] Compiling base64.cc
[376/411] Compiling bio_mem.cc
[377/411] Compiling bio.cc
[378/411] Compiling tasn_typ.cc
[379/411] Compiling tasn_fre.cc
[380/411] Compiling tasn_enc.cc
[381/411] Compiling tasn_utl.cc
[382/411] Compiling posix_time.cc
[383/411] Compiling tasn_new.cc
[384/411] Compiling f_string.cc
[385/411] Compiling f_int.cc
[386/411] Compiling asn_pack.cc
[387/411] Compiling tasn_dec.cc
[388/411] Compiling asn1_par.cc
[389/411] Compiling a_utctm.cc
[390/411] Compiling asn1_lib.cc
[391/411] Compiling a_octet.cc
[392/411] Compiling a_type.cc
[393/411] Compiling a_time.cc
[394/411] Compiling a_strnid.cc
[395/411] Compiling a_strex.cc
[396/411] Compiling a_i2d_fp.cc
[397/411] Compiling a_dup.cc
[398/411] Compiling a_mbstr.cc
[399/411] Compiling a_d2i_fp.cc
[400/411] Compiling a_int.cc
[401/411] Compiling a_object.cc
[402/411] Compiling a_gentm.cc
[403/411] Compiling a_bool.cc
[404/411] Compiling bcm.cc
[406/419] Compiling CryptoBoringWrapper FiniteFieldArithmeticContext.swift
[407/419] Compiling CryptoBoringWrapper RandomBytes.swift
[408/419] Compiling CryptoBoringWrapper BoringSSLAEAD.swift
[409/419] Compiling CryptoBoringWrapper EllipticCurve.swift
[410/419] Compiling CryptoBoringWrapper EllipticCurvePoint.swift
[411/419] Compiling CryptoBoringWrapper CryptoKitErrors_boring.swift
[412/419] Emitting module CryptoBoringWrapper
[413/419] Compiling CryptoBoringWrapper ArbitraryPrecisionInteger.swift
[414/420] Wrapping AST for CryptoBoringWrapper for debugging
[416/504] Emitting module Crypto
[417/515] Compiling Crypto CryptoKitErrors.swift
[418/515] Compiling Crypto Digest_boring.swift
[419/515] Compiling Crypto Digest.swift
[420/515] Compiling Crypto Digests.swift
[421/515] Compiling Crypto HashFunctions.swift
[422/515] Compiling Crypto HashFunctions_SHA2.swift
[423/515] Compiling Crypto HashFunctions_SHA3.swift
[424/515] Compiling Crypto Digest_xkcp.swift
[425/515] Compiling Crypto HPKE-AEAD.swift
[426/515] Compiling Crypto HPKE-Ciphersuite.swift
[427/515] Compiling Crypto HPKE-KDF.swift
[428/515] Compiling Crypto HPKE-KexKeyDerivation.swift
[429/515] Compiling Crypto ASN1Null.swift
[430/515] Compiling Crypto ASN1OctetString.swift
[431/515] Compiling Crypto ASN1Strings.swift
[432/515] Compiling Crypto ArraySliceBigint.swift
[433/515] Compiling Crypto GeneralizedTime.swift
[434/515] Compiling Crypto ObjectIdentifier.swift
[435/515] Compiling Crypto ECDSASignature.swift
[436/515] Compiling Crypto PEMDocument.swift
[437/515] Compiling Crypto PKCS8PrivateKey.swift
[438/515] Compiling Crypto SEC1PrivateKey.swift
[439/515] Compiling Crypto SubjectPublicKeyInfo.swift
[440/515] Compiling Crypto CryptoError_boring.swift
[441/515] Compiling Crypto AES-GCM.swift
[442/515] Compiling Crypto AES-GCM_boring.swift
[443/515] Compiling Crypto ChaChaPoly_boring.swift
[444/515] Compiling Crypto ChaChaPoly.swift
[445/515] Compiling Crypto Cipher.swift
[446/515] Compiling Crypto Nonces.swift
[447/515] Compiling Crypto ASN1.swift
[448/515] Compiling Crypto ASN1Any.swift
[449/515] Compiling Crypto ASN1BitString.swift
[450/515] Compiling Crypto ASN1Boolean.swift
[451/515] Compiling Crypto ASN1Identifier.swift
[452/515] Compiling Crypto ASN1Integer.swift
[453/515] Compiling Crypto MACFunctions.swift
[454/515] Compiling Crypto MessageAuthenticationCode.swift
[455/515] Compiling Crypto AES.swift
[456/515] Compiling Crypto ECDSASignature_boring.swift
[457/515] Compiling Crypto ECDSA_boring.swift
[458/515] Compiling Crypto EdDSA_boring.swift
[459/515] Compiling Crypto MLDSA_boring.swift
[460/515] Compiling Crypto MLDSA_wrapper.swift
[461/515] Compiling Crypto ECDSA.swift
[462/515] Compiling Crypto Ed25519.swift
[463/515] Compiling Crypto MLDSA.swift
[464/515] Compiling Crypto HKDF.swift
[465/515] Compiling Crypto AESWrap.swift
[466/515] Compiling Crypto AESWrap_boring.swift
[467/515] Compiling Crypto Ed25519_boring.swift
[468/515] Compiling Crypto NISTCurvesKeys_boring.swift
[469/515] Compiling Crypto X25519Keys_boring.swift
[470/515] Compiling Crypto Curve25519.swift
[471/515] Compiling Crypto Ed25519Keys.swift
[472/515] Compiling Crypto NISTCurvesKeys.swift
[473/515] Compiling Crypto X25519Keys.swift
[474/515] Compiling Crypto SymmetricKeys.swift
[475/515] Compiling Crypto HMAC.swift
[476/515] Compiling Crypto HPKE-LabeledExtract.swift
[477/515] Compiling Crypto HPKE-Utils.swift
[478/515] Compiling Crypto DHKEM.swift
[479/515] Compiling Crypto HPKE-KEM-Curve25519.swift
[480/515] Compiling Crypto HPKE-NIST-EC-KEMs.swift
[481/515] Compiling Crypto HPKE-KEM.swift
[482/515] Compiling Crypto HPKE-Errors.swift
[483/515] Compiling Crypto HPKE.swift
[484/515] Compiling Crypto HPKE-Context.swift
[485/515] Compiling Crypto HPKE-KeySchedule.swift
[486/515] Compiling Crypto HPKE-Modes.swift
[487/515] Compiling Crypto Insecure.swift
[488/515] Compiling Crypto Signature.swift
[489/515] Compiling Crypto CryptoKitErrors_boring.swift
[490/515] Compiling Crypto Optional+withUnsafeBytes_boring.swift
[491/515] Compiling Crypto RNG_boring.swift
[492/515] Compiling Crypto SafeCompare_boring.swift
[493/515] Compiling Crypto Zeroization_boring.swift
[494/515] Compiling Crypto _CryptoModuleAnchor.swift
[495/515] Compiling Crypto PrettyBytes.swift
[496/515] Compiling Crypto SafeCompare.swift
[497/515] Compiling Crypto SecureBytes.swift
[498/515] Compiling Crypto Zeroization.swift
[499/515] Compiling Crypto Insecure_HashFunctions.swift
[500/515] Compiling Crypto MLKEM_boring.swift
[501/515] Compiling Crypto MLKEM_wrapper.swift
[502/515] Compiling Crypto XWing_boring.swift
[503/515] Compiling Crypto KEM-Errors.swift
[504/515] Compiling Crypto KEM.swift
[505/515] Compiling Crypto MLKEM.swift
[506/515] Compiling Crypto XWing.swift
[507/515] Compiling Crypto ECDH_boring.swift
[508/515] Compiling Crypto DH.swift
[509/515] Compiling Crypto ECDH.swift
[510/515] Compiling Crypto ANSIx963.swift
[511/516] Wrapping AST for Crypto for debugging
[513/535] Compiling NyaruDB2 RawFile.swift
/host/spi-builder-workspace/Sources/NyaruDB2/Serialization/Compression.swift:2:8: error: no such module 'zlib'
  1 | import Foundation
  2 | import zlib
    |        `- error: no such module 'zlib'
  3 |
  4 | #if canImport(Compression)
[514/535] Compiling NyaruDB2 RecordPointer.swift
/host/spi-builder-workspace/Sources/NyaruDB2/Serialization/Compression.swift:2:8: error: no such module 'zlib'
  1 | import Foundation
  2 | import zlib
    |        `- error: no such module 'zlib'
  3 |
  4 | #if canImport(Compression)
[515/537] Compiling NyaruDB2 SlottedFile.swift
/host/spi-builder-workspace/Sources/NyaruDB2/Serialization/Compression.swift:2:8: error: no such module 'zlib'
  1 | import Foundation
  2 | import zlib
    |        `- error: no such module 'zlib'
  3 |
  4 | #if canImport(Compression)
[516/537] Compiling NyaruDB2 BoundedTopK.swift
/host/spi-builder-workspace/Sources/NyaruDB2/Serialization/Compression.swift:2:8: error: no such module 'zlib'
  1 | import Foundation
  2 | import zlib
    |        `- error: no such module 'zlib'
  3 |
  4 | #if canImport(Compression)
[517/537] Compiling NyaruDB2 NyaruDB.swift
/host/spi-builder-workspace/Sources/NyaruDB2/Serialization/Compression.swift:2:8: error: no such module 'zlib'
  1 | import Foundation
  2 | import zlib
    |        `- error: no such module 'zlib'
  3 |
  4 | #if canImport(Compression)
[518/537] Compiling NyaruDB2 ShardActor.swift
/host/spi-builder-workspace/Sources/NyaruDB2/Serialization/Compression.swift:2:8: error: no such module 'zlib'
  1 | import Foundation
  2 | import zlib
    |        `- error: no such module 'zlib'
  3 |
  4 | #if canImport(Compression)
[519/537] Compiling NyaruDB2 QueryBuilder.swift
/host/spi-builder-workspace/Sources/NyaruDB2/Serialization/Compression.swift:2:8: error: no such module 'zlib'
  1 | import Foundation
  2 | import zlib
    |        `- error: no such module 'zlib'
  3 |
  4 | #if canImport(Compression)
[520/537] Compiling NyaruDB2 Logger.swift
/host/spi-builder-workspace/Sources/NyaruDB2/Serialization/Compression.swift:2:8: error: no such module 'zlib'
  1 | import Foundation
  2 | import zlib
    |        `- error: no such module 'zlib'
  3 |
  4 | #if canImport(Compression)
[521/537] Compiling NyaruDB2 Parallel.swift
/host/spi-builder-workspace/Sources/NyaruDB2/Serialization/Compression.swift:2:8: error: no such module 'zlib'
  1 | import Foundation
  2 | import zlib
    |        `- error: no such module 'zlib'
  3 |
  4 | #if canImport(Compression)
error: emit-module command failed with exit code 1 (use -v to see invocation)
[522/537] Emitting module NyaruDB2
/host/spi-builder-workspace/Sources/NyaruDB2/Serialization/Compression.swift:2:8: error: no such module 'zlib'
  1 | import Foundation
  2 | import zlib
    |        `- error: no such module 'zlib'
  3 |
  4 | #if canImport(Compression)
[523/537] Compiling NyaruDB2 KeyDerivation.swift
/host/spi-builder-workspace/Sources/NyaruDB2/Serialization/Compression.swift:2:8: error: no such module 'zlib'
  1 | import Foundation
  2 | import zlib
    |        `- error: no such module 'zlib'
  3 |
  4 | #if canImport(Compression)
[524/537] Compiling NyaruDB2 Errors.swift
/host/spi-builder-workspace/Sources/NyaruDB2/Serialization/Compression.swift:2:8: error: no such module 'zlib'
  1 | import Foundation
  2 | import zlib
    |        `- error: no such module 'zlib'
  3 |
  4 | #if canImport(Compression)
[525/537] Compiling NyaruDB2 OrderedIndex.swift
/host/spi-builder-workspace/Sources/NyaruDB2/Serialization/Compression.swift:2:8: error: no such module 'zlib'
  1 | import Foundation
  2 | import zlib
    |        `- error: no such module 'zlib'
  3 |
  4 | #if canImport(Compression)
[526/537] Compiling NyaruDB2 Collection.swift
/host/spi-builder-workspace/Sources/NyaruDB2/Serialization/Compression.swift:2:8: error: no such module 'zlib'
  1 | import Foundation
  2 | import zlib
    |        `- error: no such module 'zlib'
  3 |
  4 | #if canImport(Compression)
[527/537] Compiling NyaruDB2 CollectionCore.swift
/host/spi-builder-workspace/Sources/NyaruDB2/Serialization/Compression.swift:2:8: error: no such module 'zlib'
  1 | import Foundation
  2 | import zlib
    |        `- error: no such module 'zlib'
  3 |
  4 | #if canImport(Compression)
[528/537] Compiling NyaruDB2 CollectionMetrics.swift
/host/spi-builder-workspace/Sources/NyaruDB2/Serialization/Compression.swift:2:8: error: no such module 'zlib'
  1 | import Foundation
  2 | import zlib
    |        `- error: no such module 'zlib'
  3 |
  4 | #if canImport(Compression)
[529/537] Compiling NyaruDB2 MsgPackExtractor.swift
/host/spi-builder-workspace/Sources/NyaruDB2/Serialization/Compression.swift:2:8: error: no such module 'zlib'
  1 | import Foundation
  2 | import zlib
    |        `- error: no such module 'zlib'
  3 |
  4 | #if canImport(Compression)
[530/537] Compiling NyaruDB2 Serializer.swift
/host/spi-builder-workspace/Sources/NyaruDB2/Serialization/Compression.swift:2:8: error: no such module 'zlib'
  1 | import Foundation
  2 | import zlib
    |        `- error: no such module 'zlib'
  3 |
  4 | #if canImport(Compression)
[531/537] Compiling NyaruDB2 Binary.swift
/host/spi-builder-workspace/Sources/NyaruDB2/Serialization/Compression.swift:2:8: error: no such module 'zlib'
  1 | import Foundation
  2 | import zlib
    |        `- error: no such module 'zlib'
  3 |
  4 | #if canImport(Compression)
[532/537] Compiling NyaruDB2 Compression.swift
/host/spi-builder-workspace/Sources/NyaruDB2/Serialization/Compression.swift:2:8: error: no such module 'zlib'
  1 | import Foundation
  2 | import zlib
    |        `- error: no such module 'zlib'
  3 |
  4 | #if canImport(Compression)
[533/537] Compiling NyaruDB2 FieldValue.swift
/host/spi-builder-workspace/Sources/NyaruDB2/Serialization/Compression.swift:2:8: error: no such module 'zlib'
  1 | import Foundation
  2 | import zlib
    |        `- error: no such module 'zlib'
  3 |
  4 | #if canImport(Compression)
BUILD FAILURE 6.2 linux