Build Information
Failed to build swift-idna, reference v1.0.0-beta.25 (928411), with Swift 6.4 for watchOS using Xcode 27.0 on 25 Sep 2026 19:23:02 UTC.
Build Command
env DEVELOPER_DIR=/Applications/Xcode-27.0.0-Release.Candidate.app xcrun xcodebuild -IDEClonedSourcePackagesDirPathOverride=$PWD/.dependencies -skipMacroValidation -skipPackagePluginValidation -derivedDataPath $PWD/.derivedData build -scheme swift-idna -destination generic/platform=watchOSBuild Log
cd /Users/admin/builder/spi-builder-workspace/.swiftpm/xcode
builtin-SwiftPerFileCompile UniqueSet+Iterable.swift
SwiftCompile normal arm64 /Users/admin/builder/spi-builder-workspace/.dependencies/checkouts/swift-collections/Sources/BasicContainers/UniqueSet/UniqueSet+Lookup.swift (in target 'BasicContainers' from project 'swift-collections')
cd /Users/admin/builder/spi-builder-workspace/.swiftpm/xcode
builtin-SwiftPerFileCompile UniqueSet+Lookup.swift
SwiftCompile normal arm64 /Users/admin/builder/spi-builder-workspace/.dependencies/checkouts/swift-collections/Sources/BasicContainers/UniqueSet/UniqueSet+Removals.swift (in target 'BasicContainers' from project 'swift-collections')
cd /Users/admin/builder/spi-builder-workspace/.swiftpm/xcode
builtin-SwiftPerFileCompile UniqueSet+Removals.swift
SwiftCompile normal arm64 /Users/admin/builder/spi-builder-workspace/.dependencies/checkouts/swift-collections/Sources/BasicContainers/UniqueSet/UniqueSet+Resizing.swift (in target 'BasicContainers' from project 'swift-collections')
cd /Users/admin/builder/spi-builder-workspace/.swiftpm/xcode
builtin-SwiftPerFileCompile UniqueSet+Resizing.swift
SwiftCompile normal arm64 /Users/admin/builder/spi-builder-workspace/.dependencies/checkouts/swift-collections/Sources/BasicContainers/UniqueSet/UniqueSet.swift (in target 'BasicContainers' from project 'swift-collections')
cd /Users/admin/builder/spi-builder-workspace/.swiftpm/xcode
builtin-SwiftPerFileCompile UniqueSet.swift
SwiftDriverJobDiscovery normal arm64_32 Compiling RigidDictionary+Hashable.swift, RigidDictionary+Index.swift, RigidDictionary+Indices.swift, RigidDictionary+Initializers.swift, RigidDictionary+Insertions.swift, RigidDictionary+Keys.swift, RigidDictionary+Lookup.swift, RigidDictionary+Removals.swift, RigidDictionary+Resizing.swift (in target 'BasicContainers' from project 'swift-collections')
SwiftCompile normal arm64 Compiling\ _HTable+Bitmap.swift,\ _HTable+Bucket.swift,\ _HTable+Consumption.swift,\ _HTable+Debug.swift,\ _HTable+Deprecated.swift,\ _HTable+Find.swift,\ _HTable+Insert.swift,\ _HTable+Iteration.swift,\ _HTable+Removal.swift,\ _HTable+Resizing.swift /Users/admin/builder/spi-builder-workspace/.dependencies/checkouts/swift-collections/Sources/BasicContainers/HashTable/_HTable+Bitmap.swift /Users/admin/builder/spi-builder-workspace/.dependencies/checkouts/swift-collections/Sources/BasicContainers/HashTable/_HTable+Bucket.swift /Users/admin/builder/spi-builder-workspace/.dependencies/checkouts/swift-collections/Sources/BasicContainers/HashTable/_HTable+Consumption.swift /Users/admin/builder/spi-builder-workspace/.dependencies/checkouts/swift-collections/Sources/BasicContainers/HashTable/_HTable+Debug.swift /Users/admin/builder/spi-builder-workspace/.dependencies/checkouts/swift-collections/Sources/BasicContainers/HashTable/_HTable+Deprecated.swift /Users/admin/builder/spi-builder-workspace/.dependencies/checkouts/swift-collections/Sources/BasicContainers/HashTable/_HTable+Find.swift /Users/admin/builder/spi-builder-workspace/.dependencies/checkouts/swift-collections/Sources/BasicContainers/HashTable/_HTable+Insert.swift /Users/admin/builder/spi-builder-workspace/.dependencies/checkouts/swift-collections/Sources/BasicContainers/HashTable/_HTable+Iteration.swift /Users/admin/builder/spi-builder-workspace/.dependencies/checkouts/swift-collections/Sources/BasicContainers/HashTable/_HTable+Removal.swift /Users/admin/builder/spi-builder-workspace/.dependencies/checkouts/swift-collections/Sources/BasicContainers/HashTable/_HTable+Resizing.swift (in target 'BasicContainers' from project 'swift-collections')
SwiftCompile normal arm64 /Users/admin/builder/spi-builder-workspace/.dependencies/checkouts/swift-collections/Sources/BasicContainers/HashTable/_HTable+Bitmap.swift (in target 'BasicContainers' from project 'swift-collections')
cd /Users/admin/builder/spi-builder-workspace/.swiftpm/xcode
builtin-SwiftPerFileCompile _HTable+Bitmap.swift
SwiftCompile normal arm64 /Users/admin/builder/spi-builder-workspace/.dependencies/checkouts/swift-collections/Sources/BasicContainers/HashTable/_HTable+Bucket.swift (in target 'BasicContainers' from project 'swift-collections')
cd /Users/admin/builder/spi-builder-workspace/.swiftpm/xcode
builtin-SwiftPerFileCompile _HTable+Bucket.swift
SwiftCompile normal arm64 /Users/admin/builder/spi-builder-workspace/.dependencies/checkouts/swift-collections/Sources/BasicContainers/HashTable/_HTable+Consumption.swift (in target 'BasicContainers' from project 'swift-collections')
cd /Users/admin/builder/spi-builder-workspace/.swiftpm/xcode
builtin-SwiftPerFileCompile _HTable+Consumption.swift
SwiftCompile normal arm64 /Users/admin/builder/spi-builder-workspace/.dependencies/checkouts/swift-collections/Sources/BasicContainers/HashTable/_HTable+Debug.swift (in target 'BasicContainers' from project 'swift-collections')
cd /Users/admin/builder/spi-builder-workspace/.swiftpm/xcode
builtin-SwiftPerFileCompile _HTable+Debug.swift
SwiftCompile normal arm64 /Users/admin/builder/spi-builder-workspace/.dependencies/checkouts/swift-collections/Sources/BasicContainers/HashTable/_HTable+Deprecated.swift (in target 'BasicContainers' from project 'swift-collections')
cd /Users/admin/builder/spi-builder-workspace/.swiftpm/xcode
builtin-SwiftPerFileCompile _HTable+Deprecated.swift
SwiftCompile normal arm64 /Users/admin/builder/spi-builder-workspace/.dependencies/checkouts/swift-collections/Sources/BasicContainers/HashTable/_HTable+Find.swift (in target 'BasicContainers' from project 'swift-collections')
cd /Users/admin/builder/spi-builder-workspace/.swiftpm/xcode
builtin-SwiftPerFileCompile _HTable+Find.swift
SwiftCompile normal arm64 /Users/admin/builder/spi-builder-workspace/.dependencies/checkouts/swift-collections/Sources/BasicContainers/HashTable/_HTable+Insert.swift (in target 'BasicContainers' from project 'swift-collections')
cd /Users/admin/builder/spi-builder-workspace/.swiftpm/xcode
builtin-SwiftPerFileCompile _HTable+Insert.swift
SwiftCompile normal arm64 /Users/admin/builder/spi-builder-workspace/.dependencies/checkouts/swift-collections/Sources/BasicContainers/HashTable/_HTable+Iteration.swift (in target 'BasicContainers' from project 'swift-collections')
cd /Users/admin/builder/spi-builder-workspace/.swiftpm/xcode
builtin-SwiftPerFileCompile _HTable+Iteration.swift
SwiftCompile normal arm64 /Users/admin/builder/spi-builder-workspace/.dependencies/checkouts/swift-collections/Sources/BasicContainers/HashTable/_HTable+Removal.swift (in target 'BasicContainers' from project 'swift-collections')
cd /Users/admin/builder/spi-builder-workspace/.swiftpm/xcode
builtin-SwiftPerFileCompile _HTable+Removal.swift
SwiftCompile normal arm64 /Users/admin/builder/spi-builder-workspace/.dependencies/checkouts/swift-collections/Sources/BasicContainers/HashTable/_HTable+Resizing.swift (in target 'BasicContainers' from project 'swift-collections')
cd /Users/admin/builder/spi-builder-workspace/.swiftpm/xcode
builtin-SwiftPerFileCompile _HTable+Resizing.swift
SwiftCompile normal arm64 Compiling\ UniqueDictionary+Keys.swift,\ UniqueDictionary+Lookup.swift,\ UniqueDictionary+Removals.swift,\ UniqueDictionary+Resizing.swift,\ UniqueDictionary.swift,\ UniqueSet+Consumption.swift,\ UniqueSet+Debugging.swift,\ UniqueSet+Deprecated.swift,\ UniqueSet+Equatable.swift /Users/admin/builder/spi-builder-workspace/.dependencies/checkouts/swift-collections/Sources/BasicContainers/UniqueDictionary/UniqueDictionary+Keys.swift /Users/admin/builder/spi-builder-workspace/.dependencies/checkouts/swift-collections/Sources/BasicContainers/UniqueDictionary/UniqueDictionary+Lookup.swift /Users/admin/builder/spi-builder-workspace/.dependencies/checkouts/swift-collections/Sources/BasicContainers/UniqueDictionary/UniqueDictionary+Removals.swift /Users/admin/builder/spi-builder-workspace/.dependencies/checkouts/swift-collections/Sources/BasicContainers/UniqueDictionary/UniqueDictionary+Resizing.swift /Users/admin/builder/spi-builder-workspace/.dependencies/checkouts/swift-collections/Sources/BasicContainers/UniqueDictionary/UniqueDictionary.swift /Users/admin/builder/spi-builder-workspace/.dependencies/checkouts/swift-collections/Sources/BasicContainers/UniqueSet/UniqueSet+Consumption.swift /Users/admin/builder/spi-builder-workspace/.dependencies/checkouts/swift-collections/Sources/BasicContainers/UniqueSet/UniqueSet+Debugging.swift /Users/admin/builder/spi-builder-workspace/.dependencies/checkouts/swift-collections/Sources/BasicContainers/UniqueSet/UniqueSet+Deprecated.swift /Users/admin/builder/spi-builder-workspace/.dependencies/checkouts/swift-collections/Sources/BasicContainers/UniqueSet/UniqueSet+Equatable.swift (in target 'BasicContainers' from project 'swift-collections')
SwiftCompile normal arm64 /Users/admin/builder/spi-builder-workspace/.dependencies/checkouts/swift-collections/Sources/BasicContainers/UniqueDictionary/UniqueDictionary+Keys.swift (in target 'BasicContainers' from project 'swift-collections')
cd /Users/admin/builder/spi-builder-workspace/.swiftpm/xcode
builtin-SwiftPerFileCompile UniqueDictionary+Keys.swift
SwiftCompile normal arm64 /Users/admin/builder/spi-builder-workspace/.dependencies/checkouts/swift-collections/Sources/BasicContainers/UniqueDictionary/UniqueDictionary+Lookup.swift (in target 'BasicContainers' from project 'swift-collections')
cd /Users/admin/builder/spi-builder-workspace/.swiftpm/xcode
builtin-SwiftPerFileCompile UniqueDictionary+Lookup.swift
SwiftCompile normal arm64 /Users/admin/builder/spi-builder-workspace/.dependencies/checkouts/swift-collections/Sources/BasicContainers/UniqueDictionary/UniqueDictionary+Removals.swift (in target 'BasicContainers' from project 'swift-collections')
cd /Users/admin/builder/spi-builder-workspace/.swiftpm/xcode
builtin-SwiftPerFileCompile UniqueDictionary+Removals.swift
SwiftCompile normal arm64 /Users/admin/builder/spi-builder-workspace/.dependencies/checkouts/swift-collections/Sources/BasicContainers/UniqueDictionary/UniqueDictionary+Resizing.swift (in target 'BasicContainers' from project 'swift-collections')
cd /Users/admin/builder/spi-builder-workspace/.swiftpm/xcode
builtin-SwiftPerFileCompile UniqueDictionary+Resizing.swift
SwiftCompile normal arm64 /Users/admin/builder/spi-builder-workspace/.dependencies/checkouts/swift-collections/Sources/BasicContainers/UniqueDictionary/UniqueDictionary.swift (in target 'BasicContainers' from project 'swift-collections')
cd /Users/admin/builder/spi-builder-workspace/.swiftpm/xcode
builtin-SwiftPerFileCompile UniqueDictionary.swift
SwiftCompile normal arm64 /Users/admin/builder/spi-builder-workspace/.dependencies/checkouts/swift-collections/Sources/BasicContainers/UniqueSet/UniqueSet+Consumption.swift (in target 'BasicContainers' from project 'swift-collections')
cd /Users/admin/builder/spi-builder-workspace/.swiftpm/xcode
builtin-SwiftPerFileCompile UniqueSet+Consumption.swift
SwiftCompile normal arm64 /Users/admin/builder/spi-builder-workspace/.dependencies/checkouts/swift-collections/Sources/BasicContainers/UniqueSet/UniqueSet+Debugging.swift (in target 'BasicContainers' from project 'swift-collections')
cd /Users/admin/builder/spi-builder-workspace/.swiftpm/xcode
builtin-SwiftPerFileCompile UniqueSet+Debugging.swift
SwiftCompile normal arm64 /Users/admin/builder/spi-builder-workspace/.dependencies/checkouts/swift-collections/Sources/BasicContainers/UniqueSet/UniqueSet+Deprecated.swift (in target 'BasicContainers' from project 'swift-collections')
cd /Users/admin/builder/spi-builder-workspace/.swiftpm/xcode
builtin-SwiftPerFileCompile UniqueSet+Deprecated.swift
SwiftCompile normal arm64 /Users/admin/builder/spi-builder-workspace/.dependencies/checkouts/swift-collections/Sources/BasicContainers/UniqueSet/UniqueSet+Equatable.swift (in target 'BasicContainers' from project 'swift-collections')
cd /Users/admin/builder/spi-builder-workspace/.swiftpm/xcode
builtin-SwiftPerFileCompile UniqueSet+Equatable.swift
SwiftCompile normal arm64 Compiling\ RigidDictionary.swift,\ RigidSet+Consumption.swift,\ RigidSet+Debugging.swift,\ RigidSet+Deprecated.swift,\ RigidSet+Equatable.swift,\ RigidSet+Hashable.swift,\ RigidSet+Index.swift,\ RigidSet+Initializers.swift,\ RigidSet+Insertions.swift /Users/admin/builder/spi-builder-workspace/.dependencies/checkouts/swift-collections/Sources/BasicContainers/RigidDictionary/RigidDictionary.swift /Users/admin/builder/spi-builder-workspace/.dependencies/checkouts/swift-collections/Sources/BasicContainers/RigidSet/RigidSet+Consumption.swift /Users/admin/builder/spi-builder-workspace/.dependencies/checkouts/swift-collections/Sources/BasicContainers/RigidSet/RigidSet+Debugging.swift /Users/admin/builder/spi-builder-workspace/.dependencies/checkouts/swift-collections/Sources/BasicContainers/RigidSet/RigidSet+Deprecated.swift /Users/admin/builder/spi-builder-workspace/.dependencies/checkouts/swift-collections/Sources/BasicContainers/RigidSet/RigidSet+Equatable.swift /Users/admin/builder/spi-builder-workspace/.dependencies/checkouts/swift-collections/Sources/BasicContainers/RigidSet/RigidSet+Hashable.swift /Users/admin/builder/spi-builder-workspace/.dependencies/checkouts/swift-collections/Sources/BasicContainers/RigidSet/RigidSet+Index.swift /Users/admin/builder/spi-builder-workspace/.dependencies/checkouts/swift-collections/Sources/BasicContainers/RigidSet/RigidSet+Initializers.swift /Users/admin/builder/spi-builder-workspace/.dependencies/checkouts/swift-collections/Sources/BasicContainers/RigidSet/RigidSet+Insertions.swift (in target 'BasicContainers' from project 'swift-collections')
SwiftCompile normal arm64 /Users/admin/builder/spi-builder-workspace/.dependencies/checkouts/swift-collections/Sources/BasicContainers/RigidDictionary/RigidDictionary.swift (in target 'BasicContainers' from project 'swift-collections')
cd /Users/admin/builder/spi-builder-workspace/.swiftpm/xcode
builtin-SwiftPerFileCompile RigidDictionary.swift
SwiftCompile normal arm64 /Users/admin/builder/spi-builder-workspace/.dependencies/checkouts/swift-collections/Sources/BasicContainers/RigidSet/RigidSet+Consumption.swift (in target 'BasicContainers' from project 'swift-collections')
cd /Users/admin/builder/spi-builder-workspace/.swiftpm/xcode
builtin-SwiftPerFileCompile RigidSet+Consumption.swift
SwiftCompile normal arm64 /Users/admin/builder/spi-builder-workspace/.dependencies/checkouts/swift-collections/Sources/BasicContainers/RigidSet/RigidSet+Debugging.swift (in target 'BasicContainers' from project 'swift-collections')
cd /Users/admin/builder/spi-builder-workspace/.swiftpm/xcode
builtin-SwiftPerFileCompile RigidSet+Debugging.swift
SwiftCompile normal arm64 /Users/admin/builder/spi-builder-workspace/.dependencies/checkouts/swift-collections/Sources/BasicContainers/RigidSet/RigidSet+Deprecated.swift (in target 'BasicContainers' from project 'swift-collections')
cd /Users/admin/builder/spi-builder-workspace/.swiftpm/xcode
builtin-SwiftPerFileCompile RigidSet+Deprecated.swift
SwiftCompile normal arm64 /Users/admin/builder/spi-builder-workspace/.dependencies/checkouts/swift-collections/Sources/BasicContainers/RigidSet/RigidSet+Equatable.swift (in target 'BasicContainers' from project 'swift-collections')
cd /Users/admin/builder/spi-builder-workspace/.swiftpm/xcode
builtin-SwiftPerFileCompile RigidSet+Equatable.swift
SwiftCompile normal arm64 /Users/admin/builder/spi-builder-workspace/.dependencies/checkouts/swift-collections/Sources/BasicContainers/RigidSet/RigidSet+Hashable.swift (in target 'BasicContainers' from project 'swift-collections')
cd /Users/admin/builder/spi-builder-workspace/.swiftpm/xcode
builtin-SwiftPerFileCompile RigidSet+Hashable.swift
SwiftCompile normal arm64 /Users/admin/builder/spi-builder-workspace/.dependencies/checkouts/swift-collections/Sources/BasicContainers/RigidSet/RigidSet+Index.swift (in target 'BasicContainers' from project 'swift-collections')
cd /Users/admin/builder/spi-builder-workspace/.swiftpm/xcode
builtin-SwiftPerFileCompile RigidSet+Index.swift
SwiftCompile normal arm64 /Users/admin/builder/spi-builder-workspace/.dependencies/checkouts/swift-collections/Sources/BasicContainers/RigidSet/RigidSet+Initializers.swift (in target 'BasicContainers' from project 'swift-collections')
cd /Users/admin/builder/spi-builder-workspace/.swiftpm/xcode
builtin-SwiftPerFileCompile RigidSet+Initializers.swift
SwiftCompile normal arm64 /Users/admin/builder/spi-builder-workspace/.dependencies/checkouts/swift-collections/Sources/BasicContainers/RigidSet/RigidSet+Insertions.swift (in target 'BasicContainers' from project 'swift-collections')
cd /Users/admin/builder/spi-builder-workspace/.swiftpm/xcode
builtin-SwiftPerFileCompile RigidSet+Insertions.swift
SwiftDriverJobDiscovery normal arm64_32 Compiling UniqueDictionary+Keys.swift, UniqueDictionary+Lookup.swift, UniqueDictionary+Removals.swift, UniqueDictionary+Resizing.swift, UniqueDictionary.swift, UniqueSet+Consumption.swift, UniqueSet+Debugging.swift, UniqueSet+Deprecated.swift, UniqueSet+Equatable.swift (in target 'BasicContainers' from project 'swift-collections')
SwiftDriverJobDiscovery normal arm64_32 Compiling RigidDictionary.swift, RigidSet+Consumption.swift, RigidSet+Debugging.swift, RigidSet+Deprecated.swift, RigidSet+Equatable.swift, RigidSet+Hashable.swift, RigidSet+Index.swift, RigidSet+Initializers.swift, RigidSet+Insertions.swift (in target 'BasicContainers' from project 'swift-collections')
SwiftDriverJobDiscovery normal arm64_32 Compiling UniqueSet+Hashable.swift, UniqueSet+Index.swift, UniqueSet+Initializers.swift, UniqueSet+Insertions.swift, UniqueSet+Iterable.swift, UniqueSet+Lookup.swift, UniqueSet+Removals.swift, UniqueSet+Resizing.swift, UniqueSet.swift (in target 'BasicContainers' from project 'swift-collections')
SwiftCompile normal arm64 Compiling\ RigidArray+Hashable.swift,\ RigidArray+Initializers.swift,\ RigidArray+Insertions.swift,\ RigidArray+Iterable.swift,\ RigidArray+Removals.swift,\ RigidArray+Replacements.swift,\ RigidArray.swift,\ RigidDictionary+Consumption.swift,\ RigidDictionary+Debugging.swift,\ RigidDictionary+Equatable.swift /Users/admin/builder/spi-builder-workspace/.dependencies/checkouts/swift-collections/Sources/BasicContainers/RigidArray/RigidArray+Hashable.swift /Users/admin/builder/spi-builder-workspace/.dependencies/checkouts/swift-collections/Sources/BasicContainers/RigidArray/RigidArray+Initializers.swift /Users/admin/builder/spi-builder-workspace/.dependencies/checkouts/swift-collections/Sources/BasicContainers/RigidArray/RigidArray+Insertions.swift /Users/admin/builder/spi-builder-workspace/.dependencies/checkouts/swift-collections/Sources/BasicContainers/RigidArray/RigidArray+Iterable.swift /Users/admin/builder/spi-builder-workspace/.dependencies/checkouts/swift-collections/Sources/BasicContainers/RigidArray/RigidArray+Removals.swift /Users/admin/builder/spi-builder-workspace/.dependencies/checkouts/swift-collections/Sources/BasicContainers/RigidArray/RigidArray+Replacements.swift /Users/admin/builder/spi-builder-workspace/.dependencies/checkouts/swift-collections/Sources/BasicContainers/RigidArray/RigidArray.swift /Users/admin/builder/spi-builder-workspace/.dependencies/checkouts/swift-collections/Sources/BasicContainers/RigidDictionary/RigidDictionary+Consumption.swift /Users/admin/builder/spi-builder-workspace/.dependencies/checkouts/swift-collections/Sources/BasicContainers/RigidDictionary/RigidDictionary+Debugging.swift /Users/admin/builder/spi-builder-workspace/.dependencies/checkouts/swift-collections/Sources/BasicContainers/RigidDictionary/RigidDictionary+Equatable.swift (in target 'BasicContainers' from project 'swift-collections')
SwiftCompile normal arm64 /Users/admin/builder/spi-builder-workspace/.dependencies/checkouts/swift-collections/Sources/BasicContainers/RigidArray/RigidArray+Hashable.swift (in target 'BasicContainers' from project 'swift-collections')
cd /Users/admin/builder/spi-builder-workspace/.swiftpm/xcode
builtin-SwiftPerFileCompile RigidArray+Hashable.swift
SwiftCompile normal arm64 /Users/admin/builder/spi-builder-workspace/.dependencies/checkouts/swift-collections/Sources/BasicContainers/RigidArray/RigidArray+Initializers.swift (in target 'BasicContainers' from project 'swift-collections')
cd /Users/admin/builder/spi-builder-workspace/.swiftpm/xcode
builtin-SwiftPerFileCompile RigidArray+Initializers.swift
SwiftCompile normal arm64 /Users/admin/builder/spi-builder-workspace/.dependencies/checkouts/swift-collections/Sources/BasicContainers/RigidArray/RigidArray+Insertions.swift (in target 'BasicContainers' from project 'swift-collections')
cd /Users/admin/builder/spi-builder-workspace/.swiftpm/xcode
builtin-SwiftPerFileCompile RigidArray+Insertions.swift
SwiftCompile normal arm64 /Users/admin/builder/spi-builder-workspace/.dependencies/checkouts/swift-collections/Sources/BasicContainers/RigidArray/RigidArray+Iterable.swift (in target 'BasicContainers' from project 'swift-collections')
cd /Users/admin/builder/spi-builder-workspace/.swiftpm/xcode
builtin-SwiftPerFileCompile RigidArray+Iterable.swift
SwiftCompile normal arm64 /Users/admin/builder/spi-builder-workspace/.dependencies/checkouts/swift-collections/Sources/BasicContainers/RigidArray/RigidArray+Removals.swift (in target 'BasicContainers' from project 'swift-collections')
cd /Users/admin/builder/spi-builder-workspace/.swiftpm/xcode
builtin-SwiftPerFileCompile RigidArray+Removals.swift
SwiftCompile normal arm64 /Users/admin/builder/spi-builder-workspace/.dependencies/checkouts/swift-collections/Sources/BasicContainers/RigidArray/RigidArray+Replacements.swift (in target 'BasicContainers' from project 'swift-collections')
cd /Users/admin/builder/spi-builder-workspace/.swiftpm/xcode
builtin-SwiftPerFileCompile RigidArray+Replacements.swift
SwiftCompile normal arm64 /Users/admin/builder/spi-builder-workspace/.dependencies/checkouts/swift-collections/Sources/BasicContainers/RigidArray/RigidArray.swift (in target 'BasicContainers' from project 'swift-collections')
cd /Users/admin/builder/spi-builder-workspace/.swiftpm/xcode
builtin-SwiftPerFileCompile RigidArray.swift
SwiftCompile normal arm64 /Users/admin/builder/spi-builder-workspace/.dependencies/checkouts/swift-collections/Sources/BasicContainers/RigidDictionary/RigidDictionary+Consumption.swift (in target 'BasicContainers' from project 'swift-collections')
cd /Users/admin/builder/spi-builder-workspace/.swiftpm/xcode
builtin-SwiftPerFileCompile RigidDictionary+Consumption.swift
SwiftCompile normal arm64 /Users/admin/builder/spi-builder-workspace/.dependencies/checkouts/swift-collections/Sources/BasicContainers/RigidDictionary/RigidDictionary+Debugging.swift (in target 'BasicContainers' from project 'swift-collections')
cd /Users/admin/builder/spi-builder-workspace/.swiftpm/xcode
builtin-SwiftPerFileCompile RigidDictionary+Debugging.swift
SwiftCompile normal arm64 /Users/admin/builder/spi-builder-workspace/.dependencies/checkouts/swift-collections/Sources/BasicContainers/RigidDictionary/RigidDictionary+Equatable.swift (in target 'BasicContainers' from project 'swift-collections')
cd /Users/admin/builder/spi-builder-workspace/.swiftpm/xcode
builtin-SwiftPerFileCompile RigidDictionary+Equatable.swift
SwiftDriverJobDiscovery normal arm64 Compiling UniqueSet+Hashable.swift, UniqueSet+Index.swift, UniqueSet+Initializers.swift, UniqueSet+Insertions.swift, UniqueSet+Iterable.swift, UniqueSet+Lookup.swift, UniqueSet+Removals.swift, UniqueSet+Resizing.swift, UniqueSet.swift (in target 'BasicContainers' from project 'swift-collections')
SwiftCompile normal arm64 Compiling\ UniqueArray.swift,\ UniqueDictionary+Consumption.swift,\ UniqueDictionary+Debugging.swift,\ UniqueDictionary+Equatable.swift,\ UniqueDictionary+Hashable.swift,\ UniqueDictionary+Index.swift,\ UniqueDictionary+Indices.swift,\ UniqueDictionary+Initializers.swift,\ UniqueDictionary+Insertions.swift /Users/admin/builder/spi-builder-workspace/.dependencies/checkouts/swift-collections/Sources/BasicContainers/UniqueArray/UniqueArray.swift /Users/admin/builder/spi-builder-workspace/.dependencies/checkouts/swift-collections/Sources/BasicContainers/UniqueDictionary/UniqueDictionary+Consumption.swift /Users/admin/builder/spi-builder-workspace/.dependencies/checkouts/swift-collections/Sources/BasicContainers/UniqueDictionary/UniqueDictionary+Debugging.swift /Users/admin/builder/spi-builder-workspace/.dependencies/checkouts/swift-collections/Sources/BasicContainers/UniqueDictionary/UniqueDictionary+Equatable.swift /Users/admin/builder/spi-builder-workspace/.dependencies/checkouts/swift-collections/Sources/BasicContainers/UniqueDictionary/UniqueDictionary+Hashable.swift /Users/admin/builder/spi-builder-workspace/.dependencies/checkouts/swift-collections/Sources/BasicContainers/UniqueDictionary/UniqueDictionary+Index.swift /Users/admin/builder/spi-builder-workspace/.dependencies/checkouts/swift-collections/Sources/BasicContainers/UniqueDictionary/UniqueDictionary+Indices.swift /Users/admin/builder/spi-builder-workspace/.dependencies/checkouts/swift-collections/Sources/BasicContainers/UniqueDictionary/UniqueDictionary+Initializers.swift /Users/admin/builder/spi-builder-workspace/.dependencies/checkouts/swift-collections/Sources/BasicContainers/UniqueDictionary/UniqueDictionary+Insertions.swift (in target 'BasicContainers' from project 'swift-collections')
SwiftCompile normal arm64 /Users/admin/builder/spi-builder-workspace/.dependencies/checkouts/swift-collections/Sources/BasicContainers/UniqueArray/UniqueArray.swift (in target 'BasicContainers' from project 'swift-collections')
cd /Users/admin/builder/spi-builder-workspace/.swiftpm/xcode
builtin-SwiftPerFileCompile UniqueArray.swift
SwiftCompile normal arm64 /Users/admin/builder/spi-builder-workspace/.dependencies/checkouts/swift-collections/Sources/BasicContainers/UniqueDictionary/UniqueDictionary+Consumption.swift (in target 'BasicContainers' from project 'swift-collections')
cd /Users/admin/builder/spi-builder-workspace/.swiftpm/xcode
builtin-SwiftPerFileCompile UniqueDictionary+Consumption.swift
SwiftCompile normal arm64 /Users/admin/builder/spi-builder-workspace/.dependencies/checkouts/swift-collections/Sources/BasicContainers/UniqueDictionary/UniqueDictionary+Debugging.swift (in target 'BasicContainers' from project 'swift-collections')
cd /Users/admin/builder/spi-builder-workspace/.swiftpm/xcode
builtin-SwiftPerFileCompile UniqueDictionary+Debugging.swift
SwiftCompile normal arm64 /Users/admin/builder/spi-builder-workspace/.dependencies/checkouts/swift-collections/Sources/BasicContainers/UniqueDictionary/UniqueDictionary+Equatable.swift (in target 'BasicContainers' from project 'swift-collections')
cd /Users/admin/builder/spi-builder-workspace/.swiftpm/xcode
builtin-SwiftPerFileCompile UniqueDictionary+Equatable.swift
SwiftCompile normal arm64 /Users/admin/builder/spi-builder-workspace/.dependencies/checkouts/swift-collections/Sources/BasicContainers/UniqueDictionary/UniqueDictionary+Hashable.swift (in target 'BasicContainers' from project 'swift-collections')
cd /Users/admin/builder/spi-builder-workspace/.swiftpm/xcode
builtin-SwiftPerFileCompile UniqueDictionary+Hashable.swift
SwiftCompile normal arm64 /Users/admin/builder/spi-builder-workspace/.dependencies/checkouts/swift-collections/Sources/BasicContainers/UniqueDictionary/UniqueDictionary+Index.swift (in target 'BasicContainers' from project 'swift-collections')
cd /Users/admin/builder/spi-builder-workspace/.swiftpm/xcode
builtin-SwiftPerFileCompile UniqueDictionary+Index.swift
SwiftCompile normal arm64 /Users/admin/builder/spi-builder-workspace/.dependencies/checkouts/swift-collections/Sources/BasicContainers/UniqueDictionary/UniqueDictionary+Indices.swift (in target 'BasicContainers' from project 'swift-collections')
cd /Users/admin/builder/spi-builder-workspace/.swiftpm/xcode
builtin-SwiftPerFileCompile UniqueDictionary+Indices.swift
SwiftCompile normal arm64 /Users/admin/builder/spi-builder-workspace/.dependencies/checkouts/swift-collections/Sources/BasicContainers/UniqueDictionary/UniqueDictionary+Initializers.swift (in target 'BasicContainers' from project 'swift-collections')
cd /Users/admin/builder/spi-builder-workspace/.swiftpm/xcode
builtin-SwiftPerFileCompile UniqueDictionary+Initializers.swift
SwiftCompile normal arm64 /Users/admin/builder/spi-builder-workspace/.dependencies/checkouts/swift-collections/Sources/BasicContainers/UniqueDictionary/UniqueDictionary+Insertions.swift (in target 'BasicContainers' from project 'swift-collections')
cd /Users/admin/builder/spi-builder-workspace/.swiftpm/xcode
builtin-SwiftPerFileCompile UniqueDictionary+Insertions.swift
SwiftDriverJobDiscovery normal arm64 Compiling UniqueDictionary+Keys.swift, UniqueDictionary+Lookup.swift, UniqueDictionary+Removals.swift, UniqueDictionary+Resizing.swift, UniqueDictionary.swift, UniqueSet+Consumption.swift, UniqueSet+Debugging.swift, UniqueSet+Deprecated.swift, UniqueSet+Equatable.swift (in target 'BasicContainers' from project 'swift-collections')
SwiftCompile normal arm64_32 Compiling\ UniqueArray.swift,\ UniqueDictionary+Consumption.swift,\ UniqueDictionary+Debugging.swift,\ UniqueDictionary+Equatable.swift,\ UniqueDictionary+Hashable.swift,\ UniqueDictionary+Index.swift,\ UniqueDictionary+Indices.swift,\ UniqueDictionary+Initializers.swift,\ UniqueDictionary+Insertions.swift /Users/admin/builder/spi-builder-workspace/.dependencies/checkouts/swift-collections/Sources/BasicContainers/UniqueArray/UniqueArray.swift /Users/admin/builder/spi-builder-workspace/.dependencies/checkouts/swift-collections/Sources/BasicContainers/UniqueDictionary/UniqueDictionary+Consumption.swift /Users/admin/builder/spi-builder-workspace/.dependencies/checkouts/swift-collections/Sources/BasicContainers/UniqueDictionary/UniqueDictionary+Debugging.swift /Users/admin/builder/spi-builder-workspace/.dependencies/checkouts/swift-collections/Sources/BasicContainers/UniqueDictionary/UniqueDictionary+Equatable.swift /Users/admin/builder/spi-builder-workspace/.dependencies/checkouts/swift-collections/Sources/BasicContainers/UniqueDictionary/UniqueDictionary+Hashable.swift /Users/admin/builder/spi-builder-workspace/.dependencies/checkouts/swift-collections/Sources/BasicContainers/UniqueDictionary/UniqueDictionary+Index.swift /Users/admin/builder/spi-builder-workspace/.dependencies/checkouts/swift-collections/Sources/BasicContainers/UniqueDictionary/UniqueDictionary+Indices.swift /Users/admin/builder/spi-builder-workspace/.dependencies/checkouts/swift-collections/Sources/BasicContainers/UniqueDictionary/UniqueDictionary+Initializers.swift /Users/admin/builder/spi-builder-workspace/.dependencies/checkouts/swift-collections/Sources/BasicContainers/UniqueDictionary/UniqueDictionary+Insertions.swift (in target 'BasicContainers' from project 'swift-collections')
SwiftCompile normal arm64_32 /Users/admin/builder/spi-builder-workspace/.dependencies/checkouts/swift-collections/Sources/BasicContainers/UniqueArray/UniqueArray.swift (in target 'BasicContainers' from project 'swift-collections')
cd /Users/admin/builder/spi-builder-workspace/.swiftpm/xcode
builtin-SwiftPerFileCompile UniqueArray.swift
SwiftCompile normal arm64_32 /Users/admin/builder/spi-builder-workspace/.dependencies/checkouts/swift-collections/Sources/BasicContainers/UniqueDictionary/UniqueDictionary+Consumption.swift (in target 'BasicContainers' from project 'swift-collections')
cd /Users/admin/builder/spi-builder-workspace/.swiftpm/xcode
builtin-SwiftPerFileCompile UniqueDictionary+Consumption.swift
SwiftCompile normal arm64_32 /Users/admin/builder/spi-builder-workspace/.dependencies/checkouts/swift-collections/Sources/BasicContainers/UniqueDictionary/UniqueDictionary+Debugging.swift (in target 'BasicContainers' from project 'swift-collections')
cd /Users/admin/builder/spi-builder-workspace/.swiftpm/xcode
builtin-SwiftPerFileCompile UniqueDictionary+Debugging.swift
SwiftCompile normal arm64_32 /Users/admin/builder/spi-builder-workspace/.dependencies/checkouts/swift-collections/Sources/BasicContainers/UniqueDictionary/UniqueDictionary+Equatable.swift (in target 'BasicContainers' from project 'swift-collections')
cd /Users/admin/builder/spi-builder-workspace/.swiftpm/xcode
builtin-SwiftPerFileCompile UniqueDictionary+Equatable.swift
SwiftCompile normal arm64_32 /Users/admin/builder/spi-builder-workspace/.dependencies/checkouts/swift-collections/Sources/BasicContainers/UniqueDictionary/UniqueDictionary+Hashable.swift (in target 'BasicContainers' from project 'swift-collections')
cd /Users/admin/builder/spi-builder-workspace/.swiftpm/xcode
builtin-SwiftPerFileCompile UniqueDictionary+Hashable.swift
SwiftCompile normal arm64_32 /Users/admin/builder/spi-builder-workspace/.dependencies/checkouts/swift-collections/Sources/BasicContainers/UniqueDictionary/UniqueDictionary+Index.swift (in target 'BasicContainers' from project 'swift-collections')
cd /Users/admin/builder/spi-builder-workspace/.swiftpm/xcode
builtin-SwiftPerFileCompile UniqueDictionary+Index.swift
SwiftCompile normal arm64_32 /Users/admin/builder/spi-builder-workspace/.dependencies/checkouts/swift-collections/Sources/BasicContainers/UniqueDictionary/UniqueDictionary+Indices.swift (in target 'BasicContainers' from project 'swift-collections')
cd /Users/admin/builder/spi-builder-workspace/.swiftpm/xcode
builtin-SwiftPerFileCompile UniqueDictionary+Indices.swift
SwiftCompile normal arm64_32 /Users/admin/builder/spi-builder-workspace/.dependencies/checkouts/swift-collections/Sources/BasicContainers/UniqueDictionary/UniqueDictionary+Initializers.swift (in target 'BasicContainers' from project 'swift-collections')
cd /Users/admin/builder/spi-builder-workspace/.swiftpm/xcode
builtin-SwiftPerFileCompile UniqueDictionary+Initializers.swift
SwiftCompile normal arm64_32 /Users/admin/builder/spi-builder-workspace/.dependencies/checkouts/swift-collections/Sources/BasicContainers/UniqueDictionary/UniqueDictionary+Insertions.swift (in target 'BasicContainers' from project 'swift-collections')
cd /Users/admin/builder/spi-builder-workspace/.swiftpm/xcode
builtin-SwiftPerFileCompile UniqueDictionary+Insertions.swift
SwiftDriverJobDiscovery normal arm64 Compiling RigidDictionary.swift, RigidSet+Consumption.swift, RigidSet+Debugging.swift, RigidSet+Deprecated.swift, RigidSet+Equatable.swift, RigidSet+Hashable.swift, RigidSet+Index.swift, RigidSet+Initializers.swift, RigidSet+Insertions.swift (in target 'BasicContainers' from project 'swift-collections')
SwiftCompile normal arm64 Compiling\ RigidSet+Iterable.swift,\ RigidSet+Lookup.swift,\ RigidSet+Removals.swift,\ RigidSet+Resizing.swift,\ RigidSet.swift,\ UniqueArray+Append.swift,\ UniqueArray+Consumption.swift,\ UniqueArray+ContainerOperations.swift,\ UniqueArray+Deprecated.swift /Users/admin/builder/spi-builder-workspace/.dependencies/checkouts/swift-collections/Sources/BasicContainers/RigidSet/RigidSet+Iterable.swift /Users/admin/builder/spi-builder-workspace/.dependencies/checkouts/swift-collections/Sources/BasicContainers/RigidSet/RigidSet+Lookup.swift /Users/admin/builder/spi-builder-workspace/.dependencies/checkouts/swift-collections/Sources/BasicContainers/RigidSet/RigidSet+Removals.swift /Users/admin/builder/spi-builder-workspace/.dependencies/checkouts/swift-collections/Sources/BasicContainers/RigidSet/RigidSet+Resizing.swift /Users/admin/builder/spi-builder-workspace/.dependencies/checkouts/swift-collections/Sources/BasicContainers/RigidSet/RigidSet.swift /Users/admin/builder/spi-builder-workspace/.dependencies/checkouts/swift-collections/Sources/BasicContainers/UniqueArray/UniqueArray+Append.swift /Users/admin/builder/spi-builder-workspace/.dependencies/checkouts/swift-collections/Sources/BasicContainers/UniqueArray/UniqueArray+Consumption.swift /Users/admin/builder/spi-builder-workspace/.dependencies/checkouts/swift-collections/Sources/BasicContainers/UniqueArray/UniqueArray+ContainerOperations.swift /Users/admin/builder/spi-builder-workspace/.dependencies/checkouts/swift-collections/Sources/BasicContainers/UniqueArray/UniqueArray+Deprecated.swift (in target 'BasicContainers' from project 'swift-collections')
SwiftCompile normal arm64 /Users/admin/builder/spi-builder-workspace/.dependencies/checkouts/swift-collections/Sources/BasicContainers/RigidSet/RigidSet+Iterable.swift (in target 'BasicContainers' from project 'swift-collections')
cd /Users/admin/builder/spi-builder-workspace/.swiftpm/xcode
builtin-SwiftPerFileCompile RigidSet+Iterable.swift
SwiftCompile normal arm64 /Users/admin/builder/spi-builder-workspace/.dependencies/checkouts/swift-collections/Sources/BasicContainers/RigidSet/RigidSet+Lookup.swift (in target 'BasicContainers' from project 'swift-collections')
cd /Users/admin/builder/spi-builder-workspace/.swiftpm/xcode
builtin-SwiftPerFileCompile RigidSet+Lookup.swift
SwiftCompile normal arm64 /Users/admin/builder/spi-builder-workspace/.dependencies/checkouts/swift-collections/Sources/BasicContainers/RigidSet/RigidSet+Removals.swift (in target 'BasicContainers' from project 'swift-collections')
cd /Users/admin/builder/spi-builder-workspace/.swiftpm/xcode
builtin-SwiftPerFileCompile RigidSet+Removals.swift
SwiftCompile normal arm64 /Users/admin/builder/spi-builder-workspace/.dependencies/checkouts/swift-collections/Sources/BasicContainers/RigidSet/RigidSet+Resizing.swift (in target 'BasicContainers' from project 'swift-collections')
cd /Users/admin/builder/spi-builder-workspace/.swiftpm/xcode
builtin-SwiftPerFileCompile RigidSet+Resizing.swift
SwiftCompile normal arm64 /Users/admin/builder/spi-builder-workspace/.dependencies/checkouts/swift-collections/Sources/BasicContainers/RigidSet/RigidSet.swift (in target 'BasicContainers' from project 'swift-collections')
cd /Users/admin/builder/spi-builder-workspace/.swiftpm/xcode
builtin-SwiftPerFileCompile RigidSet.swift
SwiftCompile normal arm64 /Users/admin/builder/spi-builder-workspace/.dependencies/checkouts/swift-collections/Sources/BasicContainers/UniqueArray/UniqueArray+Append.swift (in target 'BasicContainers' from project 'swift-collections')
cd /Users/admin/builder/spi-builder-workspace/.swiftpm/xcode
builtin-SwiftPerFileCompile UniqueArray+Append.swift
SwiftCompile normal arm64 /Users/admin/builder/spi-builder-workspace/.dependencies/checkouts/swift-collections/Sources/BasicContainers/UniqueArray/UniqueArray+Consumption.swift (in target 'BasicContainers' from project 'swift-collections')
cd /Users/admin/builder/spi-builder-workspace/.swiftpm/xcode
builtin-SwiftPerFileCompile UniqueArray+Consumption.swift
SwiftCompile normal arm64 /Users/admin/builder/spi-builder-workspace/.dependencies/checkouts/swift-collections/Sources/BasicContainers/UniqueArray/UniqueArray+ContainerOperations.swift (in target 'BasicContainers' from project 'swift-collections')
cd /Users/admin/builder/spi-builder-workspace/.swiftpm/xcode
builtin-SwiftPerFileCompile UniqueArray+ContainerOperations.swift
SwiftCompile normal arm64 /Users/admin/builder/spi-builder-workspace/.dependencies/checkouts/swift-collections/Sources/BasicContainers/UniqueArray/UniqueArray+Deprecated.swift (in target 'BasicContainers' from project 'swift-collections')
cd /Users/admin/builder/spi-builder-workspace/.swiftpm/xcode
builtin-SwiftPerFileCompile UniqueArray+Deprecated.swift
SwiftDriverJobDiscovery normal arm64_32 Compiling UniqueArray+Descriptions.swift, UniqueArray+Equatable.swift, UniqueArray+Experimental.swift, UniqueArray+Hashable.swift, UniqueArray+Initializers.swift, UniqueArray+Insertions.swift, UniqueArray+Iterable.swift, UniqueArray+Removals.swift, UniqueArray+Replacements.swift (in target 'BasicContainers' from project 'swift-collections')
SwiftCompile normal arm64 Compiling\ RigidDictionary+Hashable.swift,\ RigidDictionary+Index.swift,\ RigidDictionary+Indices.swift,\ RigidDictionary+Initializers.swift,\ RigidDictionary+Insertions.swift,\ RigidDictionary+Keys.swift,\ RigidDictionary+Lookup.swift,\ RigidDictionary+Removals.swift,\ RigidDictionary+Resizing.swift /Users/admin/builder/spi-builder-workspace/.dependencies/checkouts/swift-collections/Sources/BasicContainers/RigidDictionary/RigidDictionary+Hashable.swift /Users/admin/builder/spi-builder-workspace/.dependencies/checkouts/swift-collections/Sources/BasicContainers/RigidDictionary/RigidDictionary+Index.swift /Users/admin/builder/spi-builder-workspace/.dependencies/checkouts/swift-collections/Sources/BasicContainers/RigidDictionary/RigidDictionary+Indices.swift /Users/admin/builder/spi-builder-workspace/.dependencies/checkouts/swift-collections/Sources/BasicContainers/RigidDictionary/RigidDictionary+Initializers.swift /Users/admin/builder/spi-builder-workspace/.dependencies/checkouts/swift-collections/Sources/BasicContainers/RigidDictionary/RigidDictionary+Insertions.swift /Users/admin/builder/spi-builder-workspace/.dependencies/checkouts/swift-collections/Sources/BasicContainers/RigidDictionary/RigidDictionary+Keys.swift /Users/admin/builder/spi-builder-workspace/.dependencies/checkouts/swift-collections/Sources/BasicContainers/RigidDictionary/RigidDictionary+Lookup.swift /Users/admin/builder/spi-builder-workspace/.dependencies/checkouts/swift-collections/Sources/BasicContainers/RigidDictionary/RigidDictionary+Removals.swift /Users/admin/builder/spi-builder-workspace/.dependencies/checkouts/swift-collections/Sources/BasicContainers/RigidDictionary/RigidDictionary+Resizing.swift (in target 'BasicContainers' from project 'swift-collections')
SwiftCompile normal arm64 /Users/admin/builder/spi-builder-workspace/.dependencies/checkouts/swift-collections/Sources/BasicContainers/RigidDictionary/RigidDictionary+Hashable.swift (in target 'BasicContainers' from project 'swift-collections')
cd /Users/admin/builder/spi-builder-workspace/.swiftpm/xcode
builtin-SwiftPerFileCompile RigidDictionary+Hashable.swift
SwiftCompile normal arm64 /Users/admin/builder/spi-builder-workspace/.dependencies/checkouts/swift-collections/Sources/BasicContainers/RigidDictionary/RigidDictionary+Index.swift (in target 'BasicContainers' from project 'swift-collections')
cd /Users/admin/builder/spi-builder-workspace/.swiftpm/xcode
builtin-SwiftPerFileCompile RigidDictionary+Index.swift
SwiftCompile normal arm64 /Users/admin/builder/spi-builder-workspace/.dependencies/checkouts/swift-collections/Sources/BasicContainers/RigidDictionary/RigidDictionary+Indices.swift (in target 'BasicContainers' from project 'swift-collections')
cd /Users/admin/builder/spi-builder-workspace/.swiftpm/xcode
builtin-SwiftPerFileCompile RigidDictionary+Indices.swift
SwiftCompile normal arm64 /Users/admin/builder/spi-builder-workspace/.dependencies/checkouts/swift-collections/Sources/BasicContainers/RigidDictionary/RigidDictionary+Initializers.swift (in target 'BasicContainers' from project 'swift-collections')
cd /Users/admin/builder/spi-builder-workspace/.swiftpm/xcode
builtin-SwiftPerFileCompile RigidDictionary+Initializers.swift
SwiftCompile normal arm64 /Users/admin/builder/spi-builder-workspace/.dependencies/checkouts/swift-collections/Sources/BasicContainers/RigidDictionary/RigidDictionary+Insertions.swift (in target 'BasicContainers' from project 'swift-collections')
cd /Users/admin/builder/spi-builder-workspace/.swiftpm/xcode
builtin-SwiftPerFileCompile RigidDictionary+Insertions.swift
SwiftCompile normal arm64 /Users/admin/builder/spi-builder-workspace/.dependencies/checkouts/swift-collections/Sources/BasicContainers/RigidDictionary/RigidDictionary+Keys.swift (in target 'BasicContainers' from project 'swift-collections')
cd /Users/admin/builder/spi-builder-workspace/.swiftpm/xcode
builtin-SwiftPerFileCompile RigidDictionary+Keys.swift
SwiftCompile normal arm64 /Users/admin/builder/spi-builder-workspace/.dependencies/checkouts/swift-collections/Sources/BasicContainers/RigidDictionary/RigidDictionary+Lookup.swift (in target 'BasicContainers' from project 'swift-collections')
cd /Users/admin/builder/spi-builder-workspace/.swiftpm/xcode
builtin-SwiftPerFileCompile RigidDictionary+Lookup.swift
SwiftCompile normal arm64 /Users/admin/builder/spi-builder-workspace/.dependencies/checkouts/swift-collections/Sources/BasicContainers/RigidDictionary/RigidDictionary+Removals.swift (in target 'BasicContainers' from project 'swift-collections')
cd /Users/admin/builder/spi-builder-workspace/.swiftpm/xcode
builtin-SwiftPerFileCompile RigidDictionary+Removals.swift
SwiftCompile normal arm64 /Users/admin/builder/spi-builder-workspace/.dependencies/checkouts/swift-collections/Sources/BasicContainers/RigidDictionary/RigidDictionary+Resizing.swift (in target 'BasicContainers' from project 'swift-collections')
cd /Users/admin/builder/spi-builder-workspace/.swiftpm/xcode
builtin-SwiftPerFileCompile RigidDictionary+Resizing.swift
SwiftDriverJobDiscovery normal arm64_32 Compiling UniqueArray.swift, UniqueDictionary+Consumption.swift, UniqueDictionary+Debugging.swift, UniqueDictionary+Equatable.swift, UniqueDictionary+Hashable.swift, UniqueDictionary+Index.swift, UniqueDictionary+Indices.swift, UniqueDictionary+Initializers.swift, UniqueDictionary+Insertions.swift (in target 'BasicContainers' from project 'swift-collections')
SwiftCompile normal arm64 Compiling\ UniqueArray+Descriptions.swift,\ UniqueArray+Equatable.swift,\ UniqueArray+Experimental.swift,\ UniqueArray+Hashable.swift,\ UniqueArray+Initializers.swift,\ UniqueArray+Insertions.swift,\ UniqueArray+Iterable.swift,\ UniqueArray+Removals.swift,\ UniqueArray+Replacements.swift /Users/admin/builder/spi-builder-workspace/.dependencies/checkouts/swift-collections/Sources/BasicContainers/UniqueArray/UniqueArray+Descriptions.swift /Users/admin/builder/spi-builder-workspace/.dependencies/checkouts/swift-collections/Sources/BasicContainers/UniqueArray/UniqueArray+Equatable.swift /Users/admin/builder/spi-builder-workspace/.dependencies/checkouts/swift-collections/Sources/BasicContainers/UniqueArray/UniqueArray+Experimental.swift /Users/admin/builder/spi-builder-workspace/.dependencies/checkouts/swift-collections/Sources/BasicContainers/UniqueArray/UniqueArray+Hashable.swift /Users/admin/builder/spi-builder-workspace/.dependencies/checkouts/swift-collections/Sources/BasicContainers/UniqueArray/UniqueArray+Initializers.swift /Users/admin/builder/spi-builder-workspace/.dependencies/checkouts/swift-collections/Sources/BasicContainers/UniqueArray/UniqueArray+Insertions.swift /Users/admin/builder/spi-builder-workspace/.dependencies/checkouts/swift-collections/Sources/BasicContainers/UniqueArray/UniqueArray+Iterable.swift /Users/admin/builder/spi-builder-workspace/.dependencies/checkouts/swift-collections/Sources/BasicContainers/UniqueArray/UniqueArray+Removals.swift /Users/admin/builder/spi-builder-workspace/.dependencies/checkouts/swift-collections/Sources/BasicContainers/UniqueArray/UniqueArray+Replacements.swift (in target 'BasicContainers' from project 'swift-collections')
SwiftCompile normal arm64 /Users/admin/builder/spi-builder-workspace/.dependencies/checkouts/swift-collections/Sources/BasicContainers/UniqueArray/UniqueArray+Descriptions.swift (in target 'BasicContainers' from project 'swift-collections')
cd /Users/admin/builder/spi-builder-workspace/.swiftpm/xcode
builtin-SwiftPerFileCompile UniqueArray+Descriptions.swift
SwiftCompile normal arm64 /Users/admin/builder/spi-builder-workspace/.dependencies/checkouts/swift-collections/Sources/BasicContainers/UniqueArray/UniqueArray+Equatable.swift (in target 'BasicContainers' from project 'swift-collections')
cd /Users/admin/builder/spi-builder-workspace/.swiftpm/xcode
builtin-SwiftPerFileCompile UniqueArray+Equatable.swift
SwiftCompile normal arm64 /Users/admin/builder/spi-builder-workspace/.dependencies/checkouts/swift-collections/Sources/BasicContainers/UniqueArray/UniqueArray+Experimental.swift (in target 'BasicContainers' from project 'swift-collections')
cd /Users/admin/builder/spi-builder-workspace/.swiftpm/xcode
builtin-SwiftPerFileCompile UniqueArray+Experimental.swift
SwiftCompile normal arm64 /Users/admin/builder/spi-builder-workspace/.dependencies/checkouts/swift-collections/Sources/BasicContainers/UniqueArray/UniqueArray+Hashable.swift (in target 'BasicContainers' from project 'swift-collections')
cd /Users/admin/builder/spi-builder-workspace/.swiftpm/xcode
builtin-SwiftPerFileCompile UniqueArray+Hashable.swift
SwiftCompile normal arm64 /Users/admin/builder/spi-builder-workspace/.dependencies/checkouts/swift-collections/Sources/BasicContainers/UniqueArray/UniqueArray+Initializers.swift (in target 'BasicContainers' from project 'swift-collections')
cd /Users/admin/builder/spi-builder-workspace/.swiftpm/xcode
builtin-SwiftPerFileCompile UniqueArray+Initializers.swift
SwiftCompile normal arm64 /Users/admin/builder/spi-builder-workspace/.dependencies/checkouts/swift-collections/Sources/BasicContainers/UniqueArray/UniqueArray+Insertions.swift (in target 'BasicContainers' from project 'swift-collections')
cd /Users/admin/builder/spi-builder-workspace/.swiftpm/xcode
builtin-SwiftPerFileCompile UniqueArray+Insertions.swift
SwiftCompile normal arm64 /Users/admin/builder/spi-builder-workspace/.dependencies/checkouts/swift-collections/Sources/BasicContainers/UniqueArray/UniqueArray+Iterable.swift (in target 'BasicContainers' from project 'swift-collections')
cd /Users/admin/builder/spi-builder-workspace/.swiftpm/xcode
builtin-SwiftPerFileCompile UniqueArray+Iterable.swift
SwiftCompile normal arm64 /Users/admin/builder/spi-builder-workspace/.dependencies/checkouts/swift-collections/Sources/BasicContainers/UniqueArray/UniqueArray+Removals.swift (in target 'BasicContainers' from project 'swift-collections')
cd /Users/admin/builder/spi-builder-workspace/.swiftpm/xcode
builtin-SwiftPerFileCompile UniqueArray+Removals.swift
SwiftCompile normal arm64 /Users/admin/builder/spi-builder-workspace/.dependencies/checkouts/swift-collections/Sources/BasicContainers/UniqueArray/UniqueArray+Replacements.swift (in target 'BasicContainers' from project 'swift-collections')
cd /Users/admin/builder/spi-builder-workspace/.swiftpm/xcode
builtin-SwiftPerFileCompile UniqueArray+Replacements.swift
SwiftDriverJobDiscovery normal arm64 Compiling UniqueArray.swift, UniqueDictionary+Consumption.swift, UniqueDictionary+Debugging.swift, UniqueDictionary+Equatable.swift, UniqueDictionary+Hashable.swift, UniqueDictionary+Index.swift, UniqueDictionary+Indices.swift, UniqueDictionary+Initializers.swift, UniqueDictionary+Insertions.swift (in target 'BasicContainers' from project 'swift-collections')
SwiftCompile normal arm64 Compiling\ _HTable+Sizing.swift,\ _HTable.swift,\ RigidArray+Append.swift,\ RigidArray+Consumption.swift,\ RigidArray+ContainerOperations.swift,\ RigidArray+Deprecated.swift,\ RigidArray+Descriptions.swift,\ RigidArray+Equatable.swift,\ RigidArray+Experimental.swift,\ RigidArray+Formatter.swift /Users/admin/builder/spi-builder-workspace/.dependencies/checkouts/swift-collections/Sources/BasicContainers/HashTable/_HTable+Sizing.swift /Users/admin/builder/spi-builder-workspace/.dependencies/checkouts/swift-collections/Sources/BasicContainers/HashTable/_HTable.swift /Users/admin/builder/spi-builder-workspace/.dependencies/checkouts/swift-collections/Sources/BasicContainers/RigidArray/RigidArray+Append.swift /Users/admin/builder/spi-builder-workspace/.dependencies/checkouts/swift-collections/Sources/BasicContainers/RigidArray/RigidArray+Consumption.swift /Users/admin/builder/spi-builder-workspace/.dependencies/checkouts/swift-collections/Sources/BasicContainers/RigidArray/RigidArray+ContainerOperations.swift /Users/admin/builder/spi-builder-workspace/.dependencies/checkouts/swift-collections/Sources/BasicContainers/RigidArray/RigidArray+Deprecated.swift /Users/admin/builder/spi-builder-workspace/.dependencies/checkouts/swift-collections/Sources/BasicContainers/RigidArray/RigidArray+Descriptions.swift /Users/admin/builder/spi-builder-workspace/.dependencies/checkouts/swift-collections/Sources/BasicContainers/RigidArray/RigidArray+Equatable.swift /Users/admin/builder/spi-builder-workspace/.dependencies/checkouts/swift-collections/Sources/BasicContainers/RigidArray/RigidArray+Experimental.swift /Users/admin/builder/spi-builder-workspace/.dependencies/checkouts/swift-collections/Sources/BasicContainers/RigidArray/RigidArray+Formatter.swift (in target 'BasicContainers' from project 'swift-collections')
SwiftCompile normal arm64 /Users/admin/builder/spi-builder-workspace/.dependencies/checkouts/swift-collections/Sources/BasicContainers/HashTable/_HTable+Sizing.swift (in target 'BasicContainers' from project 'swift-collections')
cd /Users/admin/builder/spi-builder-workspace/.swiftpm/xcode
builtin-SwiftPerFileCompile _HTable+Sizing.swift
SwiftCompile normal arm64 /Users/admin/builder/spi-builder-workspace/.dependencies/checkouts/swift-collections/Sources/BasicContainers/HashTable/_HTable.swift (in target 'BasicContainers' from project 'swift-collections')
cd /Users/admin/builder/spi-builder-workspace/.swiftpm/xcode
builtin-SwiftPerFileCompile _HTable.swift
SwiftCompile normal arm64 /Users/admin/builder/spi-builder-workspace/.dependencies/checkouts/swift-collections/Sources/BasicContainers/RigidArray/RigidArray+Append.swift (in target 'BasicContainers' from project 'swift-collections')
cd /Users/admin/builder/spi-builder-workspace/.swiftpm/xcode
builtin-SwiftPerFileCompile RigidArray+Append.swift
SwiftCompile normal arm64 /Users/admin/builder/spi-builder-workspace/.dependencies/checkouts/swift-collections/Sources/BasicContainers/RigidArray/RigidArray+Consumption.swift (in target 'BasicContainers' from project 'swift-collections')
cd /Users/admin/builder/spi-builder-workspace/.swiftpm/xcode
builtin-SwiftPerFileCompile RigidArray+Consumption.swift
SwiftCompile normal arm64 /Users/admin/builder/spi-builder-workspace/.dependencies/checkouts/swift-collections/Sources/BasicContainers/RigidArray/RigidArray+ContainerOperations.swift (in target 'BasicContainers' from project 'swift-collections')
cd /Users/admin/builder/spi-builder-workspace/.swiftpm/xcode
builtin-SwiftPerFileCompile RigidArray+ContainerOperations.swift
SwiftCompile normal arm64 /Users/admin/builder/spi-builder-workspace/.dependencies/checkouts/swift-collections/Sources/BasicContainers/RigidArray/RigidArray+Deprecated.swift (in target 'BasicContainers' from project 'swift-collections')
cd /Users/admin/builder/spi-builder-workspace/.swiftpm/xcode
builtin-SwiftPerFileCompile RigidArray+Deprecated.swift
SwiftCompile normal arm64 /Users/admin/builder/spi-builder-workspace/.dependencies/checkouts/swift-collections/Sources/BasicContainers/RigidArray/RigidArray+Descriptions.swift (in target 'BasicContainers' from project 'swift-collections')
cd /Users/admin/builder/spi-builder-workspace/.swiftpm/xcode
builtin-SwiftPerFileCompile RigidArray+Descriptions.swift
SwiftCompile normal arm64 /Users/admin/builder/spi-builder-workspace/.dependencies/checkouts/swift-collections/Sources/BasicContainers/RigidArray/RigidArray+Equatable.swift (in target 'BasicContainers' from project 'swift-collections')
cd /Users/admin/builder/spi-builder-workspace/.swiftpm/xcode
builtin-SwiftPerFileCompile RigidArray+Equatable.swift
SwiftCompile normal arm64 /Users/admin/builder/spi-builder-workspace/.dependencies/checkouts/swift-collections/Sources/BasicContainers/RigidArray/RigidArray+Experimental.swift (in target 'BasicContainers' from project 'swift-collections')
cd /Users/admin/builder/spi-builder-workspace/.swiftpm/xcode
builtin-SwiftPerFileCompile RigidArray+Experimental.swift
SwiftCompile normal arm64 /Users/admin/builder/spi-builder-workspace/.dependencies/checkouts/swift-collections/Sources/BasicContainers/RigidArray/RigidArray+Formatter.swift (in target 'BasicContainers' from project 'swift-collections')
cd /Users/admin/builder/spi-builder-workspace/.swiftpm/xcode
builtin-SwiftPerFileCompile RigidArray+Formatter.swift
SwiftDriverJobDiscovery normal arm64_32 Compiling RigidArray+Hashable.swift, RigidArray+Initializers.swift, RigidArray+Insertions.swift, RigidArray+Iterable.swift, RigidArray+Removals.swift, RigidArray+Replacements.swift, RigidArray.swift, RigidDictionary+Consumption.swift, RigidDictionary+Debugging.swift, RigidDictionary+Equatable.swift (in target 'BasicContainers' from project 'swift-collections')
SwiftCompile normal arm64_32 Compiling\ RigidSet+Iterable.swift,\ RigidSet+Lookup.swift,\ RigidSet+Removals.swift,\ RigidSet+Resizing.swift,\ RigidSet.swift,\ UniqueArray+Append.swift,\ UniqueArray+Consumption.swift,\ UniqueArray+ContainerOperations.swift,\ UniqueArray+Deprecated.swift /Users/admin/builder/spi-builder-workspace/.dependencies/checkouts/swift-collections/Sources/BasicContainers/RigidSet/RigidSet+Iterable.swift /Users/admin/builder/spi-builder-workspace/.dependencies/checkouts/swift-collections/Sources/BasicContainers/RigidSet/RigidSet+Lookup.swift /Users/admin/builder/spi-builder-workspace/.dependencies/checkouts/swift-collections/Sources/BasicContainers/RigidSet/RigidSet+Removals.swift /Users/admin/builder/spi-builder-workspace/.dependencies/checkouts/swift-collections/Sources/BasicContainers/RigidSet/RigidSet+Resizing.swift /Users/admin/builder/spi-builder-workspace/.dependencies/checkouts/swift-collections/Sources/BasicContainers/RigidSet/RigidSet.swift /Users/admin/builder/spi-builder-workspace/.dependencies/checkouts/swift-collections/Sources/BasicContainers/UniqueArray/UniqueArray+Append.swift /Users/admin/builder/spi-builder-workspace/.dependencies/checkouts/swift-collections/Sources/BasicContainers/UniqueArray/UniqueArray+Consumption.swift /Users/admin/builder/spi-builder-workspace/.dependencies/checkouts/swift-collections/Sources/BasicContainers/UniqueArray/UniqueArray+ContainerOperations.swift /Users/admin/builder/spi-builder-workspace/.dependencies/checkouts/swift-collections/Sources/BasicContainers/UniqueArray/UniqueArray+Deprecated.swift (in target 'BasicContainers' from project 'swift-collections')
SwiftCompile normal arm64_32 /Users/admin/builder/spi-builder-workspace/.dependencies/checkouts/swift-collections/Sources/BasicContainers/RigidSet/RigidSet+Iterable.swift (in target 'BasicContainers' from project 'swift-collections')
cd /Users/admin/builder/spi-builder-workspace/.swiftpm/xcode
builtin-SwiftPerFileCompile RigidSet+Iterable.swift
SwiftCompile normal arm64_32 /Users/admin/builder/spi-builder-workspace/.dependencies/checkouts/swift-collections/Sources/BasicContainers/RigidSet/RigidSet+Lookup.swift (in target 'BasicContainers' from project 'swift-collections')
cd /Users/admin/builder/spi-builder-workspace/.swiftpm/xcode
builtin-SwiftPerFileCompile RigidSet+Lookup.swift
SwiftCompile normal arm64_32 /Users/admin/builder/spi-builder-workspace/.dependencies/checkouts/swift-collections/Sources/BasicContainers/RigidSet/RigidSet+Removals.swift (in target 'BasicContainers' from project 'swift-collections')
cd /Users/admin/builder/spi-builder-workspace/.swiftpm/xcode
builtin-SwiftPerFileCompile RigidSet+Removals.swift
SwiftCompile normal arm64_32 /Users/admin/builder/spi-builder-workspace/.dependencies/checkouts/swift-collections/Sources/BasicContainers/RigidSet/RigidSet+Resizing.swift (in target 'BasicContainers' from project 'swift-collections')
cd /Users/admin/builder/spi-builder-workspace/.swiftpm/xcode
builtin-SwiftPerFileCompile RigidSet+Resizing.swift
SwiftCompile normal arm64_32 /Users/admin/builder/spi-builder-workspace/.dependencies/checkouts/swift-collections/Sources/BasicContainers/RigidSet/RigidSet.swift (in target 'BasicContainers' from project 'swift-collections')
cd /Users/admin/builder/spi-builder-workspace/.swiftpm/xcode
builtin-SwiftPerFileCompile RigidSet.swift
SwiftCompile normal arm64_32 /Users/admin/builder/spi-builder-workspace/.dependencies/checkouts/swift-collections/Sources/BasicContainers/UniqueArray/UniqueArray+Append.swift (in target 'BasicContainers' from project 'swift-collections')
cd /Users/admin/builder/spi-builder-workspace/.swiftpm/xcode
builtin-SwiftPerFileCompile UniqueArray+Append.swift
SwiftCompile normal arm64_32 /Users/admin/builder/spi-builder-workspace/.dependencies/checkouts/swift-collections/Sources/BasicContainers/UniqueArray/UniqueArray+Consumption.swift (in target 'BasicContainers' from project 'swift-collections')
cd /Users/admin/builder/spi-builder-workspace/.swiftpm/xcode
builtin-SwiftPerFileCompile UniqueArray+Consumption.swift
SwiftCompile normal arm64_32 /Users/admin/builder/spi-builder-workspace/.dependencies/checkouts/swift-collections/Sources/BasicContainers/UniqueArray/UniqueArray+ContainerOperations.swift (in target 'BasicContainers' from project 'swift-collections')
cd /Users/admin/builder/spi-builder-workspace/.swiftpm/xcode
builtin-SwiftPerFileCompile UniqueArray+ContainerOperations.swift
SwiftCompile normal arm64_32 /Users/admin/builder/spi-builder-workspace/.dependencies/checkouts/swift-collections/Sources/BasicContainers/UniqueArray/UniqueArray+Deprecated.swift (in target 'BasicContainers' from project 'swift-collections')
cd /Users/admin/builder/spi-builder-workspace/.swiftpm/xcode
builtin-SwiftPerFileCompile UniqueArray+Deprecated.swift
SwiftDriverJobDiscovery normal arm64_32 Emitting module for BasicContainers (in target 'BasicContainers' from project 'swift-collections')
SwiftDriver\ Compilation\ Requirements BasicContainers normal arm64_32 com.apple.xcode.tools.swift.compiler (in target 'BasicContainers' from project 'swift-collections')
cd /Users/admin/builder/spi-builder-workspace/.swiftpm/xcode
builtin-Swift-Compilation-Requirements -- /Applications/Xcode-27.0.0-Release.Candidate.app/Contents/Developer/Toolchains/XcodeDefault.xctoolchain/usr/bin/swiftc -parse-as-library -module-name BasicContainers -Onone @/Users/admin/builder/spi-builder-workspace/.derivedData/Build/Intermediates.noindex/swift-collections.build/Debug-watchos/BasicContainers-t.build/Objects-normal/arm64_32/BasicContainers.SwiftFileList -DSWIFT_PACKAGE -DDEBUG -DSWIFT_MODULE_RESOURCE_BUNDLE_UNAVAILABLE -DCOLLECTIONS_RANDOMIZED_TESTING -DXcode -enable-experimental-feature AvailabilityMacro\=SwiftStdlib\ 5.0:\ macOS\ 10.14.4,\ iOS\ 12.2,\ watchOS\ 5.2,\ tvOS\ 12.2 -enable-experimental-feature AvailabilityMacro\=SwiftStdlib\ 5.1:\ macOS\ 10.15,\ iOS\ 13.0,\ watchOS\ 6.0,\ tvOS\ 13.0 -enable-experimental-feature AvailabilityMacro\=SwiftStdlib\ 5.6:\ macOS\ 12.3,\ iOS\ 15.4,\ watchOS\ 8.5,\ tvOS\ 15.4 -enable-experimental-feature AvailabilityMacro\=SwiftStdlib\ 5.7:\ macOS\ 13.0,\ iOS\ 16.0,\ watchOS\ 9.0,\ tvOS\ 16.0 -enable-experimental-feature AvailabilityMacro\=SwiftStdlib\ 5.8:\ macOS\ 13.3,\ iOS\ 16.4,\ watchOS\ 9.4,\ tvOS\ 16.4 -enable-experimental-feature AvailabilityMacro\=SwiftStdlib\ 5.9:\ macOS\ 14.0,\ iOS\ 17.0,\ watchOS\ 10.0,\ tvOS\ 17.0 -enable-experimental-feature AvailabilityMacro\=SwiftStdlib\ 5.10:\ macOS\ 14.4,\ iOS\ 17.4,\ watchOS\ 10.4,\ tvOS\ 17.4,\ visionOS\ 1.1 -enable-experimental-feature AvailabilityMacro\=SwiftStdlib\ 6.0:\ macOS\ 15.0,\ iOS\ 18.0,\ watchOS\ 11.0,\ tvOS\ 18.0,\ visionOS\ 2.0 -enable-experimental-feature AvailabilityMacro\=SwiftStdlib\ 6.1:\ macOS\ 15.4,\ iOS\ 18.4,\ watchOS\ 11.4,\ tvOS\ 18.4,\ visionOS\ 2.4 -enable-experimental-feature AvailabilityMacro\=SwiftStdlib\ 6.2:\ macOS\ 26.0,\ iOS\ 26.0,\ watchOS\ 26.0,\ tvOS\ 26.0,\ visionOS\ 26.0 -enable-experimental-feature AvailabilityMacro\=SwiftStdlib\ 6.3:\ macOS\ 26.4,\ iOS\ 26.4,\ watchOS\ 26.4,\ tvOS\ 26.4,\ visionOS\ 26.4 -enable-experimental-feature AvailabilityMacro\=SwiftStdlib\ 6.4:\ macOS\ 27.0,\ iOS\ 27.0,\ watchOS\ 27.0,\ tvOS\ 27.0,\ visionOS\ 27.0 -enable-experimental-feature AvailabilityMacro\=SwiftStdlib\ 6.5:\ macOS\ 9999,\ iOS\ 9999,\ watchOS\ 9999,\ tvOS\ 9999,\ visionOS\ 9999 -enable-upcoming-feature MemberImportVisibility -enable-experimental-feature BuiltinModule -enable-experimental-feature Lifetimes -enable-experimental-feature InoutLifetimeDependence -enable-experimental-feature AddressableParameters -enable-experimental-feature AddressableTypes -enable-experimental-feature SuppressedAssociatedTypesWithDefaults -enable-experimental-feature BorrowingSequence -plugin-path /Applications/Xcode-27.0.0-Release.Candidate.app/Contents/Developer/Toolchains/XcodeDefault.xctoolchain/usr/lib/swift/host/plugins/testing -enable-experimental-feature DebugDescriptionMacro -sdk /Applications/Xcode-27.0.0-Release.Candidate.app/Contents/Developer/Platforms/WatchOS.platform/Developer/SDKs/WatchOS27.0.sdk -target arm64_32-apple-watchos9.0 -g -module-cache-path /Users/admin/builder/spi-builder-workspace/.derivedData/ModuleCache.noindex -Xfrontend -serialize-debugging-options -profile-coverage-mapping -profile-generate -enable-testing -suppress-warnings -index-store-path /Users/admin/builder/spi-builder-workspace/.derivedData/Index.noindex/DataStore -Xcc -D_LIBCPP_HARDENING_MODE\=_LIBCPP_HARDENING_MODE_DEBUG -swift-version 6 -I /Users/admin/builder/spi-builder-workspace/.derivedData/Build/Products/Debug-watchos -Isystem /Applications/Xcode-27.0.0-Release.Candidate.app/Contents/Developer/Platforms/WatchOS.platform/Developer/usr/lib -F /Users/admin/builder/spi-builder-workspace/.derivedData/Build/Products/Debug-watchos/PackageFrameworks -F /Users/admin/builder/spi-builder-workspace/.derivedData/Build/Products/Debug-watchos -F /Applications/Xcode-27.0.0-Release.Candidate.app/Contents/Developer/Platforms/WatchOS.platform/Developer/Library/Frameworks -F /Applications/Xcode-27.0.0-Release.Candidate.app/Contents/Developer/Platforms/WatchOS.platform/Developer/SDKs/WatchOS27.0.sdk/Developer/Library/Frameworks -c -j10 -enable-batch-mode -incremental -Xcc -ivfsstatcache -Xcc /Users/admin/builder/spi-builder-workspace/.derivedData/SDKStatCaches.noindex/watchos27.0-24R360-e829b21a6f8c9b70876ba0858053c04477534ef55a1706bf4c1112bbb242f0a2.sdkstatcache -output-file-map /Users/admin/builder/spi-builder-workspace/.derivedData/Build/Intermediates.noindex/swift-collections.build/Debug-watchos/BasicContainers-t.build/Objects-normal/arm64_32/BasicContainers-OutputFileMap.json -save-temps -no-color-diagnostics -explicit-module-build -module-cache-path /Users/admin/builder/spi-builder-workspace/.derivedData/Build/Intermediates.noindex/SwiftExplicitPrecompiledModules -clang-scanner-module-cache-path /Users/admin/builder/spi-builder-workspace/.derivedData/ModuleCache.noindex -sdk-module-cache-path /Users/admin/builder/spi-builder-workspace/.derivedData/SDKExplicitPrecompiledModules -emit-dependencies -emit-module -emit-module-path /Users/admin/builder/spi-builder-workspace/.derivedData/Build/Intermediates.noindex/swift-collections.build/Debug-watchos/BasicContainers-t.build/Objects-normal/arm64_32/BasicContainers.swiftmodule -serialize-diagnostics -dependency-scan-serialize-diagnostics-path /Users/admin/builder/spi-builder-workspace/.derivedData/Build/Intermediates.noindex/swift-collections.build/Debug-watchos/BasicContainers-t.build/Objects-normal/arm64_32/BasicContainers-dependency-scan.dia -user-module-version 1.7.0 -validate-clang-modules-once -clang-build-session-file /Users/admin/builder/spi-builder-workspace/.derivedData/ModuleCache.noindex/Session.modulevalidation -Xcc -fmodules-prune-interval\=86400 -Xcc -fmodules-prune-after\=345600 -package-name swift_collections -emit-const-values -const-gather-protocols-list /Users/admin/builder/spi-builder-workspace/.derivedData/Build/Intermediates.noindex/swift-collections.build/Debug-watchos/BasicContainers-t.build/Objects-normal/arm64_32/BasicContainers_const_extract_protocols.json -Xcc -I/Users/admin/builder/spi-builder-workspace/.derivedData/Build/Products/Debug-watchos/include -Xcc -I/Users/admin/builder/spi-builder-workspace/.derivedData/Build/Intermediates.noindex/swift-collections.build/Debug-watchos/BasicContainers-t.build/DerivedSources-normal/arm64_32 -Xcc -I/Users/admin/builder/spi-builder-workspace/.derivedData/Build/Intermediates.noindex/swift-collections.build/Debug-watchos/BasicContainers-t.build/DerivedSources/arm64_32 -Xcc -I/Users/admin/builder/spi-builder-workspace/.derivedData/Build/Intermediates.noindex/swift-collections.build/Debug-watchos/BasicContainers-t.build/DerivedSources -Xcc -DSWIFT_PACKAGE -Xcc -DDEBUG\=1 -emit-objc-header -emit-objc-header-path /Users/admin/builder/spi-builder-workspace/.derivedData/Build/Intermediates.noindex/swift-collections.build/Debug-watchos/BasicContainers-t.build/Objects-normal/arm64_32/BasicContainers-Swift.h -working-directory /Users/admin/builder/spi-builder-workspace/.swiftpm/xcode -experimental-emit-module-separately -disable-cmo
SwiftDriverJobDiscovery normal arm64 Compiling RigidSet+Iterable.swift, RigidSet+Lookup.swift, RigidSet+Removals.swift, RigidSet+Resizing.swift, RigidSet.swift, UniqueArray+Append.swift, UniqueArray+Consumption.swift, UniqueArray+ContainerOperations.swift, UniqueArray+Deprecated.swift (in target 'BasicContainers' from project 'swift-collections')
Copy /Users/admin/builder/spi-builder-workspace/.derivedData/Build/Products/Debug-watchos/BasicContainers.swiftmodule/arm64_32-apple-watchos.swiftmodule /Users/admin/builder/spi-builder-workspace/.derivedData/Build/Intermediates.noindex/swift-collections.build/Debug-watchos/BasicContainers-t.build/Objects-normal/arm64_32/BasicContainers.swiftmodule (in target 'BasicContainers' from project 'swift-collections')
cd /Users/admin/builder/spi-builder-workspace/.dependencies/checkouts/swift-collections
builtin-copy -exclude .DS_Store -exclude CVS -exclude .svn -exclude .git -exclude .hg -resolve-src-symlinks -rename /Users/admin/builder/spi-builder-workspace/.derivedData/Build/Intermediates.noindex/swift-collections.build/Debug-watchos/BasicContainers-t.build/Objects-normal/arm64_32/BasicContainers.swiftmodule /Users/admin/builder/spi-builder-workspace/.derivedData/Build/Products/Debug-watchos/BasicContainers.swiftmodule/arm64_32-apple-watchos.swiftmodule
Copy /Users/admin/builder/spi-builder-workspace/.derivedData/Build/Products/Debug-watchos/BasicContainers.swiftmodule/arm64_32-apple-watchos.swiftdoc /Users/admin/builder/spi-builder-workspace/.derivedData/Build/Intermediates.noindex/swift-collections.build/Debug-watchos/BasicContainers-t.build/Objects-normal/arm64_32/BasicContainers.swiftdoc (in target 'BasicContainers' from project 'swift-collections')
cd /Users/admin/builder/spi-builder-workspace/.dependencies/checkouts/swift-collections
builtin-copy -exclude .DS_Store -exclude CVS -exclude .svn -exclude .git -exclude .hg -resolve-src-symlinks -rename /Users/admin/builder/spi-builder-workspace/.derivedData/Build/Intermediates.noindex/swift-collections.build/Debug-watchos/BasicContainers-t.build/Objects-normal/arm64_32/BasicContainers.swiftdoc /Users/admin/builder/spi-builder-workspace/.derivedData/Build/Products/Debug-watchos/BasicContainers.swiftmodule/arm64_32-apple-watchos.swiftdoc
Copy /Users/admin/builder/spi-builder-workspace/.derivedData/Build/Products/Debug-watchos/BasicContainers.swiftmodule/arm64_32-apple-watchos.abi.json /Users/admin/builder/spi-builder-workspace/.derivedData/Build/Intermediates.noindex/swift-collections.build/Debug-watchos/BasicContainers-t.build/Objects-normal/arm64_32/BasicContainers.abi.json (in target 'BasicContainers' from project 'swift-collections')
cd /Users/admin/builder/spi-builder-workspace/.dependencies/checkouts/swift-collections
builtin-copy -exclude .DS_Store -exclude CVS -exclude .svn -exclude .git -exclude .hg -resolve-src-symlinks -rename /Users/admin/builder/spi-builder-workspace/.derivedData/Build/Intermediates.noindex/swift-collections.build/Debug-watchos/BasicContainers-t.build/Objects-normal/arm64_32/BasicContainers.abi.json /Users/admin/builder/spi-builder-workspace/.derivedData/Build/Products/Debug-watchos/BasicContainers.swiftmodule/arm64_32-apple-watchos.abi.json
Copy /Users/admin/builder/spi-builder-workspace/.derivedData/Build/Products/Debug-watchos/BasicContainers.swiftmodule/Project/arm64_32-apple-watchos.swiftsourceinfo /Users/admin/builder/spi-builder-workspace/.derivedData/Build/Intermediates.noindex/swift-collections.build/Debug-watchos/BasicContainers-t.build/Objects-normal/arm64_32/BasicContainers.swiftsourceinfo (in target 'BasicContainers' from project 'swift-collections')
cd /Users/admin/builder/spi-builder-workspace/.dependencies/checkouts/swift-collections
builtin-copy -exclude .DS_Store -exclude CVS -exclude .svn -exclude .git -exclude .hg -resolve-src-symlinks -rename /Users/admin/builder/spi-builder-workspace/.derivedData/Build/Intermediates.noindex/swift-collections.build/Debug-watchos/BasicContainers-t.build/Objects-normal/arm64_32/BasicContainers.swiftsourceinfo /Users/admin/builder/spi-builder-workspace/.derivedData/Build/Products/Debug-watchos/BasicContainers.swiftmodule/Project/arm64_32-apple-watchos.swiftsourceinfo
Ld /Users/admin/builder/spi-builder-workspace/.derivedData/Build/Intermediates.noindex/swift-collections.build/Debug-watchos/SpanPreview-t.build/Objects-normal/arm64_32/Binary/SpanPreview.o normal arm64_32 (in target 'SpanPreview' from project 'swift-collections')
cd /Users/admin/builder/spi-builder-workspace/.dependencies/checkouts/swift-collections
/Applications/Xcode-27.0.0-Release.Candidate.app/Contents/Developer/Toolchains/XcodeDefault.xctoolchain/usr/bin/clang -Xlinker -reproducible -target arm64_32-apple-watchos9.0 -r -isysroot /Applications/Xcode-27.0.0-Release.Candidate.app/Contents/Developer/Platforms/WatchOS.platform/Developer/SDKs/WatchOS27.0.sdk -O0 -w -Xlinker -no_warn_duplicate_libraries -F/Users/admin/builder/spi-builder-workspace/.derivedData/Build/Intermediates.noindex/EagerLinkingTBDs/Debug-watchos -F/Users/admin/builder/spi-builder-workspace/.derivedData/Build/Products/Debug-watchos/PackageFrameworks -F/Users/admin/builder/spi-builder-workspace/.derivedData/Build/Products/Debug-watchos -iframework /Applications/Xcode-27.0.0-Release.Candidate.app/Contents/Developer/Platforms/WatchOS.platform/Developer/Library/Frameworks -iframework /Applications/Xcode-27.0.0-Release.Candidate.app/Contents/Developer/Platforms/WatchOS.platform/Developer/SDKs/WatchOS27.0.sdk/Developer/Library/Frameworks -filelist /Users/admin/builder/spi-builder-workspace/.derivedData/Build/Intermediates.noindex/swift-collections.build/Debug-watchos/SpanPreview-t.build/Objects-normal/arm64_32/SpanPreview.LinkFileList -nostdlib -Xlinker -object_path_lto -Xlinker /Users/admin/builder/spi-builder-workspace/.derivedData/Build/Intermediates.noindex/swift-collections.build/Debug-watchos/SpanPreview-t.build/Objects-normal/arm64_32/SpanPreview_lto.o -Xlinker -no_deduplicate -Xlinker -debug_variant -Xlinker -dependency_info -Xlinker /Users/admin/builder/spi-builder-workspace/.derivedData/Build/Intermediates.noindex/swift-collections.build/Debug-watchos/SpanPreview-t.build/Objects-normal/arm64_32/SpanPreview_dependency_info.dat -fobjc-link-runtime -L/Applications/Xcode-27.0.0-Release.Candidate.app/Contents/Developer/Toolchains/XcodeDefault.xctoolchain/usr/lib/swift/watchos -L/usr/lib/swift -Xlinker -add_ast_path -Xlinker /Users/admin/builder/spi-builder-workspace/.derivedData/Build/Intermediates.noindex/swift-collections.build/Debug-watchos/SpanPreview-t.build/Objects-normal/arm64_32/SpanPreview.swiftmodule -o /Users/admin/builder/spi-builder-workspace/.derivedData/Build/Intermediates.noindex/swift-collections.build/Debug-watchos/SpanPreview-t.build/Objects-normal/arm64_32/Binary/SpanPreview.o
SwiftDriverJobDiscovery normal arm64_32 Compiling _HTable+Sizing.swift, _HTable.swift, RigidArray+Append.swift, RigidArray+Consumption.swift, RigidArray+ContainerOperations.swift, RigidArray+Deprecated.swift, RigidArray+Descriptions.swift, RigidArray+Equatable.swift, RigidArray+Experimental.swift, RigidArray+Formatter.swift (in target 'BasicContainers' from project 'swift-collections')
Ld /Users/admin/builder/spi-builder-workspace/.derivedData/Build/Intermediates.noindex/swift-collections.build/Debug-watchos/SpanPreview-t.build/Objects-normal/arm64/Binary/SpanPreview.o normal arm64 (in target 'SpanPreview' from project 'swift-collections')
cd /Users/admin/builder/spi-builder-workspace/.dependencies/checkouts/swift-collections
/Applications/Xcode-27.0.0-Release.Candidate.app/Contents/Developer/Toolchains/XcodeDefault.xctoolchain/usr/bin/clang -Xlinker -reproducible -target arm64-apple-watchos9.0 -r -isysroot /Applications/Xcode-27.0.0-Release.Candidate.app/Contents/Developer/Platforms/WatchOS.platform/Developer/SDKs/WatchOS27.0.sdk -O0 -w -Xlinker -no_warn_duplicate_libraries -F/Users/admin/builder/spi-builder-workspace/.derivedData/Build/Intermediates.noindex/EagerLinkingTBDs/Debug-watchos -F/Users/admin/builder/spi-builder-workspace/.derivedData/Build/Products/Debug-watchos/PackageFrameworks -F/Users/admin/builder/spi-builder-workspace/.derivedData/Build/Products/Debug-watchos -iframework /Applications/Xcode-27.0.0-Release.Candidate.app/Contents/Developer/Platforms/WatchOS.platform/Developer/Library/Frameworks -iframework /Applications/Xcode-27.0.0-Release.Candidate.app/Contents/Developer/Platforms/WatchOS.platform/Developer/SDKs/WatchOS27.0.sdk/Developer/Library/Frameworks -filelist /Users/admin/builder/spi-builder-workspace/.derivedData/Build/Intermediates.noindex/swift-collections.build/Debug-watchos/SpanPreview-t.build/Objects-normal/arm64/SpanPreview.LinkFileList -nostdlib -Xlinker -object_path_lto -Xlinker /Users/admin/builder/spi-builder-workspace/.derivedData/Build/Intermediates.noindex/swift-collections.build/Debug-watchos/SpanPreview-t.build/Objects-normal/arm64/SpanPreview_lto.o -Xlinker -no_deduplicate -Xlinker -debug_variant -Xlinker -dependency_info -Xlinker /Users/admin/builder/spi-builder-workspace/.derivedData/Build/Intermediates.noindex/swift-collections.build/Debug-watchos/SpanPreview-t.build/Objects-normal/arm64/SpanPreview_dependency_info.dat -fobjc-link-runtime -L/Applications/Xcode-27.0.0-Release.Candidate.app/Contents/Developer/Toolchains/XcodeDefault.xctoolchain/usr/lib/swift/watchos -L/usr/lib/swift -Xlinker -add_ast_path -Xlinker /Users/admin/builder/spi-builder-workspace/.derivedData/Build/Intermediates.noindex/swift-collections.build/Debug-watchos/SpanPreview-t.build/Objects-normal/arm64/SpanPreview.swiftmodule -o /Users/admin/builder/spi-builder-workspace/.derivedData/Build/Intermediates.noindex/swift-collections.build/Debug-watchos/SpanPreview-t.build/Objects-normal/arm64/Binary/SpanPreview.o
SwiftDriverJobDiscovery normal arm64 Compiling RigidDictionary+Hashable.swift, RigidDictionary+Index.swift, RigidDictionary+Indices.swift, RigidDictionary+Initializers.swift, RigidDictionary+Insertions.swift, RigidDictionary+Keys.swift, RigidDictionary+Lookup.swift, RigidDictionary+Removals.swift, RigidDictionary+Resizing.swift (in target 'BasicContainers' from project 'swift-collections')
CreateUniversalBinary /Users/admin/builder/spi-builder-workspace/.derivedData/Build/Products/Debug-watchos/SpanPreview.o normal arm64\ arm64_32 (in target 'SpanPreview' from project 'swift-collections')
cd /Users/admin/builder/spi-builder-workspace/.dependencies/checkouts/swift-collections
/Applications/Xcode-27.0.0-Release.Candidate.app/Contents/Developer/Toolchains/XcodeDefault.xctoolchain/usr/bin/lipo -create /Users/admin/builder/spi-builder-workspace/.derivedData/Build/Intermediates.noindex/swift-collections.build/Debug-watchos/SpanPreview-t.build/Objects-normal/arm64/Binary/SpanPreview.o /Users/admin/builder/spi-builder-workspace/.derivedData/Build/Intermediates.noindex/swift-collections.build/Debug-watchos/SpanPreview-t.build/Objects-normal/arm64_32/Binary/SpanPreview.o -output /Users/admin/builder/spi-builder-workspace/.derivedData/Build/Products/Debug-watchos/SpanPreview.o
ExtractAppIntentsMetadata (in target 'SpanPreview' from project 'swift-collections')
cd /Users/admin/builder/spi-builder-workspace/.dependencies/checkouts/swift-collections
/Applications/Xcode-27.0.0-Release.Candidate.app/Contents/Developer/Toolchains/XcodeDefault.xctoolchain/usr/bin/appintentsmetadataprocessor --toolchain-dir /var/run/com.apple.security.cryptexd/mnt/com.apple.MobileAsset.MetalToolchain-v27.1.266.1.VnywV3/Metal.xctoolchain --module-name SpanPreview --sdk-root /Applications/Xcode-27.0.0-Release.Candidate.app/Contents/Developer/Platforms/WatchOS.platform/Developer/SDKs/WatchOS27.0.sdk --xcode-version 27A266a --platform-family watchOS --deployment-target 9.0 --bundle-identifier swift-collections.SpanPreview --output /Users/admin/builder/spi-builder-workspace/.derivedData/Build/Products/Debug-watchos/SpanPreview.appintents --target-triple arm64-apple-watchos9.0 --target-triple arm64_32-apple-watchos9.0 --binary-file /Users/admin/builder/spi-builder-workspace/.derivedData/Build/Products/Debug-watchos/SpanPreview.o --dependency-file /Users/admin/builder/spi-builder-workspace/.derivedData/Build/Intermediates.noindex/swift-collections.build/Debug-watchos/SpanPreview-t.build/Objects-normal/arm64/SpanPreview_dependency_info.dat --dependency-file /Users/admin/builder/spi-builder-workspace/.derivedData/Build/Intermediates.noindex/swift-collections.build/Debug-watchos/SpanPreview-t.build/Objects-normal/arm64_32/SpanPreview_dependency_info.dat --stringsdata-file /Users/admin/builder/spi-builder-workspace/.derivedData/Build/Intermediates.noindex/swift-collections.build/Debug-watchos/SpanPreview-t.build/Objects-normal/arm64/ExtractedAppShortcutsMetadata.stringsdata --stringsdata-file /Users/admin/builder/spi-builder-workspace/.derivedData/Build/Intermediates.noindex/swift-collections.build/Debug-watchos/SpanPreview-t.build/Objects-normal/arm64_32/ExtractedAppShortcutsMetadata.stringsdata --source-file-list /Users/admin/builder/spi-builder-workspace/.derivedData/Build/Intermediates.noindex/swift-collections.build/Debug-watchos/SpanPreview-t.build/Objects-normal/arm64/SpanPreview.SwiftFileList --source-file-list /Users/admin/builder/spi-builder-workspace/.derivedData/Build/Intermediates.noindex/swift-collections.build/Debug-watchos/SpanPreview-t.build/Objects-normal/arm64_32/SpanPreview.SwiftFileList --metadata-file-list /Users/admin/builder/spi-builder-workspace/.derivedData/Build/Intermediates.noindex/swift-collections.build/Debug-watchos/SpanPreview-t.build/SpanPreview.DependencyMetadataFileList --static-metadata-file-list /Users/admin/builder/spi-builder-workspace/.derivedData/Build/Intermediates.noindex/swift-collections.build/Debug-watchos/SpanPreview-t.build/SpanPreview.DependencyStaticMetadataFileList --swift-const-vals-list /Users/admin/builder/spi-builder-workspace/.derivedData/Build/Intermediates.noindex/swift-collections.build/Debug-watchos/SpanPreview-t.build/Objects-normal/arm64/SpanPreview.SwiftConstValuesFileList --swift-const-vals-list /Users/admin/builder/spi-builder-workspace/.derivedData/Build/Intermediates.noindex/swift-collections.build/Debug-watchos/SpanPreview-t.build/Objects-normal/arm64_32/SpanPreview.SwiftConstValuesFileList --force --compile-time-extraction --deployment-aware-processing --no-app-shortcuts-localization
2026-09-25 15:22:55.904 appintentsmetadataprocessor[816:4950] Starting appintentsmetadataprocessor export
2026-09-25 15:22:55.974 appintentsmetadataprocessor[816:4950] Extracted no relevant App Intents symbols, skipping writing output
SwiftDriverJobDiscovery normal arm64 Emitting module for BasicContainers (in target 'BasicContainers' from project 'swift-collections')
SwiftDriver\ Compilation\ Requirements BasicContainers normal arm64 com.apple.xcode.tools.swift.compiler (in target 'BasicContainers' from project 'swift-collections')
cd /Users/admin/builder/spi-builder-workspace/.swiftpm/xcode
builtin-Swift-Compilation-Requirements -- /Applications/Xcode-27.0.0-Release.Candidate.app/Contents/Developer/Toolchains/XcodeDefault.xctoolchain/usr/bin/swiftc -parse-as-library -module-name BasicContainers -Onone @/Users/admin/builder/spi-builder-workspace/.derivedData/Build/Intermediates.noindex/swift-collections.build/Debug-watchos/BasicContainers-t.build/Objects-normal/arm64/BasicContainers.SwiftFileList -DSWIFT_PACKAGE -DDEBUG -DSWIFT_MODULE_RESOURCE_BUNDLE_UNAVAILABLE -DCOLLECTIONS_RANDOMIZED_TESTING -DXcode -enable-experimental-feature AvailabilityMacro\=SwiftStdlib\ 5.0:\ macOS\ 10.14.4,\ iOS\ 12.2,\ watchOS\ 5.2,\ tvOS\ 12.2 -enable-experimental-feature AvailabilityMacro\=SwiftStdlib\ 5.1:\ macOS\ 10.15,\ iOS\ 13.0,\ watchOS\ 6.0,\ tvOS\ 13.0 -enable-experimental-feature AvailabilityMacro\=SwiftStdlib\ 5.6:\ macOS\ 12.3,\ iOS\ 15.4,\ watchOS\ 8.5,\ tvOS\ 15.4 -enable-experimental-feature AvailabilityMacro\=SwiftStdlib\ 5.7:\ macOS\ 13.0,\ iOS\ 16.0,\ watchOS\ 9.0,\ tvOS\ 16.0 -enable-experimental-feature AvailabilityMacro\=SwiftStdlib\ 5.8:\ macOS\ 13.3,\ iOS\ 16.4,\ watchOS\ 9.4,\ tvOS\ 16.4 -enable-experimental-feature AvailabilityMacro\=SwiftStdlib\ 5.9:\ macOS\ 14.0,\ iOS\ 17.0,\ watchOS\ 10.0,\ tvOS\ 17.0 -enable-experimental-feature AvailabilityMacro\=SwiftStdlib\ 5.10:\ macOS\ 14.4,\ iOS\ 17.4,\ watchOS\ 10.4,\ tvOS\ 17.4,\ visionOS\ 1.1 -enable-experimental-feature AvailabilityMacro\=SwiftStdlib\ 6.0:\ macOS\ 15.0,\ iOS\ 18.0,\ watchOS\ 11.0,\ tvOS\ 18.0,\ visionOS\ 2.0 -enable-experimental-feature AvailabilityMacro\=SwiftStdlib\ 6.1:\ macOS\ 15.4,\ iOS\ 18.4,\ watchOS\ 11.4,\ tvOS\ 18.4,\ visionOS\ 2.4 -enable-experimental-feature AvailabilityMacro\=SwiftStdlib\ 6.2:\ macOS\ 26.0,\ iOS\ 26.0,\ watchOS\ 26.0,\ tvOS\ 26.0,\ visionOS\ 26.0 -enable-experimental-feature AvailabilityMacro\=SwiftStdlib\ 6.3:\ macOS\ 26.4,\ iOS\ 26.4,\ watchOS\ 26.4,\ tvOS\ 26.4,\ visionOS\ 26.4 -enable-experimental-feature AvailabilityMacro\=SwiftStdlib\ 6.4:\ macOS\ 27.0,\ iOS\ 27.0,\ watchOS\ 27.0,\ tvOS\ 27.0,\ visionOS\ 27.0 -enable-experimental-feature AvailabilityMacro\=SwiftStdlib\ 6.5:\ macOS\ 9999,\ iOS\ 9999,\ watchOS\ 9999,\ tvOS\ 9999,\ visionOS\ 9999 -enable-upcoming-feature MemberImportVisibility -enable-experimental-feature BuiltinModule -enable-experimental-feature Lifetimes -enable-experimental-feature InoutLifetimeDependence -enable-experimental-feature AddressableParameters -enable-experimental-feature AddressableTypes -enable-experimental-feature SuppressedAssociatedTypesWithDefaults -enable-experimental-feature BorrowingSequence -plugin-path /Applications/Xcode-27.0.0-Release.Candidate.app/Contents/Developer/Toolchains/XcodeDefault.xctoolchain/usr/lib/swift/host/plugins/testing -enable-experimental-feature DebugDescriptionMacro -sdk /Applications/Xcode-27.0.0-Release.Candidate.app/Contents/Developer/Platforms/WatchOS.platform/Developer/SDKs/WatchOS27.0.sdk -target arm64-apple-watchos9.0 -g -module-cache-path /Users/admin/builder/spi-builder-workspace/.derivedData/ModuleCache.noindex -Xfrontend -serialize-debugging-options -profile-coverage-mapping -profile-generate -enable-testing -suppress-warnings -index-store-path /Users/admin/builder/spi-builder-workspace/.derivedData/Index.noindex/DataStore -Xcc -D_LIBCPP_HARDENING_MODE\=_LIBCPP_HARDENING_MODE_DEBUG -swift-version 6 -I /Users/admin/builder/spi-builder-workspace/.derivedData/Build/Products/Debug-watchos -Isystem /Applications/Xcode-27.0.0-Release.Candidate.app/Contents/Developer/Platforms/WatchOS.platform/Developer/usr/lib -F /Users/admin/builder/spi-builder-workspace/.derivedData/Build/Products/Debug-watchos/PackageFrameworks -F /Users/admin/builder/spi-builder-workspace/.derivedData/Build/Products/Debug-watchos -F /Applications/Xcode-27.0.0-Release.Candidate.app/Contents/Developer/Platforms/WatchOS.platform/Developer/Library/Frameworks -F /Applications/Xcode-27.0.0-Release.Candidate.app/Contents/Developer/Platforms/WatchOS.platform/Developer/SDKs/WatchOS27.0.sdk/Developer/Library/Frameworks -c -j10 -enable-batch-mode -incremental -Xcc -ivfsstatcache -Xcc /Users/admin/builder/spi-builder-workspace/.derivedData/SDKStatCaches.noindex/watchos27.0-24R360-e829b21a6f8c9b70876ba0858053c04477534ef55a1706bf4c1112bbb242f0a2.sdkstatcache -output-file-map /Users/admin/builder/spi-builder-workspace/.derivedData/Build/Intermediates.noindex/swift-collections.build/Debug-watchos/BasicContainers-t.build/Objects-normal/arm64/BasicContainers-OutputFileMap.json -save-temps -no-color-diagnostics -explicit-module-build -module-cache-path /Users/admin/builder/spi-builder-workspace/.derivedData/Build/Intermediates.noindex/SwiftExplicitPrecompiledModules -clang-scanner-module-cache-path /Users/admin/builder/spi-builder-workspace/.derivedData/ModuleCache.noindex -sdk-module-cache-path /Users/admin/builder/spi-builder-workspace/.derivedData/SDKExplicitPrecompiledModules -emit-dependencies -emit-module -emit-module-path /Users/admin/builder/spi-builder-workspace/.derivedData/Build/Intermediates.noindex/swift-collections.build/Debug-watchos/BasicContainers-t.build/Objects-normal/arm64/BasicContainers.swiftmodule -serialize-diagnostics -dependency-scan-serialize-diagnostics-path /Users/admin/builder/spi-builder-workspace/.derivedData/Build/Intermediates.noindex/swift-collections.build/Debug-watchos/BasicContainers-t.build/Objects-normal/arm64/BasicContainers-dependency-scan.dia -user-module-version 1.7.0 -validate-clang-modules-once -clang-build-session-file /Users/admin/builder/spi-builder-workspace/.derivedData/ModuleCache.noindex/Session.modulevalidation -Xcc -fmodules-prune-interval\=86400 -Xcc -fmodules-prune-after\=345600 -package-name swift_collections -emit-const-values -const-gather-protocols-list /Users/admin/builder/spi-builder-workspace/.derivedData/Build/Intermediates.noindex/swift-collections.build/Debug-watchos/BasicContainers-t.build/Objects-normal/arm64/BasicContainers_const_extract_protocols.json -Xcc -I/Users/admin/builder/spi-builder-workspace/.derivedData/Build/Products/Debug-watchos/include -Xcc -I/Users/admin/builder/spi-builder-workspace/.derivedData/Build/Intermediates.noindex/swift-collections.build/Debug-watchos/BasicContainers-t.build/DerivedSources-normal/arm64 -Xcc -I/Users/admin/builder/spi-builder-workspace/.derivedData/Build/Intermediates.noindex/swift-collections.build/Debug-watchos/BasicContainers-t.build/DerivedSources/arm64 -Xcc -I/Users/admin/builder/spi-builder-workspace/.derivedData/Build/Intermediates.noindex/swift-collections.build/Debug-watchos/BasicContainers-t.build/DerivedSources -Xcc -DSWIFT_PACKAGE -Xcc -DDEBUG\=1 -emit-objc-header -emit-objc-header-path /Users/admin/builder/spi-builder-workspace/.derivedData/Build/Intermediates.noindex/swift-collections.build/Debug-watchos/BasicContainers-t.build/Objects-normal/arm64/BasicContainers-Swift.h -working-directory /Users/admin/builder/spi-builder-workspace/.swiftpm/xcode -experimental-emit-module-separately -disable-cmo
SwiftMergeGeneratedHeaders /Users/admin/builder/spi-builder-workspace/.derivedData/Build/Intermediates.noindex/GeneratedModuleMaps-watchos/BasicContainers-Swift.h /Users/admin/builder/spi-builder-workspace/.derivedData/Build/Intermediates.noindex/swift-collections.build/Debug-watchos/BasicContainers-t.build/Objects-normal/arm64/BasicContainers-Swift.h /Users/admin/builder/spi-builder-workspace/.derivedData/Build/Intermediates.noindex/swift-collections.build/Debug-watchos/BasicContainers-t.build/Objects-normal/arm64_32/BasicContainers-Swift.h (in target 'BasicContainers' from project 'swift-collections')
cd /Users/admin/builder/spi-builder-workspace/.dependencies/checkouts/swift-collections
builtin-swiftHeaderTool -arch arm64 /Users/admin/builder/spi-builder-workspace/.derivedData/Build/Intermediates.noindex/swift-collections.build/Debug-watchos/BasicContainers-t.build/Objects-normal/arm64/BasicContainers-Swift.h -arch arm64_32 /Users/admin/builder/spi-builder-workspace/.derivedData/Build/Intermediates.noindex/swift-collections.build/Debug-watchos/BasicContainers-t.build/Objects-normal/arm64_32/BasicContainers-Swift.h -o /Users/admin/builder/spi-builder-workspace/.derivedData/Build/Intermediates.noindex/GeneratedModuleMaps-watchos/BasicContainers-Swift.h
Copy /Users/admin/builder/spi-builder-workspace/.derivedData/Build/Products/Debug-watchos/BasicContainers.swiftmodule/arm64-apple-watchos.swiftmodule /Users/admin/builder/spi-builder-workspace/.derivedData/Build/Intermediates.noindex/swift-collections.build/Debug-watchos/BasicContainers-t.build/Objects-normal/arm64/BasicContainers.swiftmodule (in target 'BasicContainers' from project 'swift-collections')
cd /Users/admin/builder/spi-builder-workspace/.dependencies/checkouts/swift-collections
builtin-copy -exclude .DS_Store -exclude CVS -exclude .svn -exclude .git -exclude .hg -resolve-src-symlinks -rename /Users/admin/builder/spi-builder-workspace/.derivedData/Build/Intermediates.noindex/swift-collections.build/Debug-watchos/BasicContainers-t.build/Objects-normal/arm64/BasicContainers.swiftmodule /Users/admin/builder/spi-builder-workspace/.derivedData/Build/Products/Debug-watchos/BasicContainers.swiftmodule/arm64-apple-watchos.swiftmodule
Copy /Users/admin/builder/spi-builder-workspace/.derivedData/Build/Products/Debug-watchos/BasicContainers.swiftmodule/arm64-apple-watchos.swiftdoc /Users/admin/builder/spi-builder-workspace/.derivedData/Build/Intermediates.noindex/swift-collections.build/Debug-watchos/BasicContainers-t.build/Objects-normal/arm64/BasicContainers.swiftdoc (in target 'BasicContainers' from project 'swift-collections')
cd /Users/admin/builder/spi-builder-workspace/.dependencies/checkouts/swift-collections
builtin-copy -exclude .DS_Store -exclude CVS -exclude .svn -exclude .git -exclude .hg -resolve-src-symlinks -rename /Users/admin/builder/spi-builder-workspace/.derivedData/Build/Intermediates.noindex/swift-collections.build/Debug-watchos/BasicContainers-t.build/Objects-normal/arm64/BasicContainers.swiftdoc /Users/admin/builder/spi-builder-workspace/.derivedData/Build/Products/Debug-watchos/BasicContainers.swiftmodule/arm64-apple-watchos.swiftdoc
Copy /Users/admin/builder/spi-builder-workspace/.derivedData/Build/Products/Debug-watchos/BasicContainers.swiftmodule/arm64-apple-watchos.abi.json /Users/admin/builder/spi-builder-workspace/.derivedData/Build/Intermediates.noindex/swift-collections.build/Debug-watchos/BasicContainers-t.build/Objects-normal/arm64/BasicContainers.abi.json (in target 'BasicContainers' from project 'swift-collections')
cd /Users/admin/builder/spi-builder-workspace/.dependencies/checkouts/swift-collections
builtin-copy -exclude .DS_Store -exclude CVS -exclude .svn -exclude .git -exclude .hg -resolve-src-symlinks -rename /Users/admin/builder/spi-builder-workspace/.derivedData/Build/Intermediates.noindex/swift-collections.build/Debug-watchos/BasicContainers-t.build/Objects-normal/arm64/BasicContainers.abi.json /Users/admin/builder/spi-builder-workspace/.derivedData/Build/Products/Debug-watchos/BasicContainers.swiftmodule/arm64-apple-watchos.abi.json
Copy /Users/admin/builder/spi-builder-workspace/.derivedData/Build/Products/Debug-watchos/BasicContainers.swiftmodule/Project/arm64-apple-watchos.swiftsourceinfo /Users/admin/builder/spi-builder-workspace/.derivedData/Build/Intermediates.noindex/swift-collections.build/Debug-watchos/BasicContainers-t.build/Objects-normal/arm64/BasicContainers.swiftsourceinfo (in target 'BasicContainers' from project 'swift-collections')
cd /Users/admin/builder/spi-builder-workspace/.dependencies/checkouts/swift-collections
builtin-copy -exclude .DS_Store -exclude CVS -exclude .svn -exclude .git -exclude .hg -resolve-src-symlinks -rename /Users/admin/builder/spi-builder-workspace/.derivedData/Build/Intermediates.noindex/swift-collections.build/Debug-watchos/BasicContainers-t.build/Objects-normal/arm64/BasicContainers.swiftsourceinfo /Users/admin/builder/spi-builder-workspace/.derivedData/Build/Products/Debug-watchos/BasicContainers.swiftmodule/Project/arm64-apple-watchos.swiftsourceinfo
SwiftDriver SwiftIDNA normal arm64 com.apple.xcode.tools.swift.compiler (in target 'SwiftIDNA' from project 'swift-idna')
cd /Users/admin/builder/spi-builder-workspace/.swiftpm/xcode
builtin-SwiftDriver -- /Applications/Xcode-27.0.0-Release.Candidate.app/Contents/Developer/Toolchains/XcodeDefault.xctoolchain/usr/bin/swiftc -parse-as-library -module-name SwiftIDNA -Onone @/Users/admin/builder/spi-builder-workspace/.derivedData/Build/Intermediates.noindex/swift-idna.build/Debug-watchos/SwiftIDNA-t.build/Objects-normal/arm64/SwiftIDNA.SwiftFileList -DSWIFT_PACKAGE -DDEBUG -DSWIFT_MODULE_RESOURCE_BUNDLE_UNAVAILABLE -Xcc -fmodule-map-file\=/Users/admin/builder/spi-builder-workspace/.derivedData/Build/Intermediates.noindex/GeneratedModuleMaps-watchos/CSwiftIDNA.modulemap -DXcode -enable-upcoming-feature MemberImportVisibility -enable-upcoming-feature InternalImportsByDefault -enable-upcoming-feature ExistentialAny -enable-upcoming-feature StrictMemorySafety -enable-experimental-feature Lifetimes -enable-experimental-feature AvailabilityMacro\=swiftIDNAApplePlatforms\ 26:macOS\ 26,\ iOS\ 26,\ tvOS\ 26,\ watchOS\ 26,\ visionOS\ 26 -enable-experimental-feature AvailabilityMacro\=swiftIDNAApplePlatforms\ 11:macOS\ 11,\ iOS\ 14,\ tvOS\ 14,\ watchOS\ 7 -enable-experimental-feature AvailabilityMacro\=swiftIDNAApplePlatforms\ 10.15:macOS\ 10.15,\ iOS\ 13,\ tvOS\ 13,\ watchOS\ 6 -plugin-path /Applications/Xcode-27.0.0-Release.Candidate.app/Contents/Developer/Toolchains/XcodeDefault.xctoolchain/usr/lib/swift/host/plugins/testing -enable-experimental-feature DebugDescriptionMacro -sdk /Applications/Xcode-27.0.0-Release.Candidate.app/Contents/Developer/Platforms/WatchOS.platform/Developer/SDKs/WatchOS27.0.sdk -target arm64-apple-watchos9.0 -g -module-cache-path /Users/admin/builder/spi-builder-workspace/.derivedData/ModuleCache.noindex -Xfrontend -serialize-debugging-options -profile-coverage-mapping -profile-generate -enable-testing -index-store-path /Users/admin/builder/spi-builder-workspace/.derivedData/Index.noindex/DataStore -Xcc -D_LIBCPP_HARDENING_MODE\=_LIBCPP_HARDENING_MODE_DEBUG -swift-version 6 -I /Users/admin/builder/spi-builder-workspace/.derivedData/Build/Products/Debug-watchos -Isystem /Applications/Xcode-27.0.0-Release.Candidate.app/Contents/Developer/Platforms/WatchOS.platform/Developer/usr/lib -F /Users/admin/builder/spi-builder-workspace/.derivedData/Build/Products/Debug-watchos/PackageFrameworks -F /Users/admin/builder/spi-builder-workspace/.derivedData/Build/Products/Debug-watchos -F /Applications/Xcode-27.0.0-Release.Candidate.app/Contents/Developer/Platforms/WatchOS.platform/Developer/Library/Frameworks -F /Applications/Xcode-27.0.0-Release.Candidate.app/Contents/Developer/Platforms/WatchOS.platform/Developer/SDKs/WatchOS27.0.sdk/Developer/Library/Frameworks -c -j10 -enable-batch-mode -incremental -Xcc -ivfsstatcache -Xcc /Users/admin/builder/spi-builder-workspace/.derivedData/SDKStatCaches.noindex/watchos27.0-24R360-e829b21a6f8c9b70876ba0858053c04477534ef55a1706bf4c1112bbb242f0a2.sdkstatcache -output-file-map /Users/admin/builder/spi-builder-workspace/.derivedData/Build/Intermediates.noindex/swift-idna.build/Debug-watchos/SwiftIDNA-t.build/Objects-normal/arm64/SwiftIDNA-OutputFileMap.json -save-temps -no-color-diagnostics -explicit-module-build -module-cache-path /Users/admin/builder/spi-builder-workspace/.derivedData/Build/Intermediates.noindex/SwiftExplicitPrecompiledModules -clang-scanner-module-cache-path /Users/admin/builder/spi-builder-workspace/.derivedData/ModuleCache.noindex -sdk-module-cache-path /Users/admin/builder/spi-builder-workspace/.derivedData/SDKExplicitPrecompiledModules -emit-dependencies -emit-module -emit-module-path /Users/admin/builder/spi-builder-workspace/.derivedData/Build/Intermediates.noindex/swift-idna.build/Debug-watchos/SwiftIDNA-t.build/Objects-normal/arm64/SwiftIDNA.swiftmodule -serialize-diagnostics -dependency-scan-serialize-diagnostics-path /Users/admin/builder/spi-builder-workspace/.derivedData/Build/Intermediates.noindex/swift-idna.build/Debug-watchos/SwiftIDNA-t.build/Objects-normal/arm64/SwiftIDNA-dependency-scan.dia -validate-clang-modules-once -clang-build-session-file /Users/admin/builder/spi-builder-workspace/.derivedData/ModuleCache.noindex/Session.modulevalidation -Xcc -fmodules-prune-interval\=86400 -Xcc -fmodules-prune-after\=345600 -package-name spi_builder_workspace -emit-const-values -const-gather-protocols-list /Users/admin/builder/spi-builder-workspace/.derivedData/Build/Intermediates.noindex/swift-idna.build/Debug-watchos/SwiftIDNA-t.build/Objects-normal/arm64/SwiftIDNA_const_extract_protocols.json -Xcc -I/Users/admin/builder/spi-builder-workspace/Sources/CSwiftIDNA/include -Xcc -I/Users/admin/builder/spi-builder-workspace/.derivedData/Build/Products/Debug-watchos/include -Xcc -I/Users/admin/builder/spi-builder-workspace/.derivedData/Build/Intermediates.noindex/swift-idna.build/Debug-watchos/SwiftIDNA-t.build/DerivedSources-normal/arm64 -Xcc -I/Users/admin/builder/spi-builder-workspace/.derivedData/Build/Intermediates.noindex/swift-idna.build/Debug-watchos/SwiftIDNA-t.build/DerivedSources/arm64 -Xcc -I/Users/admin/builder/spi-builder-workspace/.derivedData/Build/Intermediates.noindex/swift-idna.build/Debug-watchos/SwiftIDNA-t.build/DerivedSources -Xcc -DSWIFT_PACKAGE -Xcc -DDEBUG\=1 -emit-objc-header -emit-objc-header-path /Users/admin/builder/spi-builder-workspace/.derivedData/Build/Intermediates.noindex/swift-idna.build/Debug-watchos/SwiftIDNA-t.build/Objects-normal/arm64/SwiftIDNA-Swift.h -working-directory /Users/admin/builder/spi-builder-workspace/.swiftpm/xcode -experimental-emit-module-separately -disable-cmo
SwiftDriver SwiftIDNA normal arm64_32 com.apple.xcode.tools.swift.compiler (in target 'SwiftIDNA' from project 'swift-idna')
cd /Users/admin/builder/spi-builder-workspace/.swiftpm/xcode
builtin-SwiftDriver -- /Applications/Xcode-27.0.0-Release.Candidate.app/Contents/Developer/Toolchains/XcodeDefault.xctoolchain/usr/bin/swiftc -parse-as-library -module-name SwiftIDNA -Onone @/Users/admin/builder/spi-builder-workspace/.derivedData/Build/Intermediates.noindex/swift-idna.build/Debug-watchos/SwiftIDNA-t.build/Objects-normal/arm64_32/SwiftIDNA.SwiftFileList -DSWIFT_PACKAGE -DDEBUG -DSWIFT_MODULE_RESOURCE_BUNDLE_UNAVAILABLE -Xcc -fmodule-map-file\=/Users/admin/builder/spi-builder-workspace/.derivedData/Build/Intermediates.noindex/GeneratedModuleMaps-watchos/CSwiftIDNA.modulemap -DXcode -enable-upcoming-feature MemberImportVisibility -enable-upcoming-feature InternalImportsByDefault -enable-upcoming-feature ExistentialAny -enable-upcoming-feature StrictMemorySafety -enable-experimental-feature Lifetimes -enable-experimental-feature AvailabilityMacro\=swiftIDNAApplePlatforms\ 26:macOS\ 26,\ iOS\ 26,\ tvOS\ 26,\ watchOS\ 26,\ visionOS\ 26 -enable-experimental-feature AvailabilityMacro\=swiftIDNAApplePlatforms\ 11:macOS\ 11,\ iOS\ 14,\ tvOS\ 14,\ watchOS\ 7 -enable-experimental-feature AvailabilityMacro\=swiftIDNAApplePlatforms\ 10.15:macOS\ 10.15,\ iOS\ 13,\ tvOS\ 13,\ watchOS\ 6 -plugin-path /Applications/Xcode-27.0.0-Release.Candidate.app/Contents/Developer/Toolchains/XcodeDefault.xctoolchain/usr/lib/swift/host/plugins/testing -enable-experimental-feature DebugDescriptionMacro -sdk /Applications/Xcode-27.0.0-Release.Candidate.app/Contents/Developer/Platforms/WatchOS.platform/Developer/SDKs/WatchOS27.0.sdk -target arm64_32-apple-watchos9.0 -g -module-cache-path /Users/admin/builder/spi-builder-workspace/.derivedData/ModuleCache.noindex -Xfrontend -serialize-debugging-options -profile-coverage-mapping -profile-generate -enable-testing -index-store-path /Users/admin/builder/spi-builder-workspace/.derivedData/Index.noindex/DataStore -Xcc -D_LIBCPP_HARDENING_MODE\=_LIBCPP_HARDENING_MODE_DEBUG -swift-version 6 -I /Users/admin/builder/spi-builder-workspace/.derivedData/Build/Products/Debug-watchos -Isystem /Applications/Xcode-27.0.0-Release.Candidate.app/Contents/Developer/Platforms/WatchOS.platform/Developer/usr/lib -F /Users/admin/builder/spi-builder-workspace/.derivedData/Build/Products/Debug-watchos/PackageFrameworks -F /Users/admin/builder/spi-builder-workspace/.derivedData/Build/Products/Debug-watchos -F /Applications/Xcode-27.0.0-Release.Candidate.app/Contents/Developer/Platforms/WatchOS.platform/Developer/Library/Frameworks -F /Applications/Xcode-27.0.0-Release.Candidate.app/Contents/Developer/Platforms/WatchOS.platform/Developer/SDKs/WatchOS27.0.sdk/Developer/Library/Frameworks -c -j10 -enable-batch-mode -incremental -Xcc -ivfsstatcache -Xcc /Users/admin/builder/spi-builder-workspace/.derivedData/SDKStatCaches.noindex/watchos27.0-24R360-e829b21a6f8c9b70876ba0858053c04477534ef55a1706bf4c1112bbb242f0a2.sdkstatcache -output-file-map /Users/admin/builder/spi-builder-workspace/.derivedData/Build/Intermediates.noindex/swift-idna.build/Debug-watchos/SwiftIDNA-t.build/Objects-normal/arm64_32/SwiftIDNA-OutputFileMap.json -save-temps -no-color-diagnostics -explicit-module-build -module-cache-path /Users/admin/builder/spi-builder-workspace/.derivedData/Build/Intermediates.noindex/SwiftExplicitPrecompiledModules -clang-scanner-module-cache-path /Users/admin/builder/spi-builder-workspace/.derivedData/ModuleCache.noindex -sdk-module-cache-path /Users/admin/builder/spi-builder-workspace/.derivedData/SDKExplicitPrecompiledModules -emit-dependencies -emit-module -emit-module-path /Users/admin/builder/spi-builder-workspace/.derivedData/Build/Intermediates.noindex/swift-idna.build/Debug-watchos/SwiftIDNA-t.build/Objects-normal/arm64_32/SwiftIDNA.swiftmodule -serialize-diagnostics -dependency-scan-serialize-diagnostics-path /Users/admin/builder/spi-builder-workspace/.derivedData/Build/Intermediates.noindex/swift-idna.build/Debug-watchos/SwiftIDNA-t.build/Objects-normal/arm64_32/SwiftIDNA-dependency-scan.dia -validate-clang-modules-once -clang-build-session-file /Users/admin/builder/spi-builder-workspace/.derivedData/ModuleCache.noindex/Session.modulevalidation -Xcc -fmodules-prune-interval\=86400 -Xcc -fmodules-prune-after\=345600 -package-name spi_builder_workspace -emit-const-values -const-gather-protocols-list /Users/admin/builder/spi-builder-workspace/.derivedData/Build/Intermediates.noindex/swift-idna.build/Debug-watchos/SwiftIDNA-t.build/Objects-normal/arm64_32/SwiftIDNA_const_extract_protocols.json -Xcc -I/Users/admin/builder/spi-builder-workspace/Sources/CSwiftIDNA/include -Xcc -I/Users/admin/builder/spi-builder-workspace/.derivedData/Build/Products/Debug-watchos/include -Xcc -I/Users/admin/builder/spi-builder-workspace/.derivedData/Build/Intermediates.noindex/swift-idna.build/Debug-watchos/SwiftIDNA-t.build/DerivedSources-normal/arm64_32 -Xcc -I/Users/admin/builder/spi-builder-workspace/.derivedData/Build/Intermediates.noindex/swift-idna.build/Debug-watchos/SwiftIDNA-t.build/DerivedSources/arm64_32 -Xcc -I/Users/admin/builder/spi-builder-workspace/.derivedData/Build/Intermediates.noindex/swift-idna.build/Debug-watchos/SwiftIDNA-t.build/DerivedSources -Xcc -DSWIFT_PACKAGE -Xcc -DDEBUG\=1 -emit-objc-header -emit-objc-header-path /Users/admin/builder/spi-builder-workspace/.derivedData/Build/Intermediates.noindex/swift-idna.build/Debug-watchos/SwiftIDNA-t.build/Objects-normal/arm64_32/SwiftIDNA-Swift.h -working-directory /Users/admin/builder/spi-builder-workspace/.swiftpm/xcode -experimental-emit-module-separately -disable-cmo
SwiftDriverJobDiscovery normal arm64_32 Compiling _HTable+Bitmap.swift, _HTable+Bucket.swift, _HTable+Consumption.swift, _HTable+Debug.swift, _HTable+Deprecated.swift, _HTable+Find.swift, _HTable+Insert.swift, _HTable+Iteration.swift, _HTable+Removal.swift, _HTable+Resizing.swift (in target 'BasicContainers' from project 'swift-collections')
SwiftDriverJobDiscovery normal arm64 Compiling UniqueArray+Descriptions.swift, UniqueArray+Equatable.swift, UniqueArray+Experimental.swift, UniqueArray+Hashable.swift, UniqueArray+Initializers.swift, UniqueArray+Insertions.swift, UniqueArray+Iterable.swift, UniqueArray+Removals.swift, UniqueArray+Replacements.swift (in target 'BasicContainers' from project 'swift-collections')
SwiftDriverJobDiscovery normal arm64 Compiling RigidArray+Hashable.swift, RigidArray+Initializers.swift, RigidArray+Insertions.swift, RigidArray+Iterable.swift, RigidArray+Removals.swift, RigidArray+Replacements.swift, RigidArray.swift, RigidDictionary+Consumption.swift, RigidDictionary+Debugging.swift, RigidDictionary+Equatable.swift (in target 'BasicContainers' from project 'swift-collections')
SwiftDriverJobDiscovery normal arm64 Compiling _HTable+Bitmap.swift, _HTable+Bucket.swift, _HTable+Consumption.swift, _HTable+Debug.swift, _HTable+Deprecated.swift, _HTable+Find.swift, _HTable+Insert.swift, _HTable+Iteration.swift, _HTable+Removal.swift, _HTable+Resizing.swift (in target 'BasicContainers' from project 'swift-collections')
SwiftDriverJobDiscovery normal arm64_32 Compiling RigidSet+Iterable.swift, RigidSet+Lookup.swift, RigidSet+Removals.swift, RigidSet+Resizing.swift, RigidSet.swift, UniqueArray+Append.swift, UniqueArray+Consumption.swift, UniqueArray+ContainerOperations.swift, UniqueArray+Deprecated.swift (in target 'BasicContainers' from project 'swift-collections')
SwiftDriver\ Compilation BasicContainers normal arm64_32 com.apple.xcode.tools.swift.compiler (in target 'BasicContainers' from project 'swift-collections')
cd /Users/admin/builder/spi-builder-workspace/.swiftpm/xcode
builtin-Swift-Compilation -- /Applications/Xcode-27.0.0-Release.Candidate.app/Contents/Developer/Toolchains/XcodeDefault.xctoolchain/usr/bin/swiftc -parse-as-library -module-name BasicContainers -Onone @/Users/admin/builder/spi-builder-workspace/.derivedData/Build/Intermediates.noindex/swift-collections.build/Debug-watchos/BasicContainers-t.build/Objects-normal/arm64_32/BasicContainers.SwiftFileList -DSWIFT_PACKAGE -DDEBUG -DSWIFT_MODULE_RESOURCE_BUNDLE_UNAVAILABLE -DCOLLECTIONS_RANDOMIZED_TESTING -DXcode -enable-experimental-feature AvailabilityMacro\=SwiftStdlib\ 5.0:\ macOS\ 10.14.4,\ iOS\ 12.2,\ watchOS\ 5.2,\ tvOS\ 12.2 -enable-experimental-feature AvailabilityMacro\=SwiftStdlib\ 5.1:\ macOS\ 10.15,\ iOS\ 13.0,\ watchOS\ 6.0,\ tvOS\ 13.0 -enable-experimental-feature AvailabilityMacro\=SwiftStdlib\ 5.6:\ macOS\ 12.3,\ iOS\ 15.4,\ watchOS\ 8.5,\ tvOS\ 15.4 -enable-experimental-feature AvailabilityMacro\=SwiftStdlib\ 5.7:\ macOS\ 13.0,\ iOS\ 16.0,\ watchOS\ 9.0,\ tvOS\ 16.0 -enable-experimental-feature AvailabilityMacro\=SwiftStdlib\ 5.8:\ macOS\ 13.3,\ iOS\ 16.4,\ watchOS\ 9.4,\ tvOS\ 16.4 -enable-experimental-feature AvailabilityMacro\=SwiftStdlib\ 5.9:\ macOS\ 14.0,\ iOS\ 17.0,\ watchOS\ 10.0,\ tvOS\ 17.0 -enable-experimental-feature AvailabilityMacro\=SwiftStdlib\ 5.10:\ macOS\ 14.4,\ iOS\ 17.4,\ watchOS\ 10.4,\ tvOS\ 17.4,\ visionOS\ 1.1 -enable-experimental-feature AvailabilityMacro\=SwiftStdlib\ 6.0:\ macOS\ 15.0,\ iOS\ 18.0,\ watchOS\ 11.0,\ tvOS\ 18.0,\ visionOS\ 2.0 -enable-experimental-feature AvailabilityMacro\=SwiftStdlib\ 6.1:\ macOS\ 15.4,\ iOS\ 18.4,\ watchOS\ 11.4,\ tvOS\ 18.4,\ visionOS\ 2.4 -enable-experimental-feature AvailabilityMacro\=SwiftStdlib\ 6.2:\ macOS\ 26.0,\ iOS\ 26.0,\ watchOS\ 26.0,\ tvOS\ 26.0,\ visionOS\ 26.0 -enable-experimental-feature AvailabilityMacro\=SwiftStdlib\ 6.3:\ macOS\ 26.4,\ iOS\ 26.4,\ watchOS\ 26.4,\ tvOS\ 26.4,\ visionOS\ 26.4 -enable-experimental-feature AvailabilityMacro\=SwiftStdlib\ 6.4:\ macOS\ 27.0,\ iOS\ 27.0,\ watchOS\ 27.0,\ tvOS\ 27.0,\ visionOS\ 27.0 -enable-experimental-feature AvailabilityMacro\=SwiftStdlib\ 6.5:\ macOS\ 9999,\ iOS\ 9999,\ watchOS\ 9999,\ tvOS\ 9999,\ visionOS\ 9999 -enable-upcoming-feature MemberImportVisibility -enable-experimental-feature BuiltinModule -enable-experimental-feature Lifetimes -enable-experimental-feature InoutLifetimeDependence -enable-experimental-feature AddressableParameters -enable-experimental-feature AddressableTypes -enable-experimental-feature SuppressedAssociatedTypesWithDefaults -enable-experimental-feature BorrowingSequence -plugin-path /Applications/Xcode-27.0.0-Release.Candidate.app/Contents/Developer/Toolchains/XcodeDefault.xctoolchain/usr/lib/swift/host/plugins/testing -enable-experimental-feature DebugDescriptionMacro -sdk /Applications/Xcode-27.0.0-Release.Candidate.app/Contents/Developer/Platforms/WatchOS.platform/Developer/SDKs/WatchOS27.0.sdk -target arm64_32-apple-watchos9.0 -g -module-cache-path /Users/admin/builder/spi-builder-workspace/.derivedData/ModuleCache.noindex -Xfrontend -serialize-debugging-options -profile-coverage-mapping -profile-generate -enable-testing -suppress-warnings -index-store-path /Users/admin/builder/spi-builder-workspace/.derivedData/Index.noindex/DataStore -Xcc -D_LIBCPP_HARDENING_MODE\=_LIBCPP_HARDENING_MODE_DEBUG -swift-version 6 -I /Users/admin/builder/spi-builder-workspace/.derivedData/Build/Products/Debug-watchos -Isystem /Applications/Xcode-27.0.0-Release.Candidate.app/Contents/Developer/Platforms/WatchOS.platform/Developer/usr/lib -F /Users/admin/builder/spi-builder-workspace/.derivedData/Build/Products/Debug-watchos/PackageFrameworks -F /Users/admin/builder/spi-builder-workspace/.derivedData/Build/Products/Debug-watchos -F /Applications/Xcode-27.0.0-Release.Candidate.app/Contents/Developer/Platforms/WatchOS.platform/Developer/Library/Frameworks -F /Applications/Xcode-27.0.0-Release.Candidate.app/Contents/Developer/Platforms/WatchOS.platform/Developer/SDKs/WatchOS27.0.sdk/Developer/Library/Frameworks -c -j10 -enable-batch-mode -incremental -Xcc -ivfsstatcache -Xcc /Users/admin/builder/spi-builder-workspace/.derivedData/SDKStatCaches.noindex/watchos27.0-24R360-e829b21a6f8c9b70876ba0858053c04477534ef55a1706bf4c1112bbb242f0a2.sdkstatcache -output-file-map /Users/admin/builder/spi-builder-workspace/.derivedData/Build/Intermediates.noindex/swift-collections.build/Debug-watchos/BasicContainers-t.build/Objects-normal/arm64_32/BasicContainers-OutputFileMap.json -save-temps -no-color-diagnostics -explicit-module-build -module-cache-path /Users/admin/builder/spi-builder-workspace/.derivedData/Build/Intermediates.noindex/SwiftExplicitPrecompiledModules -clang-scanner-module-cache-path /Users/admin/builder/spi-builder-workspace/.derivedData/ModuleCache.noindex -sdk-module-cache-path /Users/admin/builder/spi-builder-workspace/.derivedData/SDKExplicitPrecompiledModules -emit-dependencies -emit-module -emit-module-path /Users/admin/builder/spi-builder-workspace/.derivedData/Build/Intermediates.noindex/swift-collections.build/Debug-watchos/BasicContainers-t.build/Objects-normal/arm64_32/BasicContainers.swiftmodule -serialize-diagnostics -dependency-scan-serialize-diagnostics-path /Users/admin/builder/spi-builder-workspace/.derivedData/Build/Intermediates.noindex/swift-collections.build/Debug-watchos/BasicContainers-t.build/Objects-normal/arm64_32/BasicContainers-dependency-scan.dia -user-module-version 1.7.0 -validate-clang-modules-once -clang-build-session-file /Users/admin/builder/spi-builder-workspace/.derivedData/ModuleCache.noindex/Session.modulevalidation -Xcc -fmodules-prune-interval\=86400 -Xcc -fmodules-prune-after\=345600 -package-name swift_collections -emit-const-values -const-gather-protocols-list /Users/admin/builder/spi-builder-workspace/.derivedData/Build/Intermediates.noindex/swift-collections.build/Debug-watchos/BasicContainers-t.build/Objects-normal/arm64_32/BasicContainers_const_extract_protocols.json -Xcc -I/Users/admin/builder/spi-builder-workspace/.derivedData/Build/Products/Debug-watchos/include -Xcc -I/Users/admin/builder/spi-builder-workspace/.derivedData/Build/Intermediates.noindex/swift-collections.build/Debug-watchos/BasicContainers-t.build/DerivedSources-normal/arm64_32 -Xcc -I/Users/admin/builder/spi-builder-workspace/.derivedData/Build/Intermediates.noindex/swift-collections.build/Debug-watchos/BasicContainers-t.build/DerivedSources/arm64_32 -Xcc -I/Users/admin/builder/spi-builder-workspace/.derivedData/Build/Intermediates.noindex/swift-collections.build/Debug-watchos/BasicContainers-t.build/DerivedSources -Xcc -DSWIFT_PACKAGE -Xcc -DDEBUG\=1 -emit-objc-header -emit-objc-header-path /Users/admin/builder/spi-builder-workspace/.derivedData/Build/Intermediates.noindex/swift-collections.build/Debug-watchos/BasicContainers-t.build/Objects-normal/arm64_32/BasicContainers-Swift.h -working-directory /Users/admin/builder/spi-builder-workspace/.swiftpm/xcode -experimental-emit-module-separately -disable-cmo
Ld /Users/admin/builder/spi-builder-workspace/.derivedData/Build/Intermediates.noindex/swift-collections.build/Debug-watchos/BasicContainers-t.build/Objects-normal/arm64_32/Binary/BasicContainers.o normal arm64_32 (in target 'BasicContainers' from project 'swift-collections')
cd /Users/admin/builder/spi-builder-workspace/.dependencies/checkouts/swift-collections
/Applications/Xcode-27.0.0-Release.Candidate.app/Contents/Developer/Toolchains/XcodeDefault.xctoolchain/usr/bin/clang -Xlinker -reproducible -target arm64_32-apple-watchos9.0 -r -isysroot /Applications/Xcode-27.0.0-Release.Candidate.app/Contents/Developer/Platforms/WatchOS.platform/Developer/SDKs/WatchOS27.0.sdk -O0 -w -Xlinker -no_warn_duplicate_libraries -F/Users/admin/builder/spi-builder-workspace/.derivedData/Build/Intermediates.noindex/EagerLinkingTBDs/Debug-watchos -F/Users/admin/builder/spi-builder-workspace/.derivedData/Build/Products/Debug-watchos/PackageFrameworks -F/Users/admin/builder/spi-builder-workspace/.derivedData/Build/Products/Debug-watchos -iframework /Applications/Xcode-27.0.0-Release.Candidate.app/Contents/Developer/Platforms/WatchOS.platform/Developer/Library/Frameworks -iframework /Applications/Xcode-27.0.0-Release.Candidate.app/Contents/Developer/Platforms/WatchOS.platform/Developer/SDKs/WatchOS27.0.sdk/Developer/Library/Frameworks -filelist /Users/admin/builder/spi-builder-workspace/.derivedData/Build/Intermediates.noindex/swift-collections.build/Debug-watchos/BasicContainers-t.build/Objects-normal/arm64_32/BasicContainers.LinkFileList -nostdlib -Xlinker -object_path_lto -Xlinker /Users/admin/builder/spi-builder-workspace/.derivedData/Build/Intermediates.noindex/swift-collections.build/Debug-watchos/BasicContainers-t.build/Objects-normal/arm64_32/BasicContainers_lto.o -Xlinker -no_deduplicate -Xlinker -debug_variant -Xlinker -dependency_info -Xlinker /Users/admin/builder/spi-builder-workspace/.derivedData/Build/Intermediates.noindex/swift-collections.build/Debug-watchos/BasicContainers-t.build/Objects-normal/arm64_32/BasicContainers_dependency_info.dat -fobjc-link-runtime -L/Applications/Xcode-27.0.0-Release.Candidate.app/Contents/Developer/Toolchains/XcodeDefault.xctoolchain/usr/lib/swift/watchos -L/usr/lib/swift -Xlinker -add_ast_path -Xlinker /Users/admin/builder/spi-builder-workspace/.derivedData/Build/Intermediates.noindex/swift-collections.build/Debug-watchos/BasicContainers-t.build/Objects-normal/arm64_32/BasicContainers.swiftmodule -o /Users/admin/builder/spi-builder-workspace/.derivedData/Build/Intermediates.noindex/swift-collections.build/Debug-watchos/BasicContainers-t.build/Objects-normal/arm64_32/Binary/BasicContainers.o
SwiftExplicitDependencyGeneratePcm arm64_32 /Users/admin/builder/spi-builder-workspace/.derivedData/SDKExplicitPrecompiledModules/_AvailabilityInternal-22ZP1ILSQW16KHXZS5GBZHOCS.pcm
SwiftExplicitDependencyGeneratePcm arm64_32 /Users/admin/builder/spi-builder-workspace/.derivedData/SDKExplicitPrecompiledModules/_Builtin_stdarg-EYJP6DFYQL9GJLH1TJ84A8MHV.pcm
SwiftExplicitDependencyGeneratePcm arm64_32 /Users/admin/builder/spi-builder-workspace/.derivedData/SDKExplicitPrecompiledModules/_Builtin_float-372PLGDQ1U3B6Z5EA5DJMDORJ.pcm
SwiftExplicitDependencyGeneratePcm arm64_32 /Users/admin/builder/spi-builder-workspace/.derivedData/SDKExplicitPrecompiledModules/_Builtin_stddef-2F9BFIPBQ5EWNSK5G7G7V4EKL.pcm
SwiftExplicitDependencyGeneratePcm arm64_32 /Users/admin/builder/spi-builder-workspace/.derivedData/SDKExplicitPrecompiledModules/_Builtin_stdbool-84ZA1VDW90AGWZ2LF5KOCM8DZ.pcm
SwiftExplicitDependencyGeneratePcm arm64_32 /Users/admin/builder/spi-builder-workspace/.derivedData/SDKExplicitPrecompiledModules/ptrcheck-EAZ3I917ZFA9H6ZCL6PGLG4TR.pcm
SwiftExplicitDependencyGeneratePcm arm64 /Users/admin/builder/spi-builder-workspace/.derivedData/SDKExplicitPrecompiledModules/_Builtin_stdbool-B692L2PMR118794VVYBG37897.pcm
SwiftExplicitDependencyGeneratePcm arm64 /Users/admin/builder/spi-builder-workspace/.derivedData/SDKExplicitPrecompiledModules/_AvailabilityInternal-42EVAC8Q6P1ZT6G3A168N97G4.pcm
SwiftExplicitDependencyGeneratePcm arm64 /Users/admin/builder/spi-builder-workspace/.derivedData/SDKExplicitPrecompiledModules/_Builtin_stdarg-3X4KLXUYEI0UGBILP4X7D0CYW.pcm
SwiftExplicitDependencyGeneratePcm arm64 /Users/admin/builder/spi-builder-workspace/.derivedData/SDKExplicitPrecompiledModules/ptrcheck-8K07997SIHO7YGY7UQ3LOQ3TJ.pcm
SwiftExplicitDependencyGeneratePcm arm64 /Users/admin/builder/spi-builder-workspace/.derivedData/SDKExplicitPrecompiledModules/_Builtin_float-E4M4A8689VXF1T7P7BV56IKBT.pcm
SwiftExplicitDependencyGeneratePcm arm64 /Users/admin/builder/spi-builder-workspace/.derivedData/SDKExplicitPrecompiledModules/_Builtin_stddef-5OH846KKUPSJJT7GCX9XU1TKG.pcm
SwiftExplicitDependencyGeneratePcm arm64_32 /Users/admin/builder/spi-builder-workspace/.derivedData/SDKExplicitPrecompiledModules/_DarwinFoundation1-5SNIO0SFHX9KJZTLQGIPAPXUZ.pcm
SwiftDriverJobDiscovery normal arm64 Compiling _HTable+Sizing.swift, _HTable.swift, RigidArray+Append.swift, RigidArray+Consumption.swift, RigidArray+ContainerOperations.swift, RigidArray+Deprecated.swift, RigidArray+Descriptions.swift, RigidArray+Equatable.swift, RigidArray+Experimental.swift, RigidArray+Formatter.swift (in target 'BasicContainers' from project 'swift-collections')
SwiftDriver\ Compilation BasicContainers normal arm64 com.apple.xcode.tools.swift.compiler (in target 'BasicContainers' from project 'swift-collections')
cd /Users/admin/builder/spi-builder-workspace/.swiftpm/xcode
builtin-Swift-Compilation -- /Applications/Xcode-27.0.0-Release.Candidate.app/Contents/Developer/Toolchains/XcodeDefault.xctoolchain/usr/bin/swiftc -parse-as-library -module-name BasicContainers -Onone @/Users/admin/builder/spi-builder-workspace/.derivedData/Build/Intermediates.noindex/swift-collections.build/Debug-watchos/BasicContainers-t.build/Objects-normal/arm64/BasicContainers.SwiftFileList -DSWIFT_PACKAGE -DDEBUG -DSWIFT_MODULE_RESOURCE_BUNDLE_UNAVAILABLE -DCOLLECTIONS_RANDOMIZED_TESTING -DXcode -enable-experimental-feature AvailabilityMacro\=SwiftStdlib\ 5.0:\ macOS\ 10.14.4,\ iOS\ 12.2,\ watchOS\ 5.2,\ tvOS\ 12.2 -enable-experimental-feature AvailabilityMacro\=SwiftStdlib\ 5.1:\ macOS\ 10.15,\ iOS\ 13.0,\ watchOS\ 6.0,\ tvOS\ 13.0 -enable-experimental-feature AvailabilityMacro\=SwiftStdlib\ 5.6:\ macOS\ 12.3,\ iOS\ 15.4,\ watchOS\ 8.5,\ tvOS\ 15.4 -enable-experimental-feature AvailabilityMacro\=SwiftStdlib\ 5.7:\ macOS\ 13.0,\ iOS\ 16.0,\ watchOS\ 9.0,\ tvOS\ 16.0 -enable-experimental-feature AvailabilityMacro\=SwiftStdlib\ 5.8:\ macOS\ 13.3,\ iOS\ 16.4,\ watchOS\ 9.4,\ tvOS\ 16.4 -enable-experimental-feature AvailabilityMacro\=SwiftStdlib\ 5.9:\ macOS\ 14.0,\ iOS\ 17.0,\ watchOS\ 10.0,\ tvOS\ 17.0 -enable-experimental-feature AvailabilityMacro\=SwiftStdlib\ 5.10:\ macOS\ 14.4,\ iOS\ 17.4,\ watchOS\ 10.4,\ tvOS\ 17.4,\ visionOS\ 1.1 -enable-experimental-feature AvailabilityMacro\=SwiftStdlib\ 6.0:\ macOS\ 15.0,\ iOS\ 18.0,\ watchOS\ 11.0,\ tvOS\ 18.0,\ visionOS\ 2.0 -enable-experimental-feature AvailabilityMacro\=SwiftStdlib\ 6.1:\ macOS\ 15.4,\ iOS\ 18.4,\ watchOS\ 11.4,\ tvOS\ 18.4,\ visionOS\ 2.4 -enable-experimental-feature AvailabilityMacro\=SwiftStdlib\ 6.2:\ macOS\ 26.0,\ iOS\ 26.0,\ watchOS\ 26.0,\ tvOS\ 26.0,\ visionOS\ 26.0 -enable-experimental-feature AvailabilityMacro\=SwiftStdlib\ 6.3:\ macOS\ 26.4,\ iOS\ 26.4,\ watchOS\ 26.4,\ tvOS\ 26.4,\ visionOS\ 26.4 -enable-experimental-feature AvailabilityMacro\=SwiftStdlib\ 6.4:\ macOS\ 27.0,\ iOS\ 27.0,\ watchOS\ 27.0,\ tvOS\ 27.0,\ visionOS\ 27.0 -enable-experimental-feature AvailabilityMacro\=SwiftStdlib\ 6.5:\ macOS\ 9999,\ iOS\ 9999,\ watchOS\ 9999,\ tvOS\ 9999,\ visionOS\ 9999 -enable-upcoming-feature MemberImportVisibility -enable-experimental-feature BuiltinModule -enable-experimental-feature Lifetimes -enable-experimental-feature InoutLifetimeDependence -enable-experimental-feature AddressableParameters -enable-experimental-feature AddressableTypes -enable-experimental-feature SuppressedAssociatedTypesWithDefaults -enable-experimental-feature BorrowingSequence -plugin-path /Applications/Xcode-27.0.0-Release.Candidate.app/Contents/Developer/Toolchains/XcodeDefault.xctoolchain/usr/lib/swift/host/plugins/testing -enable-experimental-feature DebugDescriptionMacro -sdk /Applications/Xcode-27.0.0-Release.Candidate.app/Contents/Developer/Platforms/WatchOS.platform/Developer/SDKs/WatchOS27.0.sdk -target arm64-apple-watchos9.0 -g -module-cache-path /Users/admin/builder/spi-builder-workspace/.derivedData/ModuleCache.noindex -Xfrontend -serialize-debugging-options -profile-coverage-mapping -profile-generate -enable-testing -suppress-warnings -index-store-path /Users/admin/builder/spi-builder-workspace/.derivedData/Index.noindex/DataStore -Xcc -D_LIBCPP_HARDENING_MODE\=_LIBCPP_HARDENING_MODE_DEBUG -swift-version 6 -I /Users/admin/builder/spi-builder-workspace/.derivedData/Build/Products/Debug-watchos -Isystem /Applications/Xcode-27.0.0-Release.Candidate.app/Contents/Developer/Platforms/WatchOS.platform/Developer/usr/lib -F /Users/admin/builder/spi-builder-workspace/.derivedData/Build/Products/Debug-watchos/PackageFrameworks -F /Users/admin/builder/spi-builder-workspace/.derivedData/Build/Products/Debug-watchos -F /Applications/Xcode-27.0.0-Release.Candidate.app/Contents/Developer/Platforms/WatchOS.platform/Developer/Library/Frameworks -F /Applications/Xcode-27.0.0-Release.Candidate.app/Contents/Developer/Platforms/WatchOS.platform/Developer/SDKs/WatchOS27.0.sdk/Developer/Library/Frameworks -c -j10 -enable-batch-mode -incremental -Xcc -ivfsstatcache -Xcc /Users/admin/builder/spi-builder-workspace/.derivedData/SDKStatCaches.noindex/watchos27.0-24R360-e829b21a6f8c9b70876ba0858053c04477534ef55a1706bf4c1112bbb242f0a2.sdkstatcache -output-file-map /Users/admin/builder/spi-builder-workspace/.derivedData/Build/Intermediates.noindex/swift-collections.build/Debug-watchos/BasicContainers-t.build/Objects-normal/arm64/BasicContainers-OutputFileMap.json -save-temps -no-color-diagnostics -explicit-module-build -module-cache-path /Users/admin/builder/spi-builder-workspace/.derivedData/Build/Intermediates.noindex/SwiftExplicitPrecompiledModules -clang-scanner-module-cache-path /Users/admin/builder/spi-builder-workspace/.derivedData/ModuleCache.noindex -sdk-module-cache-path /Users/admin/builder/spi-builder-workspace/.derivedData/SDKExplicitPrecompiledModules -emit-dependencies -emit-module -emit-module-path /Users/admin/builder/spi-builder-workspace/.derivedData/Build/Intermediates.noindex/swift-collections.build/Debug-watchos/BasicContainers-t.build/Objects-normal/arm64/BasicContainers.swiftmodule -serialize-diagnostics -dependency-scan-serialize-diagnostics-path /Users/admin/builder/spi-builder-workspace/.derivedData/Build/Intermediates.noindex/swift-collections.build/Debug-watchos/BasicContainers-t.build/Objects-normal/arm64/BasicContainers-dependency-scan.dia -user-module-version 1.7.0 -validate-clang-modules-once -clang-build-session-file /Users/admin/builder/spi-builder-workspace/.derivedData/ModuleCache.noindex/Session.modulevalidation -Xcc -fmodules-prune-interval\=86400 -Xcc -fmodules-prune-after\=345600 -package-name swift_collections -emit-const-values -const-gather-protocols-list /Users/admin/builder/spi-builder-workspace/.derivedData/Build/Intermediates.noindex/swift-collections.build/Debug-watchos/BasicContainers-t.build/Objects-normal/arm64/BasicContainers_const_extract_protocols.json -Xcc -I/Users/admin/builder/spi-builder-workspace/.derivedData/Build/Products/Debug-watchos/include -Xcc -I/Users/admin/builder/spi-builder-workspace/.derivedData/Build/Intermediates.noindex/swift-collections.build/Debug-watchos/BasicContainers-t.build/DerivedSources-normal/arm64 -Xcc -I/Users/admin/builder/spi-builder-workspace/.derivedData/Build/Intermediates.noindex/swift-collections.build/Debug-watchos/BasicContainers-t.build/DerivedSources/arm64 -Xcc -I/Users/admin/builder/spi-builder-workspace/.derivedData/Build/Intermediates.noindex/swift-collections.build/Debug-watchos/BasicContainers-t.build/DerivedSources -Xcc -DSWIFT_PACKAGE -Xcc -DDEBUG\=1 -emit-objc-header -emit-objc-header-path /Users/admin/builder/spi-builder-workspace/.derivedData/Build/Intermediates.noindex/swift-collections.build/Debug-watchos/BasicContainers-t.build/Objects-normal/arm64/BasicContainers-Swift.h -working-directory /Users/admin/builder/spi-builder-workspace/.swiftpm/xcode -experimental-emit-module-separately -disable-cmo
Ld /Users/admin/builder/spi-builder-workspace/.derivedData/Build/Intermediates.noindex/swift-collections.build/Debug-watchos/BasicContainers-t.build/Objects-normal/arm64/Binary/BasicContainers.o normal arm64 (in target 'BasicContainers' from project 'swift-collections')
cd /Users/admin/builder/spi-builder-workspace/.dependencies/checkouts/swift-collections
/Applications/Xcode-27.0.0-Release.Candidate.app/Contents/Developer/Toolchains/XcodeDefault.xctoolchain/usr/bin/clang -Xlinker -reproducible -target arm64-apple-watchos9.0 -r -isysroot /Applications/Xcode-27.0.0-Release.Candidate.app/Contents/Developer/Platforms/WatchOS.platform/Developer/SDKs/WatchOS27.0.sdk -O0 -w -Xlinker -no_warn_duplicate_libraries -F/Users/admin/builder/spi-builder-workspace/.derivedData/Build/Intermediates.noindex/EagerLinkingTBDs/Debug-watchos -F/Users/admin/builder/spi-builder-workspace/.derivedData/Build/Products/Debug-watchos/PackageFrameworks -F/Users/admin/builder/spi-builder-workspace/.derivedData/Build/Products/Debug-watchos -iframework /Applications/Xcode-27.0.0-Release.Candidate.app/Contents/Developer/Platforms/WatchOS.platform/Developer/Library/Frameworks -iframework /Applications/Xcode-27.0.0-Release.Candidate.app/Contents/Developer/Platforms/WatchOS.platform/Developer/SDKs/WatchOS27.0.sdk/Developer/Library/Frameworks -filelist /Users/admin/builder/spi-builder-workspace/.derivedData/Build/Intermediates.noindex/swift-collections.build/Debug-watchos/BasicContainers-t.build/Objects-normal/arm64/BasicContainers.LinkFileList -nostdlib -Xlinker -object_path_lto -Xlinker /Users/admin/builder/spi-builder-workspace/.derivedData/Build/Intermediates.noindex/swift-collections.build/Debug-watchos/BasicContainers-t.build/Objects-normal/arm64/BasicContainers_lto.o -Xlinker -no_deduplicate -Xlinker -debug_variant -Xlinker -dependency_info -Xlinker /Users/admin/builder/spi-builder-workspace/.derivedData/Build/Intermediates.noindex/swift-collections.build/Debug-watchos/BasicContainers-t.build/Objects-normal/arm64/BasicContainers_dependency_info.dat -fobjc-link-runtime -L/Applications/Xcode-27.0.0-Release.Candidate.app/Contents/Developer/Toolchains/XcodeDefault.xctoolchain/usr/lib/swift/watchos -L/usr/lib/swift -Xlinker -add_ast_path -Xlinker /Users/admin/builder/spi-builder-workspace/.derivedData/Build/Intermediates.noindex/swift-collections.build/Debug-watchos/BasicContainers-t.build/Objects-normal/arm64/BasicContainers.swiftmodule -o /Users/admin/builder/spi-builder-workspace/.derivedData/Build/Intermediates.noindex/swift-collections.build/Debug-watchos/BasicContainers-t.build/Objects-normal/arm64/Binary/BasicContainers.o
SwiftExplicitDependencyGeneratePcm arm64 /Users/admin/builder/spi-builder-workspace/.derivedData/SDKExplicitPrecompiledModules/_DarwinFoundation1-7YQ9TVI7XTOGQU9OADRXP33D1.pcm
CreateUniversalBinary /Users/admin/builder/spi-builder-workspace/.derivedData/Build/Products/Debug-watchos/BasicContainers.o normal arm64\ arm64_32 (in target 'BasicContainers' from project 'swift-collections')
cd /Users/admin/builder/spi-builder-workspace/.dependencies/checkouts/swift-collections
/Applications/Xcode-27.0.0-Release.Candidate.app/Contents/Developer/Toolchains/XcodeDefault.xctoolchain/usr/bin/lipo -create /Users/admin/builder/spi-builder-workspace/.derivedData/Build/Intermediates.noindex/swift-collections.build/Debug-watchos/BasicContainers-t.build/Objects-normal/arm64/Binary/BasicContainers.o /Users/admin/builder/spi-builder-workspace/.derivedData/Build/Intermediates.noindex/swift-collections.build/Debug-watchos/BasicContainers-t.build/Objects-normal/arm64_32/Binary/BasicContainers.o -output /Users/admin/builder/spi-builder-workspace/.derivedData/Build/Products/Debug-watchos/BasicContainers.o
ExtractAppIntentsMetadata (in target 'BasicContainers' from project 'swift-collections')
cd /Users/admin/builder/spi-builder-workspace/.dependencies/checkouts/swift-collections
/Applications/Xcode-27.0.0-Release.Candidate.app/Contents/Developer/Toolchains/XcodeDefault.xctoolchain/usr/bin/appintentsmetadataprocessor --toolchain-dir /var/run/com.apple.security.cryptexd/mnt/com.apple.MobileAsset.MetalToolchain-v27.1.266.1.VnywV3/Metal.xctoolchain --module-name BasicContainers --sdk-root /Applications/Xcode-27.0.0-Release.Candidate.app/Contents/Developer/Platforms/WatchOS.platform/Developer/SDKs/WatchOS27.0.sdk --xcode-version 27A266a --platform-family watchOS --deployment-target 9.0 --bundle-identifier swift-collections.BasicContainers --output /Users/admin/builder/spi-builder-workspace/.derivedData/Build/Products/Debug-watchos/BasicContainers.appintents --target-triple arm64-apple-watchos9.0 --target-triple arm64_32-apple-watchos9.0 --binary-file /Users/admin/builder/spi-builder-workspace/.derivedData/Build/Products/Debug-watchos/BasicContainers.o --dependency-file /Users/admin/builder/spi-builder-workspace/.derivedData/Build/Intermediates.noindex/swift-collections.build/Debug-watchos/BasicContainers-t.build/Objects-normal/arm64/BasicContainers_dependency_info.dat --dependency-file /Users/admin/builder/spi-builder-workspace/.derivedData/Build/Intermediates.noindex/swift-collections.build/Debug-watchos/BasicContainers-t.build/Objects-normal/arm64_32/BasicContainers_dependency_info.dat --stringsdata-file /Users/admin/builder/spi-builder-workspace/.derivedData/Build/Intermediates.noindex/swift-collections.build/Debug-watchos/BasicContainers-t.build/Objects-normal/arm64/ExtractedAppShortcutsMetadata.stringsdata --stringsdata-file /Users/admin/builder/spi-builder-workspace/.derivedData/Build/Intermediates.noindex/swift-collections.build/Debug-watchos/BasicContainers-t.build/Objects-normal/arm64_32/ExtractedAppShortcutsMetadata.stringsdata --source-file-list /Users/admin/builder/spi-builder-workspace/.derivedData/Build/Intermediates.noindex/swift-collections.build/Debug-watchos/BasicContainers-t.build/Objects-normal/arm64/BasicContainers.SwiftFileList --source-file-list /Users/admin/builder/spi-builder-workspace/.derivedData/Build/Intermediates.noindex/swift-collections.build/Debug-watchos/BasicContainers-t.build/Objects-normal/arm64_32/BasicContainers.SwiftFileList --metadata-file-list /Users/admin/builder/spi-builder-workspace/.derivedData/Build/Intermediates.noindex/swift-collections.build/Debug-watchos/BasicContainers-t.build/BasicContainers.DependencyMetadataFileList --static-metadata-file-list /Users/admin/builder/spi-builder-workspace/.derivedData/Build/Intermediates.noindex/swift-collections.build/Debug-watchos/BasicContainers-t.build/BasicContainers.DependencyStaticMetadataFileList --swift-const-vals-list /Users/admin/builder/spi-builder-workspace/.derivedData/Build/Intermediates.noindex/swift-collections.build/Debug-watchos/BasicContainers-t.build/Objects-normal/arm64/BasicContainers.SwiftConstValuesFileList --swift-const-vals-list /Users/admin/builder/spi-builder-workspace/.derivedData/Build/Intermediates.noindex/swift-collections.build/Debug-watchos/BasicContainers-t.build/Objects-normal/arm64_32/BasicContainers.SwiftConstValuesFileList --force --compile-time-extraction --deployment-aware-processing --no-app-shortcuts-localization
2026-09-25 15:22:56.408 appintentsmetadataprocessor[836:5097] Starting appintentsmetadataprocessor export
2026-09-25 15:22:56.477 appintentsmetadataprocessor[836:5097] Extracted no relevant App Intents symbols, skipping writing output
SwiftExplicitDependencyGeneratePcm arm64_32 /Users/admin/builder/spi-builder-workspace/.derivedData/SDKExplicitPrecompiledModules/_DarwinFoundation2-FP2Q8F1Q2HR151SBYKTU6Q8B.pcm
SwiftExplicitDependencyGeneratePcm arm64_32 /Users/admin/builder/spi-builder-workspace/.derivedData/SDKExplicitPrecompiledModules/_Builtin_limits-AQMEC9CLG0FZQN6TLGDQ6WF78.pcm
SwiftExplicitDependencyGeneratePcm arm64 /Users/admin/builder/spi-builder-workspace/.derivedData/SDKExplicitPrecompiledModules/_DarwinFoundation2-CUPL4FH2SA95GMALQP4M6O8UA.pcm
SwiftExplicitDependencyGeneratePcm arm64 /Users/admin/builder/spi-builder-workspace/.derivedData/SDKExplicitPrecompiledModules/_Builtin_limits-75TRA1C7IHYOFCG3KJXQVTHJ4.pcm
SwiftExplicitDependencyGeneratePcm arm64_32 /Users/admin/builder/spi-builder-workspace/.derivedData/SDKExplicitPrecompiledModules/_Builtin_stdint-6IWJLTRH2WB6RCG4THPA65RDS.pcm
SwiftExplicitDependencyGeneratePcm arm64_32 /Users/admin/builder/spi-builder-workspace/.derivedData/SDKExplicitPrecompiledModules/sys_types-65NN51P1G7GN2GUAUPC53JJ7N.pcm
SwiftExplicitDependencyGeneratePcm arm64 /Users/admin/builder/spi-builder-workspace/.derivedData/SDKExplicitPrecompiledModules/_Builtin_stdint-6TUACK4YPMARFT56PLIO388SJ.pcm
SwiftExplicitDependencyGeneratePcm arm64 /Users/admin/builder/spi-builder-workspace/.derivedData/SDKExplicitPrecompiledModules/sys_types-9KPVYINL86WUSHF45TU8PWZZ1.pcm
SwiftExplicitDependencyGeneratePcm arm64_32 /Users/admin/builder/spi-builder-workspace/.derivedData/Build/Intermediates.noindex/SwiftExplicitPrecompiledModules/CSwiftIDNA-DB8ZTAS7KVMQXSEE3B96B7FIV.pcm
SwiftExplicitDependencyGeneratePcm arm64_32 /Users/admin/builder/spi-builder-workspace/.derivedData/SDKExplicitPrecompiledModules/_DarwinFoundation3-3YOBOPIW2MF1LRNQH7JBUBY4G.pcm
SwiftExplicitDependencyGeneratePcm arm64 /Users/admin/builder/spi-builder-workspace/.derivedData/Build/Intermediates.noindex/SwiftExplicitPrecompiledModules/CSwiftIDNA-62TVMHWJ4AHN578SHKM28DQQ2.pcm
SwiftExplicitDependencyGeneratePcm arm64 /Users/admin/builder/spi-builder-workspace/.derivedData/SDKExplicitPrecompiledModules/_DarwinFoundation3-EJXZKD8LN9EYM9OWP9VLJ49PK.pcm
SwiftExplicitDependencyGeneratePcm arm64_32 /Users/admin/builder/spi-builder-workspace/.derivedData/SDKExplicitPrecompiledModules/_Builtin_inttypes-BPZJ68HW1IMYWSHROAZ0IMUJP.pcm
SwiftExplicitDependencyGeneratePcm arm64 /Users/admin/builder/spi-builder-workspace/.derivedData/SDKExplicitPrecompiledModules/_Builtin_inttypes-86YTNV5YADPJXFMJ82N3R4GWQ.pcm
SwiftExplicitDependencyGeneratePcm arm64_32 /Users/admin/builder/spi-builder-workspace/.derivedData/SDKExplicitPrecompiledModules/Darwin-10D35ZJWCWG7LJAF579U7I5V7.pcm
SwiftExplicitDependencyGeneratePcm arm64 /Users/admin/builder/spi-builder-workspace/.derivedData/SDKExplicitPrecompiledModules/Darwin-CSB8C43KELVSFIQVR0803IZPN.pcm
SwiftCompile normal arm64_32 Compiling\ UnicodeScalarIterator.swift,\ IDNA+functions.swift /Users/admin/builder/spi-builder-workspace/Sources/SwiftIDNA/Collections/UnicodeScalarIterator.swift /Users/admin/builder/spi-builder-workspace/Sources/SwiftIDNA/IDNA+functions.swift (in target 'SwiftIDNA' from project 'swift-idna')
SwiftCompile normal arm64_32 /Users/admin/builder/spi-builder-workspace/Sources/SwiftIDNA/Collections/UnicodeScalarIterator.swift (in target 'SwiftIDNA' from project 'swift-idna')
cd /Users/admin/builder/spi-builder-workspace/.swiftpm/xcode
builtin-SwiftPerFileCompile UnicodeScalarIterator.swift
SwiftCompile normal arm64_32 /Users/admin/builder/spi-builder-workspace/Sources/SwiftIDNA/IDNA+functions.swift (in target 'SwiftIDNA' from project 'swift-idna')
cd /Users/admin/builder/spi-builder-workspace/.swiftpm/xcode
builtin-SwiftPerFileCompile IDNA+functions.swift
SwiftCompile normal arm64_32 Compiling\ IDNA.ConversionResult.swift,\ IDNA.MappingErrors.swift /Users/admin/builder/spi-builder-workspace/Sources/SwiftIDNA/IDNA.ConversionResult.swift /Users/admin/builder/spi-builder-workspace/Sources/SwiftIDNA/IDNA.MappingErrors.swift (in target 'SwiftIDNA' from project 'swift-idna')
SwiftCompile normal arm64_32 /Users/admin/builder/spi-builder-workspace/Sources/SwiftIDNA/IDNA.ConversionResult.swift (in target 'SwiftIDNA' from project 'swift-idna')
cd /Users/admin/builder/spi-builder-workspace/.swiftpm/xcode
builtin-SwiftPerFileCompile IDNA.ConversionResult.swift
SwiftCompile normal arm64_32 /Users/admin/builder/spi-builder-workspace/Sources/SwiftIDNA/IDNA.MappingErrors.swift (in target 'SwiftIDNA' from project 'swift-idna')
cd /Users/admin/builder/spi-builder-workspace/.swiftpm/xcode
builtin-SwiftPerFileCompile IDNA.MappingErrors.swift
SwiftCompile normal arm64_32 Compiling\ TinyBuffer.swift,\ TinyBufferSubSequence.swift /Users/admin/builder/spi-builder-workspace/Sources/SwiftIDNA/Collections/TinyBuffer.swift /Users/admin/builder/spi-builder-workspace/Sources/SwiftIDNA/Collections/TinyBufferSubSequence.swift (in target 'SwiftIDNA' from project 'swift-idna')
SwiftCompile normal arm64_32 /Users/admin/builder/spi-builder-workspace/Sources/SwiftIDNA/Collections/TinyBuffer.swift (in target 'SwiftIDNA' from project 'swift-idna')
cd /Users/admin/builder/spi-builder-workspace/.swiftpm/xcode
builtin-SwiftPerFileCompile TinyBuffer.swift
SwiftCompile normal arm64_32 /Users/admin/builder/spi-builder-workspace/Sources/SwiftIDNA/Collections/TinyBufferSubSequence.swift (in target 'SwiftIDNA' from project 'swift-idna')
cd /Users/admin/builder/spi-builder-workspace/.swiftpm/xcode
builtin-SwiftPerFileCompile TinyBufferSubSequence.swift
SwiftCompile normal arm64_32 Compiling\ LazyRigidArray.swift,\ LazyTinyBuffer.swift /Users/admin/builder/spi-builder-workspace/Sources/SwiftIDNA/Collections/LazyRigidArray.swift /Users/admin/builder/spi-builder-workspace/Sources/SwiftIDNA/Collections/LazyTinyBuffer.swift (in target 'SwiftIDNA' from project 'swift-idna')
SwiftCompile normal arm64_32 /Users/admin/builder/spi-builder-workspace/Sources/SwiftIDNA/Collections/LazyRigidArray.swift (in target 'SwiftIDNA' from project 'swift-idna')
cd /Users/admin/builder/spi-builder-workspace/.swiftpm/xcode
builtin-SwiftPerFileCompile LazyRigidArray.swift
SwiftCompile normal arm64_32 /Users/admin/builder/spi-builder-workspace/Sources/SwiftIDNA/Collections/LazyTinyBuffer.swift (in target 'SwiftIDNA' from project 'swift-idna')
cd /Users/admin/builder/spi-builder-workspace/.swiftpm/xcode
builtin-SwiftPerFileCompile LazyTinyBuffer.swift
SwiftCompile normal arm64_32 Compiling\ IDNA.swift,\ IDNAMapping.swift /Users/admin/builder/spi-builder-workspace/Sources/SwiftIDNA/IDNA.swift /Users/admin/builder/spi-builder-workspace/Sources/SwiftIDNA/IDNAMapping.swift (in target 'SwiftIDNA' from project 'swift-idna')
SwiftCompile normal arm64_32 /Users/admin/builder/spi-builder-workspace/Sources/SwiftIDNA/IDNA.swift (in target 'SwiftIDNA' from project 'swift-idna')
cd /Users/admin/builder/spi-builder-workspace/.swiftpm/xcode
builtin-SwiftPerFileCompile IDNA.swift
SwiftCompile normal arm64_32 /Users/admin/builder/spi-builder-workspace/Sources/SwiftIDNA/IDNAMapping.swift (in target 'SwiftIDNA' from project 'swift-idna')
cd /Users/admin/builder/spi-builder-workspace/.swiftpm/xcode
builtin-SwiftPerFileCompile IDNAMapping.swift
SwiftCompile normal arm64_32 Compiling\ DecodedUnicodeScalars.swift,\ IDNAUnicodeScalarView.swift /Users/admin/builder/spi-builder-workspace/Sources/SwiftIDNA/Collections/DecodedUnicodeScalars.swift /Users/admin/builder/spi-builder-workspace/Sources/SwiftIDNA/Collections/IDNAUnicodeScalarView.swift (in target 'SwiftIDNA' from project 'swift-idna')
SwiftCompile normal arm64_32 /Users/admin/builder/spi-builder-workspace/Sources/SwiftIDNA/Collections/DecodedUnicodeScalars.swift (in target 'SwiftIDNA' from project 'swift-idna')
cd /Users/admin/builder/spi-builder-workspace/.swiftpm/xcode
builtin-SwiftPerFileCompile DecodedUnicodeScalars.swift
SwiftCompile normal arm64_32 /Users/admin/builder/spi-builder-workspace/Sources/SwiftIDNA/Collections/IDNAUnicodeScalarView.swift (in target 'SwiftIDNA' from project 'swift-idna')
cd /Users/admin/builder/spi-builder-workspace/.swiftpm/xcode
builtin-SwiftPerFileCompile IDNAUnicodeScalarView.swift
SwiftEmitModule normal arm64_32 Emitting\ module\ for\ SwiftIDNA (in target 'SwiftIDNA' from project 'swift-idna')
SwiftCompile normal arm64_32 (in target 'SwiftIDNA' from project 'swift-idna')
cd /Users/admin/builder/spi-builder-workspace/.swiftpm/xcode
SwiftCompile normal arm64_32 Compiling\ +Span.swift,\ +String.swift,\ +Unicode.swift /Users/admin/builder/spi-builder-workspace/Sources/SwiftIDNA/+Span.swift /Users/admin/builder/spi-builder-workspace/Sources/SwiftIDNA/+String.swift /Users/admin/builder/spi-builder-workspace/Sources/SwiftIDNA/+Unicode.swift (in target 'SwiftIDNA' from project 'swift-idna')
/Users/admin/builder/spi-builder-workspace/Sources/SwiftIDNA/+String.swift:76:34: error: 'utf8Span' is unavailable in watchOS
74 |
75 | if #available(swiftIDNAApplePlatforms 26, *) {
76 | return try body(self.utf8Span.span)
| `- error: 'utf8Span' is unavailable in watchOS
77 | }
78 |
Swift.String.utf8Span:3:14: note: 'utf8Span' has been explicitly marked unavailable here
1 | struct String {
2 | @available(watchOS, unavailable)
3 | public var utf8Span: UTF8Span { get }}
| `- note: 'utf8Span' has been explicitly marked unavailable here
4 |
/Users/admin/builder/spi-builder-workspace/Sources/SwiftIDNA/+String.swift:159:34: error: 'utf8Span' is unavailable in watchOS
157 |
158 | if #available(swiftIDNAApplePlatforms 26, *) {
159 | return try body(self.utf8Span.span)
| `- error: 'utf8Span' is unavailable in watchOS
160 | }
161 |
Swift.Substring.utf8Span:3:14: note: 'utf8Span' has been explicitly marked unavailable here
1 | struct Substring {
2 | @available(watchOS, unavailable)
3 | public var utf8Span: UTF8Span { get }}
| `- note: 'utf8Span' has been explicitly marked unavailable here
4 |
Failed frontend command:
/Applications/Xcode-27.0.0-Release.Candidate.app/Contents/Developer/Toolchains/XcodeDefault.xctoolchain/usr/bin/swift-frontend -frontend -c /Users/admin/builder/spi-builder-workspace/Sources/SwiftIDNA/+Array.swift /Users/admin/builder/spi-builder-workspace/Sources/SwiftIDNA/+BinaryInteger.swift /Users/admin/builder/spi-builder-workspace/Sources/SwiftIDNA/+OutputSpan.swift -primary-file /Users/admin/builder/spi-builder-workspace/Sources/SwiftIDNA/+Span.swift -primary-file /Users/admin/builder/spi-builder-workspace/Sources/SwiftIDNA/+String.swift -primary-file /Users/admin/builder/spi-builder-workspace/Sources/SwiftIDNA/+Unicode.swift /Users/admin/builder/spi-builder-workspace/Sources/SwiftIDNA/+UniqueArray.swift /Users/admin/builder/spi-builder-workspace/Sources/SwiftIDNA/ByteCheck+IDNA.swift /Users/admin/builder/spi-builder-workspace/Sources/SwiftIDNA/Collections/DecodedUnicodeScalars.swift /Users/admin/builder/spi-builder-workspace/Sources/SwiftIDNA/Collections/IDNAUnicodeScalarView.swift /Users/admin/builder/spi-builder-workspace/Sources/SwiftIDNA/Collections/LazyRigidArray.swift /Users/admin/builder/spi-builder-workspace/Sources/SwiftIDNA/Collections/LazyTinyBuffer.swift /Users/admin/builder/spi-builder-workspace/Sources/SwiftIDNA/Collections/TinyBuffer.swift /Users/admin/builder/spi-builder-workspace/Sources/SwiftIDNA/Collections/TinyBufferSubSequence.swift /Users/admin/builder/spi-builder-workspace/Sources/SwiftIDNA/Collections/UnicodeScalarIterator.swift /Users/admin/builder/spi-builder-workspace/Sources/SwiftIDNA/IDNA+functions.swift /Users/admin/builder/spi-builder-workspace/Sources/SwiftIDNA/IDNA.ConversionResult.swift /Users/admin/builder/spi-builder-workspace/Sources/SwiftIDNA/IDNA.MappingErrors.swift /Users/admin/builder/spi-builder-workspace/Sources/SwiftIDNA/IDNA.swift /Users/admin/builder/spi-builder-workspace/Sources/SwiftIDNA/IDNAMapping.swift /Users/admin/builder/spi-builder-workspace/Sources/SwiftIDNA/IDNA_Implementation.swift /Users/admin/builder/spi-builder-workspace/Sources/SwiftIDNA/Punycode.swift -supplementary-output-file-map /Users/admin/builder/spi-builder-workspace/.derivedData/Build/Intermediates.noindex/swift-idna.build/Debug-watchos/SwiftIDNA-t.build/Objects-normal/arm64_32/supplementaryOutputs-42 -target arm64_32-apple-watchos9.0 -module-can-import-version Darwin 428.0.10 0 -disable-cross-import-overlay-search -swift-module-cross-import Darwin /Applications/Xcode-27.0.0-Release.Candidate.app/Contents/Developer/Platforms/WatchOS.platform/Developer/SDKs/WatchOS.sdk/usr/include/Darwin.swiftcrossimport/xlocale.swiftoverlay -load-resolved-plugin /Applications/Xcode-27.0.0-Release.Candidate.app/Contents/Developer/Platforms/WatchOS.platform/Developer/usr/lib/swift/host/plugins/libSwiftMacros.dylib\#/Applications/Xcode-27.0.0-Release.Candidate.app/Contents/Developer/Platforms/WatchOS.platform/Developer/usr/bin/swift-plugin-server\#SwiftMacros -disable-implicit-swift-modules -Xcc -fno-implicit-modules -Xcc -fno-implicit-module-maps -explicit-swift-module-map-file /Users/admin/builder/spi-builder-workspace/.derivedData/Build/Intermediates.noindex/swift-idna.build/Debug-watchos/SwiftIDNA-t.build/Objects-normal/arm64_32/SwiftIDNA-dependencies-2.json -enable-objc-interop -sdk /Applications/Xcode-27.0.0-Release.Candidate.app/Contents/Developer/Platforms/WatchOS.platform/Developer/SDKs/WatchOS27.0.sdk -I /Users/admin/builder/spi-builder-workspace/.derivedData/Build/Products/Debug-watchos -Isystem /Applications/Xcode-27.0.0-Release.Candidate.app/Contents/Developer/Platforms/WatchOS.platform/Developer/usr/lib -F /Users/admin/builder/spi-builder-workspace/.derivedData/Build/Products/Debug-watchos/PackageFrameworks -F /Users/admin/builder/spi-builder-workspace/.derivedData/Build/Products/Debug-watchos -F /Applications/Xcode-27.0.0-Release.Candidate.app/Contents/Developer/Platforms/WatchOS.platform/Developer/Library/Frameworks -F /Applications/Xcode-27.0.0-Release.Candidate.app/Contents/Developer/Platforms/WatchOS.platform/Developer/SDKs/WatchOS27.0.sdk/Developer/Library/Frameworks -module-cache-path /Users/admin/builder/spi-builder-workspace/.derivedData/Build/Intermediates.noindex/SwiftExplicitPrecompiledModules -no-color-diagnostics -Xcc -fno-color-diagnostics -enable-testing -g -debug-info-format\=dwarf -dwarf-version\=4 -profile-generate -profile-coverage-mapping -swift-version 6 -Onone -D SWIFT_PACKAGE -D DEBUG -D SWIFT_MODULE_RESOURCE_BUNDLE_UNAVAILABLE -D Xcode -serialize-debugging-options -enable-upcoming-feature MemberImportVisibility -enable-upcoming-feature InternalImportsByDefault -enable-upcoming-feature ExistentialAny -enable-upcoming-feature StrictMemorySafety -enable-experimental-feature Lifetimes -enable-experimental-feature AvailabilityMacro\=swiftIDNAApplePlatforms\ 26:macOS\ 26,\ iOS\ 26,\ tvOS\ 26,\ watchOS\ 26,\ visionOS\ 26 -enable-experimental-feature AvailabilityMacro\=swiftIDNAApplePlatforms\ 11:macOS\ 11,\ iOS\ 14,\ tvOS\ 14,\ watchOS\ 7 -enable-experimental-feature AvailabilityMacro\=swiftIDNAApplePlatforms\ 10.15:macOS\ 10.15,\ iOS\ 13,\ tvOS\ 13,\ watchOS\ 6 -enable-experimental-feature DebugDescriptionMacro -empty-abi-descriptor -validate-clang-modules-once -clang-build-session-file /Users/admin/builder/spi-builder-workspace/.derivedData/ModuleCache.noindex/Session.modulevalidation -Xcc -working-directory -Xcc /Users/admin/builder/spi-builder-workspace/.swiftpm/xcode -enable-anonymous-context-mangled-names -file-compilation-dir /Users/admin/builder/spi-builder-workspace/.swiftpm/xcode -Xcc -fmodule-map-file\=/Users/admin/builder/spi-builder-workspace/.derivedData/Build/Intermediates.noindex/GeneratedModuleMaps-watchos/CSwiftIDNA.modulemap -Xcc -D_LIBCPP_HARDENING_MODE\=_LIBCPP_HARDENING_MODE_DEBUG -Xcc -ivfsstatcache -Xcc /Users/admin/builder/spi-builder-workspace/.derivedData/SDKStatCaches.noindex/watchos27.0-24R360-e829b21a6f8c9b70876ba0858053c04477534ef55a1706bf4c1112bbb242f0a2.sdkstatcache -Xcc -fmodules-prune-interval\=86400 -Xcc -fmodules-prune-after\=345600 -Xcc -I/Users/admin/builder/spi-builder-workspace/Sources/CSwiftIDNA/include -Xcc -I/Users/admin/builder/spi-builder-workspace/.derivedData/Build/Products/Debug-watchos/include -Xcc -I/Users/admin/builder/spi-builder-workspace/.derivedData/Build/Intermediates.noindex/swift-idna.build/Debug-watchos/SwiftIDNA-t.build/DerivedSources-normal/arm64_32 -Xcc -I/Users/admin/builder/spi-builder-workspace/.derivedData/Build/Intermediates.noindex/swift-idna.build/Debug-watchos/SwiftIDNA-t.build/DerivedSources/arm64_32 -Xcc -I/Users/admin/builder/spi-builder-workspace/.derivedData/Build/Intermediates.noindex/swift-idna.build/Debug-watchos/SwiftIDNA-t.build/DerivedSources -Xcc -DSWIFT_PACKAGE -Xcc -DDEBUG\=1 -no-auto-bridging-header-chaining -module-name SwiftIDNA -package-name spi_builder_workspace -const-gather-protocols-file /Users/admin/builder/spi-builder-workspace/.derivedData/Build/Intermediates.noindex/swift-idna.build/Debug-watchos/SwiftIDNA-t.build/Objects-normal/arm64_32/SwiftIDNA_const_extract_protocols.json -disable-clang-spi -clang-target arm64_32-apple-watchos27.0 -target-sdk-version 27.0 -target-sdk-name watchos27.0 -in-process-plugin-server-path /Applications/Xcode-27.0.0-Release.Candidate.app/Contents/Developer/Toolchains/XcodeDefault.xctoolchain/usr/lib/swift/host/libSwiftInProcPluginServer.dylib -parse-as-library -o /Users/admin/builder/spi-builder-workspace/.derivedData/Build/Intermediates.noindex/swift-idna.build/Debug-watchos/SwiftIDNA-t.build/Objects-normal/arm64_32/+Span.o -o /Users/admin/builder/spi-builder-workspace/.derivedData/Build/Intermediates.noindex/swift-idna.build/Debug-watchos/SwiftIDNA-t.build/Objects-normal/arm64_32/+String.o -o /Users/admin/builder/spi-builder-workspace/.derivedData/Build/Intermediates.noindex/swift-idna.build/Debug-watchos/SwiftIDNA-t.build/Objects-normal/arm64_32/+Unicode.o -debug-module-path /Users/admin/builder/spi-builder-workspace/.derivedData/Build/Intermediates.noindex/swift-idna.build/Debug-watchos/SwiftIDNA-t.build/Objects-normal/arm64_32/SwiftIDNA.swiftmodule -index-unit-output-path /swift-idna.build/Debug-watchos/SwiftIDNA-t.build/Objects-normal/arm64_32/+Span.o -index-unit-output-path /swift-idna.build/Debug-watchos/SwiftIDNA-t.build/Objects-normal/arm64_32/+String.o -index-unit-output-path /swift-idna.build/Debug-watchos/SwiftIDNA-t.build/Objects-normal/arm64_32/+Unicode.o -index-store-path /Users/admin/builder/spi-builder-workspace/.derivedData/Index.noindex/DataStore -index-system-modules
SwiftCompile normal arm64_32 /Users/admin/builder/spi-builder-workspace/Sources/SwiftIDNA/+Span.swift (in target 'SwiftIDNA' from project 'swift-idna')
cd /Users/admin/builder/spi-builder-workspace/.swiftpm/xcode
builtin-SwiftPerFileCompile +Span.swift
SwiftCompile normal arm64_32 /Users/admin/builder/spi-builder-workspace/Sources/SwiftIDNA/+String.swift (in target 'SwiftIDNA' from project 'swift-idna')
cd /Users/admin/builder/spi-builder-workspace/.swiftpm/xcode
builtin-SwiftPerFileCompile +String.swift
SwiftCompile normal arm64_32 /Users/admin/builder/spi-builder-workspace/Sources/SwiftIDNA/+Unicode.swift (in target 'SwiftIDNA' from project 'swift-idna')
cd /Users/admin/builder/spi-builder-workspace/.swiftpm/xcode
builtin-SwiftPerFileCompile +Unicode.swift
SwiftCompile normal arm64_32 Compiling\ +Array.swift,\ +BinaryInteger.swift,\ +OutputSpan.swift /Users/admin/builder/spi-builder-workspace/Sources/SwiftIDNA/+Array.swift /Users/admin/builder/spi-builder-workspace/Sources/SwiftIDNA/+BinaryInteger.swift /Users/admin/builder/spi-builder-workspace/Sources/SwiftIDNA/+OutputSpan.swift (in target 'SwiftIDNA' from project 'swift-idna')
SwiftCompile normal arm64_32 /Users/admin/builder/spi-builder-workspace/Sources/SwiftIDNA/+Array.swift (in target 'SwiftIDNA' from project 'swift-idna')
cd /Users/admin/builder/spi-builder-workspace/.swiftpm/xcode
builtin-SwiftPerFileCompile +Array.swift
SwiftCompile normal arm64_32 /Users/admin/builder/spi-builder-workspace/Sources/SwiftIDNA/+BinaryInteger.swift (in target 'SwiftIDNA' from project 'swift-idna')
cd /Users/admin/builder/spi-builder-workspace/.swiftpm/xcode
builtin-SwiftPerFileCompile +BinaryInteger.swift
SwiftCompile normal arm64_32 /Users/admin/builder/spi-builder-workspace/Sources/SwiftIDNA/+OutputSpan.swift (in target 'SwiftIDNA' from project 'swift-idna')
cd /Users/admin/builder/spi-builder-workspace/.swiftpm/xcode
builtin-SwiftPerFileCompile +OutputSpan.swift
SwiftCompile normal arm64_32 Compiling\ +UniqueArray.swift,\ ByteCheck+IDNA.swift /Users/admin/builder/spi-builder-workspace/Sources/SwiftIDNA/+UniqueArray.swift /Users/admin/builder/spi-builder-workspace/Sources/SwiftIDNA/ByteCheck+IDNA.swift (in target 'SwiftIDNA' from project 'swift-idna')
SwiftCompile normal arm64_32 /Users/admin/builder/spi-builder-workspace/Sources/SwiftIDNA/+UniqueArray.swift (in target 'SwiftIDNA' from project 'swift-idna')
cd /Users/admin/builder/spi-builder-workspace/.swiftpm/xcode
builtin-SwiftPerFileCompile +UniqueArray.swift
SwiftCompile normal arm64_32 /Users/admin/builder/spi-builder-workspace/Sources/SwiftIDNA/ByteCheck+IDNA.swift (in target 'SwiftIDNA' from project 'swift-idna')
cd /Users/admin/builder/spi-builder-workspace/.swiftpm/xcode
builtin-SwiftPerFileCompile ByteCheck+IDNA.swift
SwiftEmitModule normal arm64 Emitting\ module\ for\ SwiftIDNA (in target 'SwiftIDNA' from project 'swift-idna')
SwiftCompile normal arm64 (in target 'SwiftIDNA' from project 'swift-idna')
cd /Users/admin/builder/spi-builder-workspace/.swiftpm/xcode
SwiftDriverJobDiscovery normal arm64_32 Compiling LazyRigidArray.swift, LazyTinyBuffer.swift (in target 'SwiftIDNA' from project 'swift-idna')
SwiftCompile normal arm64 Compiling\ DecodedUnicodeScalars.swift,\ IDNAUnicodeScalarView.swift /Users/admin/builder/spi-builder-workspace/Sources/SwiftIDNA/Collections/DecodedUnicodeScalars.swift /Users/admin/builder/spi-builder-workspace/Sources/SwiftIDNA/Collections/IDNAUnicodeScalarView.swift (in target 'SwiftIDNA' from project 'swift-idna')
SwiftCompile normal arm64 /Users/admin/builder/spi-builder-workspace/Sources/SwiftIDNA/Collections/DecodedUnicodeScalars.swift (in target 'SwiftIDNA' from project 'swift-idna')
cd /Users/admin/builder/spi-builder-workspace/.swiftpm/xcode
builtin-SwiftPerFileCompile DecodedUnicodeScalars.swift
SwiftCompile normal arm64 /Users/admin/builder/spi-builder-workspace/Sources/SwiftIDNA/Collections/IDNAUnicodeScalarView.swift (in target 'SwiftIDNA' from project 'swift-idna')
cd /Users/admin/builder/spi-builder-workspace/.swiftpm/xcode
builtin-SwiftPerFileCompile IDNAUnicodeScalarView.swift
PruneExplicitPrecompiledModules /Users/admin/builder/spi-builder-workspace/.derivedData/Build/Intermediates.noindex/ExplicitPrecompiledModules
PruneExplicitPrecompiledModules /Users/admin/builder/spi-builder-workspace/.derivedData/Build/Intermediates.noindex/SwiftExplicitPrecompiledModules
PruneExplicitPrecompiledModules /Users/admin/builder/spi-builder-workspace/.derivedData/SDKExplicitPrecompiledModules
2026-09-25 15:22:51.370 xcodebuild[699:4292] [MT] IDERunDestination: Supported platforms for the buildables in the current scheme is empty.
** BUILD FAILED **
The following build commands failed:
SwiftCompile normal arm64_32 Compiling\ +Span.swift,\ +String.swift,\ +Unicode.swift /Users/admin/builder/spi-builder-workspace/Sources/SwiftIDNA/+Span.swift /Users/admin/builder/spi-builder-workspace/Sources/SwiftIDNA/+String.swift /Users/admin/builder/spi-builder-workspace/Sources/SwiftIDNA/+Unicode.swift (in target 'SwiftIDNA' from project 'swift-idna')
SwiftCompile normal arm64_32 /Users/admin/builder/spi-builder-workspace/Sources/SwiftIDNA/+String.swift (in target 'SwiftIDNA' from project 'swift-idna')
Building workspace swift-idna with scheme swift-idna
(3 failures)
Command line invocation:
/Applications/Xcode-27.0.0-Release.Candidate.app/Contents/Developer/usr/bin/xcodebuild -IDEClonedSourcePackagesDirPathOverride=/Users/admin/builder/spi-builder-workspace/.dependencies -resolvePackageDependencies
Resolve Package Graph
Resolved source packages:
swift-idna: /Users/admin/builder/spi-builder-workspace
swift-collections: https://github.com/apple/swift-collections.git @ 1.7.0
resolved source packages: swift-idna, swift-collections
2026-09-25 15:22:58.308 xcodebuild[864:5197] [MT] IDERunDestination: Supported platforms for the buildables in the current scheme is empty.
{
"dependencies" : [
{
"identity" : "swift-collections",
"requirement" : {
"range" : [
{
"lower_bound" : "1.6.0",
"upper_bound" : "2.0.0"
}
]
},
"type" : "sourceControl",
"url" : "https://github.com/apple/swift-collections.git"
}
],
"manifest_display_name" : "swift-idna",
"name" : "swift-idna",
"path" : "/Users/admin/builder/spi-builder-workspace",
"platforms" : [
],
"products" : [
{
"name" : "SwiftIDNA",
"targets" : [
"SwiftIDNA"
],
"type" : {
"library" : [
"automatic"
]
}
}
],
"targets" : [
{
"c99name" : "SwiftIDNA",
"module_type" : "SwiftTarget",
"name" : "SwiftIDNA",
"path" : "Sources/SwiftIDNA",
"product_dependencies" : [
"BasicContainers"
],
"product_memberships" : [
"SwiftIDNA"
],
"sources" : [
"+Array.swift",
"+BinaryInteger.swift",
"+OutputSpan.swift",
"+Span.swift",
"+String.swift",
"+Unicode.swift",
"+UniqueArray.swift",
"ByteCheck+IDNA.swift",
"Collections/DecodedUnicodeScalars.swift",
"Collections/IDNAUnicodeScalarView.swift",
"Collections/LazyRigidArray.swift",
"Collections/LazyTinyBuffer.swift",
"Collections/TinyBuffer.swift",
"Collections/TinyBufferSubSequence.swift",
"Collections/UnicodeScalarIterator.swift",
"IDNA+functions.swift",
"IDNA.ConversionResult.swift",
"IDNA.MappingErrors.swift",
"IDNA.swift",
"IDNAMapping.swift",
"IDNA_Implementation.swift",
"Punycode.swift"
],
"target_dependencies" : [
"CSwiftIDNA"
],
"type" : "library"
},
{
"c99name" : "IDNATests",
"module_type" : "SwiftTarget",
"name" : "IDNATests",
"path" : "Tests/IDNATests",
"sources" : [
"IDNATestV2Case.swift",
"IDNATests.swift"
],
"target_dependencies" : [
"SwiftIDNA",
"CSwiftIDNATesting"
],
"type" : "test"
},
{
"c99name" : "CSwiftIDNATesting",
"module_type" : "ClangTarget",
"name" : "CSwiftIDNATesting",
"path" : "Sources/CSwiftIDNATesting",
"sources" : [
"src/cswift_idna_test_v2_cases.c"
],
"type" : "library"
},
{
"c99name" : "CSwiftIDNA",
"module_type" : "ClangTarget",
"name" : "CSwiftIDNA",
"path" : "Sources/CSwiftIDNA",
"product_memberships" : [
"SwiftIDNA"
],
"sources" : [
"src/cswift_idna_mapping_table.c"
],
"type" : "library"
}
],
"tools_version" : "6.3"
}
{
"workspace" : {
"name" : "swift-idna",
"schemes" : [
"swift-idna"
]
}
}
2026-09-25 15:22:59.743 xcodebuild[872:5270] [MT] IDERunDestination: Supported platforms for the buildables in the current scheme is empty.
Running build ...
env DEVELOPER_DIR=/Applications/Xcode-27.0.0-Release.Candidate.app xcrun xcodebuild -IDEClonedSourcePackagesDirPathOverride=$PWD/.dependencies -skipMacroValidation -skipPackagePluginValidation -derivedDataPath $PWD/.derivedData build -scheme swift-idna -destination generic/platform=watchOS
Command line invocation:
/Applications/Xcode-27.0.0-Release.Candidate.app/Contents/Developer/usr/bin/xcodebuild -IDEClonedSourcePackagesDirPathOverride=/Users/admin/builder/spi-builder-workspace/.dependencies -skipMacroValidation -skipPackagePluginValidation -derivedDataPath /Users/admin/builder/spi-builder-workspace/.derivedData build -scheme swift-idna -destination generic/platform=watchOS
Resolve Package Graph
Resolved source packages:
swift-collections: https://github.com/apple/swift-collections.git @ 1.7.0
swift-idna: /Users/admin/builder/spi-builder-workspace
ComputePackagePrebuildTargetDependencyGraph
Prepare packages
CreateBuildRequest
SendProjectDescription
CreateBuildOperation
ComputeTargetDependencyGraph
note: Building targets in dependency order
note: Target dependency graph (7 targets)
Target 'SwiftIDNA-product' in project 'swift-idna'
➜ Explicit dependency on target 'SwiftIDNA' in project 'swift-idna'
➜ Explicit dependency on target 'CSwiftIDNA' in project 'swift-idna'
➜ Explicit dependency on target 'BasicContainers-product' in project 'swift-collections'
Target 'SwiftIDNA' in project 'swift-idna'
➜ Explicit dependency on target 'CSwiftIDNA' in project 'swift-idna'
➜ Explicit dependency on target 'BasicContainers-product' in project 'swift-collections'
Target 'BasicContainers-product' in project 'swift-collections'
➜ Explicit dependency on target 'BasicContainers' in project 'swift-collections'
➜ Explicit dependency on target 'InternalCollectionsUtilities' in project 'swift-collections'
➜ Explicit dependency on target 'SpanPreview' in project 'swift-collections'
Target 'BasicContainers' in project 'swift-collections'
➜ Explicit dependency on target 'InternalCollectionsUtilities' in project 'swift-collections'
➜ Explicit dependency on target 'SpanPreview' in project 'swift-collections'
Target 'SpanPreview' in project 'swift-collections'
➜ Explicit dependency on target 'InternalCollectionsUtilities' in project 'swift-collections'
Target 'InternalCollectionsUtilities' in project 'swift-collections' (no dependencies)
Target 'CSwiftIDNA' in project 'swift-idna' (no dependencies)
GatherProvisioningInputs
CreateBuildDescription
ClangStatCache /Applications/Xcode-27.0.0-Release.Candidate.app/Contents/Developer/Toolchains/XcodeDefault.xctoolchain/usr/bin/clang-stat-cache /Applications/Xcode-27.0.0-Release.Candidate.app/Contents/Developer/Platforms/WatchOS.platform/Developer/SDKs/WatchOS27.0.sdk /Users/admin/builder/spi-builder-workspace/.derivedData/SDKStatCaches.noindex/watchos27.0-24R360-e829b21a6f8c9b70876ba0858053c04477534ef55a1706bf4c1112bbb242f0a2.sdkstatcache
cd /Users/admin/builder/spi-builder-workspace/.swiftpm/xcode
/Applications/Xcode-27.0.0-Release.Candidate.app/Contents/Developer/Toolchains/XcodeDefault.xctoolchain/usr/bin/clang-stat-cache /Applications/Xcode-27.0.0-Release.Candidate.app/Contents/Developer/Platforms/WatchOS.platform/Developer/SDKs/WatchOS27.0.sdk -o /Users/admin/builder/spi-builder-workspace/.derivedData/SDKStatCaches.noindex/watchos27.0-24R360-e829b21a6f8c9b70876ba0858053c04477534ef55a1706bf4c1112bbb242f0a2.sdkstatcache
SwiftDriver SwiftIDNA normal arm64 com.apple.xcode.tools.swift.compiler (in target 'SwiftIDNA' from project 'swift-idna')
cd /Users/admin/builder/spi-builder-workspace/.swiftpm/xcode
builtin-SwiftDriver -- /Applications/Xcode-27.0.0-Release.Candidate.app/Contents/Developer/Toolchains/XcodeDefault.xctoolchain/usr/bin/swiftc -parse-as-library -module-name SwiftIDNA -Onone @/Users/admin/builder/spi-builder-workspace/.derivedData/Build/Intermediates.noindex/swift-idna.build/Debug-watchos/SwiftIDNA-t.build/Objects-normal/arm64/SwiftIDNA.SwiftFileList -DSWIFT_PACKAGE -DDEBUG -DSWIFT_MODULE_RESOURCE_BUNDLE_UNAVAILABLE -Xcc -fmodule-map-file\=/Users/admin/builder/spi-builder-workspace/.derivedData/Build/Intermediates.noindex/GeneratedModuleMaps-watchos/CSwiftIDNA.modulemap -DXcode -enable-upcoming-feature MemberImportVisibility -enable-upcoming-feature InternalImportsByDefault -enable-upcoming-feature ExistentialAny -enable-upcoming-feature StrictMemorySafety -enable-experimental-feature Lifetimes -enable-experimental-feature AvailabilityMacro\=swiftIDNAApplePlatforms\ 26:macOS\ 26,\ iOS\ 26,\ tvOS\ 26,\ watchOS\ 26,\ visionOS\ 26 -enable-experimental-feature AvailabilityMacro\=swiftIDNAApplePlatforms\ 11:macOS\ 11,\ iOS\ 14,\ tvOS\ 14,\ watchOS\ 7 -enable-experimental-feature AvailabilityMacro\=swiftIDNAApplePlatforms\ 10.15:macOS\ 10.15,\ iOS\ 13,\ tvOS\ 13,\ watchOS\ 6 -plugin-path /Applications/Xcode-27.0.0-Release.Candidate.app/Contents/Developer/Toolchains/XcodeDefault.xctoolchain/usr/lib/swift/host/plugins/testing -enable-experimental-feature DebugDescriptionMacro -sdk /Applications/Xcode-27.0.0-Release.Candidate.app/Contents/Developer/Platforms/WatchOS.platform/Developer/SDKs/WatchOS27.0.sdk -target arm64-apple-watchos9.0 -g -module-cache-path /Users/admin/builder/spi-builder-workspace/.derivedData/ModuleCache.noindex -Xfrontend -serialize-debugging-options -profile-coverage-mapping -profile-generate -enable-testing -index-store-path /Users/admin/builder/spi-builder-workspace/.derivedData/Index.noindex/DataStore -Xcc -D_LIBCPP_HARDENING_MODE\=_LIBCPP_HARDENING_MODE_DEBUG -swift-version 6 -I /Users/admin/builder/spi-builder-workspace/.derivedData/Build/Products/Debug-watchos -Isystem /Applications/Xcode-27.0.0-Release.Candidate.app/Contents/Developer/Platforms/WatchOS.platform/Developer/usr/lib -F /Users/admin/builder/spi-builder-workspace/.derivedData/Build/Products/Debug-watchos/PackageFrameworks -F /Users/admin/builder/spi-builder-workspace/.derivedData/Build/Products/Debug-watchos -F /Applications/Xcode-27.0.0-Release.Candidate.app/Contents/Developer/Platforms/WatchOS.platform/Developer/Library/Frameworks -F /Applications/Xcode-27.0.0-Release.Candidate.app/Contents/Developer/Platforms/WatchOS.platform/Developer/SDKs/WatchOS27.0.sdk/Developer/Library/Frameworks -c -j10 -enable-batch-mode -incremental -Xcc -ivfsstatcache -Xcc /Users/admin/builder/spi-builder-workspace/.derivedData/SDKStatCaches.noindex/watchos27.0-24R360-e829b21a6f8c9b70876ba0858053c04477534ef55a1706bf4c1112bbb242f0a2.sdkstatcache -output-file-map /Users/admin/builder/spi-builder-workspace/.derivedData/Build/Intermediates.noindex/swift-idna.build/Debug-watchos/SwiftIDNA-t.build/Objects-normal/arm64/SwiftIDNA-OutputFileMap.json -save-temps -no-color-diagnostics -explicit-module-build -module-cache-path /Users/admin/builder/spi-builder-workspace/.derivedData/Build/Intermediates.noindex/SwiftExplicitPrecompiledModules -clang-scanner-module-cache-path /Users/admin/builder/spi-builder-workspace/.derivedData/ModuleCache.noindex -sdk-module-cache-path /Users/admin/builder/spi-builder-workspace/.derivedData/SDKExplicitPrecompiledModules -emit-dependencies -emit-module -emit-module-path /Users/admin/builder/spi-builder-workspace/.derivedData/Build/Intermediates.noindex/swift-idna.build/Debug-watchos/SwiftIDNA-t.build/Objects-normal/arm64/SwiftIDNA.swiftmodule -serialize-diagnostics -dependency-scan-serialize-diagnostics-path /Users/admin/builder/spi-builder-workspace/.derivedData/Build/Intermediates.noindex/swift-idna.build/Debug-watchos/SwiftIDNA-t.build/Objects-normal/arm64/SwiftIDNA-dependency-scan.dia -validate-clang-modules-once -clang-build-session-file /Users/admin/builder/spi-builder-workspace/.derivedData/ModuleCache.noindex/Session.modulevalidation -Xcc -fmodules-prune-interval\=86400 -Xcc -fmodules-prune-after\=345600 -package-name spi_builder_workspace -emit-const-values -const-gather-protocols-list /Users/admin/builder/spi-builder-workspace/.derivedData/Build/Intermediates.noindex/swift-idna.build/Debug-watchos/SwiftIDNA-t.build/Objects-normal/arm64/SwiftIDNA_const_extract_protocols.json -Xcc -I/Users/admin/builder/spi-builder-workspace/Sources/CSwiftIDNA/include -Xcc -I/Users/admin/builder/spi-builder-workspace/.derivedData/Build/Products/Debug-watchos/include -Xcc -I/Users/admin/builder/spi-builder-workspace/.derivedData/Build/Intermediates.noindex/swift-idna.build/Debug-watchos/SwiftIDNA-t.build/DerivedSources-normal/arm64 -Xcc -I/Users/admin/builder/spi-builder-workspace/.derivedData/Build/Intermediates.noindex/swift-idna.build/Debug-watchos/SwiftIDNA-t.build/DerivedSources/arm64 -Xcc -I/Users/admin/builder/spi-builder-workspace/.derivedData/Build/Intermediates.noindex/swift-idna.build/Debug-watchos/SwiftIDNA-t.build/DerivedSources -Xcc -DSWIFT_PACKAGE -Xcc -DDEBUG\=1 -emit-objc-header -emit-objc-header-path /Users/admin/builder/spi-builder-workspace/.derivedData/Build/Intermediates.noindex/swift-idna.build/Debug-watchos/SwiftIDNA-t.build/Objects-normal/arm64/SwiftIDNA-Swift.h -working-directory /Users/admin/builder/spi-builder-workspace/.swiftpm/xcode -experimental-emit-module-separately -disable-cmo
SwiftDriver SwiftIDNA normal arm64_32 com.apple.xcode.tools.swift.compiler (in target 'SwiftIDNA' from project 'swift-idna')
cd /Users/admin/builder/spi-builder-workspace/.swiftpm/xcode
builtin-SwiftDriver -- /Applications/Xcode-27.0.0-Release.Candidate.app/Contents/Developer/Toolchains/XcodeDefault.xctoolchain/usr/bin/swiftc -parse-as-library -module-name SwiftIDNA -Onone @/Users/admin/builder/spi-builder-workspace/.derivedData/Build/Intermediates.noindex/swift-idna.build/Debug-watchos/SwiftIDNA-t.build/Objects-normal/arm64_32/SwiftIDNA.SwiftFileList -DSWIFT_PACKAGE -DDEBUG -DSWIFT_MODULE_RESOURCE_BUNDLE_UNAVAILABLE -Xcc -fmodule-map-file\=/Users/admin/builder/spi-builder-workspace/.derivedData/Build/Intermediates.noindex/GeneratedModuleMaps-watchos/CSwiftIDNA.modulemap -DXcode -enable-upcoming-feature MemberImportVisibility -enable-upcoming-feature InternalImportsByDefault -enable-upcoming-feature ExistentialAny -enable-upcoming-feature StrictMemorySafety -enable-experimental-feature Lifetimes -enable-experimental-feature AvailabilityMacro\=swiftIDNAApplePlatforms\ 26:macOS\ 26,\ iOS\ 26,\ tvOS\ 26,\ watchOS\ 26,\ visionOS\ 26 -enable-experimental-feature AvailabilityMacro\=swiftIDNAApplePlatforms\ 11:macOS\ 11,\ iOS\ 14,\ tvOS\ 14,\ watchOS\ 7 -enable-experimental-feature AvailabilityMacro\=swiftIDNAApplePlatforms\ 10.15:macOS\ 10.15,\ iOS\ 13,\ tvOS\ 13,\ watchOS\ 6 -plugin-path /Applications/Xcode-27.0.0-Release.Candidate.app/Contents/Developer/Toolchains/XcodeDefault.xctoolchain/usr/lib/swift/host/plugins/testing -enable-experimental-feature DebugDescriptionMacro -sdk /Applications/Xcode-27.0.0-Release.Candidate.app/Contents/Developer/Platforms/WatchOS.platform/Developer/SDKs/WatchOS27.0.sdk -target arm64_32-apple-watchos9.0 -g -module-cache-path /Users/admin/builder/spi-builder-workspace/.derivedData/ModuleCache.noindex -Xfrontend -serialize-debugging-options -profile-coverage-mapping -profile-generate -enable-testing -index-store-path /Users/admin/builder/spi-builder-workspace/.derivedData/Index.noindex/DataStore -Xcc -D_LIBCPP_HARDENING_MODE\=_LIBCPP_HARDENING_MODE_DEBUG -swift-version 6 -I /Users/admin/builder/spi-builder-workspace/.derivedData/Build/Products/Debug-watchos -Isystem /Applications/Xcode-27.0.0-Release.Candidate.app/Contents/Developer/Platforms/WatchOS.platform/Developer/usr/lib -F /Users/admin/builder/spi-builder-workspace/.derivedData/Build/Products/Debug-watchos/PackageFrameworks -F /Users/admin/builder/spi-builder-workspace/.derivedData/Build/Products/Debug-watchos -F /Applications/Xcode-27.0.0-Release.Candidate.app/Contents/Developer/Platforms/WatchOS.platform/Developer/Library/Frameworks -F /Applications/Xcode-27.0.0-Release.Candidate.app/Contents/Developer/Platforms/WatchOS.platform/Developer/SDKs/WatchOS27.0.sdk/Developer/Library/Frameworks -c -j10 -enable-batch-mode -incremental -Xcc -ivfsstatcache -Xcc /Users/admin/builder/spi-builder-workspace/.derivedData/SDKStatCaches.noindex/watchos27.0-24R360-e829b21a6f8c9b70876ba0858053c04477534ef55a1706bf4c1112bbb242f0a2.sdkstatcache -output-file-map /Users/admin/builder/spi-builder-workspace/.derivedData/Build/Intermediates.noindex/swift-idna.build/Debug-watchos/SwiftIDNA-t.build/Objects-normal/arm64_32/SwiftIDNA-OutputFileMap.json -save-temps -no-color-diagnostics -explicit-module-build -module-cache-path /Users/admin/builder/spi-builder-workspace/.derivedData/Build/Intermediates.noindex/SwiftExplicitPrecompiledModules -clang-scanner-module-cache-path /Users/admin/builder/spi-builder-workspace/.derivedData/ModuleCache.noindex -sdk-module-cache-path /Users/admin/builder/spi-builder-workspace/.derivedData/SDKExplicitPrecompiledModules -emit-dependencies -emit-module -emit-module-path /Users/admin/builder/spi-builder-workspace/.derivedData/Build/Intermediates.noindex/swift-idna.build/Debug-watchos/SwiftIDNA-t.build/Objects-normal/arm64_32/SwiftIDNA.swiftmodule -serialize-diagnostics -dependency-scan-serialize-diagnostics-path /Users/admin/builder/spi-builder-workspace/.derivedData/Build/Intermediates.noindex/swift-idna.build/Debug-watchos/SwiftIDNA-t.build/Objects-normal/arm64_32/SwiftIDNA-dependency-scan.dia -validate-clang-modules-once -clang-build-session-file /Users/admin/builder/spi-builder-workspace/.derivedData/ModuleCache.noindex/Session.modulevalidation -Xcc -fmodules-prune-interval\=86400 -Xcc -fmodules-prune-after\=345600 -package-name spi_builder_workspace -emit-const-values -const-gather-protocols-list /Users/admin/builder/spi-builder-workspace/.derivedData/Build/Intermediates.noindex/swift-idna.build/Debug-watchos/SwiftIDNA-t.build/Objects-normal/arm64_32/SwiftIDNA_const_extract_protocols.json -Xcc -I/Users/admin/builder/spi-builder-workspace/Sources/CSwiftIDNA/include -Xcc -I/Users/admin/builder/spi-builder-workspace/.derivedData/Build/Products/Debug-watchos/include -Xcc -I/Users/admin/builder/spi-builder-workspace/.derivedData/Build/Intermediates.noindex/swift-idna.build/Debug-watchos/SwiftIDNA-t.build/DerivedSources-normal/arm64_32 -Xcc -I/Users/admin/builder/spi-builder-workspace/.derivedData/Build/Intermediates.noindex/swift-idna.build/Debug-watchos/SwiftIDNA-t.build/DerivedSources/arm64_32 -Xcc -I/Users/admin/builder/spi-builder-workspace/.derivedData/Build/Intermediates.noindex/swift-idna.build/Debug-watchos/SwiftIDNA-t.build/DerivedSources -Xcc -DSWIFT_PACKAGE -Xcc -DDEBUG\=1 -emit-objc-header -emit-objc-header-path /Users/admin/builder/spi-builder-workspace/.derivedData/Build/Intermediates.noindex/swift-idna.build/Debug-watchos/SwiftIDNA-t.build/Objects-normal/arm64_32/SwiftIDNA-Swift.h -working-directory /Users/admin/builder/spi-builder-workspace/.swiftpm/xcode -experimental-emit-module-separately -disable-cmo
SwiftEmitModule normal arm64_32 Emitting\ module\ for\ SwiftIDNA (in target 'SwiftIDNA' from project 'swift-idna')
SwiftCompile normal arm64_32 (in target 'SwiftIDNA' from project 'swift-idna')
cd /Users/admin/builder/spi-builder-workspace/.swiftpm/xcode
SwiftCompile normal arm64_32 Compiling\ +OutputSpan.swift,\ +Span.swift /Users/admin/builder/spi-builder-workspace/Sources/SwiftIDNA/+OutputSpan.swift /Users/admin/builder/spi-builder-workspace/Sources/SwiftIDNA/+Span.swift (in target 'SwiftIDNA' from project 'swift-idna')
SwiftCompile normal arm64_32 /Users/admin/builder/spi-builder-workspace/Sources/SwiftIDNA/+OutputSpan.swift (in target 'SwiftIDNA' from project 'swift-idna')
cd /Users/admin/builder/spi-builder-workspace/.swiftpm/xcode
builtin-SwiftPerFileCompile +OutputSpan.swift
SwiftCompile normal arm64_32 /Users/admin/builder/spi-builder-workspace/Sources/SwiftIDNA/+Span.swift (in target 'SwiftIDNA' from project 'swift-idna')
cd /Users/admin/builder/spi-builder-workspace/.swiftpm/xcode
builtin-SwiftPerFileCompile +Span.swift
SwiftCompile normal arm64_32 Compiling\ +UniqueArray.swift,\ ByteCheck+IDNA.swift /Users/admin/builder/spi-builder-workspace/Sources/SwiftIDNA/+UniqueArray.swift /Users/admin/builder/spi-builder-workspace/Sources/SwiftIDNA/ByteCheck+IDNA.swift (in target 'SwiftIDNA' from project 'swift-idna')
SwiftCompile normal arm64_32 /Users/admin/builder/spi-builder-workspace/Sources/SwiftIDNA/+UniqueArray.swift (in target 'SwiftIDNA' from project 'swift-idna')
cd /Users/admin/builder/spi-builder-workspace/.swiftpm/xcode
builtin-SwiftPerFileCompile +UniqueArray.swift
SwiftCompile normal arm64_32 /Users/admin/builder/spi-builder-workspace/Sources/SwiftIDNA/ByteCheck+IDNA.swift (in target 'SwiftIDNA' from project 'swift-idna')
cd /Users/admin/builder/spi-builder-workspace/.swiftpm/xcode
builtin-SwiftPerFileCompile ByteCheck+IDNA.swift
SwiftCompile normal arm64_32 Compiling\ +String.swift,\ +Unicode.swift /Users/admin/builder/spi-builder-workspace/Sources/SwiftIDNA/+String.swift /Users/admin/builder/spi-builder-workspace/Sources/SwiftIDNA/+Unicode.swift (in target 'SwiftIDNA' from project 'swift-idna')
/Users/admin/builder/spi-builder-workspace/Sources/SwiftIDNA/+String.swift:76:34: error: 'utf8Span' is unavailable in watchOS
74 |
75 | if #available(swiftIDNAApplePlatforms 26, *) {
76 | return try body(self.utf8Span.span)
| `- error: 'utf8Span' is unavailable in watchOS
77 | }
78 |
Swift.String.utf8Span:3:14: note: 'utf8Span' has been explicitly marked unavailable here
1 | struct String {
2 | @available(watchOS, unavailable)
3 | public var utf8Span: UTF8Span { get }}
| `- note: 'utf8Span' has been explicitly marked unavailable here
4 |
/Users/admin/builder/spi-builder-workspace/Sources/SwiftIDNA/+String.swift:159:34: error: 'utf8Span' is unavailable in watchOS
157 |
158 | if #available(swiftIDNAApplePlatforms 26, *) {
159 | return try body(self.utf8Span.span)
| `- error: 'utf8Span' is unavailable in watchOS
160 | }
161 |
Swift.Substring.utf8Span:3:14: note: 'utf8Span' has been explicitly marked unavailable here
1 | struct Substring {
2 | @available(watchOS, unavailable)
3 | public var utf8Span: UTF8Span { get }}
| `- note: 'utf8Span' has been explicitly marked unavailable here
4 |
Failed frontend command:
/Applications/Xcode-27.0.0-Release.Candidate.app/Contents/Developer/Toolchains/XcodeDefault.xctoolchain/usr/bin/swift-frontend -frontend -c /Users/admin/builder/spi-builder-workspace/Sources/SwiftIDNA/+Array.swift /Users/admin/builder/spi-builder-workspace/Sources/SwiftIDNA/+BinaryInteger.swift /Users/admin/builder/spi-builder-workspace/Sources/SwiftIDNA/+OutputSpan.swift /Users/admin/builder/spi-builder-workspace/Sources/SwiftIDNA/+Span.swift -primary-file /Users/admin/builder/spi-builder-workspace/Sources/SwiftIDNA/+String.swift -primary-file /Users/admin/builder/spi-builder-workspace/Sources/SwiftIDNA/+Unicode.swift /Users/admin/builder/spi-builder-workspace/Sources/SwiftIDNA/+UniqueArray.swift /Users/admin/builder/spi-builder-workspace/Sources/SwiftIDNA/ByteCheck+IDNA.swift /Users/admin/builder/spi-builder-workspace/Sources/SwiftIDNA/Collections/DecodedUnicodeScalars.swift /Users/admin/builder/spi-builder-workspace/Sources/SwiftIDNA/Collections/IDNAUnicodeScalarView.swift /Users/admin/builder/spi-builder-workspace/Sources/SwiftIDNA/Collections/LazyRigidArray.swift /Users/admin/builder/spi-builder-workspace/Sources/SwiftIDNA/Collections/LazyTinyBuffer.swift /Users/admin/builder/spi-builder-workspace/Sources/SwiftIDNA/Collections/TinyBuffer.swift /Users/admin/builder/spi-builder-workspace/Sources/SwiftIDNA/Collections/TinyBufferSubSequence.swift /Users/admin/builder/spi-builder-workspace/Sources/SwiftIDNA/Collections/UnicodeScalarIterator.swift /Users/admin/builder/spi-builder-workspace/Sources/SwiftIDNA/IDNA+functions.swift /Users/admin/builder/spi-builder-workspace/Sources/SwiftIDNA/IDNA.ConversionResult.swift /Users/admin/builder/spi-builder-workspace/Sources/SwiftIDNA/IDNA.MappingErrors.swift /Users/admin/builder/spi-builder-workspace/Sources/SwiftIDNA/IDNA.swift /Users/admin/builder/spi-builder-workspace/Sources/SwiftIDNA/IDNAMapping.swift /Users/admin/builder/spi-builder-workspace/Sources/SwiftIDNA/IDNA_Implementation.swift /Users/admin/builder/spi-builder-workspace/Sources/SwiftIDNA/Punycode.swift -emit-dependencies-path /Users/admin/builder/spi-builder-workspace/.derivedData/Build/Intermediates.noindex/swift-idna.build/Debug-watchos/SwiftIDNA-t.build/Objects-normal/arm64_32/+String.d -emit-const-values-path /Users/admin/builder/spi-builder-workspace/.derivedData/Build/Intermediates.noindex/swift-idna.build/Debug-watchos/SwiftIDNA-t.build/Objects-normal/arm64_32/+String.swiftconstvalues -emit-reference-dependencies-path /Users/admin/builder/spi-builder-workspace/.derivedData/Build/Intermediates.noindex/swift-idna.build/Debug-watchos/SwiftIDNA-t.build/Objects-normal/arm64_32/+String.swiftdeps -serialize-diagnostics-path /Users/admin/builder/spi-builder-workspace/.derivedData/Build/Intermediates.noindex/swift-idna.build/Debug-watchos/SwiftIDNA-t.build/Objects-normal/arm64_32/+String.dia -emit-dependencies-path /Users/admin/builder/spi-builder-workspace/.derivedData/Build/Intermediates.noindex/swift-idna.build/Debug-watchos/SwiftIDNA-t.build/Objects-normal/arm64_32/+Unicode.d -emit-const-values-path /Users/admin/builder/spi-builder-workspace/.derivedData/Build/Intermediates.noindex/swift-idna.build/Debug-watchos/SwiftIDNA-t.build/Objects-normal/arm64_32/+Unicode.swiftconstvalues -emit-reference-dependencies-path /Users/admin/builder/spi-builder-workspace/.derivedData/Build/Intermediates.noindex/swift-idna.build/Debug-watchos/SwiftIDNA-t.build/Objects-normal/arm64_32/+Unicode.swiftdeps -serialize-diagnostics-path /Users/admin/builder/spi-builder-workspace/.derivedData/Build/Intermediates.noindex/swift-idna.build/Debug-watchos/SwiftIDNA-t.build/Objects-normal/arm64_32/+Unicode.dia -target arm64_32-apple-watchos9.0 -module-can-import-version Darwin 428.0.10 0 -disable-cross-import-overlay-search -swift-module-cross-import Darwin /Applications/Xcode-27.0.0-Release.Candidate.app/Contents/Developer/Platforms/WatchOS.platform/Developer/SDKs/WatchOS.sdk/usr/include/Darwin.swiftcrossimport/xlocale.swiftoverlay -load-resolved-plugin /Applications/Xcode-27.0.0-Release.Candidate.app/Contents/Developer/Platforms/WatchOS.platform/Developer/usr/lib/swift/host/plugins/libSwiftMacros.dylib\#/Applications/Xcode-27.0.0-Release.Candidate.app/Contents/Developer/Platforms/WatchOS.platform/Developer/usr/bin/swift-plugin-server\#SwiftMacros -disable-implicit-swift-modules -Xcc -fno-implicit-modules -Xcc -fno-implicit-module-maps -explicit-swift-module-map-file /Users/admin/builder/spi-builder-workspace/.derivedData/Build/Intermediates.noindex/swift-idna.build/Debug-watchos/SwiftIDNA-t.build/Objects-normal/arm64_32/SwiftIDNA-dependencies-2.json -enable-objc-interop -sdk /Applications/Xcode-27.0.0-Release.Candidate.app/Contents/Developer/Platforms/WatchOS.platform/Developer/SDKs/WatchOS27.0.sdk -I /Users/admin/builder/spi-builder-workspace/.derivedData/Build/Products/Debug-watchos -Isystem /Applications/Xcode-27.0.0-Release.Candidate.app/Contents/Developer/Platforms/WatchOS.platform/Developer/usr/lib -F /Users/admin/builder/spi-builder-workspace/.derivedData/Build/Products/Debug-watchos/PackageFrameworks -F /Users/admin/builder/spi-builder-workspace/.derivedData/Build/Products/Debug-watchos -F /Applications/Xcode-27.0.0-Release.Candidate.app/Contents/Developer/Platforms/WatchOS.platform/Developer/Library/Frameworks -F /Applications/Xcode-27.0.0-Release.Candidate.app/Contents/Developer/Platforms/WatchOS.platform/Developer/SDKs/WatchOS27.0.sdk/Developer/Library/Frameworks -module-cache-path /Users/admin/builder/spi-builder-workspace/.derivedData/Build/Intermediates.noindex/SwiftExplicitPrecompiledModules -no-color-diagnostics -Xcc -fno-color-diagnostics -enable-testing -g -debug-info-format\=dwarf -dwarf-version\=4 -profile-generate -profile-coverage-mapping -swift-version 6 -Onone -D SWIFT_PACKAGE -D DEBUG -D SWIFT_MODULE_RESOURCE_BUNDLE_UNAVAILABLE -D Xcode -serialize-debugging-options -enable-upcoming-feature MemberImportVisibility -enable-upcoming-feature InternalImportsByDefault -enable-upcoming-feature ExistentialAny -enable-upcoming-feature StrictMemorySafety -enable-experimental-feature Lifetimes -enable-experimental-feature AvailabilityMacro\=swiftIDNAApplePlatforms\ 26:macOS\ 26,\ iOS\ 26,\ tvOS\ 26,\ watchOS\ 26,\ visionOS\ 26 -enable-experimental-feature AvailabilityMacro\=swiftIDNAApplePlatforms\ 11:macOS\ 11,\ iOS\ 14,\ tvOS\ 14,\ watchOS\ 7 -enable-experimental-feature AvailabilityMacro\=swiftIDNAApplePlatforms\ 10.15:macOS\ 10.15,\ iOS\ 13,\ tvOS\ 13,\ watchOS\ 6 -enable-experimental-feature DebugDescriptionMacro -empty-abi-descriptor -validate-clang-modules-once -clang-build-session-file /Users/admin/builder/spi-builder-workspace/.derivedData/ModuleCache.noindex/Session.modulevalidation -Xcc -working-directory -Xcc /Users/admin/builder/spi-builder-workspace/.swiftpm/xcode -enable-anonymous-context-mangled-names -file-compilation-dir /Users/admin/builder/spi-builder-workspace/.swiftpm/xcode -Xcc -fmodule-map-file\=/Users/admin/builder/spi-builder-workspace/.derivedData/Build/Intermediates.noindex/GeneratedModuleMaps-watchos/CSwiftIDNA.modulemap -Xcc -D_LIBCPP_HARDENING_MODE\=_LIBCPP_HARDENING_MODE_DEBUG -Xcc -ivfsstatcache -Xcc /Users/admin/builder/spi-builder-workspace/.derivedData/SDKStatCaches.noindex/watchos27.0-24R360-e829b21a6f8c9b70876ba0858053c04477534ef55a1706bf4c1112bbb242f0a2.sdkstatcache -Xcc -fmodules-prune-interval\=86400 -Xcc -fmodules-prune-after\=345600 -Xcc -I/Users/admin/builder/spi-builder-workspace/Sources/CSwiftIDNA/include -Xcc -I/Users/admin/builder/spi-builder-workspace/.derivedData/Build/Products/Debug-watchos/include -Xcc -I/Users/admin/builder/spi-builder-workspace/.derivedData/Build/Intermediates.noindex/swift-idna.build/Debug-watchos/SwiftIDNA-t.build/DerivedSources-normal/arm64_32 -Xcc -I/Users/admin/builder/spi-builder-workspace/.derivedData/Build/Intermediates.noindex/swift-idna.build/Debug-watchos/SwiftIDNA-t.build/DerivedSources/arm64_32 -Xcc -I/Users/admin/builder/spi-builder-workspace/.derivedData/Build/Intermediates.noindex/swift-idna.build/Debug-watchos/SwiftIDNA-t.build/DerivedSources -Xcc -DSWIFT_PACKAGE -Xcc -DDEBUG\=1 -no-auto-bridging-header-chaining -module-name SwiftIDNA -package-name spi_builder_workspace -const-gather-protocols-file /Users/admin/builder/spi-builder-workspace/.derivedData/Build/Intermediates.noindex/swift-idna.build/Debug-watchos/SwiftIDNA-t.build/Objects-normal/arm64_32/SwiftIDNA_const_extract_protocols.json -disable-clang-spi -clang-target arm64_32-apple-watchos27.0 -target-sdk-version 27.0 -target-sdk-name watchos27.0 -in-process-plugin-server-path /Applications/Xcode-27.0.0-Release.Candidate.app/Contents/Developer/Toolchains/XcodeDefault.xctoolchain/usr/lib/swift/host/libSwiftInProcPluginServer.dylib -parse-as-library -o /Users/admin/builder/spi-builder-workspace/.derivedData/Build/Intermediates.noindex/swift-idna.build/Debug-watchos/SwiftIDNA-t.build/Objects-normal/arm64_32/+String.o -o /Users/admin/builder/spi-builder-workspace/.derivedData/Build/Intermediates.noindex/swift-idna.build/Debug-watchos/SwiftIDNA-t.build/Objects-normal/arm64_32/+Unicode.o -debug-module-path /Users/admin/builder/spi-builder-workspace/.derivedData/Build/Intermediates.noindex/swift-idna.build/Debug-watchos/SwiftIDNA-t.build/Objects-normal/arm64_32/SwiftIDNA.swiftmodule -index-unit-output-path /swift-idna.build/Debug-watchos/SwiftIDNA-t.build/Objects-normal/arm64_32/+String.o -index-unit-output-path /swift-idna.build/Debug-watchos/SwiftIDNA-t.build/Objects-normal/arm64_32/+Unicode.o -index-store-path /Users/admin/builder/spi-builder-workspace/.derivedData/Index.noindex/DataStore -index-system-modules
SwiftCompile normal arm64_32 /Users/admin/builder/spi-builder-workspace/Sources/SwiftIDNA/+String.swift (in target 'SwiftIDNA' from project 'swift-idna')
cd /Users/admin/builder/spi-builder-workspace/.swiftpm/xcode
builtin-SwiftPerFileCompile +String.swift
SwiftCompile normal arm64_32 /Users/admin/builder/spi-builder-workspace/Sources/SwiftIDNA/+Unicode.swift (in target 'SwiftIDNA' from project 'swift-idna')
cd /Users/admin/builder/spi-builder-workspace/.swiftpm/xcode
builtin-SwiftPerFileCompile +Unicode.swift
SwiftCompile normal arm64_32 Compiling\ +Array.swift,\ +BinaryInteger.swift /Users/admin/builder/spi-builder-workspace/Sources/SwiftIDNA/+Array.swift /Users/admin/builder/spi-builder-workspace/Sources/SwiftIDNA/+BinaryInteger.swift (in target 'SwiftIDNA' from project 'swift-idna')
SwiftCompile normal arm64_32 /Users/admin/builder/spi-builder-workspace/Sources/SwiftIDNA/+Array.swift (in target 'SwiftIDNA' from project 'swift-idna')
cd /Users/admin/builder/spi-builder-workspace/.swiftpm/xcode
builtin-SwiftPerFileCompile +Array.swift
SwiftCompile normal arm64_32 /Users/admin/builder/spi-builder-workspace/Sources/SwiftIDNA/+BinaryInteger.swift (in target 'SwiftIDNA' from project 'swift-idna')
cd /Users/admin/builder/spi-builder-workspace/.swiftpm/xcode
builtin-SwiftPerFileCompile +BinaryInteger.swift
SwiftCompile normal arm64_32 Compiling\ DecodedUnicodeScalars.swift,\ IDNAUnicodeScalarView.swift /Users/admin/builder/spi-builder-workspace/Sources/SwiftIDNA/Collections/DecodedUnicodeScalars.swift /Users/admin/builder/spi-builder-workspace/Sources/SwiftIDNA/Collections/IDNAUnicodeScalarView.swift (in target 'SwiftIDNA' from project 'swift-idna')
SwiftCompile normal arm64_32 /Users/admin/builder/spi-builder-workspace/Sources/SwiftIDNA/Collections/DecodedUnicodeScalars.swift (in target 'SwiftIDNA' from project 'swift-idna')
cd /Users/admin/builder/spi-builder-workspace/.swiftpm/xcode
builtin-SwiftPerFileCompile DecodedUnicodeScalars.swift
SwiftCompile normal arm64_32 /Users/admin/builder/spi-builder-workspace/Sources/SwiftIDNA/Collections/IDNAUnicodeScalarView.swift (in target 'SwiftIDNA' from project 'swift-idna')
cd /Users/admin/builder/spi-builder-workspace/.swiftpm/xcode
builtin-SwiftPerFileCompile IDNAUnicodeScalarView.swift
SwiftCompile normal arm64_32 Compiling\ TinyBuffer.swift,\ TinyBufferSubSequence.swift /Users/admin/builder/spi-builder-workspace/Sources/SwiftIDNA/Collections/TinyBuffer.swift /Users/admin/builder/spi-builder-workspace/Sources/SwiftIDNA/Collections/TinyBufferSubSequence.swift (in target 'SwiftIDNA' from project 'swift-idna')
SwiftCompile normal arm64_32 /Users/admin/builder/spi-builder-workspace/Sources/SwiftIDNA/Collections/TinyBuffer.swift (in target 'SwiftIDNA' from project 'swift-idna')
cd /Users/admin/builder/spi-builder-workspace/.swiftpm/xcode
builtin-SwiftPerFileCompile TinyBuffer.swift
SwiftCompile normal arm64_32 /Users/admin/builder/spi-builder-workspace/Sources/SwiftIDNA/Collections/TinyBufferSubSequence.swift (in target 'SwiftIDNA' from project 'swift-idna')
cd /Users/admin/builder/spi-builder-workspace/.swiftpm/xcode
builtin-SwiftPerFileCompile TinyBufferSubSequence.swift
SwiftCompile normal arm64_32 Compiling\ IDNA.ConversionResult.swift,\ IDNA.MappingErrors.swift /Users/admin/builder/spi-builder-workspace/Sources/SwiftIDNA/IDNA.ConversionResult.swift /Users/admin/builder/spi-builder-workspace/Sources/SwiftIDNA/IDNA.MappingErrors.swift (in target 'SwiftIDNA' from project 'swift-idna')
SwiftCompile normal arm64_32 /Users/admin/builder/spi-builder-workspace/Sources/SwiftIDNA/IDNA.ConversionResult.swift (in target 'SwiftIDNA' from project 'swift-idna')
cd /Users/admin/builder/spi-builder-workspace/.swiftpm/xcode
builtin-SwiftPerFileCompile IDNA.ConversionResult.swift
SwiftCompile normal arm64_32 /Users/admin/builder/spi-builder-workspace/Sources/SwiftIDNA/IDNA.MappingErrors.swift (in target 'SwiftIDNA' from project 'swift-idna')
cd /Users/admin/builder/spi-builder-workspace/.swiftpm/xcode
builtin-SwiftPerFileCompile IDNA.MappingErrors.swift
SwiftCompile normal arm64_32 Compiling\ UnicodeScalarIterator.swift,\ IDNA+functions.swift /Users/admin/builder/spi-builder-workspace/Sources/SwiftIDNA/Collections/UnicodeScalarIterator.swift /Users/admin/builder/spi-builder-workspace/Sources/SwiftIDNA/IDNA+functions.swift (in target 'SwiftIDNA' from project 'swift-idna')
SwiftCompile normal arm64_32 /Users/admin/builder/spi-builder-workspace/Sources/SwiftIDNA/Collections/UnicodeScalarIterator.swift (in target 'SwiftIDNA' from project 'swift-idna')
cd /Users/admin/builder/spi-builder-workspace/.swiftpm/xcode
builtin-SwiftPerFileCompile UnicodeScalarIterator.swift
SwiftCompile normal arm64_32 /Users/admin/builder/spi-builder-workspace/Sources/SwiftIDNA/IDNA+functions.swift (in target 'SwiftIDNA' from project 'swift-idna')
cd /Users/admin/builder/spi-builder-workspace/.swiftpm/xcode
builtin-SwiftPerFileCompile IDNA+functions.swift
SwiftCompile normal arm64_32 Compiling\ IDNA.swift,\ IDNAMapping.swift /Users/admin/builder/spi-builder-workspace/Sources/SwiftIDNA/IDNA.swift /Users/admin/builder/spi-builder-workspace/Sources/SwiftIDNA/IDNAMapping.swift (in target 'SwiftIDNA' from project 'swift-idna')
SwiftCompile normal arm64_32 /Users/admin/builder/spi-builder-workspace/Sources/SwiftIDNA/IDNA.swift (in target 'SwiftIDNA' from project 'swift-idna')
cd /Users/admin/builder/spi-builder-workspace/.swiftpm/xcode
builtin-SwiftPerFileCompile IDNA.swift
SwiftCompile normal arm64_32 /Users/admin/builder/spi-builder-workspace/Sources/SwiftIDNA/IDNAMapping.swift (in target 'SwiftIDNA' from project 'swift-idna')
cd /Users/admin/builder/spi-builder-workspace/.swiftpm/xcode
builtin-SwiftPerFileCompile IDNAMapping.swift
SwiftEmitModule normal arm64 Emitting\ module\ for\ SwiftIDNA (in target 'SwiftIDNA' from project 'swift-idna')
SwiftCompile normal arm64 (in target 'SwiftIDNA' from project 'swift-idna')
cd /Users/admin/builder/spi-builder-workspace/.swiftpm/xcode
PruneExplicitPrecompiledModules /Users/admin/builder/spi-builder-workspace/.derivedData/Build/Intermediates.noindex/SwiftExplicitPrecompiledModules
PruneExplicitPrecompiledModules /Users/admin/builder/spi-builder-workspace/.derivedData/Build/Intermediates.noindex/ExplicitPrecompiledModules
PruneExplicitPrecompiledModules /Users/admin/builder/spi-builder-workspace/.derivedData/SDKExplicitPrecompiledModules
2026-09-25 15:23:00.978 xcodebuild[873:5297] [MT] IDERunDestination: Supported platforms for the buildables in the current scheme is empty.
** BUILD FAILED **
The following build commands failed:
SwiftCompile normal arm64_32 Compiling\ +String.swift,\ +Unicode.swift /Users/admin/builder/spi-builder-workspace/Sources/SwiftIDNA/+String.swift /Users/admin/builder/spi-builder-workspace/Sources/SwiftIDNA/+Unicode.swift (in target 'SwiftIDNA' from project 'swift-idna')
SwiftCompile normal arm64_32 /Users/admin/builder/spi-builder-workspace/Sources/SwiftIDNA/+String.swift (in target 'SwiftIDNA' from project 'swift-idna')
Building workspace swift-idna with scheme swift-idna
(3 failures)
BUILD FAILURE 6.4 watchOS