The Swift Package Index logo.Swift Package Index

Build Information

Failed to build Coltrane, reference 1.3.0 (9ca0bc), with Swift 6.3 for Linux on 28 Jun 2026 06:27:56 UTC.

Build Command

bash -c docker run --pull=always --rm -v "checkouts-53886768-0":/host -w "$PWD" -e JAVA_HOME="/root/.sdkman/candidates/java/current" -e SPI_BUILD="1" -e SPI_PROCESSING="1" registry.gitlab.com/saguaro1/spi-images:basic-6.3-latest swift build --triple x86_64-unknown-linux-gnu 2>&1

Build Log

========================================
RunAll
========================================
Builder version: 0e64495ecc1688c3b3e031a5ef1348b5c05091ae
Interrupt handler set up.
========================================
Checkout
========================================
Clone URL: https://github.com/otaviocc/Coltrane.git
Reference: 1.3.0
Initialized empty Git repository in /host/spi-builder-workspace/.git/
hint: Using 'master' as the name for the initial branch. This default branch name
hint: is subject to change. To configure the initial branch name to use in all
hint: of your new repositories, which will suppress this warning, call:
hint:
hint: 	git config --global init.defaultBranch <name>
hint:
hint: Names commonly chosen instead of 'master' are 'main', 'trunk' and
hint: 'development'. The just-created branch can be renamed via this command:
hint:
hint: 	git branch -m <name>
From https://github.com/otaviocc/Coltrane
 * tag               1.3.0      -> FETCH_HEAD
HEAD is now at 9ca0bc2 Update README
Cloned https://github.com/otaviocc/Coltrane.git
Revision (git rev-parse @):
9ca0bc25e09218bb7ec8325861b592eff2ffcb7d
SUCCESS checkout https://github.com/otaviocc/Coltrane.git at 1.3.0
========================================
Build
========================================
Selected platform:         linux
Swift version:             6.3
Building package at path:  $PWD
https://github.com/otaviocc/Coltrane.git
Running build ...
bash -c docker run --pull=always --rm -v "checkouts-53886768-0":/host -w "$PWD" -e JAVA_HOME="/root/.sdkman/candidates/java/current" -e SPI_BUILD="1" -e SPI_PROCESSING="1" registry.gitlab.com/saguaro1/spi-images:basic-6.3-latest swift build --triple x86_64-unknown-linux-gnu 2>&1
basic-6.3-latest: Pulling from saguaro1/spi-images
Digest: sha256:518d581a7f3cc0f988d8921e0dce92c3361f942cd4cc7d944cb46f8707e06c63
Status: Image is up to date for registry.gitlab.com/saguaro1/spi-images:basic-6.3-latest
Building for debugging...
[0/47] Write sources
[12/47] Write swift-version-24593BA9C3E375BF.txt
[14/56] Compiling Coltrane SpawnSplit.swift
[15/57] Compiling Coltrane Join.swift
/host/spi-builder-workspace/Sources/Coltrane/Join.swift:94:28: warning: result of call to 'wait(until:)' is unused [#no-usage]
92 |         job.completion.lock()
93 |         if !job.isFinishedLocked {
94 |             job.completion.wait(until: Date().addingTimeInterval(Coltrane.idlePollInterval))
   |                            `- warning: result of call to 'wait(until:)' is unused [#no-usage]
95 |         }
96 |         job.completion.unlock()
[16/57] Compiling Coltrane Scheduler.swift
[17/57] Compiling Coltrane VirtualProcessor.swift
/host/spi-builder-workspace/Sources/Coltrane/VirtualProcessor.swift:104:14: warning: result of call to 'wait(until:)' is unused [#no-usage]
102 |         let cond = runtime.workSignal
103 |         cond.lock()
104 |         cond.wait(until: Date().addingTimeInterval(Coltrane.idlePollInterval))
    |              `- warning: result of call to 'wait(until:)' is unused [#no-usage]
105 |         cond.unlock()
106 |     }
/host/spi-builder-workspace/Sources/Coltrane/VirtualProcessor.swift:112:13: error: cannot find '__CPU_SET' in scope
110 |             var set = cpu_set_t()
111 |             let cpu = logicalId % max(1, ProcessInfo.processInfo.activeProcessorCount)
112 |             __CPU_SET(cpu, &set)
    |             `- error: cannot find '__CPU_SET' in scope
113 |             _ = pthread_setaffinity_np(pthread_self(), MemoryLayout<cpu_set_t>.size, &set)
114 |         #else
/host/spi-builder-workspace/Sources/Coltrane/VirtualProcessor.swift:113:17: error: cannot find 'pthread_setaffinity_np' in scope
111 |             let cpu = logicalId % max(1, ProcessInfo.processInfo.activeProcessorCount)
112 |             __CPU_SET(cpu, &set)
113 |             _ = pthread_setaffinity_np(pthread_self(), MemoryLayout<cpu_set_t>.size, &set)
    |                 `- error: cannot find 'pthread_setaffinity_np' in scope
114 |         #else
115 |             _ = logicalId
[18/57] Compiling Coltrane Coltrane.swift
[19/57] Compiling Coltrane Job.swift
[20/57] Compiling Coltrane JobList.swift
[21/57] Emitting module Coltrane
[22/57] Compiling Coltrane JobOptions.swift
[23/57] Compiling Coltrane JobHandle.swift
BUILD FAILURE 6.3 linux