The Swift Package Index logo.Swift Package Index

Build Information

Failed to build git-kit, reference main (d66feb), with Swift 6.1 for Wasm on 27 Aug 2026 22:02:00 UTC.

Build Command

bash -c docker run --pull=always --rm -v "checkouts-54344843-0":/host -w "$PWD" -e JAVA_HOME="/root/.sdkman/candidates/java/current" -e SPI_BUILD="1" -e SPI_PROCESSING="1" registry.gitlab.com/saguaro1/spi-images:wasm-6.1-latest swift build --swift-sdk wasm32-unknown-wasi 2>&1

Build Log

========================================
RunAll
========================================
Builder version: 5.0.2
Interrupt handler set up.
========================================
Checkout
========================================
Clone URL: https://github.com/BinaryBirds/git-kit.git
Reference: main
Initialized empty Git repository in /host/spi-builder-workspace/.git/
hint: Using 'master' as the name for the initial branch. This default branch name
hint: is subject to change. To configure the initial branch name to use in all
hint: of your new repositories, which will suppress this warning, call:
hint:
hint: 	git config --global init.defaultBranch <name>
hint:
hint: Names commonly chosen instead of 'master' are 'main', 'trunk' and
hint: 'development'. The just-created branch can be renamed via this command:
hint:
hint: 	git branch -m <name>
From https://github.com/BinaryBirds/git-kit
 * branch            main       -> FETCH_HEAD
 * [new branch]      main       -> origin/main
HEAD is now at d66feb5 Migrate from ShellKit to swift-subprocess; make the API async-only (#24)
Cloned https://github.com/BinaryBirds/git-kit.git
Revision (git rev-parse @):
d66feb5f4fba84d191c167f8a45f5e0650976511
SUCCESS checkout https://github.com/BinaryBirds/git-kit.git at main
========================================
Build
========================================
Selected platform:         wasm
Swift version:             6.1
Building package at path:  $PWD
https://github.com/BinaryBirds/git-kit.git
https://github.com/BinaryBirds/git-kit.git
WARNING: environment variable SUPPRESS_SWIFT_6_FLAGS is not set
Running build ...
bash -c docker run --pull=always --rm -v "checkouts-54344843-0":/host -w "$PWD" -e JAVA_HOME="/root/.sdkman/candidates/java/current" -e SPI_BUILD="1" -e SPI_PROCESSING="1" registry.gitlab.com/saguaro1/spi-images:wasm-6.1-latest swift build --swift-sdk wasm32-unknown-wasi -Xswiftc -Xfrontend -Xswiftc -stats-output-dir -Xswiftc -Xfrontend -Xswiftc .stats -Xswiftc -strict-concurrency=complete -Xswiftc -enable-upcoming-feature -Xswiftc StrictConcurrency -Xswiftc -enable-upcoming-feature -Xswiftc DisableOutwardActorInference -Xswiftc -enable-upcoming-feature -Xswiftc GlobalActorIsolatedTypesUsability -Xswiftc -enable-upcoming-feature -Xswiftc InferSendableFromCaptures 2>&1
wasm-6.1-latest: Pulling from saguaro1/spi-images
Digest: sha256:290f441d1f5b7bf0dbbe61e8b7514208804cdcb507d57b3c762463ad036298f7
Status: Image is up to date for registry.gitlab.com/saguaro1/spi-images:wasm-6.1-latest
Fetching https://github.com/swiftlang/swift-subprocess.git
[1/4707] Fetching swift-subprocess
Fetched https://github.com/swiftlang/swift-subprocess.git from cache (0.65s)
Computing version for https://github.com/swiftlang/swift-subprocess.git
Computed https://github.com/swiftlang/swift-subprocess.git at 0.4.0 (0.26s)
Fetching https://github.com/apple/swift-system
[1/6854] Fetching swift-system
Fetched https://github.com/apple/swift-system from cache (0.73s)
Computing version for https://github.com/apple/swift-system
Computed https://github.com/apple/swift-system at 1.8.1 (1.00s)
Creating working copy for https://github.com/swiftlang/swift-subprocess.git
Working copy of https://github.com/swiftlang/swift-subprocess.git resolved at 0.4.0
Creating working copy for https://github.com/apple/swift-system
Working copy of https://github.com/apple/swift-system resolved at 1.8.1
Building for debugging...
[0/6] Write sources
[3/6] Compiling CSystem shims.c
In file included from /host/spi-builder-workspace/.build/checkouts/swift-subprocess/Sources/_SubprocessCShims/process_shims.c:23:
/host/spi-builder-workspace/.build/checkouts/swift-subprocess/Sources/_SubprocessCShims/include/process_shims.h:18:10: fatal error: 'pthread.h' file not found
   18 | #include <pthread.h>
      |          ^~~~~~~~~~~
1 error generated.
[4/6] Compiling _SubprocessCShims process_shims.c
[4/6] Write swift-version-24593BA9C3E375BF.txt
Running build ...
bash -c docker run --pull=always --rm -v "checkouts-54344843-0":/host -w "$PWD" -e JAVA_HOME="/root/.sdkman/candidates/java/current" -e SPI_BUILD="1" -e SPI_PROCESSING="1" registry.gitlab.com/saguaro1/spi-images:wasm-6.1-latest swift build --swift-sdk wasm32-unknown-wasi 2>&1
wasm-6.1-latest: Pulling from saguaro1/spi-images
Digest: sha256:290f441d1f5b7bf0dbbe61e8b7514208804cdcb507d57b3c762463ad036298f7
Status: Image is up to date for registry.gitlab.com/saguaro1/spi-images:wasm-6.1-latest
[0/1] Planning build
Building for debugging...
In file included from /host/spi-builder-workspace/.build/checkouts/swift-subprocess/Sources/_SubprocessCShims/process_shims.c:23:
/host/spi-builder-workspace/.build/checkouts/swift-subprocess/Sources/_SubprocessCShims/include/process_shims.h:18:10: fatal error: 'pthread.h' file not found
   18 | #include <pthread.h>
      |          ^~~~~~~~~~~
1 error generated.
[0/2] Compiling _SubprocessCShims process_shims.c
[0/2] Write swift-version-24593BA9C3E375BF.txt
BUILD FAILURE 6.1 wasm