Build Information
Failed to build bcrypt, reference main (24e7b8), with Swift 6.4 for watchOS using Xcode 27.0 on 28 Sep 2026 12:50:17 UTC.
Build Command
env DEVELOPER_DIR=/Applications/Xcode-27.0.0-Release.Candidate.app xcrun xcodebuild -IDEClonedSourcePackagesDirPathOverride=$PWD/.dependencies -skipMacroValidation -skipPackagePluginValidation -derivedDataPath $PWD/.derivedData build -scheme bcrypt -destination generic/platform=watchOSBuild Log
========================================
RunAll
========================================
Builder version: 5.1.0
Interrupt handler set up.
========================================
Checkout
========================================
Clone URL: https://github.com/ptoffy/bcrypt.git
Reference: main
Initialized empty Git repository in /Users/admin/builder/spi-builder-workspace/.git/
From https://github.com/ptoffy/bcrypt
* branch main -> FETCH_HEAD
* [new branch] main -> origin/main
HEAD is now at 24e7b8b Add `settings:` API as well to not only accept salts (#6)
Cloned https://github.com/ptoffy/bcrypt.git
Revision (git rev-parse @):
24e7b8b8dfe9846e8ebf4c7d3883def55c552aec
SPI manifest file found: $PWD/.spi.yml
SUCCESS checkout https://github.com/ptoffy/bcrypt.git at main
========================================
Build
========================================
Selected platform: watchOS
Swift version: 6.4
Building package at path: $PWD
https://github.com/ptoffy/bcrypt.git
Command line invocation:
/Applications/Xcode-27.0.0-Release.Candidate.app/Contents/Developer/usr/bin/xcodebuild -IDEClonedSourcePackagesDirPathOverride=/Users/admin/builder/spi-builder-workspace/.dependencies -resolvePackageDependencies
Resolve Package Graph
Resolve Package Graph
Resolved source packages:
bcrypt: /Users/admin/builder/spi-builder-workspace
resolved source packages: bcrypt
2026-09-28 08:49:37.362 xcodebuild[529:3039] [MT] IDERunDestination: Supported platforms for the buildables in the current scheme is empty.
{
"dependencies" : [
],
"manifest_display_name" : "bcrypt",
"name" : "bcrypt",
"path" : "/Users/admin/builder/spi-builder-workspace",
"platforms" : [
{
"name" : "macos",
"version" : "26.0"
},
{
"name" : "maccatalyst",
"version" : "26.0"
},
{
"name" : "ios",
"version" : "26.0"
},
{
"name" : "tvos",
"version" : "26.0"
},
{
"name" : "watchos",
"version" : "26.0"
},
{
"name" : "visionos",
"version" : "26.0"
}
],
"products" : [
{
"name" : "Bcrypt",
"targets" : [
"Bcrypt"
],
"type" : {
"library" : [
"automatic"
]
}
}
],
"targets" : [
{
"c99name" : "BcryptTests",
"module_type" : "SwiftTarget",
"name" : "BcryptTests",
"path" : "Tests/BcryptTests",
"sources" : [
"BcryptTests.swift",
"TestVector.swift"
],
"target_dependencies" : [
"Bcrypt"
],
"type" : "test"
},
{
"c99name" : "Bcrypt",
"module_type" : "SwiftTarget",
"name" : "Bcrypt",
"path" : "Sources/Bcrypt",
"product_memberships" : [
"Bcrypt"
],
"sources" : [
"Base64.swift",
"Bcrypt.swift",
"BcryptError.swift",
"BcryptVariant.swift",
"Blowfish+InitialState.swift",
"EksBlowfish.swift",
"Hasher.swift",
"MutableSpan+zeroize.swift",
"Settings.swift",
"Verifier.swift"
],
"type" : "library"
}
],
"tools_version" : "6.4"
}
{
"workspace" : {
"name" : "bcrypt",
"schemes" : [
"bcrypt"
]
}
}
2026-09-28 08:50:09.662 xcodebuild[626:3850] [MT] IDERunDestination: Supported platforms for the buildables in the current scheme is empty.
Running build ...
env DEVELOPER_DIR=/Applications/Xcode-27.0.0-Release.Candidate.app xcrun xcodebuild -IDEClonedSourcePackagesDirPathOverride=$PWD/.dependencies -skipMacroValidation -skipPackagePluginValidation -derivedDataPath $PWD/.derivedData build -scheme bcrypt -destination generic/platform=watchOS
Command line invocation:
/Applications/Xcode-27.0.0-Release.Candidate.app/Contents/Developer/usr/bin/xcodebuild -IDEClonedSourcePackagesDirPathOverride=/Users/admin/builder/spi-builder-workspace/.dependencies -skipMacroValidation -skipPackagePluginValidation -derivedDataPath /Users/admin/builder/spi-builder-workspace/.derivedData build -scheme bcrypt -destination generic/platform=watchOS
Resolve Package Graph
Resolved source packages:
bcrypt: /Users/admin/builder/spi-builder-workspace
ComputePackagePrebuildTargetDependencyGraph
Prepare packages
CreateBuildRequest
SendProjectDescription
CreateBuildOperation
ComputeTargetDependencyGraph
note: Building targets in dependency order
note: Target dependency graph (2 targets)
Target 'Bcrypt-product' in project 'bcrypt'
➜ Explicit dependency on target 'Bcrypt' in project 'bcrypt'
Target 'Bcrypt' in project 'bcrypt' (no dependencies)
GatherProvisioningInputs
CreateBuildDescription
ExecuteExternalTool /Applications/Xcode-27.0.0-Release.Candidate.app/Contents/Developer/Toolchains/XcodeDefault.xctoolchain/usr/bin/clang -v -E -dM -isysroot /Applications/Xcode-27.0.0-Release.Candidate.app/Contents/Developer/Platforms/WatchOS.platform/Developer/SDKs/WatchOS27.0.sdk -x c -c /dev/null
ExecuteExternalTool /Applications/Xcode-27.0.0-Release.Candidate.app/Contents/Developer/Toolchains/XcodeDefault.xctoolchain/usr/bin/swiftc --version
ExecuteExternalTool /Applications/Xcode-27.0.0-Release.Candidate.app/Contents/Developer/Toolchains/XcodeDefault.xctoolchain/usr/bin/ld -version_details
ReadFileContents /Applications/Xcode-27.0.0-Release.Candidate.app/Contents/Developer/Toolchains/XcodeDefault.xctoolchain/usr/share/docc/features.json
Build description signature: b0c6b6ff6631ab45b536b118c9e565ec
Build description path: /Users/admin/builder/spi-builder-workspace/.derivedData/Build/Intermediates.noindex/XCBuildData/b0c6b6ff6631ab45b536b118c9e565ec.xcbuilddata
CreateBuildDirectory /Users/admin/builder/spi-builder-workspace/.derivedData/SDKExplicitPrecompiledModules
cd /Users/admin/builder/spi-builder-workspace/.swiftpm/xcode
builtin-create-build-directory /Users/admin/builder/spi-builder-workspace/.derivedData/SDKExplicitPrecompiledModules
CreateBuildDirectory /Users/admin/builder/spi-builder-workspace/.derivedData/ModuleCache.noindex
cd /Users/admin/builder/spi-builder-workspace/.swiftpm/xcode
builtin-create-build-directory /Users/admin/builder/spi-builder-workspace/.derivedData/ModuleCache.noindex
CreateBuildDirectory /Users/admin/builder/spi-builder-workspace/.derivedData/CompilationCache.noindex
cd /Users/admin/builder/spi-builder-workspace/.swiftpm/xcode
builtin-create-build-directory /Users/admin/builder/spi-builder-workspace/.derivedData/CompilationCache.noindex
CreateBuildDirectory /Users/admin/builder/spi-builder-workspace/.derivedData/Build/Intermediates.noindex
cd /Users/admin/builder/spi-builder-workspace/.swiftpm/xcode
builtin-create-build-directory /Users/admin/builder/spi-builder-workspace/.derivedData/Build/Intermediates.noindex
CreateBuildDirectory /Users/admin/builder/spi-builder-workspace/.derivedData/Build/Products
cd /Users/admin/builder/spi-builder-workspace/.swiftpm/xcode
builtin-create-build-directory /Users/admin/builder/spi-builder-workspace/.derivedData/Build/Products
ClangStatCache /Applications/Xcode-27.0.0-Release.Candidate.app/Contents/Developer/Toolchains/XcodeDefault.xctoolchain/usr/bin/clang-stat-cache /Applications/Xcode-27.0.0-Release.Candidate.app/Contents/Developer/Platforms/WatchOS.platform/Developer/SDKs/WatchOS27.0.sdk /Users/admin/builder/spi-builder-workspace/.derivedData/SDKStatCaches.noindex/watchos27.0-24R360-e829b21a6f8c9b70876ba0858053c04477534ef55a1706bf4c1112bbb242f0a2.sdkstatcache
cd /Users/admin/builder/spi-builder-workspace/.swiftpm/xcode
/Applications/Xcode-27.0.0-Release.Candidate.app/Contents/Developer/Toolchains/XcodeDefault.xctoolchain/usr/bin/clang-stat-cache /Applications/Xcode-27.0.0-Release.Candidate.app/Contents/Developer/Platforms/WatchOS.platform/Developer/SDKs/WatchOS27.0.sdk -o /Users/admin/builder/spi-builder-workspace/.derivedData/SDKStatCaches.noindex/watchos27.0-24R360-e829b21a6f8c9b70876ba0858053c04477534ef55a1706bf4c1112bbb242f0a2.sdkstatcache
CreateBuildDirectory /Users/admin/builder/spi-builder-workspace/.derivedData/Build/Products/Debug-watchos
cd /Users/admin/builder/spi-builder-workspace/.swiftpm/xcode
builtin-create-build-directory /Users/admin/builder/spi-builder-workspace/.derivedData/Build/Products/Debug-watchos
CreateBuildDirectory /Users/admin/builder/spi-builder-workspace/.derivedData/Build/Intermediates.noindex/SwiftExplicitPrecompiledModules
cd /Users/admin/builder/spi-builder-workspace/.swiftpm/xcode
builtin-create-build-directory /Users/admin/builder/spi-builder-workspace/.derivedData/Build/Intermediates.noindex/SwiftExplicitPrecompiledModules
CreateBuildDirectory /Users/admin/builder/spi-builder-workspace/.derivedData/Build/Intermediates.noindex/PrecompiledHeaders
cd /Users/admin/builder/spi-builder-workspace/.swiftpm/xcode
builtin-create-build-directory /Users/admin/builder/spi-builder-workspace/.derivedData/Build/Intermediates.noindex/PrecompiledHeaders
CreateBuildDirectory /Users/admin/builder/spi-builder-workspace/.derivedData/Build/Intermediates.noindex/ExplicitPrecompiledModules
cd /Users/admin/builder/spi-builder-workspace/.swiftpm/xcode
builtin-create-build-directory /Users/admin/builder/spi-builder-workspace/.derivedData/Build/Intermediates.noindex/ExplicitPrecompiledModules
CreateBuildDirectory /Users/admin/builder/spi-builder-workspace/.derivedData/Build/Intermediates.noindex/EagerLinkingTBDs/Debug-watchos
cd /Users/admin/builder/spi-builder-workspace/.swiftpm/xcode
builtin-create-build-directory /Users/admin/builder/spi-builder-workspace/.derivedData/Build/Intermediates.noindex/EagerLinkingTBDs/Debug-watchos
CreateBuildDirectory /Users/admin/builder/spi-builder-workspace/.derivedData/Build/Products/Debug-watchos/PackageFrameworks
cd /Users/admin/builder/spi-builder-workspace/.swiftpm/xcode
builtin-create-build-directory /Users/admin/builder/spi-builder-workspace/.derivedData/Build/Products/Debug-watchos/PackageFrameworks
WriteAuxiliaryFile /Users/admin/builder/spi-builder-workspace/.derivedData/Build/Intermediates.noindex/bcrypt.build/Debug-watchos/Bcrypt-t.build/Objects-normal/arm64/Bcrypt.SwiftConstValuesFileList (in target 'Bcrypt' from project 'bcrypt')
cd /Users/admin/builder/spi-builder-workspace
write-file /Users/admin/builder/spi-builder-workspace/.derivedData/Build/Intermediates.noindex/bcrypt.build/Debug-watchos/Bcrypt-t.build/Objects-normal/arm64/Bcrypt.SwiftConstValuesFileList
WriteAuxiliaryFile /Users/admin/builder/spi-builder-workspace/.derivedData/Build/Intermediates.noindex/bcrypt.build/Debug-watchos/Bcrypt-t.build/Objects-normal/arm64_32/Bcrypt.SwiftConstValuesFileList (in target 'Bcrypt' from project 'bcrypt')
cd /Users/admin/builder/spi-builder-workspace
write-file /Users/admin/builder/spi-builder-workspace/.derivedData/Build/Intermediates.noindex/bcrypt.build/Debug-watchos/Bcrypt-t.build/Objects-normal/arm64_32/Bcrypt.SwiftConstValuesFileList
WriteAuxiliaryFile /Users/admin/builder/spi-builder-workspace/.derivedData/Build/Intermediates.noindex/bcrypt.build/Debug-watchos/Bcrypt-t.build/Objects-normal/arm64_32/Bcrypt_const_extract_protocols.json (in target 'Bcrypt' from project 'bcrypt')
cd /Users/admin/builder/spi-builder-workspace
write-file /Users/admin/builder/spi-builder-workspace/.derivedData/Build/Intermediates.noindex/bcrypt.build/Debug-watchos/Bcrypt-t.build/Objects-normal/arm64_32/Bcrypt_const_extract_protocols.json
WriteAuxiliaryFile /Users/admin/builder/spi-builder-workspace/.derivedData/Build/Intermediates.noindex/bcrypt.build/Debug-watchos/Bcrypt-t.build/Objects-normal/arm64_32/Bcrypt.LinkFileList (in target 'Bcrypt' from project 'bcrypt')
cd /Users/admin/builder/spi-builder-workspace
write-file /Users/admin/builder/spi-builder-workspace/.derivedData/Build/Intermediates.noindex/bcrypt.build/Debug-watchos/Bcrypt-t.build/Objects-normal/arm64_32/Bcrypt.LinkFileList
WriteAuxiliaryFile /Users/admin/builder/spi-builder-workspace/.derivedData/Build/Intermediates.noindex/bcrypt.build/Debug-watchos/Bcrypt-t.build/Objects-normal/arm64/Bcrypt.LinkFileList (in target 'Bcrypt' from project 'bcrypt')
cd /Users/admin/builder/spi-builder-workspace
write-file /Users/admin/builder/spi-builder-workspace/.derivedData/Build/Intermediates.noindex/bcrypt.build/Debug-watchos/Bcrypt-t.build/Objects-normal/arm64/Bcrypt.LinkFileList
WriteAuxiliaryFile /Users/admin/builder/spi-builder-workspace/.derivedData/Build/Intermediates.noindex/bcrypt.build/Debug-watchos/Bcrypt-t.build/Objects-normal/arm64/Bcrypt.SwiftFileList (in target 'Bcrypt' from project 'bcrypt')
cd /Users/admin/builder/spi-builder-workspace
write-file /Users/admin/builder/spi-builder-workspace/.derivedData/Build/Intermediates.noindex/bcrypt.build/Debug-watchos/Bcrypt-t.build/Objects-normal/arm64/Bcrypt.SwiftFileList
WriteAuxiliaryFile /Users/admin/builder/spi-builder-workspace/.derivedData/Build/Intermediates.noindex/bcrypt.build/Debug-watchos/Bcrypt-t.build/Objects-normal/arm64_32/Bcrypt-OutputFileMap.json (in target 'Bcrypt' from project 'bcrypt')
cd /Users/admin/builder/spi-builder-workspace
write-file /Users/admin/builder/spi-builder-workspace/.derivedData/Build/Intermediates.noindex/bcrypt.build/Debug-watchos/Bcrypt-t.build/Objects-normal/arm64_32/Bcrypt-OutputFileMap.json
WriteAuxiliaryFile /Users/admin/builder/spi-builder-workspace/.derivedData/Build/Intermediates.noindex/bcrypt.build/Debug-watchos/Bcrypt-t.build/Objects-normal/arm64_32/Bcrypt.SwiftFileList (in target 'Bcrypt' from project 'bcrypt')
cd /Users/admin/builder/spi-builder-workspace
write-file /Users/admin/builder/spi-builder-workspace/.derivedData/Build/Intermediates.noindex/bcrypt.build/Debug-watchos/Bcrypt-t.build/Objects-normal/arm64_32/Bcrypt.SwiftFileList
WriteAuxiliaryFile /Users/admin/builder/spi-builder-workspace/.derivedData/Build/Intermediates.noindex/bcrypt.build/Debug-watchos/Bcrypt-t.build/Objects-normal/arm64/Bcrypt_const_extract_protocols.json (in target 'Bcrypt' from project 'bcrypt')
cd /Users/admin/builder/spi-builder-workspace
write-file /Users/admin/builder/spi-builder-workspace/.derivedData/Build/Intermediates.noindex/bcrypt.build/Debug-watchos/Bcrypt-t.build/Objects-normal/arm64/Bcrypt_const_extract_protocols.json
WriteAuxiliaryFile /Users/admin/builder/spi-builder-workspace/.derivedData/Build/Intermediates.noindex/bcrypt.build/Debug-watchos/Bcrypt-t.build/Objects-normal/arm64/Bcrypt-OutputFileMap.json (in target 'Bcrypt' from project 'bcrypt')
cd /Users/admin/builder/spi-builder-workspace
write-file /Users/admin/builder/spi-builder-workspace/.derivedData/Build/Intermediates.noindex/bcrypt.build/Debug-watchos/Bcrypt-t.build/Objects-normal/arm64/Bcrypt-OutputFileMap.json
WriteAuxiliaryFile /Users/admin/builder/spi-builder-workspace/.derivedData/Build/Intermediates.noindex/bcrypt.build/Debug-watchos/Bcrypt-t.build/Bcrypt.modulemap (in target 'Bcrypt' from project 'bcrypt')
cd /Users/admin/builder/spi-builder-workspace
write-file /Users/admin/builder/spi-builder-workspace/.derivedData/Build/Intermediates.noindex/bcrypt.build/Debug-watchos/Bcrypt-t.build/Bcrypt.modulemap
WriteAuxiliaryFile /Users/admin/builder/spi-builder-workspace/.derivedData/Build/Intermediates.noindex/bcrypt.build/Debug-watchos/Bcrypt-t.build/Bcrypt.DependencyStaticMetadataFileList (in target 'Bcrypt' from project 'bcrypt')
cd /Users/admin/builder/spi-builder-workspace
write-file /Users/admin/builder/spi-builder-workspace/.derivedData/Build/Intermediates.noindex/bcrypt.build/Debug-watchos/Bcrypt-t.build/Bcrypt.DependencyStaticMetadataFileList
WriteAuxiliaryFile /Users/admin/builder/spi-builder-workspace/.derivedData/Build/Intermediates.noindex/bcrypt.build/Debug-watchos/Bcrypt-t.build/Bcrypt.DependencyMetadataFileList (in target 'Bcrypt' from project 'bcrypt')
cd /Users/admin/builder/spi-builder-workspace
write-file /Users/admin/builder/spi-builder-workspace/.derivedData/Build/Intermediates.noindex/bcrypt.build/Debug-watchos/Bcrypt-t.build/Bcrypt.DependencyMetadataFileList
Copy /Users/admin/builder/spi-builder-workspace/.derivedData/Build/Intermediates.noindex/GeneratedModuleMaps-watchos/Bcrypt.modulemap /Users/admin/builder/spi-builder-workspace/.derivedData/Build/Intermediates.noindex/bcrypt.build/Debug-watchos/Bcrypt-t.build/Bcrypt.modulemap (in target 'Bcrypt' from project 'bcrypt')
cd /Users/admin/builder/spi-builder-workspace
builtin-copy -exclude .DS_Store -exclude CVS -exclude .svn -exclude .git -exclude .hg -resolve-src-symlinks /Users/admin/builder/spi-builder-workspace/.derivedData/Build/Intermediates.noindex/bcrypt.build/Debug-watchos/Bcrypt-t.build/Bcrypt.modulemap /Users/admin/builder/spi-builder-workspace/.derivedData/Build/Intermediates.noindex/GeneratedModuleMaps-watchos
SwiftDriver Bcrypt normal arm64 com.apple.xcode.tools.swift.compiler (in target 'Bcrypt' from project 'bcrypt')
cd /Users/admin/builder/spi-builder-workspace/.swiftpm/xcode
builtin-SwiftDriver -- /Applications/Xcode-27.0.0-Release.Candidate.app/Contents/Developer/Toolchains/XcodeDefault.xctoolchain/usr/bin/swiftc -parse-as-library -module-name Bcrypt -Onone @/Users/admin/builder/spi-builder-workspace/.derivedData/Build/Intermediates.noindex/bcrypt.build/Debug-watchos/Bcrypt-t.build/Objects-normal/arm64/Bcrypt.SwiftFileList -DSWIFT_PACKAGE -DDEBUG -DSWIFT_MODULE_RESOURCE_BUNDLE_UNAVAILABLE -DXcode -strict-memory-safety -enable-upcoming-feature ExistentialAny -enable-upcoming-feature InternalImportsByDefault -enable-upcoming-feature MemberImportVisibility -enable-upcoming-feature InferIsolatedConformances -enable-upcoming-feature NonisolatedNonsendingByDefault -enable-upcoming-feature ImmutableWeakCaptures -enable-experimental-feature SuppressedAssociatedTypesWithDefaults -enable-experimental-feature LifetimeDependence -enable-experimental-feature Lifetimes -enable-upcoming-feature LifetimeDependence -enable-upcoming-feature ImmutableWeakCaptures -plugin-path /Applications/Xcode-27.0.0-Release.Candidate.app/Contents/Developer/Toolchains/XcodeDefault.xctoolchain/usr/lib/swift/host/plugins/testing -enable-experimental-feature DebugDescriptionMacro -sdk /Applications/Xcode-27.0.0-Release.Candidate.app/Contents/Developer/Platforms/WatchOS.platform/Developer/SDKs/WatchOS27.0.sdk -target arm64-apple-watchos26.0 -g -module-cache-path /Users/admin/builder/spi-builder-workspace/.derivedData/ModuleCache.noindex -Xfrontend -serialize-debugging-options -profile-coverage-mapping -profile-generate -enable-testing -index-store-path /Users/admin/builder/spi-builder-workspace/.derivedData/Index.noindex/DataStore -Xcc -D_LIBCPP_HARDENING_MODE\=_LIBCPP_HARDENING_MODE_DEBUG -swift-version 6 -I /Users/admin/builder/spi-builder-workspace/.derivedData/Build/Products/Debug-watchos -Isystem /Applications/Xcode-27.0.0-Release.Candidate.app/Contents/Developer/Platforms/WatchOS.platform/Developer/usr/lib -F /Users/admin/builder/spi-builder-workspace/.derivedData/Build/Products/Debug-watchos -F /Applications/Xcode-27.0.0-Release.Candidate.app/Contents/Developer/Platforms/WatchOS.platform/Developer/Library/Frameworks -F /Applications/Xcode-27.0.0-Release.Candidate.app/Contents/Developer/Platforms/WatchOS.platform/Developer/SDKs/WatchOS27.0.sdk/Developer/Library/Frameworks -c -j10 -enable-batch-mode -incremental -Xcc -ivfsstatcache -Xcc /Users/admin/builder/spi-builder-workspace/.derivedData/SDKStatCaches.noindex/watchos27.0-24R360-e829b21a6f8c9b70876ba0858053c04477534ef55a1706bf4c1112bbb242f0a2.sdkstatcache -output-file-map /Users/admin/builder/spi-builder-workspace/.derivedData/Build/Intermediates.noindex/bcrypt.build/Debug-watchos/Bcrypt-t.build/Objects-normal/arm64/Bcrypt-OutputFileMap.json -save-temps -no-color-diagnostics -explicit-module-build -module-cache-path /Users/admin/builder/spi-builder-workspace/.derivedData/Build/Intermediates.noindex/SwiftExplicitPrecompiledModules -clang-scanner-module-cache-path /Users/admin/builder/spi-builder-workspace/.derivedData/ModuleCache.noindex -sdk-module-cache-path /Users/admin/builder/spi-builder-workspace/.derivedData/SDKExplicitPrecompiledModules -emit-dependencies -emit-module -emit-module-path /Users/admin/builder/spi-builder-workspace/.derivedData/Build/Intermediates.noindex/bcrypt.build/Debug-watchos/Bcrypt-t.build/Objects-normal/arm64/Bcrypt.swiftmodule -serialize-diagnostics -dependency-scan-serialize-diagnostics-path /Users/admin/builder/spi-builder-workspace/.derivedData/Build/Intermediates.noindex/bcrypt.build/Debug-watchos/Bcrypt-t.build/Objects-normal/arm64/Bcrypt-dependency-scan.dia -validate-clang-modules-once -clang-build-session-file /Users/admin/builder/spi-builder-workspace/.derivedData/ModuleCache.noindex/Session.modulevalidation -Xcc -fmodules-prune-interval\=86400 -Xcc -fmodules-prune-after\=345600 -package-name spi_builder_workspace -emit-const-values -const-gather-protocols-list /Users/admin/builder/spi-builder-workspace/.derivedData/Build/Intermediates.noindex/bcrypt.build/Debug-watchos/Bcrypt-t.build/Objects-normal/arm64/Bcrypt_const_extract_protocols.json -Xcc -I/Users/admin/builder/spi-builder-workspace/.derivedData/Build/Products/Debug-watchos/include -Xcc -I/Users/admin/builder/spi-builder-workspace/.derivedData/Build/Intermediates.noindex/bcrypt.build/Debug-watchos/Bcrypt-t.build/DerivedSources-normal/arm64 -Xcc -I/Users/admin/builder/spi-builder-workspace/.derivedData/Build/Intermediates.noindex/bcrypt.build/Debug-watchos/Bcrypt-t.build/DerivedSources/arm64 -Xcc -I/Users/admin/builder/spi-builder-workspace/.derivedData/Build/Intermediates.noindex/bcrypt.build/Debug-watchos/Bcrypt-t.build/DerivedSources -Xcc -DSWIFT_PACKAGE -Xcc -DDEBUG\=1 -emit-objc-header -emit-objc-header-path /Users/admin/builder/spi-builder-workspace/.derivedData/Build/Intermediates.noindex/bcrypt.build/Debug-watchos/Bcrypt-t.build/Objects-normal/arm64/Bcrypt-Swift.h -working-directory /Users/admin/builder/spi-builder-workspace/.swiftpm/xcode -experimental-emit-module-separately -disable-cmo
SwiftDriver Bcrypt normal arm64_32 com.apple.xcode.tools.swift.compiler (in target 'Bcrypt' from project 'bcrypt')
cd /Users/admin/builder/spi-builder-workspace/.swiftpm/xcode
builtin-SwiftDriver -- /Applications/Xcode-27.0.0-Release.Candidate.app/Contents/Developer/Toolchains/XcodeDefault.xctoolchain/usr/bin/swiftc -parse-as-library -module-name Bcrypt -Onone @/Users/admin/builder/spi-builder-workspace/.derivedData/Build/Intermediates.noindex/bcrypt.build/Debug-watchos/Bcrypt-t.build/Objects-normal/arm64_32/Bcrypt.SwiftFileList -DSWIFT_PACKAGE -DDEBUG -DSWIFT_MODULE_RESOURCE_BUNDLE_UNAVAILABLE -DXcode -strict-memory-safety -enable-upcoming-feature ExistentialAny -enable-upcoming-feature InternalImportsByDefault -enable-upcoming-feature MemberImportVisibility -enable-upcoming-feature InferIsolatedConformances -enable-upcoming-feature NonisolatedNonsendingByDefault -enable-upcoming-feature ImmutableWeakCaptures -enable-experimental-feature SuppressedAssociatedTypesWithDefaults -enable-experimental-feature LifetimeDependence -enable-experimental-feature Lifetimes -enable-upcoming-feature LifetimeDependence -enable-upcoming-feature ImmutableWeakCaptures -plugin-path /Applications/Xcode-27.0.0-Release.Candidate.app/Contents/Developer/Toolchains/XcodeDefault.xctoolchain/usr/lib/swift/host/plugins/testing -enable-experimental-feature DebugDescriptionMacro -sdk /Applications/Xcode-27.0.0-Release.Candidate.app/Contents/Developer/Platforms/WatchOS.platform/Developer/SDKs/WatchOS27.0.sdk -target arm64_32-apple-watchos26.0 -g -module-cache-path /Users/admin/builder/spi-builder-workspace/.derivedData/ModuleCache.noindex -Xfrontend -serialize-debugging-options -profile-coverage-mapping -profile-generate -enable-testing -index-store-path /Users/admin/builder/spi-builder-workspace/.derivedData/Index.noindex/DataStore -Xcc -D_LIBCPP_HARDENING_MODE\=_LIBCPP_HARDENING_MODE_DEBUG -swift-version 6 -I /Users/admin/builder/spi-builder-workspace/.derivedData/Build/Products/Debug-watchos -Isystem /Applications/Xcode-27.0.0-Release.Candidate.app/Contents/Developer/Platforms/WatchOS.platform/Developer/usr/lib -F /Users/admin/builder/spi-builder-workspace/.derivedData/Build/Products/Debug-watchos -F /Applications/Xcode-27.0.0-Release.Candidate.app/Contents/Developer/Platforms/WatchOS.platform/Developer/Library/Frameworks -F /Applications/Xcode-27.0.0-Release.Candidate.app/Contents/Developer/Platforms/WatchOS.platform/Developer/SDKs/WatchOS27.0.sdk/Developer/Library/Frameworks -c -j10 -enable-batch-mode -incremental -Xcc -ivfsstatcache -Xcc /Users/admin/builder/spi-builder-workspace/.derivedData/SDKStatCaches.noindex/watchos27.0-24R360-e829b21a6f8c9b70876ba0858053c04477534ef55a1706bf4c1112bbb242f0a2.sdkstatcache -output-file-map /Users/admin/builder/spi-builder-workspace/.derivedData/Build/Intermediates.noindex/bcrypt.build/Debug-watchos/Bcrypt-t.build/Objects-normal/arm64_32/Bcrypt-OutputFileMap.json -save-temps -no-color-diagnostics -explicit-module-build -module-cache-path /Users/admin/builder/spi-builder-workspace/.derivedData/Build/Intermediates.noindex/SwiftExplicitPrecompiledModules -clang-scanner-module-cache-path /Users/admin/builder/spi-builder-workspace/.derivedData/ModuleCache.noindex -sdk-module-cache-path /Users/admin/builder/spi-builder-workspace/.derivedData/SDKExplicitPrecompiledModules -emit-dependencies -emit-module -emit-module-path /Users/admin/builder/spi-builder-workspace/.derivedData/Build/Intermediates.noindex/bcrypt.build/Debug-watchos/Bcrypt-t.build/Objects-normal/arm64_32/Bcrypt.swiftmodule -serialize-diagnostics -dependency-scan-serialize-diagnostics-path /Users/admin/builder/spi-builder-workspace/.derivedData/Build/Intermediates.noindex/bcrypt.build/Debug-watchos/Bcrypt-t.build/Objects-normal/arm64_32/Bcrypt-dependency-scan.dia -validate-clang-modules-once -clang-build-session-file /Users/admin/builder/spi-builder-workspace/.derivedData/ModuleCache.noindex/Session.modulevalidation -Xcc -fmodules-prune-interval\=86400 -Xcc -fmodules-prune-after\=345600 -package-name spi_builder_workspace -emit-const-values -const-gather-protocols-list /Users/admin/builder/spi-builder-workspace/.derivedData/Build/Intermediates.noindex/bcrypt.build/Debug-watchos/Bcrypt-t.build/Objects-normal/arm64_32/Bcrypt_const_extract_protocols.json -Xcc -I/Users/admin/builder/spi-builder-workspace/.derivedData/Build/Products/Debug-watchos/include -Xcc -I/Users/admin/builder/spi-builder-workspace/.derivedData/Build/Intermediates.noindex/bcrypt.build/Debug-watchos/Bcrypt-t.build/DerivedSources-normal/arm64_32 -Xcc -I/Users/admin/builder/spi-builder-workspace/.derivedData/Build/Intermediates.noindex/bcrypt.build/Debug-watchos/Bcrypt-t.build/DerivedSources/arm64_32 -Xcc -I/Users/admin/builder/spi-builder-workspace/.derivedData/Build/Intermediates.noindex/bcrypt.build/Debug-watchos/Bcrypt-t.build/DerivedSources -Xcc -DSWIFT_PACKAGE -Xcc -DDEBUG\=1 -emit-objc-header -emit-objc-header-path /Users/admin/builder/spi-builder-workspace/.derivedData/Build/Intermediates.noindex/bcrypt.build/Debug-watchos/Bcrypt-t.build/Objects-normal/arm64_32/Bcrypt-Swift.h -working-directory /Users/admin/builder/spi-builder-workspace/.swiftpm/xcode -experimental-emit-module-separately -disable-cmo
SwiftExplicitDependencyGeneratePcm arm64 /Users/admin/builder/spi-builder-workspace/.derivedData/SDKExplicitPrecompiledModules/_SwiftConcurrencyShims-CTPSFSTDCBVSSQFHL6I305U72.pcm
SwiftExplicitDependencyGeneratePcm arm64_32 /Users/admin/builder/spi-builder-workspace/.derivedData/SDKExplicitPrecompiledModules/_SwiftConcurrencyShims-58G4ISYSYDV3AT1DDGEE0QCUF.pcm
SwiftExplicitDependencyGeneratePcm arm64_32 /Users/admin/builder/spi-builder-workspace/.derivedData/SDKExplicitPrecompiledModules/SwiftShims-D9VBB138U50XYYGW2C2V21N3L.pcm
SwiftExplicitDependencyGeneratePcm arm64 /Users/admin/builder/spi-builder-workspace/.derivedData/SDKExplicitPrecompiledModules/SwiftShims-AJ4AZYHQNC33R5RLN7AGEIOMP.pcm
SwiftEmitModule normal arm64 Emitting\ module\ for\ Bcrypt (in target 'Bcrypt' from project 'bcrypt')
SwiftCompile normal arm64 (in target 'Bcrypt' from project 'bcrypt')
cd /Users/admin/builder/spi-builder-workspace/.swiftpm/xcode
SwiftCompile normal arm64 Compiling\ Verifier.swift /Users/admin/builder/spi-builder-workspace/Sources/Bcrypt/Verifier.swift (in target 'Bcrypt' from project 'bcrypt')
SwiftCompile normal arm64 /Users/admin/builder/spi-builder-workspace/Sources/Bcrypt/Verifier.swift (in target 'Bcrypt' from project 'bcrypt')
cd /Users/admin/builder/spi-builder-workspace/.swiftpm/xcode
builtin-SwiftPerFileCompile Verifier.swift
SwiftCompile normal arm64 Compiling\ EksBlowfish.swift /Users/admin/builder/spi-builder-workspace/Sources/Bcrypt/EksBlowfish.swift (in target 'Bcrypt' from project 'bcrypt')
SwiftCompile normal arm64 /Users/admin/builder/spi-builder-workspace/Sources/Bcrypt/EksBlowfish.swift (in target 'Bcrypt' from project 'bcrypt')
cd /Users/admin/builder/spi-builder-workspace/.swiftpm/xcode
builtin-SwiftPerFileCompile EksBlowfish.swift
SwiftCompile normal arm64 Compiling\ Settings.swift /Users/admin/builder/spi-builder-workspace/Sources/Bcrypt/Settings.swift (in target 'Bcrypt' from project 'bcrypt')
SwiftCompile normal arm64 /Users/admin/builder/spi-builder-workspace/Sources/Bcrypt/Settings.swift (in target 'Bcrypt' from project 'bcrypt')
cd /Users/admin/builder/spi-builder-workspace/.swiftpm/xcode
builtin-SwiftPerFileCompile Settings.swift
SwiftCompile normal arm64 Compiling\ Hasher.swift /Users/admin/builder/spi-builder-workspace/Sources/Bcrypt/Hasher.swift (in target 'Bcrypt' from project 'bcrypt')
SwiftCompile normal arm64 /Users/admin/builder/spi-builder-workspace/Sources/Bcrypt/Hasher.swift (in target 'Bcrypt' from project 'bcrypt')
cd /Users/admin/builder/spi-builder-workspace/.swiftpm/xcode
builtin-SwiftPerFileCompile Hasher.swift
SwiftCompile normal arm64 Compiling\ MutableSpan+zeroize.swift /Users/admin/builder/spi-builder-workspace/Sources/Bcrypt/MutableSpan+zeroize.swift (in target 'Bcrypt' from project 'bcrypt')
SwiftCompile normal arm64 /Users/admin/builder/spi-builder-workspace/Sources/Bcrypt/MutableSpan+zeroize.swift (in target 'Bcrypt' from project 'bcrypt')
cd /Users/admin/builder/spi-builder-workspace/.swiftpm/xcode
builtin-SwiftPerFileCompile MutableSpan+zeroize.swift
SwiftCompile normal arm64 Compiling\ Bcrypt.swift /Users/admin/builder/spi-builder-workspace/Sources/Bcrypt/Bcrypt.swift (in target 'Bcrypt' from project 'bcrypt')
SwiftCompile normal arm64 (in target 'Bcrypt' from project 'bcrypt')
cd /Users/admin/builder/spi-builder-workspace/.swiftpm/xcode
SwiftCompile normal arm64 Compiling\ Base64.swift /Users/admin/builder/spi-builder-workspace/Sources/Bcrypt/Base64.swift (in target 'Bcrypt' from project 'bcrypt')
SwiftCompile normal arm64 /Users/admin/builder/spi-builder-workspace/Sources/Bcrypt/Base64.swift (in target 'Bcrypt' from project 'bcrypt')
cd /Users/admin/builder/spi-builder-workspace/.swiftpm/xcode
builtin-SwiftPerFileCompile Base64.swift
SwiftCompile normal arm64 Compiling\ BcryptError.swift /Users/admin/builder/spi-builder-workspace/Sources/Bcrypt/BcryptError.swift (in target 'Bcrypt' from project 'bcrypt')
SwiftCompile normal arm64 /Users/admin/builder/spi-builder-workspace/Sources/Bcrypt/BcryptError.swift (in target 'Bcrypt' from project 'bcrypt')
cd /Users/admin/builder/spi-builder-workspace/.swiftpm/xcode
builtin-SwiftPerFileCompile BcryptError.swift
SwiftCompile normal arm64 Compiling\ BcryptVariant.swift /Users/admin/builder/spi-builder-workspace/Sources/Bcrypt/BcryptVariant.swift (in target 'Bcrypt' from project 'bcrypt')
SwiftCompile normal arm64 /Users/admin/builder/spi-builder-workspace/Sources/Bcrypt/BcryptVariant.swift (in target 'Bcrypt' from project 'bcrypt')
cd /Users/admin/builder/spi-builder-workspace/.swiftpm/xcode
builtin-SwiftPerFileCompile BcryptVariant.swift
SwiftEmitModule normal arm64_32 Emitting\ module\ for\ Bcrypt (in target 'Bcrypt' from project 'bcrypt')
/Users/admin/builder/spi-builder-workspace/Sources/Bcrypt/Hasher.swift:26:54: error: 'utf8Span' is unavailable in watchOS
24 | @inlinable
25 | public static func hash(password: String, cost: Int = 10, version: BcryptVariant = .v2b) throws(BcryptError) -> String {
26 | String(decoding: try hash(password: password.utf8Span.span, cost: cost, version: version), as: UTF8.self)
| `- error: 'utf8Span' is unavailable in watchOS
27 | }
28 |
Swift.String.utf8Span:3:14: note: 'utf8Span' has been explicitly marked unavailable here
1 | struct String {
2 | @available(watchOS, unavailable)
3 | public var utf8Span: UTF8Span { get }}
| `- note: 'utf8Span' has been explicitly marked unavailable here
4 |
/Users/admin/builder/spi-builder-workspace/Sources/Bcrypt/Settings.swift:20:54: error: 'utf8Span' is unavailable in watchOS
18 | @inlinable
19 | public static func hash(password: String, settings: String) throws(BcryptError) -> String {
20 | String(decoding: try hash(password: password.utf8Span.span, settings: settings.utf8Span.span), as: UTF8.self)
| `- error: 'utf8Span' is unavailable in watchOS
21 | }
22 |
Swift.String.utf8Span:3:14: note: 'utf8Span' has been explicitly marked unavailable here
1 | struct String {
2 | @available(watchOS, unavailable)
3 | public var utf8Span: UTF8Span { get }}
| `- note: 'utf8Span' has been explicitly marked unavailable here
4 |
/Users/admin/builder/spi-builder-workspace/Sources/Bcrypt/Settings.swift:20:88: error: 'utf8Span' is unavailable in watchOS
18 | @inlinable
19 | public static func hash(password: String, settings: String) throws(BcryptError) -> String {
20 | String(decoding: try hash(password: password.utf8Span.span, settings: settings.utf8Span.span), as: UTF8.self)
| `- error: 'utf8Span' is unavailable in watchOS
21 | }
22 |
Swift.String.utf8Span:3:14: note: 'utf8Span' has been explicitly marked unavailable here
1 | struct String {
2 | @available(watchOS, unavailable)
3 | public var utf8Span: UTF8Span { get }}
| `- note: 'utf8Span' has been explicitly marked unavailable here
4 |
/Users/admin/builder/spi-builder-workspace/Sources/Bcrypt/Verifier.swift:14:39: error: 'utf8Span' is unavailable in watchOS
12 | @inlinable
13 | public static func verify(password: String, against hash: String) throws(BcryptError) -> Bool {
14 | try verify(password: password.utf8Span.span, against: hash.utf8Span.span)
| `- error: 'utf8Span' is unavailable in watchOS
15 | }
16 |
Swift.String.utf8Span:3:14: note: 'utf8Span' has been explicitly marked unavailable here
1 | struct String {
2 | @available(watchOS, unavailable)
3 | public var utf8Span: UTF8Span { get }}
| `- note: 'utf8Span' has been explicitly marked unavailable here
4 |
/Users/admin/builder/spi-builder-workspace/Sources/Bcrypt/Verifier.swift:14:68: error: 'utf8Span' is unavailable in watchOS
12 | @inlinable
13 | public static func verify(password: String, against hash: String) throws(BcryptError) -> Bool {
14 | try verify(password: password.utf8Span.span, against: hash.utf8Span.span)
| `- error: 'utf8Span' is unavailable in watchOS
15 | }
16 |
Swift.String.utf8Span:3:14: note: 'utf8Span' has been explicitly marked unavailable here
1 | struct String {
2 | @available(watchOS, unavailable)
3 | public var utf8Span: UTF8Span { get }}
| `- note: 'utf8Span' has been explicitly marked unavailable here
4 |
Failed frontend command:
/Applications/Xcode-27.0.0-Release.Candidate.app/Contents/Developer/Toolchains/XcodeDefault.xctoolchain/usr/bin/swift-frontend -frontend -emit-module -experimental-skip-non-inlinable-function-bodies-without-types /Users/admin/builder/spi-builder-workspace/Sources/Bcrypt/Base64.swift /Users/admin/builder/spi-builder-workspace/Sources/Bcrypt/Bcrypt.swift /Users/admin/builder/spi-builder-workspace/Sources/Bcrypt/BcryptError.swift /Users/admin/builder/spi-builder-workspace/Sources/Bcrypt/BcryptVariant.swift /Users/admin/builder/spi-builder-workspace/Sources/Bcrypt/Blowfish+InitialState.swift /Users/admin/builder/spi-builder-workspace/Sources/Bcrypt/EksBlowfish.swift /Users/admin/builder/spi-builder-workspace/Sources/Bcrypt/Hasher.swift /Users/admin/builder/spi-builder-workspace/Sources/Bcrypt/MutableSpan+zeroize.swift /Users/admin/builder/spi-builder-workspace/Sources/Bcrypt/Settings.swift /Users/admin/builder/spi-builder-workspace/Sources/Bcrypt/Verifier.swift -target arm64_32-apple-watchos26.0 -disable-cross-import-overlay-search -load-resolved-plugin /Applications/Xcode-27.0.0-Release.Candidate.app/Contents/Developer/Platforms/WatchOS.platform/Developer/usr/lib/swift/host/plugins/libSwiftMacros.dylib\#/Applications/Xcode-27.0.0-Release.Candidate.app/Contents/Developer/Platforms/WatchOS.platform/Developer/usr/bin/swift-plugin-server\#SwiftMacros -disable-implicit-swift-modules -Xcc -fno-implicit-modules -Xcc -fno-implicit-module-maps -explicit-swift-module-map-file /Users/admin/builder/spi-builder-workspace/.derivedData/Build/Intermediates.noindex/bcrypt.build/Debug-watchos/Bcrypt-t.build/Objects-normal/arm64_32/Bcrypt-dependencies-1.json -enable-objc-interop -sdk /Applications/Xcode-27.0.0-Release.Candidate.app/Contents/Developer/Platforms/WatchOS.platform/Developer/SDKs/WatchOS27.0.sdk -I /Users/admin/builder/spi-builder-workspace/.derivedData/Build/Products/Debug-watchos -Isystem /Applications/Xcode-27.0.0-Release.Candidate.app/Contents/Developer/Platforms/WatchOS.platform/Developer/usr/lib -F /Users/admin/builder/spi-builder-workspace/.derivedData/Build/Products/Debug-watchos -F /Applications/Xcode-27.0.0-Release.Candidate.app/Contents/Developer/Platforms/WatchOS.platform/Developer/Library/Frameworks -F /Applications/Xcode-27.0.0-Release.Candidate.app/Contents/Developer/Platforms/WatchOS.platform/Developer/SDKs/WatchOS27.0.sdk/Developer/Library/Frameworks -module-cache-path /Users/admin/builder/spi-builder-workspace/.derivedData/Build/Intermediates.noindex/SwiftExplicitPrecompiledModules -no-color-diagnostics -Xcc -fno-color-diagnostics -enable-testing -g -debug-info-format\=dwarf -dwarf-version\=5 -profile-generate -profile-coverage-mapping -swift-version 6 -Onone -D SWIFT_PACKAGE -D DEBUG -D SWIFT_MODULE_RESOURCE_BUNDLE_UNAVAILABLE -D Xcode -serialize-debugging-options -enable-upcoming-feature ExistentialAny -enable-upcoming-feature InternalImportsByDefault -enable-upcoming-feature MemberImportVisibility -enable-upcoming-feature InferIsolatedConformances -enable-upcoming-feature NonisolatedNonsendingByDefault -enable-upcoming-feature ImmutableWeakCaptures -enable-experimental-feature SuppressedAssociatedTypesWithDefaults -enable-experimental-feature LifetimeDependence -enable-experimental-feature Lifetimes -enable-upcoming-feature LifetimeDependence -enable-upcoming-feature ImmutableWeakCaptures -enable-experimental-feature DebugDescriptionMacro -strict-memory-safety -empty-abi-descriptor -validate-clang-modules-once -clang-build-session-file /Users/admin/builder/spi-builder-workspace/.derivedData/ModuleCache.noindex/Session.modulevalidation -Xcc -working-directory -Xcc /Users/admin/builder/spi-builder-workspace/.swiftpm/xcode -enable-anonymous-context-mangled-names -file-compilation-dir /Users/admin/builder/spi-builder-workspace/.swiftpm/xcode -Xcc -D_LIBCPP_HARDENING_MODE\=_LIBCPP_HARDENING_MODE_DEBUG -Xcc -ivfsstatcache -Xcc /Users/admin/builder/spi-builder-workspace/.derivedData/SDKStatCaches.noindex/watchos27.0-24R360-e829b21a6f8c9b70876ba0858053c04477534ef55a1706bf4c1112bbb242f0a2.sdkstatcache -Xcc -fmodules-prune-interval\=86400 -Xcc -fmodules-prune-after\=345600 -Xcc -I/Users/admin/builder/spi-builder-workspace/.derivedData/Build/Products/Debug-watchos/include -Xcc -I/Users/admin/builder/spi-builder-workspace/.derivedData/Build/Intermediates.noindex/bcrypt.build/Debug-watchos/Bcrypt-t.build/DerivedSources-normal/arm64_32 -Xcc -I/Users/admin/builder/spi-builder-workspace/.derivedData/Build/Intermediates.noindex/bcrypt.build/Debug-watchos/Bcrypt-t.build/DerivedSources/arm64_32 -Xcc -I/Users/admin/builder/spi-builder-workspace/.derivedData/Build/Intermediates.noindex/bcrypt.build/Debug-watchos/Bcrypt-t.build/DerivedSources -Xcc -DSWIFT_PACKAGE -Xcc -DDEBUG\=1 -no-auto-bridging-header-chaining -module-name Bcrypt -package-name spi_builder_workspace -const-gather-protocols-file /Users/admin/builder/spi-builder-workspace/.derivedData/Build/Intermediates.noindex/bcrypt.build/Debug-watchos/Bcrypt-t.build/Objects-normal/arm64_32/Bcrypt_const_extract_protocols.json -disable-clang-spi -clang-target arm64_32-apple-watchos27.0 -target-sdk-version 27.0 -target-sdk-name watchos27.0 -in-process-plugin-server-path /Applications/Xcode-27.0.0-Release.Candidate.app/Contents/Developer/Toolchains/XcodeDefault.xctoolchain/usr/lib/swift/host/libSwiftInProcPluginServer.dylib -emit-module-doc-path /Users/admin/builder/spi-builder-workspace/.derivedData/Build/Intermediates.noindex/bcrypt.build/Debug-watchos/Bcrypt-t.build/Objects-normal/arm64_32/Bcrypt.swiftdoc -emit-module-source-info-path /Users/admin/builder/spi-builder-workspace/.derivedData/Build/Intermediates.noindex/bcrypt.build/Debug-watchos/Bcrypt-t.build/Objects-normal/arm64_32/Bcrypt.swiftsourceinfo -emit-objc-header-path /Users/admin/builder/spi-builder-workspace/.derivedData/Build/Intermediates.noindex/bcrypt.build/Debug-watchos/Bcrypt-t.build/Objects-normal/arm64_32/Bcrypt-Swift.h -serialize-diagnostics-path /Users/admin/builder/spi-builder-workspace/.derivedData/Build/Intermediates.noindex/bcrypt.build/Debug-watchos/Bcrypt-t.build/Objects-normal/arm64_32/Bcrypt-primary-emit-module.dia -emit-dependencies-path /Users/admin/builder/spi-builder-workspace/.derivedData/Build/Intermediates.noindex/bcrypt.build/Debug-watchos/Bcrypt-t.build/Objects-normal/arm64_32/Bcrypt-primary-emit-module.d -parse-as-library -o /Users/admin/builder/spi-builder-workspace/.derivedData/Build/Intermediates.noindex/bcrypt.build/Debug-watchos/Bcrypt-t.build/Objects-normal/arm64_32/Bcrypt.swiftmodule -emit-abi-descriptor-path /Users/admin/builder/spi-builder-workspace/.derivedData/Build/Intermediates.noindex/bcrypt.build/Debug-watchos/Bcrypt-t.build/Objects-normal/arm64_32/Bcrypt.abi.json
SwiftCompile normal arm64_32 (in target 'Bcrypt' from project 'bcrypt')
cd /Users/admin/builder/spi-builder-workspace/.swiftpm/xcode
SwiftDriverJobDiscovery normal arm64 Emitting module for Bcrypt (in target 'Bcrypt' from project 'bcrypt')
SwiftDriver\ Compilation\ Requirements Bcrypt normal arm64 com.apple.xcode.tools.swift.compiler (in target 'Bcrypt' from project 'bcrypt')
cd /Users/admin/builder/spi-builder-workspace/.swiftpm/xcode
builtin-Swift-Compilation-Requirements -- /Applications/Xcode-27.0.0-Release.Candidate.app/Contents/Developer/Toolchains/XcodeDefault.xctoolchain/usr/bin/swiftc -parse-as-library -module-name Bcrypt -Onone @/Users/admin/builder/spi-builder-workspace/.derivedData/Build/Intermediates.noindex/bcrypt.build/Debug-watchos/Bcrypt-t.build/Objects-normal/arm64/Bcrypt.SwiftFileList -DSWIFT_PACKAGE -DDEBUG -DSWIFT_MODULE_RESOURCE_BUNDLE_UNAVAILABLE -DXcode -strict-memory-safety -enable-upcoming-feature ExistentialAny -enable-upcoming-feature InternalImportsByDefault -enable-upcoming-feature MemberImportVisibility -enable-upcoming-feature InferIsolatedConformances -enable-upcoming-feature NonisolatedNonsendingByDefault -enable-upcoming-feature ImmutableWeakCaptures -enable-experimental-feature SuppressedAssociatedTypesWithDefaults -enable-experimental-feature LifetimeDependence -enable-experimental-feature Lifetimes -enable-upcoming-feature LifetimeDependence -enable-upcoming-feature ImmutableWeakCaptures -plugin-path /Applications/Xcode-27.0.0-Release.Candidate.app/Contents/Developer/Toolchains/XcodeDefault.xctoolchain/usr/lib/swift/host/plugins/testing -enable-experimental-feature DebugDescriptionMacro -sdk /Applications/Xcode-27.0.0-Release.Candidate.app/Contents/Developer/Platforms/WatchOS.platform/Developer/SDKs/WatchOS27.0.sdk -target arm64-apple-watchos26.0 -g -module-cache-path /Users/admin/builder/spi-builder-workspace/.derivedData/ModuleCache.noindex -Xfrontend -serialize-debugging-options -profile-coverage-mapping -profile-generate -enable-testing -index-store-path /Users/admin/builder/spi-builder-workspace/.derivedData/Index.noindex/DataStore -Xcc -D_LIBCPP_HARDENING_MODE\=_LIBCPP_HARDENING_MODE_DEBUG -swift-version 6 -I /Users/admin/builder/spi-builder-workspace/.derivedData/Build/Products/Debug-watchos -Isystem /Applications/Xcode-27.0.0-Release.Candidate.app/Contents/Developer/Platforms/WatchOS.platform/Developer/usr/lib -F /Users/admin/builder/spi-builder-workspace/.derivedData/Build/Products/Debug-watchos -F /Applications/Xcode-27.0.0-Release.Candidate.app/Contents/Developer/Platforms/WatchOS.platform/Developer/Library/Frameworks -F /Applications/Xcode-27.0.0-Release.Candidate.app/Contents/Developer/Platforms/WatchOS.platform/Developer/SDKs/WatchOS27.0.sdk/Developer/Library/Frameworks -c -j10 -enable-batch-mode -incremental -Xcc -ivfsstatcache -Xcc /Users/admin/builder/spi-builder-workspace/.derivedData/SDKStatCaches.noindex/watchos27.0-24R360-e829b21a6f8c9b70876ba0858053c04477534ef55a1706bf4c1112bbb242f0a2.sdkstatcache -output-file-map /Users/admin/builder/spi-builder-workspace/.derivedData/Build/Intermediates.noindex/bcrypt.build/Debug-watchos/Bcrypt-t.build/Objects-normal/arm64/Bcrypt-OutputFileMap.json -save-temps -no-color-diagnostics -explicit-module-build -module-cache-path /Users/admin/builder/spi-builder-workspace/.derivedData/Build/Intermediates.noindex/SwiftExplicitPrecompiledModules -clang-scanner-module-cache-path /Users/admin/builder/spi-builder-workspace/.derivedData/ModuleCache.noindex -sdk-module-cache-path /Users/admin/builder/spi-builder-workspace/.derivedData/SDKExplicitPrecompiledModules -emit-dependencies -emit-module -emit-module-path /Users/admin/builder/spi-builder-workspace/.derivedData/Build/Intermediates.noindex/bcrypt.build/Debug-watchos/Bcrypt-t.build/Objects-normal/arm64/Bcrypt.swiftmodule -serialize-diagnostics -dependency-scan-serialize-diagnostics-path /Users/admin/builder/spi-builder-workspace/.derivedData/Build/Intermediates.noindex/bcrypt.build/Debug-watchos/Bcrypt-t.build/Objects-normal/arm64/Bcrypt-dependency-scan.dia -validate-clang-modules-once -clang-build-session-file /Users/admin/builder/spi-builder-workspace/.derivedData/ModuleCache.noindex/Session.modulevalidation -Xcc -fmodules-prune-interval\=86400 -Xcc -fmodules-prune-after\=345600 -package-name spi_builder_workspace -emit-const-values -const-gather-protocols-list /Users/admin/builder/spi-builder-workspace/.derivedData/Build/Intermediates.noindex/bcrypt.build/Debug-watchos/Bcrypt-t.build/Objects-normal/arm64/Bcrypt_const_extract_protocols.json -Xcc -I/Users/admin/builder/spi-builder-workspace/.derivedData/Build/Products/Debug-watchos/include -Xcc -I/Users/admin/builder/spi-builder-workspace/.derivedData/Build/Intermediates.noindex/bcrypt.build/Debug-watchos/Bcrypt-t.build/DerivedSources-normal/arm64 -Xcc -I/Users/admin/builder/spi-builder-workspace/.derivedData/Build/Intermediates.noindex/bcrypt.build/Debug-watchos/Bcrypt-t.build/DerivedSources/arm64 -Xcc -I/Users/admin/builder/spi-builder-workspace/.derivedData/Build/Intermediates.noindex/bcrypt.build/Debug-watchos/Bcrypt-t.build/DerivedSources -Xcc -DSWIFT_PACKAGE -Xcc -DDEBUG\=1 -emit-objc-header -emit-objc-header-path /Users/admin/builder/spi-builder-workspace/.derivedData/Build/Intermediates.noindex/bcrypt.build/Debug-watchos/Bcrypt-t.build/Objects-normal/arm64/Bcrypt-Swift.h -working-directory /Users/admin/builder/spi-builder-workspace/.swiftpm/xcode -experimental-emit-module-separately -disable-cmo
PruneExplicitPrecompiledModules /Users/admin/builder/spi-builder-workspace/.derivedData/SDKExplicitPrecompiledModules
PruneExplicitPrecompiledModules /Users/admin/builder/spi-builder-workspace/.derivedData/Build/Intermediates.noindex/ExplicitPrecompiledModules
PruneExplicitPrecompiledModules /Users/admin/builder/spi-builder-workspace/.derivedData/Build/Intermediates.noindex/SwiftExplicitPrecompiledModules
2026-09-28 08:50:11.352 xcodebuild[627:3892] [MT] IDERunDestination: Supported platforms for the buildables in the current scheme is empty.
** BUILD FAILED **
The following build commands failed:
SwiftEmitModule normal arm64_32 Emitting\ module\ for\ Bcrypt (in target 'Bcrypt' from project 'bcrypt')
SwiftCompile normal arm64_32 (in target 'Bcrypt' from project 'bcrypt')
Building workspace bcrypt with scheme bcrypt
(3 failures)
Command line invocation:
/Applications/Xcode-27.0.0-Release.Candidate.app/Contents/Developer/usr/bin/xcodebuild -IDEClonedSourcePackagesDirPathOverride=/Users/admin/builder/spi-builder-workspace/.dependencies -resolvePackageDependencies
Resolve Package Graph
Resolved source packages:
bcrypt: /Users/admin/builder/spi-builder-workspace
resolved source packages: bcrypt
2026-09-28 08:50:14.937 xcodebuild[678:4233] [MT] IDERunDestination: Supported platforms for the buildables in the current scheme is empty.
{
"dependencies" : [
],
"manifest_display_name" : "bcrypt",
"name" : "bcrypt",
"path" : "/Users/admin/builder/spi-builder-workspace",
"platforms" : [
{
"name" : "macos",
"version" : "26.0"
},
{
"name" : "maccatalyst",
"version" : "26.0"
},
{
"name" : "ios",
"version" : "26.0"
},
{
"name" : "tvos",
"version" : "26.0"
},
{
"name" : "watchos",
"version" : "26.0"
},
{
"name" : "visionos",
"version" : "26.0"
}
],
"products" : [
{
"name" : "Bcrypt",
"targets" : [
"Bcrypt"
],
"type" : {
"library" : [
"automatic"
]
}
}
],
"targets" : [
{
"c99name" : "BcryptTests",
"module_type" : "SwiftTarget",
"name" : "BcryptTests",
"path" : "Tests/BcryptTests",
"sources" : [
"BcryptTests.swift",
"TestVector.swift"
],
"target_dependencies" : [
"Bcrypt"
],
"type" : "test"
},
{
"c99name" : "Bcrypt",
"module_type" : "SwiftTarget",
"name" : "Bcrypt",
"path" : "Sources/Bcrypt",
"product_memberships" : [
"Bcrypt"
],
"sources" : [
"Base64.swift",
"Bcrypt.swift",
"BcryptError.swift",
"BcryptVariant.swift",
"Blowfish+InitialState.swift",
"EksBlowfish.swift",
"Hasher.swift",
"MutableSpan+zeroize.swift",
"Settings.swift",
"Verifier.swift"
],
"type" : "library"
}
],
"tools_version" : "6.4"
}
{
"workspace" : {
"name" : "bcrypt",
"schemes" : [
"bcrypt"
]
}
}
2026-09-28 08:50:16.205 xcodebuild[700:4383] [MT] IDERunDestination: Supported platforms for the buildables in the current scheme is empty.
Running build ...
env DEVELOPER_DIR=/Applications/Xcode-27.0.0-Release.Candidate.app xcrun xcodebuild -IDEClonedSourcePackagesDirPathOverride=$PWD/.dependencies -skipMacroValidation -skipPackagePluginValidation -derivedDataPath $PWD/.derivedData build -scheme bcrypt -destination generic/platform=watchOS
Command line invocation:
/Applications/Xcode-27.0.0-Release.Candidate.app/Contents/Developer/usr/bin/xcodebuild -IDEClonedSourcePackagesDirPathOverride=/Users/admin/builder/spi-builder-workspace/.dependencies -skipMacroValidation -skipPackagePluginValidation -derivedDataPath /Users/admin/builder/spi-builder-workspace/.derivedData build -scheme bcrypt -destination generic/platform=watchOS
Resolve Package Graph
Resolved source packages:
bcrypt: /Users/admin/builder/spi-builder-workspace
ComputePackagePrebuildTargetDependencyGraph
Prepare packages
CreateBuildRequest
SendProjectDescription
CreateBuildOperation
ComputeTargetDependencyGraph
note: Building targets in dependency order
note: Target dependency graph (2 targets)
Target 'Bcrypt-product' in project 'bcrypt'
➜ Explicit dependency on target 'Bcrypt' in project 'bcrypt'
Target 'Bcrypt' in project 'bcrypt' (no dependencies)
GatherProvisioningInputs
CreateBuildDescription
ClangStatCache /Applications/Xcode-27.0.0-Release.Candidate.app/Contents/Developer/Toolchains/XcodeDefault.xctoolchain/usr/bin/clang-stat-cache /Applications/Xcode-27.0.0-Release.Candidate.app/Contents/Developer/Platforms/WatchOS.platform/Developer/SDKs/WatchOS27.0.sdk /Users/admin/builder/spi-builder-workspace/.derivedData/SDKStatCaches.noindex/watchos27.0-24R360-e829b21a6f8c9b70876ba0858053c04477534ef55a1706bf4c1112bbb242f0a2.sdkstatcache
cd /Users/admin/builder/spi-builder-workspace/.swiftpm/xcode
/Applications/Xcode-27.0.0-Release.Candidate.app/Contents/Developer/Toolchains/XcodeDefault.xctoolchain/usr/bin/clang-stat-cache /Applications/Xcode-27.0.0-Release.Candidate.app/Contents/Developer/Platforms/WatchOS.platform/Developer/SDKs/WatchOS27.0.sdk -o /Users/admin/builder/spi-builder-workspace/.derivedData/SDKStatCaches.noindex/watchos27.0-24R360-e829b21a6f8c9b70876ba0858053c04477534ef55a1706bf4c1112bbb242f0a2.sdkstatcache
SwiftDriver Bcrypt normal arm64 com.apple.xcode.tools.swift.compiler (in target 'Bcrypt' from project 'bcrypt')
cd /Users/admin/builder/spi-builder-workspace/.swiftpm/xcode
builtin-SwiftDriver -- /Applications/Xcode-27.0.0-Release.Candidate.app/Contents/Developer/Toolchains/XcodeDefault.xctoolchain/usr/bin/swiftc -parse-as-library -module-name Bcrypt -Onone @/Users/admin/builder/spi-builder-workspace/.derivedData/Build/Intermediates.noindex/bcrypt.build/Debug-watchos/Bcrypt-t.build/Objects-normal/arm64/Bcrypt.SwiftFileList -DSWIFT_PACKAGE -DDEBUG -DSWIFT_MODULE_RESOURCE_BUNDLE_UNAVAILABLE -DXcode -strict-memory-safety -enable-upcoming-feature ExistentialAny -enable-upcoming-feature InternalImportsByDefault -enable-upcoming-feature MemberImportVisibility -enable-upcoming-feature InferIsolatedConformances -enable-upcoming-feature NonisolatedNonsendingByDefault -enable-upcoming-feature ImmutableWeakCaptures -enable-experimental-feature SuppressedAssociatedTypesWithDefaults -enable-experimental-feature LifetimeDependence -enable-experimental-feature Lifetimes -enable-upcoming-feature LifetimeDependence -enable-upcoming-feature ImmutableWeakCaptures -plugin-path /Applications/Xcode-27.0.0-Release.Candidate.app/Contents/Developer/Toolchains/XcodeDefault.xctoolchain/usr/lib/swift/host/plugins/testing -enable-experimental-feature DebugDescriptionMacro -sdk /Applications/Xcode-27.0.0-Release.Candidate.app/Contents/Developer/Platforms/WatchOS.platform/Developer/SDKs/WatchOS27.0.sdk -target arm64-apple-watchos26.0 -g -module-cache-path /Users/admin/builder/spi-builder-workspace/.derivedData/ModuleCache.noindex -Xfrontend -serialize-debugging-options -profile-coverage-mapping -profile-generate -enable-testing -index-store-path /Users/admin/builder/spi-builder-workspace/.derivedData/Index.noindex/DataStore -Xcc -D_LIBCPP_HARDENING_MODE\=_LIBCPP_HARDENING_MODE_DEBUG -swift-version 6 -I /Users/admin/builder/spi-builder-workspace/.derivedData/Build/Products/Debug-watchos -Isystem /Applications/Xcode-27.0.0-Release.Candidate.app/Contents/Developer/Platforms/WatchOS.platform/Developer/usr/lib -F /Users/admin/builder/spi-builder-workspace/.derivedData/Build/Products/Debug-watchos -F /Applications/Xcode-27.0.0-Release.Candidate.app/Contents/Developer/Platforms/WatchOS.platform/Developer/Library/Frameworks -F /Applications/Xcode-27.0.0-Release.Candidate.app/Contents/Developer/Platforms/WatchOS.platform/Developer/SDKs/WatchOS27.0.sdk/Developer/Library/Frameworks -c -j10 -enable-batch-mode -incremental -Xcc -ivfsstatcache -Xcc /Users/admin/builder/spi-builder-workspace/.derivedData/SDKStatCaches.noindex/watchos27.0-24R360-e829b21a6f8c9b70876ba0858053c04477534ef55a1706bf4c1112bbb242f0a2.sdkstatcache -output-file-map /Users/admin/builder/spi-builder-workspace/.derivedData/Build/Intermediates.noindex/bcrypt.build/Debug-watchos/Bcrypt-t.build/Objects-normal/arm64/Bcrypt-OutputFileMap.json -save-temps -no-color-diagnostics -explicit-module-build -module-cache-path /Users/admin/builder/spi-builder-workspace/.derivedData/Build/Intermediates.noindex/SwiftExplicitPrecompiledModules -clang-scanner-module-cache-path /Users/admin/builder/spi-builder-workspace/.derivedData/ModuleCache.noindex -sdk-module-cache-path /Users/admin/builder/spi-builder-workspace/.derivedData/SDKExplicitPrecompiledModules -emit-dependencies -emit-module -emit-module-path /Users/admin/builder/spi-builder-workspace/.derivedData/Build/Intermediates.noindex/bcrypt.build/Debug-watchos/Bcrypt-t.build/Objects-normal/arm64/Bcrypt.swiftmodule -serialize-diagnostics -dependency-scan-serialize-diagnostics-path /Users/admin/builder/spi-builder-workspace/.derivedData/Build/Intermediates.noindex/bcrypt.build/Debug-watchos/Bcrypt-t.build/Objects-normal/arm64/Bcrypt-dependency-scan.dia -validate-clang-modules-once -clang-build-session-file /Users/admin/builder/spi-builder-workspace/.derivedData/ModuleCache.noindex/Session.modulevalidation -Xcc -fmodules-prune-interval\=86400 -Xcc -fmodules-prune-after\=345600 -package-name spi_builder_workspace -emit-const-values -const-gather-protocols-list /Users/admin/builder/spi-builder-workspace/.derivedData/Build/Intermediates.noindex/bcrypt.build/Debug-watchos/Bcrypt-t.build/Objects-normal/arm64/Bcrypt_const_extract_protocols.json -Xcc -I/Users/admin/builder/spi-builder-workspace/.derivedData/Build/Products/Debug-watchos/include -Xcc -I/Users/admin/builder/spi-builder-workspace/.derivedData/Build/Intermediates.noindex/bcrypt.build/Debug-watchos/Bcrypt-t.build/DerivedSources-normal/arm64 -Xcc -I/Users/admin/builder/spi-builder-workspace/.derivedData/Build/Intermediates.noindex/bcrypt.build/Debug-watchos/Bcrypt-t.build/DerivedSources/arm64 -Xcc -I/Users/admin/builder/spi-builder-workspace/.derivedData/Build/Intermediates.noindex/bcrypt.build/Debug-watchos/Bcrypt-t.build/DerivedSources -Xcc -DSWIFT_PACKAGE -Xcc -DDEBUG\=1 -emit-objc-header -emit-objc-header-path /Users/admin/builder/spi-builder-workspace/.derivedData/Build/Intermediates.noindex/bcrypt.build/Debug-watchos/Bcrypt-t.build/Objects-normal/arm64/Bcrypt-Swift.h -working-directory /Users/admin/builder/spi-builder-workspace/.swiftpm/xcode -experimental-emit-module-separately -disable-cmo
SwiftDriver Bcrypt normal arm64_32 com.apple.xcode.tools.swift.compiler (in target 'Bcrypt' from project 'bcrypt')
cd /Users/admin/builder/spi-builder-workspace/.swiftpm/xcode
builtin-SwiftDriver -- /Applications/Xcode-27.0.0-Release.Candidate.app/Contents/Developer/Toolchains/XcodeDefault.xctoolchain/usr/bin/swiftc -parse-as-library -module-name Bcrypt -Onone @/Users/admin/builder/spi-builder-workspace/.derivedData/Build/Intermediates.noindex/bcrypt.build/Debug-watchos/Bcrypt-t.build/Objects-normal/arm64_32/Bcrypt.SwiftFileList -DSWIFT_PACKAGE -DDEBUG -DSWIFT_MODULE_RESOURCE_BUNDLE_UNAVAILABLE -DXcode -strict-memory-safety -enable-upcoming-feature ExistentialAny -enable-upcoming-feature InternalImportsByDefault -enable-upcoming-feature MemberImportVisibility -enable-upcoming-feature InferIsolatedConformances -enable-upcoming-feature NonisolatedNonsendingByDefault -enable-upcoming-feature ImmutableWeakCaptures -enable-experimental-feature SuppressedAssociatedTypesWithDefaults -enable-experimental-feature LifetimeDependence -enable-experimental-feature Lifetimes -enable-upcoming-feature LifetimeDependence -enable-upcoming-feature ImmutableWeakCaptures -plugin-path /Applications/Xcode-27.0.0-Release.Candidate.app/Contents/Developer/Toolchains/XcodeDefault.xctoolchain/usr/lib/swift/host/plugins/testing -enable-experimental-feature DebugDescriptionMacro -sdk /Applications/Xcode-27.0.0-Release.Candidate.app/Contents/Developer/Platforms/WatchOS.platform/Developer/SDKs/WatchOS27.0.sdk -target arm64_32-apple-watchos26.0 -g -module-cache-path /Users/admin/builder/spi-builder-workspace/.derivedData/ModuleCache.noindex -Xfrontend -serialize-debugging-options -profile-coverage-mapping -profile-generate -enable-testing -index-store-path /Users/admin/builder/spi-builder-workspace/.derivedData/Index.noindex/DataStore -Xcc -D_LIBCPP_HARDENING_MODE\=_LIBCPP_HARDENING_MODE_DEBUG -swift-version 6 -I /Users/admin/builder/spi-builder-workspace/.derivedData/Build/Products/Debug-watchos -Isystem /Applications/Xcode-27.0.0-Release.Candidate.app/Contents/Developer/Platforms/WatchOS.platform/Developer/usr/lib -F /Users/admin/builder/spi-builder-workspace/.derivedData/Build/Products/Debug-watchos -F /Applications/Xcode-27.0.0-Release.Candidate.app/Contents/Developer/Platforms/WatchOS.platform/Developer/Library/Frameworks -F /Applications/Xcode-27.0.0-Release.Candidate.app/Contents/Developer/Platforms/WatchOS.platform/Developer/SDKs/WatchOS27.0.sdk/Developer/Library/Frameworks -c -j10 -enable-batch-mode -incremental -Xcc -ivfsstatcache -Xcc /Users/admin/builder/spi-builder-workspace/.derivedData/SDKStatCaches.noindex/watchos27.0-24R360-e829b21a6f8c9b70876ba0858053c04477534ef55a1706bf4c1112bbb242f0a2.sdkstatcache -output-file-map /Users/admin/builder/spi-builder-workspace/.derivedData/Build/Intermediates.noindex/bcrypt.build/Debug-watchos/Bcrypt-t.build/Objects-normal/arm64_32/Bcrypt-OutputFileMap.json -save-temps -no-color-diagnostics -explicit-module-build -module-cache-path /Users/admin/builder/spi-builder-workspace/.derivedData/Build/Intermediates.noindex/SwiftExplicitPrecompiledModules -clang-scanner-module-cache-path /Users/admin/builder/spi-builder-workspace/.derivedData/ModuleCache.noindex -sdk-module-cache-path /Users/admin/builder/spi-builder-workspace/.derivedData/SDKExplicitPrecompiledModules -emit-dependencies -emit-module -emit-module-path /Users/admin/builder/spi-builder-workspace/.derivedData/Build/Intermediates.noindex/bcrypt.build/Debug-watchos/Bcrypt-t.build/Objects-normal/arm64_32/Bcrypt.swiftmodule -serialize-diagnostics -dependency-scan-serialize-diagnostics-path /Users/admin/builder/spi-builder-workspace/.derivedData/Build/Intermediates.noindex/bcrypt.build/Debug-watchos/Bcrypt-t.build/Objects-normal/arm64_32/Bcrypt-dependency-scan.dia -validate-clang-modules-once -clang-build-session-file /Users/admin/builder/spi-builder-workspace/.derivedData/ModuleCache.noindex/Session.modulevalidation -Xcc -fmodules-prune-interval\=86400 -Xcc -fmodules-prune-after\=345600 -package-name spi_builder_workspace -emit-const-values -const-gather-protocols-list /Users/admin/builder/spi-builder-workspace/.derivedData/Build/Intermediates.noindex/bcrypt.build/Debug-watchos/Bcrypt-t.build/Objects-normal/arm64_32/Bcrypt_const_extract_protocols.json -Xcc -I/Users/admin/builder/spi-builder-workspace/.derivedData/Build/Products/Debug-watchos/include -Xcc -I/Users/admin/builder/spi-builder-workspace/.derivedData/Build/Intermediates.noindex/bcrypt.build/Debug-watchos/Bcrypt-t.build/DerivedSources-normal/arm64_32 -Xcc -I/Users/admin/builder/spi-builder-workspace/.derivedData/Build/Intermediates.noindex/bcrypt.build/Debug-watchos/Bcrypt-t.build/DerivedSources/arm64_32 -Xcc -I/Users/admin/builder/spi-builder-workspace/.derivedData/Build/Intermediates.noindex/bcrypt.build/Debug-watchos/Bcrypt-t.build/DerivedSources -Xcc -DSWIFT_PACKAGE -Xcc -DDEBUG\=1 -emit-objc-header -emit-objc-header-path /Users/admin/builder/spi-builder-workspace/.derivedData/Build/Intermediates.noindex/bcrypt.build/Debug-watchos/Bcrypt-t.build/Objects-normal/arm64_32/Bcrypt-Swift.h -working-directory /Users/admin/builder/spi-builder-workspace/.swiftpm/xcode -experimental-emit-module-separately -disable-cmo
SwiftEmitModule normal arm64_32 Emitting\ module\ for\ Bcrypt (in target 'Bcrypt' from project 'bcrypt')
/Users/admin/builder/spi-builder-workspace/Sources/Bcrypt/Hasher.swift:26:54: error: 'utf8Span' is unavailable in watchOS
24 | @inlinable
25 | public static func hash(password: String, cost: Int = 10, version: BcryptVariant = .v2b) throws(BcryptError) -> String {
26 | String(decoding: try hash(password: password.utf8Span.span, cost: cost, version: version), as: UTF8.self)
| `- error: 'utf8Span' is unavailable in watchOS
27 | }
28 |
Swift.String.utf8Span:3:14: note: 'utf8Span' has been explicitly marked unavailable here
1 | struct String {
2 | @available(watchOS, unavailable)
3 | public var utf8Span: UTF8Span { get }}
| `- note: 'utf8Span' has been explicitly marked unavailable here
4 |
/Users/admin/builder/spi-builder-workspace/Sources/Bcrypt/Settings.swift:20:54: error: 'utf8Span' is unavailable in watchOS
18 | @inlinable
19 | public static func hash(password: String, settings: String) throws(BcryptError) -> String {
20 | String(decoding: try hash(password: password.utf8Span.span, settings: settings.utf8Span.span), as: UTF8.self)
| `- error: 'utf8Span' is unavailable in watchOS
21 | }
22 |
Swift.String.utf8Span:3:14: note: 'utf8Span' has been explicitly marked unavailable here
1 | struct String {
2 | @available(watchOS, unavailable)
3 | public var utf8Span: UTF8Span { get }}
| `- note: 'utf8Span' has been explicitly marked unavailable here
4 |
/Users/admin/builder/spi-builder-workspace/Sources/Bcrypt/Settings.swift:20:88: error: 'utf8Span' is unavailable in watchOS
18 | @inlinable
19 | public static func hash(password: String, settings: String) throws(BcryptError) -> String {
20 | String(decoding: try hash(password: password.utf8Span.span, settings: settings.utf8Span.span), as: UTF8.self)
| `- error: 'utf8Span' is unavailable in watchOS
21 | }
22 |
Swift.String.utf8Span:3:14: note: 'utf8Span' has been explicitly marked unavailable here
1 | struct String {
2 | @available(watchOS, unavailable)
3 | public var utf8Span: UTF8Span { get }}
| `- note: 'utf8Span' has been explicitly marked unavailable here
4 |
/Users/admin/builder/spi-builder-workspace/Sources/Bcrypt/Verifier.swift:14:39: error: 'utf8Span' is unavailable in watchOS
12 | @inlinable
13 | public static func verify(password: String, against hash: String) throws(BcryptError) -> Bool {
14 | try verify(password: password.utf8Span.span, against: hash.utf8Span.span)
| `- error: 'utf8Span' is unavailable in watchOS
15 | }
16 |
Swift.String.utf8Span:3:14: note: 'utf8Span' has been explicitly marked unavailable here
1 | struct String {
2 | @available(watchOS, unavailable)
3 | public var utf8Span: UTF8Span { get }}
| `- note: 'utf8Span' has been explicitly marked unavailable here
4 |
/Users/admin/builder/spi-builder-workspace/Sources/Bcrypt/Verifier.swift:14:68: error: 'utf8Span' is unavailable in watchOS
12 | @inlinable
13 | public static func verify(password: String, against hash: String) throws(BcryptError) -> Bool {
14 | try verify(password: password.utf8Span.span, against: hash.utf8Span.span)
| `- error: 'utf8Span' is unavailable in watchOS
15 | }
16 |
Swift.String.utf8Span:3:14: note: 'utf8Span' has been explicitly marked unavailable here
1 | struct String {
2 | @available(watchOS, unavailable)
3 | public var utf8Span: UTF8Span { get }}
| `- note: 'utf8Span' has been explicitly marked unavailable here
4 |
Failed frontend command:
SwiftCompile normal arm64_32 (in target 'Bcrypt' from project 'bcrypt')
cd /Users/admin/builder/spi-builder-workspace/.swiftpm/xcode
/Applications/Xcode-27.0.0-Release.Candidate.app/Contents/Developer/Toolchains/XcodeDefault.xctoolchain/usr/bin/swift-frontend -frontend -emit-module -experimental-skip-non-inlinable-function-bodies-without-types /Users/admin/builder/spi-builder-workspace/Sources/Bcrypt/Base64.swift /Users/admin/builder/spi-builder-workspace/Sources/Bcrypt/Bcrypt.swift /Users/admin/builder/spi-builder-workspace/Sources/Bcrypt/BcryptError.swift /Users/admin/builder/spi-builder-workspace/Sources/Bcrypt/BcryptVariant.swift /Users/admin/builder/spi-builder-workspace/Sources/Bcrypt/Blowfish+InitialState.swift /Users/admin/builder/spi-builder-workspace/Sources/Bcrypt/EksBlowfish.swift /Users/admin/builder/spi-builder-workspace/Sources/Bcrypt/Hasher.swift /Users/admin/builder/spi-builder-workspace/Sources/Bcrypt/MutableSpan+zeroize.swift /Users/admin/builder/spi-builder-workspace/Sources/Bcrypt/Settings.swift /Users/admin/builder/spi-builder-workspace/Sources/Bcrypt/Verifier.swift -target arm64_32-apple-watchos26.0 -disable-cross-import-overlay-search -load-resolved-plugin /Applications/Xcode-27.0.0-Release.Candidate.app/Contents/Developer/Platforms/WatchOS.platform/Developer/usr/lib/swift/host/plugins/libSwiftMacros.dylib\#/Applications/Xcode-27.0.0-Release.Candidate.app/Contents/Developer/Platforms/WatchOS.platform/Developer/usr/bin/swift-plugin-server\#SwiftMacros -disable-implicit-swift-modules -Xcc -fno-implicit-modules -Xcc -fno-implicit-module-maps -explicit-swift-module-map-file /Users/admin/builder/spi-builder-workspace/.derivedData/Build/Intermediates.noindex/bcrypt.build/Debug-watchos/Bcrypt-t.build/Objects-normal/arm64_32/Bcrypt-dependencies-1.json -enable-objc-interop -sdk /Applications/Xcode-27.0.0-Release.Candidate.app/Contents/Developer/Platforms/WatchOS.platform/Developer/SDKs/WatchOS27.0.sdk -I /Users/admin/builder/spi-builder-workspace/.derivedData/Build/Products/Debug-watchos -Isystem /Applications/Xcode-27.0.0-Release.Candidate.app/Contents/Developer/Platforms/WatchOS.platform/Developer/usr/lib -F /Users/admin/builder/spi-builder-workspace/.derivedData/Build/Products/Debug-watchos -F /Applications/Xcode-27.0.0-Release.Candidate.app/Contents/Developer/Platforms/WatchOS.platform/Developer/Library/Frameworks -F /Applications/Xcode-27.0.0-Release.Candidate.app/Contents/Developer/Platforms/WatchOS.platform/Developer/SDKs/WatchOS27.0.sdk/Developer/Library/Frameworks -module-cache-path /Users/admin/builder/spi-builder-workspace/.derivedData/Build/Intermediates.noindex/SwiftExplicitPrecompiledModules -no-color-diagnostics -Xcc -fno-color-diagnostics -enable-testing -g -debug-info-format\=dwarf -dwarf-version\=5 -profile-generate -profile-coverage-mapping -swift-version 6 -Onone -D SWIFT_PACKAGE -D DEBUG -D SWIFT_MODULE_RESOURCE_BUNDLE_UNAVAILABLE -D Xcode -serialize-debugging-options -enable-upcoming-feature ExistentialAny -enable-upcoming-feature InternalImportsByDefault -enable-upcoming-feature MemberImportVisibility -enable-upcoming-feature InferIsolatedConformances -enable-upcoming-feature NonisolatedNonsendingByDefault -enable-upcoming-feature ImmutableWeakCaptures -enable-experimental-feature SuppressedAssociatedTypesWithDefaults -enable-experimental-feature LifetimeDependence -enable-experimental-feature Lifetimes -enable-upcoming-feature LifetimeDependence -enable-upcoming-feature ImmutableWeakCaptures -enable-experimental-feature DebugDescriptionMacro -strict-memory-safety -empty-abi-descriptor -validate-clang-modules-once -clang-build-session-file /Users/admin/builder/spi-builder-workspace/.derivedData/ModuleCache.noindex/Session.modulevalidation -Xcc -working-directory -Xcc /Users/admin/builder/spi-builder-workspace/.swiftpm/xcode -enable-anonymous-context-mangled-names -file-compilation-dir /Users/admin/builder/spi-builder-workspace/.swiftpm/xcode -Xcc -D_LIBCPP_HARDENING_MODE\=_LIBCPP_HARDENING_MODE_DEBUG -Xcc -ivfsstatcache -Xcc /Users/admin/builder/spi-builder-workspace/.derivedData/SDKStatCaches.noindex/watchos27.0-24R360-e829b21a6f8c9b70876ba0858053c04477534ef55a1706bf4c1112bbb242f0a2.sdkstatcache -Xcc -fmodules-prune-interval\=86400 -Xcc -fmodules-prune-after\=345600 -Xcc -I/Users/admin/builder/spi-builder-workspace/.derivedData/Build/Products/Debug-watchos/include -Xcc -I/Users/admin/builder/spi-builder-workspace/.derivedData/Build/Intermediates.noindex/bcrypt.build/Debug-watchos/Bcrypt-t.build/DerivedSources-normal/arm64_32 -Xcc -I/Users/admin/builder/spi-builder-workspace/.derivedData/Build/Intermediates.noindex/bcrypt.build/Debug-watchos/Bcrypt-t.build/DerivedSources/arm64_32 -Xcc -I/Users/admin/builder/spi-builder-workspace/.derivedData/Build/Intermediates.noindex/bcrypt.build/Debug-watchos/Bcrypt-t.build/DerivedSources -Xcc -DSWIFT_PACKAGE -Xcc -DDEBUG\=1 -no-auto-bridging-header-chaining -module-name Bcrypt -package-name spi_builder_workspace -const-gather-protocols-file /Users/admin/builder/spi-builder-workspace/.derivedData/Build/Intermediates.noindex/bcrypt.build/Debug-watchos/Bcrypt-t.build/Objects-normal/arm64_32/Bcrypt_const_extract_protocols.json -disable-clang-spi -clang-target arm64_32-apple-watchos27.0 -target-sdk-version 27.0 -target-sdk-name watchos27.0 -in-process-plugin-server-path /Applications/Xcode-27.0.0-Release.Candidate.app/Contents/Developer/Toolchains/XcodeDefault.xctoolchain/usr/lib/swift/host/libSwiftInProcPluginServer.dylib -emit-module-doc-path /Users/admin/builder/spi-builder-workspace/.derivedData/Build/Intermediates.noindex/bcrypt.build/Debug-watchos/Bcrypt-t.build/Objects-normal/arm64_32/Bcrypt.swiftdoc -emit-module-source-info-path /Users/admin/builder/spi-builder-workspace/.derivedData/Build/Intermediates.noindex/bcrypt.build/Debug-watchos/Bcrypt-t.build/Objects-normal/arm64_32/Bcrypt.swiftsourceinfo -emit-objc-header-path /Users/admin/builder/spi-builder-workspace/.derivedData/Build/Intermediates.noindex/bcrypt.build/Debug-watchos/Bcrypt-t.build/Objects-normal/arm64_32/Bcrypt-Swift.h -serialize-diagnostics-path /Users/admin/builder/spi-builder-workspace/.derivedData/Build/Intermediates.noindex/bcrypt.build/Debug-watchos/Bcrypt-t.build/Objects-normal/arm64_32/Bcrypt-primary-emit-module.dia -emit-dependencies-path /Users/admin/builder/spi-builder-workspace/.derivedData/Build/Intermediates.noindex/bcrypt.build/Debug-watchos/Bcrypt-t.build/Objects-normal/arm64_32/Bcrypt-primary-emit-module.d -parse-as-library -o /Users/admin/builder/spi-builder-workspace/.derivedData/Build/Intermediates.noindex/bcrypt.build/Debug-watchos/Bcrypt-t.build/Objects-normal/arm64_32/Bcrypt.swiftmodule -emit-abi-descriptor-path /Users/admin/builder/spi-builder-workspace/.derivedData/Build/Intermediates.noindex/bcrypt.build/Debug-watchos/Bcrypt-t.build/Objects-normal/arm64_32/Bcrypt.abi.json
SwiftCompile normal arm64 Compiling\ Base64.swift /Users/admin/builder/spi-builder-workspace/Sources/Bcrypt/Base64.swift (in target 'Bcrypt' from project 'bcrypt')
SwiftCompile normal arm64 /Users/admin/builder/spi-builder-workspace/Sources/Bcrypt/Base64.swift (in target 'Bcrypt' from project 'bcrypt')
cd /Users/admin/builder/spi-builder-workspace/.swiftpm/xcode
builtin-SwiftPerFileCompile Base64.swift
SwiftCompile normal arm64_32 Compiling\ Blowfish+InitialState.swift /Users/admin/builder/spi-builder-workspace/Sources/Bcrypt/Blowfish+InitialState.swift (in target 'Bcrypt' from project 'bcrypt')
SwiftCompile normal arm64_32 /Users/admin/builder/spi-builder-workspace/Sources/Bcrypt/Blowfish+InitialState.swift (in target 'Bcrypt' from project 'bcrypt')
cd /Users/admin/builder/spi-builder-workspace/.swiftpm/xcode
builtin-SwiftPerFileCompile Blowfish+InitialState.swift
SwiftCompile normal arm64 Compiling\ BcryptVariant.swift /Users/admin/builder/spi-builder-workspace/Sources/Bcrypt/BcryptVariant.swift (in target 'Bcrypt' from project 'bcrypt')
SwiftCompile normal arm64 /Users/admin/builder/spi-builder-workspace/Sources/Bcrypt/BcryptVariant.swift (in target 'Bcrypt' from project 'bcrypt')
cd /Users/admin/builder/spi-builder-workspace/.swiftpm/xcode
builtin-SwiftPerFileCompile BcryptVariant.swift
SwiftCompile normal arm64_32 Compiling\ Settings.swift /Users/admin/builder/spi-builder-workspace/Sources/Bcrypt/Settings.swift (in target 'Bcrypt' from project 'bcrypt')
/Users/admin/builder/spi-builder-workspace/Sources/Bcrypt/Settings.swift:20:54: error: 'utf8Span' is unavailable in watchOS
18 | @inlinable
19 | public static func hash(password: String, settings: String) throws(BcryptError) -> String {
20 | String(decoding: try hash(password: password.utf8Span.span, settings: settings.utf8Span.span), as: UTF8.self)
| `- error: 'utf8Span' is unavailable in watchOS
21 | }
22 |
Swift.String.utf8Span:3:14: note: 'utf8Span' has been explicitly marked unavailable here
1 | struct String {
2 | @available(watchOS, unavailable)
3 | public var utf8Span: UTF8Span { get }}
| `- note: 'utf8Span' has been explicitly marked unavailable here
4 |
SwiftCompile normal arm64_32 /Users/admin/builder/spi-builder-workspace/Sources/Bcrypt/Settings.swift (in target 'Bcrypt' from project 'bcrypt')
cd /Users/admin/builder/spi-builder-workspace/.swiftpm/xcode
builtin-SwiftPerFileCompile Settings.swift
SwiftCompile normal arm64_32 Compiling\ Verifier.swift /Users/admin/builder/spi-builder-workspace/Sources/Bcrypt/Verifier.swift (in target 'Bcrypt' from project 'bcrypt')
/Users/admin/builder/spi-builder-workspace/Sources/Bcrypt/Verifier.swift:14:39: error: 'utf8Span' is unavailable in watchOS
12 | @inlinable
13 | public static func verify(password: String, against hash: String) throws(BcryptError) -> Bool {
14 | try verify(password: password.utf8Span.span, against: hash.utf8Span.span)
| `- error: 'utf8Span' is unavailable in watchOS
15 | }
16 |
Swift.String.utf8Span:3:14: note: 'utf8Span' has been explicitly marked unavailable here
1 | struct String {
2 | @available(watchOS, unavailable)
3 | public var utf8Span: UTF8Span { get }}
| `- note: 'utf8Span' has been explicitly marked unavailable here
4 |
SwiftCompile normal arm64_32 /Users/admin/builder/spi-builder-workspace/Sources/Bcrypt/Verifier.swift (in target 'Bcrypt' from project 'bcrypt')
cd /Users/admin/builder/spi-builder-workspace/.swiftpm/xcode
builtin-SwiftPerFileCompile Verifier.swift
SwiftCompile normal arm64_32 Compiling\ Base64.swift /Users/admin/builder/spi-builder-workspace/Sources/Bcrypt/Base64.swift (in target 'Bcrypt' from project 'bcrypt')
SwiftCompile normal arm64_32 /Users/admin/builder/spi-builder-workspace/Sources/Bcrypt/Base64.swift (in target 'Bcrypt' from project 'bcrypt')
cd /Users/admin/builder/spi-builder-workspace/.swiftpm/xcode
builtin-SwiftPerFileCompile Base64.swift
SwiftCompile normal arm64_32 Compiling\ MutableSpan+zeroize.swift /Users/admin/builder/spi-builder-workspace/Sources/Bcrypt/MutableSpan+zeroize.swift (in target 'Bcrypt' from project 'bcrypt')
SwiftCompile normal arm64_32 /Users/admin/builder/spi-builder-workspace/Sources/Bcrypt/MutableSpan+zeroize.swift (in target 'Bcrypt' from project 'bcrypt')
cd /Users/admin/builder/spi-builder-workspace/.swiftpm/xcode
builtin-SwiftPerFileCompile MutableSpan+zeroize.swift
SwiftCompile normal arm64_32 Compiling\ Bcrypt.swift /Users/admin/builder/spi-builder-workspace/Sources/Bcrypt/Bcrypt.swift (in target 'Bcrypt' from project 'bcrypt')
SwiftCompile normal arm64_32 (in target 'Bcrypt' from project 'bcrypt')
cd /Users/admin/builder/spi-builder-workspace/.swiftpm/xcode
SwiftCompile normal arm64_32 Compiling\ BcryptVariant.swift /Users/admin/builder/spi-builder-workspace/Sources/Bcrypt/BcryptVariant.swift (in target 'Bcrypt' from project 'bcrypt')
SwiftCompile normal arm64_32 /Users/admin/builder/spi-builder-workspace/Sources/Bcrypt/BcryptVariant.swift (in target 'Bcrypt' from project 'bcrypt')
cd /Users/admin/builder/spi-builder-workspace/.swiftpm/xcode
builtin-SwiftPerFileCompile BcryptVariant.swift
SwiftEmitModule normal arm64 Emitting\ module\ for\ Bcrypt (in target 'Bcrypt' from project 'bcrypt')
SwiftCompile normal arm64 (in target 'Bcrypt' from project 'bcrypt')
cd /Users/admin/builder/spi-builder-workspace/.swiftpm/xcode
PruneExplicitPrecompiledModules /Users/admin/builder/spi-builder-workspace/.derivedData/Build/Intermediates.noindex/ExplicitPrecompiledModules
PruneExplicitPrecompiledModules /Users/admin/builder/spi-builder-workspace/.derivedData/Build/Intermediates.noindex/SwiftExplicitPrecompiledModules
PruneExplicitPrecompiledModules /Users/admin/builder/spi-builder-workspace/.derivedData/SDKExplicitPrecompiledModules
2026-09-28 08:50:17.178 xcodebuild[701:4411] [MT] IDERunDestination: Supported platforms for the buildables in the current scheme is empty.
** BUILD FAILED **
The following build commands failed:
SwiftCompile normal arm64_32 (in target 'Bcrypt' from project 'bcrypt')
SwiftEmitModule normal arm64_32 Emitting\ module\ for\ Bcrypt (in target 'Bcrypt' from project 'bcrypt')
Building workspace bcrypt with scheme bcrypt
(3 failures)
BUILD FAILURE 6.4 watchOS