Build Information
Failed to build UIBuilder, reference main (c8d511), with Swift 6.4 for visionOS using Xcode 27.0 on 19 Sep 2026 22:52:06 UTC.
Build Command
env DEVELOPER_DIR=/Applications/Xcode-27.0.0-Release.Candidate.app xcrun xcodebuild -IDEClonedSourcePackagesDirPathOverride=$PWD/.dependencies -skipMacroValidation -skipPackagePluginValidation -derivedDataPath $PWD/.derivedData build -scheme UIBuilder -destination generic/platform=xrOSBuild Log
========================================
RunAll
========================================
Builder version: 5.1.0
Interrupt handler set up.
========================================
Checkout
========================================
Clone URL: https://github.com/MightyCombine/UIBuilder.git
Reference: main
Initialized empty Git repository in /Users/admin/builder/spi-builder-workspace/.git/
From https://github.com/MightyCombine/UIBuilder
* branch main -> FETCH_HEAD
* [new branch] main -> origin/main
HEAD is now at c8d511b Update README.md
Cloned https://github.com/MightyCombine/UIBuilder.git
Revision (git rev-parse @):
c8d511bca7b7ef5e7b56f99bd8d1a705aa0774f7
SUCCESS checkout https://github.com/MightyCombine/UIBuilder.git at main
========================================
Build
========================================
Selected platform: visionOS
Swift version: 6.4
Building package at path: $PWD
https://github.com/MightyCombine/UIBuilder.git
Command line invocation:
/Applications/Xcode-27.0.0-Release.Candidate.app/Contents/Developer/usr/bin/xcodebuild -IDEClonedSourcePackagesDirPathOverride=/Users/admin/builder/spi-builder-workspace/.dependencies -resolvePackageDependencies
Resolve Package Graph
Fetching from https://github.com/MightyCombine/MightyCombine.git
Creating working copy of package ‘MightyCombine’
Checking out 1.1.9 of package ‘MightyCombine’
Resolve Package Graph
Resolved source packages:
UIBuilder: /Users/admin/builder/spi-builder-workspace
MightyCombine: https://github.com/MightyCombine/MightyCombine.git @ 1.1.9
resolved source packages: UIBuilder, MightyCombine
2026-09-19 18:51:09.653 xcodebuild[529:3023] [MT] IDERunDestination: Supported platforms for the buildables in the current scheme is empty.
{
"dependencies" : [
{
"identity" : "mightycombine",
"requirement" : {
"range" : [
{
"lower_bound" : "1.1.2",
"upper_bound" : "2.0.0"
}
]
},
"type" : "sourceControl",
"url" : "https://github.com/MightyCombine/MightyCombine.git"
}
],
"manifest_display_name" : "UIBuilder",
"name" : "UIBuilder",
"path" : "/Users/admin/builder/spi-builder-workspace",
"platforms" : [
{
"name" : "ios",
"version" : "13.0"
}
],
"products" : [
{
"name" : "UIBuilder",
"targets" : [
"UIBuilder"
],
"type" : {
"library" : [
"automatic"
]
}
}
],
"targets" : [
{
"c99name" : "UIBuilderTests",
"module_type" : "SwiftTarget",
"name" : "UIBuilderTests",
"path" : "Tests/UIBuilderTests",
"sources" : [
"UIBuilderTests.swift"
],
"target_dependencies" : [
"UIBuilder"
],
"type" : "test"
},
{
"c99name" : "UIBuilder",
"module_type" : "SwiftTarget",
"name" : "UIBuilder",
"path" : "Sources/UIBuilder",
"product_dependencies" : [
"MightyCombine"
],
"product_memberships" : [
"UIBuilder"
],
"sources" : [
"Control/ButtonBuilder.swift",
"Control/ButtonConfigurationBuilder.swift",
"Control/RefreshControlBuilder.swift",
"Control/SwitchBuilder.swift",
"InitBuilder.swift",
"Scroll/CollectionViewBuilder.swift",
"Scroll/CollectionViewFlowLayoutBuilder.swift",
"Scroll/ScrollViewBuilder.swift",
"Scroll/TableViewBuilder.swift",
"Text/TextFieldBuilder.swift",
"Text/TextViewBuilder.swift",
"UIBuilder.swift",
"View/ImageViewBuilder.swift",
"View/LabelBuilder.swift",
"View/StackViewBuilder.swift"
],
"type" : "library"
}
],
"tools_version" : "5.4"
}
{
"workspace" : {
"name" : "UIBuilder",
"schemes" : [
"UIBuilder"
]
}
}
2026-09-19 18:51:50.977 xcodebuild[684:4311] [MT] IDERunDestination: Supported platforms for the buildables in the current scheme is empty.
Running build ...
env DEVELOPER_DIR=/Applications/Xcode-27.0.0-Release.Candidate.app xcrun xcodebuild -IDEClonedSourcePackagesDirPathOverride=$PWD/.dependencies -skipMacroValidation -skipPackagePluginValidation -derivedDataPath $PWD/.derivedData build -scheme UIBuilder -destination generic/platform=xrOS
Command line invocation:
/Applications/Xcode-27.0.0-Release.Candidate.app/Contents/Developer/usr/bin/xcodebuild -IDEClonedSourcePackagesDirPathOverride=/Users/admin/builder/spi-builder-workspace/.dependencies -skipMacroValidation -skipPackagePluginValidation -derivedDataPath /Users/admin/builder/spi-builder-workspace/.derivedData build -scheme UIBuilder -destination generic/platform=xrOS
Resolve Package Graph
Resolve Package Graph
Resolved source packages:
UIBuilder: /Users/admin/builder/spi-builder-workspace
MightyCombine: https://github.com/MightyCombine/MightyCombine.git @ 1.1.9
ComputePackagePrebuildTargetDependencyGraph
Prepare packages
CreateBuildRequest
SendProjectDescription
CreateBuildOperation
ComputeTargetDependencyGraph
note: Building targets in dependency order
note: Target dependency graph (5 targets)
Target 'UIBuilder-product' in project 'UIBuilder'
➜ Explicit dependency on target 'UIBuilder' in project 'UIBuilder'
➜ Explicit dependency on target 'MightyCombine-product' in project 'MightyCombine'
Target 'UIBuilder' in project 'UIBuilder'
➜ Explicit dependency on target 'MightyCombine-product' in project 'MightyCombine'
Target 'MightyCombine-product' in project 'MightyCombine'
➜ Explicit dependency on target 'MightyCombine' in project 'MightyCombine'
➜ Explicit dependency on target 'MightySwift' in project 'MightyCombine'
Target 'MightyCombine' in project 'MightyCombine'
➜ Explicit dependency on target 'MightySwift' in project 'MightyCombine'
Target 'MightySwift' in project 'MightyCombine' (no dependencies)
GatherProvisioningInputs
CreateBuildDescription
ExecuteExternalTool /Applications/Xcode-27.0.0-Release.Candidate.app/Contents/Developer/Toolchains/XcodeDefault.xctoolchain/usr/bin/clang -v -E -dM -isysroot /Applications/Xcode-27.0.0-Release.Candidate.app/Contents/Developer/Platforms/XROS.platform/Developer/SDKs/XROS27.0.sdk -x c -c /dev/null
ExecuteExternalTool /Applications/Xcode-27.0.0-Release.Candidate.app/Contents/Developer/Toolchains/XcodeDefault.xctoolchain/usr/bin/swiftc --version
ExecuteExternalTool /Applications/Xcode-27.0.0-Release.Candidate.app/Contents/Developer/Toolchains/XcodeDefault.xctoolchain/usr/bin/ld -version_details
Build description signature: edc298c7c8120bb203771f5e08a4613b
Build description path: /Users/admin/builder/spi-builder-workspace/.derivedData/Build/Intermediates.noindex/XCBuildData/edc298c7c8120bb203771f5e08a4613b.xcbuilddata
CreateBuildDirectory /Users/admin/builder/spi-builder-workspace/.derivedData/SDKExplicitPrecompiledModules
cd /Users/admin/builder/spi-builder-workspace/.swiftpm/xcode
builtin-create-build-directory /Users/admin/builder/spi-builder-workspace/.derivedData/SDKExplicitPrecompiledModules
CreateBuildDirectory /Users/admin/builder/spi-builder-workspace/.derivedData/ModuleCache.noindex
cd /Users/admin/builder/spi-builder-workspace/.swiftpm/xcode
builtin-create-build-directory /Users/admin/builder/spi-builder-workspace/.derivedData/ModuleCache.noindex
CreateBuildDirectory /Users/admin/builder/spi-builder-workspace/.derivedData/CompilationCache.noindex
cd /Users/admin/builder/spi-builder-workspace/.swiftpm/xcode
builtin-create-build-directory /Users/admin/builder/spi-builder-workspace/.derivedData/CompilationCache.noindex
ClangStatCache /Applications/Xcode-27.0.0-Release.Candidate.app/Contents/Developer/Toolchains/XcodeDefault.xctoolchain/usr/bin/clang-stat-cache /Applications/Xcode-27.0.0-Release.Candidate.app/Contents/Developer/Platforms/XROS.platform/Developer/SDKs/XROS27.0.sdk /Users/admin/builder/spi-builder-workspace/.derivedData/SDKStatCaches.noindex/xros27.0-24M361-e829b21a6f8c9b70876ba0858053c044735bd543db762f57723cac368afd1ce4.sdkstatcache
cd /Users/admin/builder/spi-builder-workspace/.swiftpm/xcode
/Applications/Xcode-27.0.0-Release.Candidate.app/Contents/Developer/Toolchains/XcodeDefault.xctoolchain/usr/bin/clang-stat-cache /Applications/Xcode-27.0.0-Release.Candidate.app/Contents/Developer/Platforms/XROS.platform/Developer/SDKs/XROS27.0.sdk -o /Users/admin/builder/spi-builder-workspace/.derivedData/SDKStatCaches.noindex/xros27.0-24M361-e829b21a6f8c9b70876ba0858053c044735bd543db762f57723cac368afd1ce4.sdkstatcache
CreateBuildDirectory /Users/admin/builder/spi-builder-workspace/.derivedData/Build/Intermediates.noindex
cd /Users/admin/builder/spi-builder-workspace/.swiftpm/xcode
builtin-create-build-directory /Users/admin/builder/spi-builder-workspace/.derivedData/Build/Intermediates.noindex
CreateBuildDirectory /Users/admin/builder/spi-builder-workspace/.derivedData/Build/Products
cd /Users/admin/builder/spi-builder-workspace/.swiftpm/xcode
builtin-create-build-directory /Users/admin/builder/spi-builder-workspace/.derivedData/Build/Products
CreateBuildDirectory /Users/admin/builder/spi-builder-workspace/.derivedData/Build/Intermediates.noindex/SwiftExplicitPrecompiledModules
cd /Users/admin/builder/spi-builder-workspace/.swiftpm/xcode
builtin-create-build-directory /Users/admin/builder/spi-builder-workspace/.derivedData/Build/Intermediates.noindex/SwiftExplicitPrecompiledModules
CreateBuildDirectory /Users/admin/builder/spi-builder-workspace/.derivedData/Build/Intermediates.noindex/PrecompiledHeaders
cd /Users/admin/builder/spi-builder-workspace/.swiftpm/xcode
builtin-create-build-directory /Users/admin/builder/spi-builder-workspace/.derivedData/Build/Intermediates.noindex/PrecompiledHeaders
CreateBuildDirectory /Users/admin/builder/spi-builder-workspace/.derivedData/Build/Intermediates.noindex/ExplicitPrecompiledModules
cd /Users/admin/builder/spi-builder-workspace/.swiftpm/xcode
builtin-create-build-directory /Users/admin/builder/spi-builder-workspace/.derivedData/Build/Intermediates.noindex/ExplicitPrecompiledModules
CreateBuildDirectory /Users/admin/builder/spi-builder-workspace/.derivedData/Build/Products/Debug-xros
cd /Users/admin/builder/spi-builder-workspace/.swiftpm/xcode
builtin-create-build-directory /Users/admin/builder/spi-builder-workspace/.derivedData/Build/Products/Debug-xros
CreateBuildDirectory /Users/admin/builder/spi-builder-workspace/.derivedData/Build/Intermediates.noindex/EagerLinkingTBDs/Debug-xros
cd /Users/admin/builder/spi-builder-workspace/.swiftpm/xcode
builtin-create-build-directory /Users/admin/builder/spi-builder-workspace/.derivedData/Build/Intermediates.noindex/EagerLinkingTBDs/Debug-xros
CreateBuildDirectory /Users/admin/builder/spi-builder-workspace/.derivedData/Build/Products/Debug-xros/PackageFrameworks
cd /Users/admin/builder/spi-builder-workspace/.swiftpm/xcode
builtin-create-build-directory /Users/admin/builder/spi-builder-workspace/.derivedData/Build/Products/Debug-xros/PackageFrameworks
WriteAuxiliaryFile /Users/admin/builder/spi-builder-workspace/.derivedData/Build/Intermediates.noindex/UIBuilder.build/Debug-xros/UIBuilder-t.build/UIBuilder.DependencyMetadataFileList (in target 'UIBuilder' from project 'UIBuilder')
cd /Users/admin/builder/spi-builder-workspace
write-file /Users/admin/builder/spi-builder-workspace/.derivedData/Build/Intermediates.noindex/UIBuilder.build/Debug-xros/UIBuilder-t.build/UIBuilder.DependencyMetadataFileList
WriteAuxiliaryFile /Users/admin/builder/spi-builder-workspace/.derivedData/Build/Intermediates.noindex/UIBuilder.build/Debug-xros/UIBuilder-t.build/UIBuilder.modulemap (in target 'UIBuilder' from project 'UIBuilder')
cd /Users/admin/builder/spi-builder-workspace
write-file /Users/admin/builder/spi-builder-workspace/.derivedData/Build/Intermediates.noindex/UIBuilder.build/Debug-xros/UIBuilder-t.build/UIBuilder.modulemap
WriteAuxiliaryFile /Users/admin/builder/spi-builder-workspace/.derivedData/Build/Intermediates.noindex/UIBuilder.build/Debug-xros/UIBuilder-t.build/UIBuilder.DependencyStaticMetadataFileList (in target 'UIBuilder' from project 'UIBuilder')
cd /Users/admin/builder/spi-builder-workspace
write-file /Users/admin/builder/spi-builder-workspace/.derivedData/Build/Intermediates.noindex/UIBuilder.build/Debug-xros/UIBuilder-t.build/UIBuilder.DependencyStaticMetadataFileList
WriteAuxiliaryFile /Users/admin/builder/spi-builder-workspace/.derivedData/Build/Intermediates.noindex/UIBuilder.build/Debug-xros/UIBuilder-t.build/Objects-normal/arm64/UIBuilder.SwiftFileList (in target 'UIBuilder' from project 'UIBuilder')
cd /Users/admin/builder/spi-builder-workspace
write-file /Users/admin/builder/spi-builder-workspace/.derivedData/Build/Intermediates.noindex/UIBuilder.build/Debug-xros/UIBuilder-t.build/Objects-normal/arm64/UIBuilder.SwiftFileList
WriteAuxiliaryFile /Users/admin/builder/spi-builder-workspace/.derivedData/Build/Intermediates.noindex/UIBuilder.build/Debug-xros/UIBuilder-t.build/Objects-normal/arm64/UIBuilder-OutputFileMap.json (in target 'UIBuilder' from project 'UIBuilder')
cd /Users/admin/builder/spi-builder-workspace
write-file /Users/admin/builder/spi-builder-workspace/.derivedData/Build/Intermediates.noindex/UIBuilder.build/Debug-xros/UIBuilder-t.build/Objects-normal/arm64/UIBuilder-OutputFileMap.json
WriteAuxiliaryFile /Users/admin/builder/spi-builder-workspace/.derivedData/Build/Intermediates.noindex/UIBuilder.build/Debug-xros/UIBuilder-t.build/Objects-normal/arm64/UIBuilder.LinkFileList (in target 'UIBuilder' from project 'UIBuilder')
cd /Users/admin/builder/spi-builder-workspace
write-file /Users/admin/builder/spi-builder-workspace/.derivedData/Build/Intermediates.noindex/UIBuilder.build/Debug-xros/UIBuilder-t.build/Objects-normal/arm64/UIBuilder.LinkFileList
WriteAuxiliaryFile /Users/admin/builder/spi-builder-workspace/.derivedData/Build/Intermediates.noindex/UIBuilder.build/Debug-xros/UIBuilder-t.build/Objects-normal/arm64/UIBuilder.SwiftConstValuesFileList (in target 'UIBuilder' from project 'UIBuilder')
cd /Users/admin/builder/spi-builder-workspace
write-file /Users/admin/builder/spi-builder-workspace/.derivedData/Build/Intermediates.noindex/UIBuilder.build/Debug-xros/UIBuilder-t.build/Objects-normal/arm64/UIBuilder.SwiftConstValuesFileList
WriteAuxiliaryFile /Users/admin/builder/spi-builder-workspace/.derivedData/Build/Intermediates.noindex/UIBuilder.build/Debug-xros/UIBuilder-t.build/Objects-normal/arm64/UIBuilder_const_extract_protocols.json (in target 'UIBuilder' from project 'UIBuilder')
cd /Users/admin/builder/spi-builder-workspace
write-file /Users/admin/builder/spi-builder-workspace/.derivedData/Build/Intermediates.noindex/UIBuilder.build/Debug-xros/UIBuilder-t.build/Objects-normal/arm64/UIBuilder_const_extract_protocols.json
Copy /Users/admin/builder/spi-builder-workspace/.derivedData/Build/Intermediates.noindex/GeneratedModuleMaps-xros/UIBuilder.modulemap /Users/admin/builder/spi-builder-workspace/.derivedData/Build/Intermediates.noindex/UIBuilder.build/Debug-xros/UIBuilder-t.build/UIBuilder.modulemap (in target 'UIBuilder' from project 'UIBuilder')
cd /Users/admin/builder/spi-builder-workspace
builtin-copy -exclude .DS_Store -exclude CVS -exclude .svn -exclude .git -exclude .hg -resolve-src-symlinks /Users/admin/builder/spi-builder-workspace/.derivedData/Build/Intermediates.noindex/UIBuilder.build/Debug-xros/UIBuilder-t.build/UIBuilder.modulemap /Users/admin/builder/spi-builder-workspace/.derivedData/Build/Intermediates.noindex/GeneratedModuleMaps-xros
WriteAuxiliaryFile /Users/admin/builder/spi-builder-workspace/.derivedData/Build/Intermediates.noindex/MightyCombine.build/Debug-xros/MightySwift-t.build/Objects-normal/arm64/MightySwift.LinkFileList (in target 'MightySwift' from project 'MightyCombine')
cd /Users/admin/builder/spi-builder-workspace/.dependencies/checkouts/MightyCombine
write-file /Users/admin/builder/spi-builder-workspace/.derivedData/Build/Intermediates.noindex/MightyCombine.build/Debug-xros/MightySwift-t.build/Objects-normal/arm64/MightySwift.LinkFileList
WriteAuxiliaryFile /Users/admin/builder/spi-builder-workspace/.derivedData/Build/Intermediates.noindex/MightyCombine.build/Debug-xros/MightySwift-t.build/Objects-normal/arm64/MightySwift.SwiftConstValuesFileList (in target 'MightySwift' from project 'MightyCombine')
cd /Users/admin/builder/spi-builder-workspace/.dependencies/checkouts/MightyCombine
write-file /Users/admin/builder/spi-builder-workspace/.derivedData/Build/Intermediates.noindex/MightyCombine.build/Debug-xros/MightySwift-t.build/Objects-normal/arm64/MightySwift.SwiftConstValuesFileList
WriteAuxiliaryFile /Users/admin/builder/spi-builder-workspace/.derivedData/Build/Intermediates.noindex/MightyCombine.build/Debug-xros/MightySwift-t.build/Objects-normal/arm64/MightySwift_const_extract_protocols.json (in target 'MightySwift' from project 'MightyCombine')
cd /Users/admin/builder/spi-builder-workspace/.dependencies/checkouts/MightyCombine
write-file /Users/admin/builder/spi-builder-workspace/.derivedData/Build/Intermediates.noindex/MightyCombine.build/Debug-xros/MightySwift-t.build/Objects-normal/arm64/MightySwift_const_extract_protocols.json
WriteAuxiliaryFile /Users/admin/builder/spi-builder-workspace/.derivedData/Build/Intermediates.noindex/MightyCombine.build/Debug-xros/MightySwift-t.build/Objects-normal/arm64/MightySwift.SwiftFileList (in target 'MightySwift' from project 'MightyCombine')
cd /Users/admin/builder/spi-builder-workspace/.dependencies/checkouts/MightyCombine
write-file /Users/admin/builder/spi-builder-workspace/.derivedData/Build/Intermediates.noindex/MightyCombine.build/Debug-xros/MightySwift-t.build/Objects-normal/arm64/MightySwift.SwiftFileList
WriteAuxiliaryFile /Users/admin/builder/spi-builder-workspace/.derivedData/Build/Intermediates.noindex/MightyCombine.build/Debug-xros/MightySwift-t.build/Objects-normal/arm64/MightySwift-OutputFileMap.json (in target 'MightySwift' from project 'MightyCombine')
cd /Users/admin/builder/spi-builder-workspace/.dependencies/checkouts/MightyCombine
write-file /Users/admin/builder/spi-builder-workspace/.derivedData/Build/Intermediates.noindex/MightyCombine.build/Debug-xros/MightySwift-t.build/Objects-normal/arm64/MightySwift-OutputFileMap.json
WriteAuxiliaryFile /Users/admin/builder/spi-builder-workspace/.derivedData/Build/Intermediates.noindex/MightyCombine.build/Debug-xros/MightySwift-t.build/MightySwift.modulemap (in target 'MightySwift' from project 'MightyCombine')
cd /Users/admin/builder/spi-builder-workspace/.dependencies/checkouts/MightyCombine
write-file /Users/admin/builder/spi-builder-workspace/.derivedData/Build/Intermediates.noindex/MightyCombine.build/Debug-xros/MightySwift-t.build/MightySwift.modulemap
WriteAuxiliaryFile /Users/admin/builder/spi-builder-workspace/.derivedData/Build/Intermediates.noindex/MightyCombine.build/Debug-xros/MightySwift-t.build/MightySwift.DependencyStaticMetadataFileList (in target 'MightySwift' from project 'MightyCombine')
cd /Users/admin/builder/spi-builder-workspace/.dependencies/checkouts/MightyCombine
write-file /Users/admin/builder/spi-builder-workspace/.derivedData/Build/Intermediates.noindex/MightyCombine.build/Debug-xros/MightySwift-t.build/MightySwift.DependencyStaticMetadataFileList
WriteAuxiliaryFile /Users/admin/builder/spi-builder-workspace/.derivedData/Build/Intermediates.noindex/MightyCombine.build/Debug-xros/MightySwift-t.build/MightySwift.DependencyMetadataFileList (in target 'MightySwift' from project 'MightyCombine')
cd /Users/admin/builder/spi-builder-workspace/.dependencies/checkouts/MightyCombine
write-file /Users/admin/builder/spi-builder-workspace/.derivedData/Build/Intermediates.noindex/MightyCombine.build/Debug-xros/MightySwift-t.build/MightySwift.DependencyMetadataFileList
WriteAuxiliaryFile /Users/admin/builder/spi-builder-workspace/.derivedData/Build/Intermediates.noindex/MightyCombine.build/Debug-xros/MightyCombine-t.build/MightyCombine.modulemap (in target 'MightyCombine' from project 'MightyCombine')
cd /Users/admin/builder/spi-builder-workspace/.dependencies/checkouts/MightyCombine
write-file /Users/admin/builder/spi-builder-workspace/.derivedData/Build/Intermediates.noindex/MightyCombine.build/Debug-xros/MightyCombine-t.build/MightyCombine.modulemap
Copy /Users/admin/builder/spi-builder-workspace/.derivedData/Build/Intermediates.noindex/GeneratedModuleMaps-xros/MightySwift.modulemap /Users/admin/builder/spi-builder-workspace/.derivedData/Build/Intermediates.noindex/MightyCombine.build/Debug-xros/MightySwift-t.build/MightySwift.modulemap (in target 'MightySwift' from project 'MightyCombine')
cd /Users/admin/builder/spi-builder-workspace/.dependencies/checkouts/MightyCombine
builtin-copy -exclude .DS_Store -exclude CVS -exclude .svn -exclude .git -exclude .hg -resolve-src-symlinks /Users/admin/builder/spi-builder-workspace/.derivedData/Build/Intermediates.noindex/MightyCombine.build/Debug-xros/MightySwift-t.build/MightySwift.modulemap /Users/admin/builder/spi-builder-workspace/.derivedData/Build/Intermediates.noindex/GeneratedModuleMaps-xros
WriteAuxiliaryFile /Users/admin/builder/spi-builder-workspace/.derivedData/Build/Intermediates.noindex/MightyCombine.build/Debug-xros/MightyCombine-t.build/Objects-normal/arm64/MightyCombine.SwiftConstValuesFileList (in target 'MightyCombine' from project 'MightyCombine')
cd /Users/admin/builder/spi-builder-workspace/.dependencies/checkouts/MightyCombine
write-file /Users/admin/builder/spi-builder-workspace/.derivedData/Build/Intermediates.noindex/MightyCombine.build/Debug-xros/MightyCombine-t.build/Objects-normal/arm64/MightyCombine.SwiftConstValuesFileList
WriteAuxiliaryFile /Users/admin/builder/spi-builder-workspace/.derivedData/Build/Intermediates.noindex/MightyCombine.build/Debug-xros/MightyCombine-t.build/Objects-normal/arm64/MightyCombine-OutputFileMap.json (in target 'MightyCombine' from project 'MightyCombine')
cd /Users/admin/builder/spi-builder-workspace/.dependencies/checkouts/MightyCombine
write-file /Users/admin/builder/spi-builder-workspace/.derivedData/Build/Intermediates.noindex/MightyCombine.build/Debug-xros/MightyCombine-t.build/Objects-normal/arm64/MightyCombine-OutputFileMap.json
WriteAuxiliaryFile /Users/admin/builder/spi-builder-workspace/.derivedData/Build/Intermediates.noindex/MightyCombine.build/Debug-xros/MightyCombine-t.build/Objects-normal/arm64/MightyCombine.LinkFileList (in target 'MightyCombine' from project 'MightyCombine')
cd /Users/admin/builder/spi-builder-workspace/.dependencies/checkouts/MightyCombine
write-file /Users/admin/builder/spi-builder-workspace/.derivedData/Build/Intermediates.noindex/MightyCombine.build/Debug-xros/MightyCombine-t.build/Objects-normal/arm64/MightyCombine.LinkFileList
WriteAuxiliaryFile /Users/admin/builder/spi-builder-workspace/.derivedData/Build/Intermediates.noindex/MightyCombine.build/Debug-xros/MightyCombine-t.build/Objects-normal/arm64/MightyCombine.SwiftFileList (in target 'MightyCombine' from project 'MightyCombine')
cd /Users/admin/builder/spi-builder-workspace/.dependencies/checkouts/MightyCombine
write-file /Users/admin/builder/spi-builder-workspace/.derivedData/Build/Intermediates.noindex/MightyCombine.build/Debug-xros/MightyCombine-t.build/Objects-normal/arm64/MightyCombine.SwiftFileList
WriteAuxiliaryFile /Users/admin/builder/spi-builder-workspace/.derivedData/Build/Intermediates.noindex/MightyCombine.build/Debug-xros/MightyCombine-t.build/Objects-normal/arm64/MightyCombine_const_extract_protocols.json (in target 'MightyCombine' from project 'MightyCombine')
cd /Users/admin/builder/spi-builder-workspace/.dependencies/checkouts/MightyCombine
write-file /Users/admin/builder/spi-builder-workspace/.derivedData/Build/Intermediates.noindex/MightyCombine.build/Debug-xros/MightyCombine-t.build/Objects-normal/arm64/MightyCombine_const_extract_protocols.json
WriteAuxiliaryFile /Users/admin/builder/spi-builder-workspace/.derivedData/Build/Intermediates.noindex/MightyCombine.build/Debug-xros/MightyCombine-t.build/MightyCombine.DependencyStaticMetadataFileList (in target 'MightyCombine' from project 'MightyCombine')
cd /Users/admin/builder/spi-builder-workspace/.dependencies/checkouts/MightyCombine
write-file /Users/admin/builder/spi-builder-workspace/.derivedData/Build/Intermediates.noindex/MightyCombine.build/Debug-xros/MightyCombine-t.build/MightyCombine.DependencyStaticMetadataFileList
WriteAuxiliaryFile /Users/admin/builder/spi-builder-workspace/.derivedData/Build/Intermediates.noindex/MightyCombine.build/Debug-xros/MightyCombine-t.build/MightyCombine.DependencyMetadataFileList (in target 'MightyCombine' from project 'MightyCombine')
cd /Users/admin/builder/spi-builder-workspace/.dependencies/checkouts/MightyCombine
write-file /Users/admin/builder/spi-builder-workspace/.derivedData/Build/Intermediates.noindex/MightyCombine.build/Debug-xros/MightyCombine-t.build/MightyCombine.DependencyMetadataFileList
Copy /Users/admin/builder/spi-builder-workspace/.derivedData/Build/Intermediates.noindex/GeneratedModuleMaps-xros/MightyCombine.modulemap /Users/admin/builder/spi-builder-workspace/.derivedData/Build/Intermediates.noindex/MightyCombine.build/Debug-xros/MightyCombine-t.build/MightyCombine.modulemap (in target 'MightyCombine' from project 'MightyCombine')
cd /Users/admin/builder/spi-builder-workspace/.dependencies/checkouts/MightyCombine
builtin-copy -exclude .DS_Store -exclude CVS -exclude .svn -exclude .git -exclude .hg -resolve-src-symlinks /Users/admin/builder/spi-builder-workspace/.derivedData/Build/Intermediates.noindex/MightyCombine.build/Debug-xros/MightyCombine-t.build/MightyCombine.modulemap /Users/admin/builder/spi-builder-workspace/.derivedData/Build/Intermediates.noindex/GeneratedModuleMaps-xros
SwiftDriver MightySwift normal arm64 com.apple.xcode.tools.swift.compiler (in target 'MightySwift' from project 'MightyCombine')
cd /Users/admin/builder/spi-builder-workspace/.swiftpm/xcode
builtin-SwiftDriver -- /Applications/Xcode-27.0.0-Release.Candidate.app/Contents/Developer/Toolchains/XcodeDefault.xctoolchain/usr/bin/swiftc -parse-as-library -module-name MightySwift -Onone @/Users/admin/builder/spi-builder-workspace/.derivedData/Build/Intermediates.noindex/MightyCombine.build/Debug-xros/MightySwift-t.build/Objects-normal/arm64/MightySwift.SwiftFileList -DSWIFT_PACKAGE -DDEBUG -DSWIFT_MODULE_RESOURCE_BUNDLE_UNAVAILABLE -DXcode -plugin-path /Applications/Xcode-27.0.0-Release.Candidate.app/Contents/Developer/Toolchains/XcodeDefault.xctoolchain/usr/lib/swift/host/plugins/testing -enable-experimental-feature DebugDescriptionMacro -sdk /Applications/Xcode-27.0.0-Release.Candidate.app/Contents/Developer/Platforms/XROS.platform/Developer/SDKs/XROS27.0.sdk -target arm64-apple-xros1.0 -g -module-cache-path /Users/admin/builder/spi-builder-workspace/.derivedData/ModuleCache.noindex -Xfrontend -serialize-debugging-options -profile-coverage-mapping -profile-generate -enable-testing -suppress-warnings -index-store-path /Users/admin/builder/spi-builder-workspace/.derivedData/Index.noindex/DataStore -Xcc -D_LIBCPP_HARDENING_MODE\=_LIBCPP_HARDENING_MODE_DEBUG -swift-version 5 -I /Users/admin/builder/spi-builder-workspace/.derivedData/Build/Products/Debug-xros -Isystem /Applications/Xcode-27.0.0-Release.Candidate.app/Contents/Developer/Platforms/XROS.platform/Developer/usr/lib -F /Users/admin/builder/spi-builder-workspace/.derivedData/Build/Products/Debug-xros -F /Applications/Xcode-27.0.0-Release.Candidate.app/Contents/Developer/Platforms/XROS.platform/Developer/Library/Frameworks -F /Applications/Xcode-27.0.0-Release.Candidate.app/Contents/Developer/Platforms/XROS.platform/Developer/SDKs/XROS27.0.sdk/Developer/Library/Frameworks -c -j10 -enable-batch-mode -incremental -Xcc -ivfsstatcache -Xcc /Users/admin/builder/spi-builder-workspace/.derivedData/SDKStatCaches.noindex/xros27.0-24M361-e829b21a6f8c9b70876ba0858053c044735bd543db762f57723cac368afd1ce4.sdkstatcache -output-file-map /Users/admin/builder/spi-builder-workspace/.derivedData/Build/Intermediates.noindex/MightyCombine.build/Debug-xros/MightySwift-t.build/Objects-normal/arm64/MightySwift-OutputFileMap.json -save-temps -no-color-diagnostics -explicit-module-build -module-cache-path /Users/admin/builder/spi-builder-workspace/.derivedData/Build/Intermediates.noindex/SwiftExplicitPrecompiledModules -clang-scanner-module-cache-path /Users/admin/builder/spi-builder-workspace/.derivedData/ModuleCache.noindex -sdk-module-cache-path /Users/admin/builder/spi-builder-workspace/.derivedData/SDKExplicitPrecompiledModules -emit-dependencies -emit-module -emit-module-path /Users/admin/builder/spi-builder-workspace/.derivedData/Build/Intermediates.noindex/MightyCombine.build/Debug-xros/MightySwift-t.build/Objects-normal/arm64/MightySwift.swiftmodule -serialize-diagnostics -dependency-scan-serialize-diagnostics-path /Users/admin/builder/spi-builder-workspace/.derivedData/Build/Intermediates.noindex/MightyCombine.build/Debug-xros/MightySwift-t.build/Objects-normal/arm64/MightySwift-dependency-scan.dia -validate-clang-modules-once -clang-build-session-file /Users/admin/builder/spi-builder-workspace/.derivedData/ModuleCache.noindex/Session.modulevalidation -Xcc -fmodules-prune-interval\=86400 -Xcc -fmodules-prune-after\=345600 -emit-const-values -const-gather-protocols-list /Users/admin/builder/spi-builder-workspace/.derivedData/Build/Intermediates.noindex/MightyCombine.build/Debug-xros/MightySwift-t.build/Objects-normal/arm64/MightySwift_const_extract_protocols.json -Xcc -I/Users/admin/builder/spi-builder-workspace/.derivedData/Build/Products/Debug-xros/include -Xcc -I/Users/admin/builder/spi-builder-workspace/.derivedData/Build/Intermediates.noindex/MightyCombine.build/Debug-xros/MightySwift-t.build/DerivedSources-normal/arm64 -Xcc -I/Users/admin/builder/spi-builder-workspace/.derivedData/Build/Intermediates.noindex/MightyCombine.build/Debug-xros/MightySwift-t.build/DerivedSources/arm64 -Xcc -I/Users/admin/builder/spi-builder-workspace/.derivedData/Build/Intermediates.noindex/MightyCombine.build/Debug-xros/MightySwift-t.build/DerivedSources -Xcc -DSWIFT_PACKAGE -Xcc -DDEBUG\=1 -emit-objc-header -emit-objc-header-path /Users/admin/builder/spi-builder-workspace/.derivedData/Build/Intermediates.noindex/MightyCombine.build/Debug-xros/MightySwift-t.build/Objects-normal/arm64/MightySwift-Swift.h -working-directory /Users/admin/builder/spi-builder-workspace/.swiftpm/xcode -experimental-emit-module-separately -disable-cmo
SwiftExplicitDependencyGeneratePcm arm64 /Users/admin/builder/spi-builder-workspace/.derivedData/SDKExplicitPrecompiledModules/_AvailabilityInternal-1Q8IQP6M38UWSGZ95UCEY2M44.pcm
SwiftExplicitDependencyGeneratePcm arm64 /Users/admin/builder/spi-builder-workspace/.derivedData/SDKExplicitPrecompiledModules/_Builtin_stdarg-CDA349K2K4US766844K8E0PVA.pcm
SwiftExplicitDependencyGeneratePcm arm64 /Users/admin/builder/spi-builder-workspace/.derivedData/SDKExplicitPrecompiledModules/SwiftShims-CI4H5RO9IYFFWQ2COB512Q2S9.pcm
SwiftExplicitDependencyGeneratePcm arm64 /Users/admin/builder/spi-builder-workspace/.derivedData/SDKExplicitPrecompiledModules/_Builtin_stddef-5NQ9Z1GV07GBSRQGAQCGXGVRI.pcm
SwiftExplicitDependencyGeneratePcm arm64 /Users/admin/builder/spi-builder-workspace/.derivedData/SDKExplicitPrecompiledModules/_SwiftConcurrencyShims-C8XHKSHX96D5YYALNM4W70Z0O.pcm
SwiftExplicitDependencyGeneratePcm arm64 /Users/admin/builder/spi-builder-workspace/.derivedData/SDKExplicitPrecompiledModules/_Builtin_float-6WKHNW5S40U2QGHXXGETUDIRA.pcm
SwiftExplicitDependencyGeneratePcm arm64 /Users/admin/builder/spi-builder-workspace/.derivedData/SDKExplicitPrecompiledModules/ptrcheck-BXA97MNLI4BB0HF5I8MJE403D.pcm
SwiftExplicitDependencyGeneratePcm arm64 /Users/admin/builder/spi-builder-workspace/.derivedData/SDKExplicitPrecompiledModules/ptrauth-1WBA714DZSVUL5JQDJ08CLKZ.pcm
SwiftExplicitDependencyGeneratePcm arm64 /Users/admin/builder/spi-builder-workspace/.derivedData/SDKExplicitPrecompiledModules/_Builtin_stdbool-5BU2ADS7JXQMYENKQHW9X8XOU.pcm
SwiftExplicitDependencyGeneratePcm arm64 /Users/admin/builder/spi-builder-workspace/.derivedData/SDKExplicitPrecompiledModules/_DarwinFoundation1-5RGRVV2TZ6WC4WZW5IXF8NQ04.pcm
SwiftExplicitDependencyGeneratePcm arm64 /Users/admin/builder/spi-builder-workspace/.derivedData/SDKExplicitPrecompiledModules/_Builtin_limits-425JDMN5HPM3D0UEI8LEHP6NM.pcm
SwiftExplicitDependencyGeneratePcm arm64 /Users/admin/builder/spi-builder-workspace/.derivedData/SDKExplicitPrecompiledModules/_DarwinFoundation2-ENTECK156YEWITZRRBTOCE4KR.pcm
SwiftExplicitDependencyGeneratePcm arm64 /Users/admin/builder/spi-builder-workspace/.derivedData/SDKExplicitPrecompiledModules/_Builtin_stdint-8OR6T47OOYJA90ZBO3N1USDE.pcm
SwiftExplicitDependencyGeneratePcm arm64 /Users/admin/builder/spi-builder-workspace/.derivedData/SDKExplicitPrecompiledModules/string_h-2GT67HHHHK5CF1V1S31LH0PU2.pcm
SwiftExplicitDependencyGeneratePcm arm64 /Users/admin/builder/spi-builder-workspace/.derivedData/SDKExplicitPrecompiledModules/sys_types-AYM0BHR77VKMWZCO2T0XGV2HF.pcm
SwiftExplicitDependencyGeneratePcm arm64 /Users/admin/builder/spi-builder-workspace/.derivedData/SDKExplicitPrecompiledModules/_DarwinFoundation3-9ZHN6JKBS40BBA81RQMV8H0IC.pcm
SwiftExplicitDependencyGeneratePcm arm64 /Users/admin/builder/spi-builder-workspace/.derivedData/SDKExplicitPrecompiledModules/_Builtin_inttypes-11B64KJD36B3YOHBR1BBXBJY8.pcm
SwiftExplicitDependencyGeneratePcm arm64 /Users/admin/builder/spi-builder-workspace/.derivedData/SDKExplicitPrecompiledModules/Darwin-60P5LVNQO3ESRRM5DCJ05PFNK.pcm
SwiftExplicitDependencyGeneratePcm arm64 /Users/admin/builder/spi-builder-workspace/.derivedData/SDKExplicitPrecompiledModules/ObjectiveC-26TIBFYCEJZVP216ZZAU1X8KN.pcm
SwiftExplicitDependencyGeneratePcm arm64 /Users/admin/builder/spi-builder-workspace/.derivedData/SDKExplicitPrecompiledModules/os_object-692CJ8BG6RE5H04487EJJOVXW.pcm
SwiftExplicitDependencyGeneratePcm arm64 /Users/admin/builder/spi-builder-workspace/.derivedData/SDKExplicitPrecompiledModules/os_workgroup-4U1VXMWIZD80E7PRUQF2G7P9X.pcm
SwiftExplicitDependencyGeneratePcm arm64 /Users/admin/builder/spi-builder-workspace/.derivedData/SDKExplicitPrecompiledModules/Dispatch-CLT3466HKC22GCKAWSCNG0H7T.pcm
SwiftExplicitDependencyGeneratePcm arm64 /Users/admin/builder/spi-builder-workspace/.derivedData/SDKExplicitPrecompiledModules/XPC-EP5EU7FNGP4VOA3EDM18P1KHO.pcm
SwiftExplicitDependencyGeneratePcm arm64 /Users/admin/builder/spi-builder-workspace/.derivedData/SDKExplicitPrecompiledModules/CoreFoundation-AVLTZVCXBU2TO75JCN4AGU8XJ.pcm
SwiftExplicitDependencyGeneratePcm arm64 /Users/admin/builder/spi-builder-workspace/.derivedData/SDKExplicitPrecompiledModules/Security-8TH2M8WJIQMET4SADWX0N8372.pcm
SwiftExplicitDependencyGeneratePcm arm64 /Users/admin/builder/spi-builder-workspace/.derivedData/SDKExplicitPrecompiledModules/CFNetwork-5MI70N1VLDQSWTX4COWLMSIRO.pcm
SwiftExplicitDependencyGeneratePcm arm64 /Users/admin/builder/spi-builder-workspace/.derivedData/SDKExplicitPrecompiledModules/Foundation-8GON1KVEKRN3NOQI8RETBRWJP.pcm
SwiftEmitModule normal arm64 Emitting\ module\ for\ MightySwift (in target 'MightySwift' from project 'MightyCombine')
SwiftCompile normal arm64 (in target 'MightySwift' from project 'MightyCombine')
cd /Users/admin/builder/spi-builder-workspace/.swiftpm/xcode
SwiftCompile normal arm64 Compiling\ SelfReturnable.swift /Users/admin/builder/spi-builder-workspace/.dependencies/checkouts/MightyCombine/Sources/MightySwift/SelfReturnable.swift (in target 'MightySwift' from project 'MightyCombine')
SwiftCompile normal arm64 /Users/admin/builder/spi-builder-workspace/.dependencies/checkouts/MightyCombine/Sources/MightySwift/SelfReturnable.swift (in target 'MightySwift' from project 'MightyCombine')
cd /Users/admin/builder/spi-builder-workspace/.swiftpm/xcode
builtin-SwiftPerFileCompile SelfReturnable.swift
SwiftCompile normal arm64 Compiling\ Array+.swift /Users/admin/builder/spi-builder-workspace/.dependencies/checkouts/MightyCombine/Sources/MightySwift/Extensions/Array+.swift (in target 'MightySwift' from project 'MightyCombine')
SwiftCompile normal arm64 /Users/admin/builder/spi-builder-workspace/.dependencies/checkouts/MightyCombine/Sources/MightySwift/Extensions/Array+.swift (in target 'MightySwift' from project 'MightyCombine')
cd /Users/admin/builder/spi-builder-workspace/.swiftpm/xcode
builtin-SwiftPerFileCompile Array+.swift
SwiftCompile normal arm64 Compiling\ URLRequest+.swift /Users/admin/builder/spi-builder-workspace/.dependencies/checkouts/MightyCombine/Sources/MightySwift/Extensions/URLRequest+.swift (in target 'MightySwift' from project 'MightyCombine')
SwiftCompile normal arm64 /Users/admin/builder/spi-builder-workspace/.dependencies/checkouts/MightyCombine/Sources/MightySwift/Extensions/URLRequest+.swift (in target 'MightySwift' from project 'MightyCombine')
cd /Users/admin/builder/spi-builder-workspace/.swiftpm/xcode
builtin-SwiftPerFileCompile URLRequest+.swift
SwiftCompile normal arm64 Compiling\ HttpMethods.swift /Users/admin/builder/spi-builder-workspace/.dependencies/checkouts/MightyCombine/Sources/MightySwift/Enums/HttpMethods.swift (in target 'MightySwift' from project 'MightyCombine')
SwiftCompile normal arm64 /Users/admin/builder/spi-builder-workspace/.dependencies/checkouts/MightyCombine/Sources/MightySwift/Enums/HttpMethods.swift (in target 'MightySwift' from project 'MightyCombine')
cd /Users/admin/builder/spi-builder-workspace/.swiftpm/xcode
builtin-SwiftPerFileCompile HttpMethods.swift
SwiftCompile normal arm64 Compiling\ Optional+.swift /Users/admin/builder/spi-builder-workspace/.dependencies/checkouts/MightyCombine/Sources/MightySwift/Extensions/Optional+.swift (in target 'MightySwift' from project 'MightyCombine')
SwiftCompile normal arm64 /Users/admin/builder/spi-builder-workspace/.dependencies/checkouts/MightyCombine/Sources/MightySwift/Extensions/Optional+.swift (in target 'MightySwift' from project 'MightyCombine')
cd /Users/admin/builder/spi-builder-workspace/.swiftpm/xcode
builtin-SwiftPerFileCompile Optional+.swift
SwiftDriverJobDiscovery normal arm64 Emitting module for MightySwift (in target 'MightySwift' from project 'MightyCombine')
SwiftDriver\ Compilation\ Requirements MightySwift normal arm64 com.apple.xcode.tools.swift.compiler (in target 'MightySwift' from project 'MightyCombine')
cd /Users/admin/builder/spi-builder-workspace/.swiftpm/xcode
builtin-Swift-Compilation-Requirements -- /Applications/Xcode-27.0.0-Release.Candidate.app/Contents/Developer/Toolchains/XcodeDefault.xctoolchain/usr/bin/swiftc -parse-as-library -module-name MightySwift -Onone @/Users/admin/builder/spi-builder-workspace/.derivedData/Build/Intermediates.noindex/MightyCombine.build/Debug-xros/MightySwift-t.build/Objects-normal/arm64/MightySwift.SwiftFileList -DSWIFT_PACKAGE -DDEBUG -DSWIFT_MODULE_RESOURCE_BUNDLE_UNAVAILABLE -DXcode -plugin-path /Applications/Xcode-27.0.0-Release.Candidate.app/Contents/Developer/Toolchains/XcodeDefault.xctoolchain/usr/lib/swift/host/plugins/testing -enable-experimental-feature DebugDescriptionMacro -sdk /Applications/Xcode-27.0.0-Release.Candidate.app/Contents/Developer/Platforms/XROS.platform/Developer/SDKs/XROS27.0.sdk -target arm64-apple-xros1.0 -g -module-cache-path /Users/admin/builder/spi-builder-workspace/.derivedData/ModuleCache.noindex -Xfrontend -serialize-debugging-options -profile-coverage-mapping -profile-generate -enable-testing -suppress-warnings -index-store-path /Users/admin/builder/spi-builder-workspace/.derivedData/Index.noindex/DataStore -Xcc -D_LIBCPP_HARDENING_MODE\=_LIBCPP_HARDENING_MODE_DEBUG -swift-version 5 -I /Users/admin/builder/spi-builder-workspace/.derivedData/Build/Products/Debug-xros -Isystem /Applications/Xcode-27.0.0-Release.Candidate.app/Contents/Developer/Platforms/XROS.platform/Developer/usr/lib -F /Users/admin/builder/spi-builder-workspace/.derivedData/Build/Products/Debug-xros -F /Applications/Xcode-27.0.0-Release.Candidate.app/Contents/Developer/Platforms/XROS.platform/Developer/Library/Frameworks -F /Applications/Xcode-27.0.0-Release.Candidate.app/Contents/Developer/Platforms/XROS.platform/Developer/SDKs/XROS27.0.sdk/Developer/Library/Frameworks -c -j10 -enable-batch-mode -incremental -Xcc -ivfsstatcache -Xcc /Users/admin/builder/spi-builder-workspace/.derivedData/SDKStatCaches.noindex/xros27.0-24M361-e829b21a6f8c9b70876ba0858053c044735bd543db762f57723cac368afd1ce4.sdkstatcache -output-file-map /Users/admin/builder/spi-builder-workspace/.derivedData/Build/Intermediates.noindex/MightyCombine.build/Debug-xros/MightySwift-t.build/Objects-normal/arm64/MightySwift-OutputFileMap.json -save-temps -no-color-diagnostics -explicit-module-build -module-cache-path /Users/admin/builder/spi-builder-workspace/.derivedData/Build/Intermediates.noindex/SwiftExplicitPrecompiledModules -clang-scanner-module-cache-path /Users/admin/builder/spi-builder-workspace/.derivedData/ModuleCache.noindex -sdk-module-cache-path /Users/admin/builder/spi-builder-workspace/.derivedData/SDKExplicitPrecompiledModules -emit-dependencies -emit-module -emit-module-path /Users/admin/builder/spi-builder-workspace/.derivedData/Build/Intermediates.noindex/MightyCombine.build/Debug-xros/MightySwift-t.build/Objects-normal/arm64/MightySwift.swiftmodule -serialize-diagnostics -dependency-scan-serialize-diagnostics-path /Users/admin/builder/spi-builder-workspace/.derivedData/Build/Intermediates.noindex/MightyCombine.build/Debug-xros/MightySwift-t.build/Objects-normal/arm64/MightySwift-dependency-scan.dia -validate-clang-modules-once -clang-build-session-file /Users/admin/builder/spi-builder-workspace/.derivedData/ModuleCache.noindex/Session.modulevalidation -Xcc -fmodules-prune-interval\=86400 -Xcc -fmodules-prune-after\=345600 -emit-const-values -const-gather-protocols-list /Users/admin/builder/spi-builder-workspace/.derivedData/Build/Intermediates.noindex/MightyCombine.build/Debug-xros/MightySwift-t.build/Objects-normal/arm64/MightySwift_const_extract_protocols.json -Xcc -I/Users/admin/builder/spi-builder-workspace/.derivedData/Build/Products/Debug-xros/include -Xcc -I/Users/admin/builder/spi-builder-workspace/.derivedData/Build/Intermediates.noindex/MightyCombine.build/Debug-xros/MightySwift-t.build/DerivedSources-normal/arm64 -Xcc -I/Users/admin/builder/spi-builder-workspace/.derivedData/Build/Intermediates.noindex/MightyCombine.build/Debug-xros/MightySwift-t.build/DerivedSources/arm64 -Xcc -I/Users/admin/builder/spi-builder-workspace/.derivedData/Build/Intermediates.noindex/MightyCombine.build/Debug-xros/MightySwift-t.build/DerivedSources -Xcc -DSWIFT_PACKAGE -Xcc -DDEBUG\=1 -emit-objc-header -emit-objc-header-path /Users/admin/builder/spi-builder-workspace/.derivedData/Build/Intermediates.noindex/MightyCombine.build/Debug-xros/MightySwift-t.build/Objects-normal/arm64/MightySwift-Swift.h -working-directory /Users/admin/builder/spi-builder-workspace/.swiftpm/xcode -experimental-emit-module-separately -disable-cmo
SwiftMergeGeneratedHeaders /Users/admin/builder/spi-builder-workspace/.derivedData/Build/Intermediates.noindex/GeneratedModuleMaps-xros/MightySwift-Swift.h /Users/admin/builder/spi-builder-workspace/.derivedData/Build/Intermediates.noindex/MightyCombine.build/Debug-xros/MightySwift-t.build/Objects-normal/arm64/MightySwift-Swift.h (in target 'MightySwift' from project 'MightyCombine')
cd /Users/admin/builder/spi-builder-workspace/.dependencies/checkouts/MightyCombine
builtin-swiftHeaderTool -arch arm64 /Users/admin/builder/spi-builder-workspace/.derivedData/Build/Intermediates.noindex/MightyCombine.build/Debug-xros/MightySwift-t.build/Objects-normal/arm64/MightySwift-Swift.h -o /Users/admin/builder/spi-builder-workspace/.derivedData/Build/Intermediates.noindex/GeneratedModuleMaps-xros/MightySwift-Swift.h
Copy /Users/admin/builder/spi-builder-workspace/.derivedData/Build/Products/Debug-xros/MightySwift.swiftmodule/arm64-apple-xros.swiftmodule /Users/admin/builder/spi-builder-workspace/.derivedData/Build/Intermediates.noindex/MightyCombine.build/Debug-xros/MightySwift-t.build/Objects-normal/arm64/MightySwift.swiftmodule (in target 'MightySwift' from project 'MightyCombine')
cd /Users/admin/builder/spi-builder-workspace/.dependencies/checkouts/MightyCombine
builtin-copy -exclude .DS_Store -exclude CVS -exclude .svn -exclude .git -exclude .hg -resolve-src-symlinks -rename /Users/admin/builder/spi-builder-workspace/.derivedData/Build/Intermediates.noindex/MightyCombine.build/Debug-xros/MightySwift-t.build/Objects-normal/arm64/MightySwift.swiftmodule /Users/admin/builder/spi-builder-workspace/.derivedData/Build/Products/Debug-xros/MightySwift.swiftmodule/arm64-apple-xros.swiftmodule
Copy /Users/admin/builder/spi-builder-workspace/.derivedData/Build/Products/Debug-xros/MightySwift.swiftmodule/arm64-apple-xros.abi.json /Users/admin/builder/spi-builder-workspace/.derivedData/Build/Intermediates.noindex/MightyCombine.build/Debug-xros/MightySwift-t.build/Objects-normal/arm64/MightySwift.abi.json (in target 'MightySwift' from project 'MightyCombine')
cd /Users/admin/builder/spi-builder-workspace/.dependencies/checkouts/MightyCombine
builtin-copy -exclude .DS_Store -exclude CVS -exclude .svn -exclude .git -exclude .hg -resolve-src-symlinks -rename /Users/admin/builder/spi-builder-workspace/.derivedData/Build/Intermediates.noindex/MightyCombine.build/Debug-xros/MightySwift-t.build/Objects-normal/arm64/MightySwift.abi.json /Users/admin/builder/spi-builder-workspace/.derivedData/Build/Products/Debug-xros/MightySwift.swiftmodule/arm64-apple-xros.abi.json
Copy /Users/admin/builder/spi-builder-workspace/.derivedData/Build/Products/Debug-xros/MightySwift.swiftmodule/arm64-apple-xros.swiftdoc /Users/admin/builder/spi-builder-workspace/.derivedData/Build/Intermediates.noindex/MightyCombine.build/Debug-xros/MightySwift-t.build/Objects-normal/arm64/MightySwift.swiftdoc (in target 'MightySwift' from project 'MightyCombine')
cd /Users/admin/builder/spi-builder-workspace/.dependencies/checkouts/MightyCombine
builtin-copy -exclude .DS_Store -exclude CVS -exclude .svn -exclude .git -exclude .hg -resolve-src-symlinks -rename /Users/admin/builder/spi-builder-workspace/.derivedData/Build/Intermediates.noindex/MightyCombine.build/Debug-xros/MightySwift-t.build/Objects-normal/arm64/MightySwift.swiftdoc /Users/admin/builder/spi-builder-workspace/.derivedData/Build/Products/Debug-xros/MightySwift.swiftmodule/arm64-apple-xros.swiftdoc
Copy /Users/admin/builder/spi-builder-workspace/.derivedData/Build/Products/Debug-xros/MightySwift.swiftmodule/Project/arm64-apple-xros.swiftsourceinfo /Users/admin/builder/spi-builder-workspace/.derivedData/Build/Intermediates.noindex/MightyCombine.build/Debug-xros/MightySwift-t.build/Objects-normal/arm64/MightySwift.swiftsourceinfo (in target 'MightySwift' from project 'MightyCombine')
cd /Users/admin/builder/spi-builder-workspace/.dependencies/checkouts/MightyCombine
builtin-copy -exclude .DS_Store -exclude CVS -exclude .svn -exclude .git -exclude .hg -resolve-src-symlinks -rename /Users/admin/builder/spi-builder-workspace/.derivedData/Build/Intermediates.noindex/MightyCombine.build/Debug-xros/MightySwift-t.build/Objects-normal/arm64/MightySwift.swiftsourceinfo /Users/admin/builder/spi-builder-workspace/.derivedData/Build/Products/Debug-xros/MightySwift.swiftmodule/Project/arm64-apple-xros.swiftsourceinfo
SwiftDriver MightyCombine normal arm64 com.apple.xcode.tools.swift.compiler (in target 'MightyCombine' from project 'MightyCombine')
cd /Users/admin/builder/spi-builder-workspace/.swiftpm/xcode
builtin-SwiftDriver -- /Applications/Xcode-27.0.0-Release.Candidate.app/Contents/Developer/Toolchains/XcodeDefault.xctoolchain/usr/bin/swiftc -parse-as-library -module-name MightyCombine -Onone @/Users/admin/builder/spi-builder-workspace/.derivedData/Build/Intermediates.noindex/MightyCombine.build/Debug-xros/MightyCombine-t.build/Objects-normal/arm64/MightyCombine.SwiftFileList -DSWIFT_PACKAGE -DDEBUG -DSWIFT_MODULE_RESOURCE_BUNDLE_UNAVAILABLE -DXcode -plugin-path /Applications/Xcode-27.0.0-Release.Candidate.app/Contents/Developer/Toolchains/XcodeDefault.xctoolchain/usr/lib/swift/host/plugins/testing -enable-experimental-feature DebugDescriptionMacro -sdk /Applications/Xcode-27.0.0-Release.Candidate.app/Contents/Developer/Platforms/XROS.platform/Developer/SDKs/XROS27.0.sdk -target arm64-apple-xros1.0 -g -module-cache-path /Users/admin/builder/spi-builder-workspace/.derivedData/ModuleCache.noindex -Xfrontend -serialize-debugging-options -profile-coverage-mapping -profile-generate -enable-testing -suppress-warnings -index-store-path /Users/admin/builder/spi-builder-workspace/.derivedData/Index.noindex/DataStore -Xcc -D_LIBCPP_HARDENING_MODE\=_LIBCPP_HARDENING_MODE_DEBUG -swift-version 5 -I /Users/admin/builder/spi-builder-workspace/.derivedData/Build/Products/Debug-xros -Isystem /Applications/Xcode-27.0.0-Release.Candidate.app/Contents/Developer/Platforms/XROS.platform/Developer/usr/lib -F /Users/admin/builder/spi-builder-workspace/.derivedData/Build/Products/Debug-xros/PackageFrameworks -F /Users/admin/builder/spi-builder-workspace/.derivedData/Build/Products/Debug-xros -F /Applications/Xcode-27.0.0-Release.Candidate.app/Contents/Developer/Platforms/XROS.platform/Developer/Library/Frameworks -F /Applications/Xcode-27.0.0-Release.Candidate.app/Contents/Developer/Platforms/XROS.platform/Developer/SDKs/XROS27.0.sdk/Developer/Library/Frameworks -c -j10 -enable-batch-mode -incremental -Xcc -ivfsstatcache -Xcc /Users/admin/builder/spi-builder-workspace/.derivedData/SDKStatCaches.noindex/xros27.0-24M361-e829b21a6f8c9b70876ba0858053c044735bd543db762f57723cac368afd1ce4.sdkstatcache -output-file-map /Users/admin/builder/spi-builder-workspace/.derivedData/Build/Intermediates.noindex/MightyCombine.build/Debug-xros/MightyCombine-t.build/Objects-normal/arm64/MightyCombine-OutputFileMap.json -save-temps -no-color-diagnostics -explicit-module-build -module-cache-path /Users/admin/builder/spi-builder-workspace/.derivedData/Build/Intermediates.noindex/SwiftExplicitPrecompiledModules -clang-scanner-module-cache-path /Users/admin/builder/spi-builder-workspace/.derivedData/ModuleCache.noindex -sdk-module-cache-path /Users/admin/builder/spi-builder-workspace/.derivedData/SDKExplicitPrecompiledModules -emit-dependencies -emit-module -emit-module-path /Users/admin/builder/spi-builder-workspace/.derivedData/Build/Intermediates.noindex/MightyCombine.build/Debug-xros/MightyCombine-t.build/Objects-normal/arm64/MightyCombine.swiftmodule -serialize-diagnostics -dependency-scan-serialize-diagnostics-path /Users/admin/builder/spi-builder-workspace/.derivedData/Build/Intermediates.noindex/MightyCombine.build/Debug-xros/MightyCombine-t.build/Objects-normal/arm64/MightyCombine-dependency-scan.dia -validate-clang-modules-once -clang-build-session-file /Users/admin/builder/spi-builder-workspace/.derivedData/ModuleCache.noindex/Session.modulevalidation -Xcc -fmodules-prune-interval\=86400 -Xcc -fmodules-prune-after\=345600 -emit-const-values -const-gather-protocols-list /Users/admin/builder/spi-builder-workspace/.derivedData/Build/Intermediates.noindex/MightyCombine.build/Debug-xros/MightyCombine-t.build/Objects-normal/arm64/MightyCombine_const_extract_protocols.json -Xcc -I/Users/admin/builder/spi-builder-workspace/.derivedData/Build/Products/Debug-xros/include -Xcc -I/Users/admin/builder/spi-builder-workspace/.derivedData/Build/Intermediates.noindex/MightyCombine.build/Debug-xros/MightyCombine-t.build/DerivedSources-normal/arm64 -Xcc -I/Users/admin/builder/spi-builder-workspace/.derivedData/Build/Intermediates.noindex/MightyCombine.build/Debug-xros/MightyCombine-t.build/DerivedSources/arm64 -Xcc -I/Users/admin/builder/spi-builder-workspace/.derivedData/Build/Intermediates.noindex/MightyCombine.build/Debug-xros/MightyCombine-t.build/DerivedSources -Xcc -DSWIFT_PACKAGE -Xcc -DDEBUG\=1 -emit-objc-header -emit-objc-header-path /Users/admin/builder/spi-builder-workspace/.derivedData/Build/Intermediates.noindex/MightyCombine.build/Debug-xros/MightyCombine-t.build/Objects-normal/arm64/MightyCombine-Swift.h -working-directory /Users/admin/builder/spi-builder-workspace/.swiftpm/xcode -experimental-emit-module-separately -disable-cmo
SwiftExplicitDependencyGeneratePcm arm64 /Users/admin/builder/spi-builder-workspace/.derivedData/SDKExplicitPrecompiledModules/MachO-3XTHY7HWV6RF3KXKYQVHUBUXK.pcm
SwiftExplicitDependencyGeneratePcm arm64 /Users/admin/builder/spi-builder-workspace/.derivedData/SDKExplicitPrecompiledModules/IOSurface-5FE9U89GVFF9A7X7AGO2R8ENI.pcm
SwiftExplicitDependencyGeneratePcm arm64 /Users/admin/builder/spi-builder-workspace/.derivedData/SDKExplicitPrecompiledModules/_LocationEssentials-8GQGFVARUE99D8VJX3TINY0VP.pcm
SwiftExplicitDependencyGeneratePcm arm64 /Users/admin/builder/spi-builder-workspace/.derivedData/SDKExplicitPrecompiledModules/_Builtin_intrinsics-BC5IJI3YI34RQ61ZNVDRDZ6RN.pcm
SwiftExplicitDependencyGeneratePcm arm64 /Users/admin/builder/spi-builder-workspace/.derivedData/SDKExplicitPrecompiledModules/CoreGraphics-BFUJ177R223UT2ZI327ZTZY91.pcm
SwiftExplicitDependencyGeneratePcm arm64 /Users/admin/builder/spi-builder-workspace/.derivedData/SDKExplicitPrecompiledModules/CoreTransferable-8TBYAKHCX6UC8QQSS7BD8GQK5.pcm
SwiftExplicitDependencyGeneratePcm arm64 /Users/admin/builder/spi-builder-workspace/.derivedData/SDKExplicitPrecompiledModules/CoreLocation-1SN37095DAPVJ068LLP9TBDQX.pcm
SwiftExplicitDependencyGeneratePcm arm64 /Users/admin/builder/spi-builder-workspace/.derivedData/SDKExplicitPrecompiledModules/Metal-EKNUM9P3PRIBHZK1ZBD6BA2T7.pcm
SwiftExplicitDependencyGeneratePcm arm64 /Users/admin/builder/spi-builder-workspace/.derivedData/SDKExplicitPrecompiledModules/_Builtin_stdatomic-1VUZPM79PNCAHXVBERD53WRSF.pcm
SwiftExplicitDependencyGeneratePcm arm64 /Users/admin/builder/spi-builder-workspace/.derivedData/SDKExplicitPrecompiledModules/CoreText-6F9TY5TEPCCZ1K2KYM4GMEGHD.pcm
SwiftExplicitDependencyGeneratePcm arm64 /Users/admin/builder/spi-builder-workspace/.derivedData/SDKExplicitPrecompiledModules/FileProvider-C9I28SI56F2SEVH1BCWTKGODO.pcm
SwiftExplicitDependencyGeneratePcm arm64 /Users/admin/builder/spi-builder-workspace/.derivedData/SDKExplicitPrecompiledModules/CoreMotion-10LV922UPGE28QX2SOIO7ALIZ.pcm
SwiftExplicitDependencyGeneratePcm arm64 /Users/admin/builder/spi-builder-workspace/.derivedData/SDKExplicitPrecompiledModules/Accessibility-1DR4J4YDVDGAYQTZ0FKZ1PU09.pcm
SwiftExplicitDependencyGeneratePcm arm64 /Users/admin/builder/spi-builder-workspace/.derivedData/SDKExplicitPrecompiledModules/OpenGLES-56BKSYXNVAP91BYZRWAKQZKGI.pcm
SwiftExplicitDependencyGeneratePcm arm64 /Users/admin/builder/spi-builder-workspace/.derivedData/SDKExplicitPrecompiledModules/_Builtin_tgmath-BPYSMHWI520EQRL2HW519ZY7Z.pcm
SwiftExplicitDependencyGeneratePcm arm64 /Users/admin/builder/spi-builder-workspace/.derivedData/SDKExplicitPrecompiledModules/UserNotifications-8IIV1V1FPNAPA4LY1Y23LOM2N.pcm
SwiftExplicitDependencyGeneratePcm arm64 /Users/admin/builder/spi-builder-workspace/.derivedData/SDKExplicitPrecompiledModules/Symbols-8G2XC01RPQ5HYIZE6JNUT864I.pcm
SwiftExplicitDependencyGeneratePcm arm64 /Users/admin/builder/spi-builder-workspace/.derivedData/SDKExplicitPrecompiledModules/DataDetection-BANTQ3WXXGKZJYC0LLB3MD9K0.pcm
SwiftExplicitDependencyGeneratePcm arm64 /Users/admin/builder/spi-builder-workspace/.derivedData/SDKExplicitPrecompiledModules/UIUtilities-AOVGLUWEAN6CG2UZFNESGSP6C.pcm
SwiftExplicitDependencyGeneratePcm arm64 /Users/admin/builder/spi-builder-workspace/.derivedData/SDKExplicitPrecompiledModules/simd-9XXAB17Y6E4BBPQADD61NZ23.pcm
SwiftExplicitDependencyGeneratePcm arm64 /Users/admin/builder/spi-builder-workspace/.derivedData/SDKExplicitPrecompiledModules/CoreVideo-E12HJSJSLO0YKWYBES11UKJ02.pcm
SwiftExplicitDependencyGeneratePcm arm64 /Users/admin/builder/spi-builder-workspace/.derivedData/SDKExplicitPrecompiledModules/os-1004XEJ3IXOOAU0KL58SM3D0K.pcm
SwiftExplicitDependencyGeneratePcm arm64 /Users/admin/builder/spi-builder-workspace/.derivedData/SDKExplicitPrecompiledModules/ImageIO-5CC6COR9KJYI1UBL7CSHLU2OG.pcm
SwiftExplicitDependencyGeneratePcm arm64 /Users/admin/builder/spi-builder-workspace/.derivedData/SDKExplicitPrecompiledModules/DeveloperToolsSupport-46GOQP8J1QTHLYQSJW81T8UZ3.pcm
SwiftExplicitDependencyGeneratePcm arm64 /Users/admin/builder/spi-builder-workspace/.derivedData/SDKExplicitPrecompiledModules/UniformTypeIdentifiers-E5KMWDZEKS4QW9RO1KBRDEXV6.pcm
SwiftExplicitDependencyGeneratePcm arm64 /Users/admin/builder/spi-builder-workspace/.derivedData/SDKExplicitPrecompiledModules/OSLog-BNGT87TS0GMBFF7TY70HHB69.pcm
SwiftExplicitDependencyGeneratePcm arm64 /Users/admin/builder/spi-builder-workspace/.derivedData/SDKExplicitPrecompiledModules/QuartzCore-12T8WVKUNCL1N7VXH87MM4YOB.pcm
SwiftExplicitDependencyGeneratePcm arm64 /Users/admin/builder/spi-builder-workspace/.derivedData/SDKExplicitPrecompiledModules/CoreImage-8WF1P230U10QM666EQMNV7OF1.pcm
SwiftExplicitDependencyGeneratePcm arm64 /Users/admin/builder/spi-builder-workspace/.derivedData/SDKExplicitPrecompiledModules/UIKit-2D2PMAAE45TMO6S28UCGCO5BR.pcm
SwiftDriverJobDiscovery normal arm64 Compiling Optional+.swift (in target 'MightySwift' from project 'MightyCombine')
SwiftDriverJobDiscovery normal arm64 Compiling SelfReturnable.swift (in target 'MightySwift' from project 'MightyCombine')
SwiftDriverJobDiscovery normal arm64 Compiling HttpMethods.swift (in target 'MightySwift' from project 'MightyCombine')
SwiftDriverJobDiscovery normal arm64 Compiling URLRequest+.swift (in target 'MightySwift' from project 'MightyCombine')
SwiftDriverJobDiscovery normal arm64 Compiling Array+.swift (in target 'MightySwift' from project 'MightyCombine')
SwiftDriver\ Compilation MightySwift normal arm64 com.apple.xcode.tools.swift.compiler (in target 'MightySwift' from project 'MightyCombine')
cd /Users/admin/builder/spi-builder-workspace/.swiftpm/xcode
builtin-Swift-Compilation -- /Applications/Xcode-27.0.0-Release.Candidate.app/Contents/Developer/Toolchains/XcodeDefault.xctoolchain/usr/bin/swiftc -parse-as-library -module-name MightySwift -Onone @/Users/admin/builder/spi-builder-workspace/.derivedData/Build/Intermediates.noindex/MightyCombine.build/Debug-xros/MightySwift-t.build/Objects-normal/arm64/MightySwift.SwiftFileList -DSWIFT_PACKAGE -DDEBUG -DSWIFT_MODULE_RESOURCE_BUNDLE_UNAVAILABLE -DXcode -plugin-path /Applications/Xcode-27.0.0-Release.Candidate.app/Contents/Developer/Toolchains/XcodeDefault.xctoolchain/usr/lib/swift/host/plugins/testing -enable-experimental-feature DebugDescriptionMacro -sdk /Applications/Xcode-27.0.0-Release.Candidate.app/Contents/Developer/Platforms/XROS.platform/Developer/SDKs/XROS27.0.sdk -target arm64-apple-xros1.0 -g -module-cache-path /Users/admin/builder/spi-builder-workspace/.derivedData/ModuleCache.noindex -Xfrontend -serialize-debugging-options -profile-coverage-mapping -profile-generate -enable-testing -suppress-warnings -index-store-path /Users/admin/builder/spi-builder-workspace/.derivedData/Index.noindex/DataStore -Xcc -D_LIBCPP_HARDENING_MODE\=_LIBCPP_HARDENING_MODE_DEBUG -swift-version 5 -I /Users/admin/builder/spi-builder-workspace/.derivedData/Build/Products/Debug-xros -Isystem /Applications/Xcode-27.0.0-Release.Candidate.app/Contents/Developer/Platforms/XROS.platform/Developer/usr/lib -F /Users/admin/builder/spi-builder-workspace/.derivedData/Build/Products/Debug-xros -F /Applications/Xcode-27.0.0-Release.Candidate.app/Contents/Developer/Platforms/XROS.platform/Developer/Library/Frameworks -F /Applications/Xcode-27.0.0-Release.Candidate.app/Contents/Developer/Platforms/XROS.platform/Developer/SDKs/XROS27.0.sdk/Developer/Library/Frameworks -c -j10 -enable-batch-mode -incremental -Xcc -ivfsstatcache -Xcc /Users/admin/builder/spi-builder-workspace/.derivedData/SDKStatCaches.noindex/xros27.0-24M361-e829b21a6f8c9b70876ba0858053c044735bd543db762f57723cac368afd1ce4.sdkstatcache -output-file-map /Users/admin/builder/spi-builder-workspace/.derivedData/Build/Intermediates.noindex/MightyCombine.build/Debug-xros/MightySwift-t.build/Objects-normal/arm64/MightySwift-OutputFileMap.json -save-temps -no-color-diagnostics -explicit-module-build -module-cache-path /Users/admin/builder/spi-builder-workspace/.derivedData/Build/Intermediates.noindex/SwiftExplicitPrecompiledModules -clang-scanner-module-cache-path /Users/admin/builder/spi-builder-workspace/.derivedData/ModuleCache.noindex -sdk-module-cache-path /Users/admin/builder/spi-builder-workspace/.derivedData/SDKExplicitPrecompiledModules -emit-dependencies -emit-module -emit-module-path /Users/admin/builder/spi-builder-workspace/.derivedData/Build/Intermediates.noindex/MightyCombine.build/Debug-xros/MightySwift-t.build/Objects-normal/arm64/MightySwift.swiftmodule -serialize-diagnostics -dependency-scan-serialize-diagnostics-path /Users/admin/builder/spi-builder-workspace/.derivedData/Build/Intermediates.noindex/MightyCombine.build/Debug-xros/MightySwift-t.build/Objects-normal/arm64/MightySwift-dependency-scan.dia -validate-clang-modules-once -clang-build-session-file /Users/admin/builder/spi-builder-workspace/.derivedData/ModuleCache.noindex/Session.modulevalidation -Xcc -fmodules-prune-interval\=86400 -Xcc -fmodules-prune-after\=345600 -emit-const-values -const-gather-protocols-list /Users/admin/builder/spi-builder-workspace/.derivedData/Build/Intermediates.noindex/MightyCombine.build/Debug-xros/MightySwift-t.build/Objects-normal/arm64/MightySwift_const_extract_protocols.json -Xcc -I/Users/admin/builder/spi-builder-workspace/.derivedData/Build/Products/Debug-xros/include -Xcc -I/Users/admin/builder/spi-builder-workspace/.derivedData/Build/Intermediates.noindex/MightyCombine.build/Debug-xros/MightySwift-t.build/DerivedSources-normal/arm64 -Xcc -I/Users/admin/builder/spi-builder-workspace/.derivedData/Build/Intermediates.noindex/MightyCombine.build/Debug-xros/MightySwift-t.build/DerivedSources/arm64 -Xcc -I/Users/admin/builder/spi-builder-workspace/.derivedData/Build/Intermediates.noindex/MightyCombine.build/Debug-xros/MightySwift-t.build/DerivedSources -Xcc -DSWIFT_PACKAGE -Xcc -DDEBUG\=1 -emit-objc-header -emit-objc-header-path /Users/admin/builder/spi-builder-workspace/.derivedData/Build/Intermediates.noindex/MightyCombine.build/Debug-xros/MightySwift-t.build/Objects-normal/arm64/MightySwift-Swift.h -working-directory /Users/admin/builder/spi-builder-workspace/.swiftpm/xcode -experimental-emit-module-separately -disable-cmo
Ld /Users/admin/builder/spi-builder-workspace/.derivedData/Build/Products/Debug-xros/MightySwift.o normal (in target 'MightySwift' from project 'MightyCombine')
cd /Users/admin/builder/spi-builder-workspace/.dependencies/checkouts/MightyCombine
/Applications/Xcode-27.0.0-Release.Candidate.app/Contents/Developer/Toolchains/XcodeDefault.xctoolchain/usr/bin/clang -Xlinker -reproducible -target arm64-apple-xros1.0 -r -isysroot /Applications/Xcode-27.0.0-Release.Candidate.app/Contents/Developer/Platforms/XROS.platform/Developer/SDKs/XROS27.0.sdk -O0 -w -Xlinker -no_warn_duplicate_libraries -F/Users/admin/builder/spi-builder-workspace/.derivedData/Build/Intermediates.noindex/EagerLinkingTBDs/Debug-xros -F/Users/admin/builder/spi-builder-workspace/.derivedData/Build/Products/Debug-xros -iframework /Applications/Xcode-27.0.0-Release.Candidate.app/Contents/Developer/Platforms/XROS.platform/Developer/Library/Frameworks -iframework /Applications/Xcode-27.0.0-Release.Candidate.app/Contents/Developer/Platforms/XROS.platform/Developer/SDKs/XROS27.0.sdk/Developer/Library/Frameworks -filelist /Users/admin/builder/spi-builder-workspace/.derivedData/Build/Intermediates.noindex/MightyCombine.build/Debug-xros/MightySwift-t.build/Objects-normal/arm64/MightySwift.LinkFileList -nostdlib -Xlinker -object_path_lto -Xlinker /Users/admin/builder/spi-builder-workspace/.derivedData/Build/Intermediates.noindex/MightyCombine.build/Debug-xros/MightySwift-t.build/Objects-normal/arm64/MightySwift_lto.o -Xlinker -no_deduplicate -Xlinker -debug_variant -Xlinker -dependency_info -Xlinker /Users/admin/builder/spi-builder-workspace/.derivedData/Build/Intermediates.noindex/MightyCombine.build/Debug-xros/MightySwift-t.build/Objects-normal/arm64/MightySwift_dependency_info.dat -fobjc-link-runtime -L/Applications/Xcode-27.0.0-Release.Candidate.app/Contents/Developer/Toolchains/XcodeDefault.xctoolchain/usr/lib/swift/xros -L/usr/lib/swift -Xlinker -add_ast_path -Xlinker /Users/admin/builder/spi-builder-workspace/.derivedData/Build/Intermediates.noindex/MightyCombine.build/Debug-xros/MightySwift-t.build/Objects-normal/arm64/MightySwift.swiftmodule -o /Users/admin/builder/spi-builder-workspace/.derivedData/Build/Products/Debug-xros/MightySwift.o
ExtractAppIntentsMetadata (in target 'MightySwift' from project 'MightyCombine')
cd /Users/admin/builder/spi-builder-workspace/.dependencies/checkouts/MightyCombine
/Applications/Xcode-27.0.0-Release.Candidate.app/Contents/Developer/Toolchains/XcodeDefault.xctoolchain/usr/bin/appintentsmetadataprocessor --toolchain-dir /var/run/com.apple.security.cryptexd/mnt/com.apple.MobileAsset.MetalToolchain-v27.1.266.1.iBMv8u/Metal.xctoolchain --module-name MightySwift --sdk-root /Applications/Xcode-27.0.0-Release.Candidate.app/Contents/Developer/Platforms/XROS.platform/Developer/SDKs/XROS27.0.sdk --xcode-version 27A266a --platform-family xrOS --deployment-target 1.0 --bundle-identifier mightycombine.MightySwift --output /Users/admin/builder/spi-builder-workspace/.derivedData/Build/Products/Debug-xros/MightySwift.appintents --target-triple arm64-apple-xros1.0 --binary-file /Users/admin/builder/spi-builder-workspace/.derivedData/Build/Products/Debug-xros/MightySwift.o --dependency-file /Users/admin/builder/spi-builder-workspace/.derivedData/Build/Intermediates.noindex/MightyCombine.build/Debug-xros/MightySwift-t.build/Objects-normal/arm64/MightySwift_dependency_info.dat --stringsdata-file /Users/admin/builder/spi-builder-workspace/.derivedData/Build/Intermediates.noindex/MightyCombine.build/Debug-xros/MightySwift-t.build/Objects-normal/arm64/ExtractedAppShortcutsMetadata.stringsdata --source-file-list /Users/admin/builder/spi-builder-workspace/.derivedData/Build/Intermediates.noindex/MightyCombine.build/Debug-xros/MightySwift-t.build/Objects-normal/arm64/MightySwift.SwiftFileList --metadata-file-list /Users/admin/builder/spi-builder-workspace/.derivedData/Build/Intermediates.noindex/MightyCombine.build/Debug-xros/MightySwift-t.build/MightySwift.DependencyMetadataFileList --static-metadata-file-list /Users/admin/builder/spi-builder-workspace/.derivedData/Build/Intermediates.noindex/MightyCombine.build/Debug-xros/MightySwift-t.build/MightySwift.DependencyStaticMetadataFileList --swift-const-vals-list /Users/admin/builder/spi-builder-workspace/.derivedData/Build/Intermediates.noindex/MightyCombine.build/Debug-xros/MightySwift-t.build/Objects-normal/arm64/MightySwift.SwiftConstValuesFileList --force --compile-time-extraction --deployment-aware-processing --no-app-shortcuts-localization
2026-09-19 18:51:59.784 appintentsmetadataprocessor[787:4799] Starting appintentsmetadataprocessor export
2026-09-19 18:51:59.883 appintentsmetadataprocessor[787:4799] Extracted no relevant App Intents symbols, skipping writing output
SwiftExplicitDependencyGeneratePcm arm64 /Users/admin/builder/spi-builder-workspace/.derivedData/SDKExplicitPrecompiledModules/Spatial-5E0I2846LO3ZE24CSVR2O57TI.pcm
SwiftExplicitDependencyGeneratePcm arm64 /Users/admin/builder/spi-builder-workspace/.derivedData/SDKExplicitPrecompiledModules/SwiftUICore-6OBBMA39VFD4CB6SG2PE41FAP.pcm
SwiftEmitModule normal arm64 Emitting\ module\ for\ MightyCombine (in target 'MightyCombine' from project 'MightyCombine')
SwiftCompile normal arm64 (in target 'MightyCombine' from project 'MightyCombine')
cd /Users/admin/builder/spi-builder-workspace/.swiftpm/xcode
SwiftCompile normal arm64 Compiling\ UIButton+.swift,\ UIControl+.swift /Users/admin/builder/spi-builder-workspace/.dependencies/checkouts/MightyCombine/Sources/MightyCombine/Extensions/UIKit/UIButton+.swift /Users/admin/builder/spi-builder-workspace/.dependencies/checkouts/MightyCombine/Sources/MightyCombine/Extensions/UIKit/UIControl+.swift (in target 'MightyCombine' from project 'MightyCombine')
SwiftCompile normal arm64 /Users/admin/builder/spi-builder-workspace/.dependencies/checkouts/MightyCombine/Sources/MightyCombine/Extensions/UIKit/UIButton+.swift (in target 'MightyCombine' from project 'MightyCombine')
cd /Users/admin/builder/spi-builder-workspace/.swiftpm/xcode
builtin-SwiftPerFileCompile UIButton+.swift
SwiftCompile normal arm64 /Users/admin/builder/spi-builder-workspace/.dependencies/checkouts/MightyCombine/Sources/MightyCombine/Extensions/UIKit/UIControl+.swift (in target 'MightyCombine' from project 'MightyCombine')
cd /Users/admin/builder/spi-builder-workspace/.swiftpm/xcode
builtin-SwiftPerFileCompile UIControl+.swift
SwiftCompile normal arm64 Compiling\ UITextView+.swift,\ UIView+.swift /Users/admin/builder/spi-builder-workspace/.dependencies/checkouts/MightyCombine/Sources/MightyCombine/Extensions/UIKit/UITextView+.swift /Users/admin/builder/spi-builder-workspace/.dependencies/checkouts/MightyCombine/Sources/MightyCombine/Extensions/UIKit/UIView+.swift (in target 'MightyCombine' from project 'MightyCombine')
SwiftCompile normal arm64 /Users/admin/builder/spi-builder-workspace/.dependencies/checkouts/MightyCombine/Sources/MightyCombine/Extensions/UIKit/UITextView+.swift (in target 'MightyCombine' from project 'MightyCombine')
cd /Users/admin/builder/spi-builder-workspace/.swiftpm/xcode
builtin-SwiftPerFileCompile UITextView+.swift
SwiftCompile normal arm64 /Users/admin/builder/spi-builder-workspace/.dependencies/checkouts/MightyCombine/Sources/MightyCombine/Extensions/UIKit/UIView+.swift (in target 'MightyCombine' from project 'MightyCombine')
cd /Users/admin/builder/spi-builder-workspace/.swiftpm/xcode
builtin-SwiftPerFileCompile UIView+.swift
SwiftCompile normal arm64 Compiling\ AnyPublisher+.swift,\ Publisher+.swift /Users/admin/builder/spi-builder-workspace/.dependencies/checkouts/MightyCombine/Sources/MightyCombine/Extensions/Combine/AnyPublisher+.swift /Users/admin/builder/spi-builder-workspace/.dependencies/checkouts/MightyCombine/Sources/MightyCombine/Extensions/Combine/Publisher+.swift (in target 'MightyCombine' from project 'MightyCombine')
SwiftCompile normal arm64 /Users/admin/builder/spi-builder-workspace/.dependencies/checkouts/MightyCombine/Sources/MightyCombine/Extensions/Combine/AnyPublisher+.swift (in target 'MightyCombine' from project 'MightyCombine')
cd /Users/admin/builder/spi-builder-workspace/.swiftpm/xcode
builtin-SwiftPerFileCompile AnyPublisher+.swift
SwiftCompile normal arm64 /Users/admin/builder/spi-builder-workspace/.dependencies/checkouts/MightyCombine/Sources/MightyCombine/Extensions/Combine/Publisher+.swift (in target 'MightyCombine' from project 'MightyCombine')
cd /Users/admin/builder/spi-builder-workspace/.swiftpm/xcode
builtin-SwiftPerFileCompile Publisher+.swift
SwiftCompile normal arm64 Compiling\ MockURLSession.swift /Users/admin/builder/spi-builder-workspace/.dependencies/checkouts/MightyCombine/Sources/MightyCombine/Network/MockURLSession.swift (in target 'MightyCombine' from project 'MightyCombine')
SwiftCompile normal arm64 /Users/admin/builder/spi-builder-workspace/.dependencies/checkouts/MightyCombine/Sources/MightyCombine/Network/MockURLSession.swift (in target 'MightyCombine' from project 'MightyCombine')
cd /Users/admin/builder/spi-builder-workspace/.swiftpm/xcode
builtin-SwiftPerFileCompile MockURLSession.swift
SwiftCompile normal arm64 Compiling\ MultiPartFormData.swift /Users/admin/builder/spi-builder-workspace/.dependencies/checkouts/MightyCombine/Sources/MightyCombine/Network/MultiPartFormData.swift (in target 'MightyCombine' from project 'MightyCombine')
SwiftCompile normal arm64 /Users/admin/builder/spi-builder-workspace/.dependencies/checkouts/MightyCombine/Sources/MightyCombine/Network/MultiPartFormData.swift (in target 'MightyCombine' from project 'MightyCombine')
cd /Users/admin/builder/spi-builder-workspace/.swiftpm/xcode
builtin-SwiftPerFileCompile MultiPartFormData.swift
SwiftCompile normal arm64 Compiling\ EndPoint.swift,\ EndPointable.swift /Users/admin/builder/spi-builder-workspace/.dependencies/checkouts/MightyCombine/Sources/MightyCombine/Network/EndPoint/EndPoint.swift /Users/admin/builder/spi-builder-workspace/.dependencies/checkouts/MightyCombine/Sources/MightyCombine/Network/EndPoint/EndPointable.swift (in target 'MightyCombine' from project 'MightyCombine')
SwiftCompile normal arm64 /Users/admin/builder/spi-builder-workspace/.dependencies/checkouts/MightyCombine/Sources/MightyCombine/Network/EndPoint/EndPoint.swift (in target 'MightyCombine' from project 'MightyCombine')
cd /Users/admin/builder/spi-builder-workspace/.swiftpm/xcode
builtin-SwiftPerFileCompile EndPoint.swift
SwiftCompile normal arm64 /Users/admin/builder/spi-builder-workspace/.dependencies/checkouts/MightyCombine/Sources/MightyCombine/Network/EndPoint/EndPointable.swift (in target 'MightyCombine' from project 'MightyCombine')
cd /Users/admin/builder/spi-builder-workspace/.swiftpm/xcode
builtin-SwiftPerFileCompile EndPointable.swift
SwiftCompile normal arm64 Compiling\ UISwitch+.swift,\ UITextField+.swift /Users/admin/builder/spi-builder-workspace/.dependencies/checkouts/MightyCombine/Sources/MightyCombine/Extensions/UIKit/UISwitch+.swift /Users/admin/builder/spi-builder-workspace/.dependencies/checkouts/MightyCombine/Sources/MightyCombine/Extensions/UIKit/UITextField+.swift (in target 'MightyCombine' from project 'MightyCombine')
SwiftCompile normal arm64 /Users/admin/builder/spi-builder-workspace/.dependencies/checkouts/MightyCombine/Sources/MightyCombine/Extensions/UIKit/UISwitch+.swift (in target 'MightyCombine' from project 'MightyCombine')
cd /Users/admin/builder/spi-builder-workspace/.swiftpm/xcode
builtin-SwiftPerFileCompile UISwitch+.swift
SwiftCompile normal arm64 /Users/admin/builder/spi-builder-workspace/.dependencies/checkouts/MightyCombine/Sources/MightyCombine/Extensions/UIKit/UITextField+.swift (in target 'MightyCombine' from project 'MightyCombine')
cd /Users/admin/builder/spi-builder-workspace/.swiftpm/xcode
builtin-SwiftPerFileCompile UITextField+.swift
SwiftCompile normal arm64 Compiling\ URLSessionable.swift /Users/admin/builder/spi-builder-workspace/.dependencies/checkouts/MightyCombine/Sources/MightyCombine/Network/URLSessionable.swift (in target 'MightyCombine' from project 'MightyCombine')
SwiftCompile normal arm64 /Users/admin/builder/spi-builder-workspace/.dependencies/checkouts/MightyCombine/Sources/MightyCombine/Network/URLSessionable.swift (in target 'MightyCombine' from project 'MightyCombine')
cd /Users/admin/builder/spi-builder-workspace/.swiftpm/xcode
builtin-SwiftPerFileCompile URLSessionable.swift
SwiftCompile normal arm64 Compiling\ URLSession+.swift,\ EndPointable+.swift /Users/admin/builder/spi-builder-workspace/.dependencies/checkouts/MightyCombine/Sources/MightyCombine/Extensions/Foundation/URLSession+.swift /Users/admin/builder/spi-builder-workspace/.dependencies/checkouts/MightyCombine/Sources/MightyCombine/Extensions/Network/EndPointable+.swift (in target 'MightyCombine' from project 'MightyCombine')
SwiftCompile normal arm64 /Users/admin/builder/spi-builder-workspace/.dependencies/checkouts/MightyCombine/Sources/MightyCombine/Extensions/Foundation/URLSession+.swift (in target 'MightyCombine' from project 'MightyCombine')
cd /Users/admin/builder/spi-builder-workspace/.swiftpm/xcode
builtin-SwiftPerFileCompile URLSession+.swift
SwiftCompile normal arm64 /Users/admin/builder/spi-builder-workspace/.dependencies/checkouts/MightyCombine/Sources/MightyCombine/Extensions/Network/EndPointable+.swift (in target 'MightyCombine' from project 'MightyCombine')
cd /Users/admin/builder/spi-builder-workspace/.swiftpm/xcode
builtin-SwiftPerFileCompile EndPointable+.swift
SwiftCompile normal arm64 Compiling\ Subscribers+.swift,\ URLRequest+.swift /Users/admin/builder/spi-builder-workspace/.dependencies/checkouts/MightyCombine/Sources/MightyCombine/Extensions/Combine/Subscribers+.swift /Users/admin/builder/spi-builder-workspace/.dependencies/checkouts/MightyCombine/Sources/MightyCombine/Extensions/Foundation/URLRequest+.swift (in target 'MightyCombine' from project 'MightyCombine')
SwiftCompile normal arm64 /Users/admin/builder/spi-builder-workspace/.dependencies/checkouts/MightyCombine/Sources/MightyCombine/Extensions/Combine/Subscribers+.swift (in target 'MightyCombine' from project 'MightyCombine')
cd /Users/admin/builder/spi-builder-workspace/.swiftpm/xcode
builtin-SwiftPerFileCompile Subscribers+.swift
SwiftCompile normal arm64 /Users/admin/builder/spi-builder-workspace/.dependencies/checkouts/MightyCombine/Sources/MightyCombine/Extensions/Foundation/URLRequest+.swift (in target 'MightyCombine' from project 'MightyCombine')
cd /Users/admin/builder/spi-builder-workspace/.swiftpm/xcode
builtin-SwiftPerFileCompile URLRequest+.swift
SwiftDriverJobDiscovery normal arm64 Compiling MockURLSession.swift (in target 'MightyCombine' from project 'MightyCombine')
SwiftDriverJobDiscovery normal arm64 Compiling EndPoint.swift, EndPointable.swift (in target 'MightyCombine' from project 'MightyCombine')
SwiftDriverJobDiscovery normal arm64 Compiling MultiPartFormData.swift (in target 'MightyCombine' from project 'MightyCombine')
SwiftDriverJobDiscovery normal arm64 Emitting module for MightyCombine (in target 'MightyCombine' from project 'MightyCombine')
SwiftDriver\ Compilation\ Requirements MightyCombine normal arm64 com.apple.xcode.tools.swift.compiler (in target 'MightyCombine' from project 'MightyCombine')
cd /Users/admin/builder/spi-builder-workspace/.swiftpm/xcode
builtin-Swift-Compilation-Requirements -- /Applications/Xcode-27.0.0-Release.Candidate.app/Contents/Developer/Toolchains/XcodeDefault.xctoolchain/usr/bin/swiftc -parse-as-library -module-name MightyCombine -Onone @/Users/admin/builder/spi-builder-workspace/.derivedData/Build/Intermediates.noindex/MightyCombine.build/Debug-xros/MightyCombine-t.build/Objects-normal/arm64/MightyCombine.SwiftFileList -DSWIFT_PACKAGE -DDEBUG -DSWIFT_MODULE_RESOURCE_BUNDLE_UNAVAILABLE -DXcode -plugin-path /Applications/Xcode-27.0.0-Release.Candidate.app/Contents/Developer/Toolchains/XcodeDefault.xctoolchain/usr/lib/swift/host/plugins/testing -enable-experimental-feature DebugDescriptionMacro -sdk /Applications/Xcode-27.0.0-Release.Candidate.app/Contents/Developer/Platforms/XROS.platform/Developer/SDKs/XROS27.0.sdk -target arm64-apple-xros1.0 -g -module-cache-path /Users/admin/builder/spi-builder-workspace/.derivedData/ModuleCache.noindex -Xfrontend -serialize-debugging-options -profile-coverage-mapping -profile-generate -enable-testing -suppress-warnings -index-store-path /Users/admin/builder/spi-builder-workspace/.derivedData/Index.noindex/DataStore -Xcc -D_LIBCPP_HARDENING_MODE\=_LIBCPP_HARDENING_MODE_DEBUG -swift-version 5 -I /Users/admin/builder/spi-builder-workspace/.derivedData/Build/Products/Debug-xros -Isystem /Applications/Xcode-27.0.0-Release.Candidate.app/Contents/Developer/Platforms/XROS.platform/Developer/usr/lib -F /Users/admin/builder/spi-builder-workspace/.derivedData/Build/Products/Debug-xros/PackageFrameworks -F /Users/admin/builder/spi-builder-workspace/.derivedData/Build/Products/Debug-xros -F /Applications/Xcode-27.0.0-Release.Candidate.app/Contents/Developer/Platforms/XROS.platform/Developer/Library/Frameworks -F /Applications/Xcode-27.0.0-Release.Candidate.app/Contents/Developer/Platforms/XROS.platform/Developer/SDKs/XROS27.0.sdk/Developer/Library/Frameworks -c -j10 -enable-batch-mode -incremental -Xcc -ivfsstatcache -Xcc /Users/admin/builder/spi-builder-workspace/.derivedData/SDKStatCaches.noindex/xros27.0-24M361-e829b21a6f8c9b70876ba0858053c044735bd543db762f57723cac368afd1ce4.sdkstatcache -output-file-map /Users/admin/builder/spi-builder-workspace/.derivedData/Build/Intermediates.noindex/MightyCombine.build/Debug-xros/MightyCombine-t.build/Objects-normal/arm64/MightyCombine-OutputFileMap.json -save-temps -no-color-diagnostics -explicit-module-build -module-cache-path /Users/admin/builder/spi-builder-workspace/.derivedData/Build/Intermediates.noindex/SwiftExplicitPrecompiledModules -clang-scanner-module-cache-path /Users/admin/builder/spi-builder-workspace/.derivedData/ModuleCache.noindex -sdk-module-cache-path /Users/admin/builder/spi-builder-workspace/.derivedData/SDKExplicitPrecompiledModules -emit-dependencies -emit-module -emit-module-path /Users/admin/builder/spi-builder-workspace/.derivedData/Build/Intermediates.noindex/MightyCombine.build/Debug-xros/MightyCombine-t.build/Objects-normal/arm64/MightyCombine.swiftmodule -serialize-diagnostics -dependency-scan-serialize-diagnostics-path /Users/admin/builder/spi-builder-workspace/.derivedData/Build/Intermediates.noindex/MightyCombine.build/Debug-xros/MightyCombine-t.build/Objects-normal/arm64/MightyCombine-dependency-scan.dia -validate-clang-modules-once -clang-build-session-file /Users/admin/builder/spi-builder-workspace/.derivedData/ModuleCache.noindex/Session.modulevalidation -Xcc -fmodules-prune-interval\=86400 -Xcc -fmodules-prune-after\=345600 -emit-const-values -const-gather-protocols-list /Users/admin/builder/spi-builder-workspace/.derivedData/Build/Intermediates.noindex/MightyCombine.build/Debug-xros/MightyCombine-t.build/Objects-normal/arm64/MightyCombine_const_extract_protocols.json -Xcc -I/Users/admin/builder/spi-builder-workspace/.derivedData/Build/Products/Debug-xros/include -Xcc -I/Users/admin/builder/spi-builder-workspace/.derivedData/Build/Intermediates.noindex/MightyCombine.build/Debug-xros/MightyCombine-t.build/DerivedSources-normal/arm64 -Xcc -I/Users/admin/builder/spi-builder-workspace/.derivedData/Build/Intermediates.noindex/MightyCombine.build/Debug-xros/MightyCombine-t.build/DerivedSources/arm64 -Xcc -I/Users/admin/builder/spi-builder-workspace/.derivedData/Build/Intermediates.noindex/MightyCombine.build/Debug-xros/MightyCombine-t.build/DerivedSources -Xcc -DSWIFT_PACKAGE -Xcc -DDEBUG\=1 -emit-objc-header -emit-objc-header-path /Users/admin/builder/spi-builder-workspace/.derivedData/Build/Intermediates.noindex/MightyCombine.build/Debug-xros/MightyCombine-t.build/Objects-normal/arm64/MightyCombine-Swift.h -working-directory /Users/admin/builder/spi-builder-workspace/.swiftpm/xcode -experimental-emit-module-separately -disable-cmo
SwiftMergeGeneratedHeaders /Users/admin/builder/spi-builder-workspace/.derivedData/Build/Intermediates.noindex/GeneratedModuleMaps-xros/MightyCombine-Swift.h /Users/admin/builder/spi-builder-workspace/.derivedData/Build/Intermediates.noindex/MightyCombine.build/Debug-xros/MightyCombine-t.build/Objects-normal/arm64/MightyCombine-Swift.h (in target 'MightyCombine' from project 'MightyCombine')
cd /Users/admin/builder/spi-builder-workspace/.dependencies/checkouts/MightyCombine
builtin-swiftHeaderTool -arch arm64 /Users/admin/builder/spi-builder-workspace/.derivedData/Build/Intermediates.noindex/MightyCombine.build/Debug-xros/MightyCombine-t.build/Objects-normal/arm64/MightyCombine-Swift.h -o /Users/admin/builder/spi-builder-workspace/.derivedData/Build/Intermediates.noindex/GeneratedModuleMaps-xros/MightyCombine-Swift.h
Copy /Users/admin/builder/spi-builder-workspace/.derivedData/Build/Products/Debug-xros/MightyCombine.swiftmodule/arm64-apple-xros.swiftdoc /Users/admin/builder/spi-builder-workspace/.derivedData/Build/Intermediates.noindex/MightyCombine.build/Debug-xros/MightyCombine-t.build/Objects-normal/arm64/MightyCombine.swiftdoc (in target 'MightyCombine' from project 'MightyCombine')
cd /Users/admin/builder/spi-builder-workspace/.dependencies/checkouts/MightyCombine
builtin-copy -exclude .DS_Store -exclude CVS -exclude .svn -exclude .git -exclude .hg -resolve-src-symlinks -rename /Users/admin/builder/spi-builder-workspace/.derivedData/Build/Intermediates.noindex/MightyCombine.build/Debug-xros/MightyCombine-t.build/Objects-normal/arm64/MightyCombine.swiftdoc /Users/admin/builder/spi-builder-workspace/.derivedData/Build/Products/Debug-xros/MightyCombine.swiftmodule/arm64-apple-xros.swiftdoc
Copy /Users/admin/builder/spi-builder-workspace/.derivedData/Build/Products/Debug-xros/MightyCombine.swiftmodule/arm64-apple-xros.swiftmodule /Users/admin/builder/spi-builder-workspace/.derivedData/Build/Intermediates.noindex/MightyCombine.build/Debug-xros/MightyCombine-t.build/Objects-normal/arm64/MightyCombine.swiftmodule (in target 'MightyCombine' from project 'MightyCombine')
cd /Users/admin/builder/spi-builder-workspace/.dependencies/checkouts/MightyCombine
builtin-copy -exclude .DS_Store -exclude CVS -exclude .svn -exclude .git -exclude .hg -resolve-src-symlinks -rename /Users/admin/builder/spi-builder-workspace/.derivedData/Build/Intermediates.noindex/MightyCombine.build/Debug-xros/MightyCombine-t.build/Objects-normal/arm64/MightyCombine.swiftmodule /Users/admin/builder/spi-builder-workspace/.derivedData/Build/Products/Debug-xros/MightyCombine.swiftmodule/arm64-apple-xros.swiftmodule
Copy /Users/admin/builder/spi-builder-workspace/.derivedData/Build/Products/Debug-xros/MightyCombine.swiftmodule/arm64-apple-xros.abi.json /Users/admin/builder/spi-builder-workspace/.derivedData/Build/Intermediates.noindex/MightyCombine.build/Debug-xros/MightyCombine-t.build/Objects-normal/arm64/MightyCombine.abi.json (in target 'MightyCombine' from project 'MightyCombine')
cd /Users/admin/builder/spi-builder-workspace/.dependencies/checkouts/MightyCombine
builtin-copy -exclude .DS_Store -exclude CVS -exclude .svn -exclude .git -exclude .hg -resolve-src-symlinks -rename /Users/admin/builder/spi-builder-workspace/.derivedData/Build/Intermediates.noindex/MightyCombine.build/Debug-xros/MightyCombine-t.build/Objects-normal/arm64/MightyCombine.abi.json /Users/admin/builder/spi-builder-workspace/.derivedData/Build/Products/Debug-xros/MightyCombine.swiftmodule/arm64-apple-xros.abi.json
Copy /Users/admin/builder/spi-builder-workspace/.derivedData/Build/Products/Debug-xros/MightyCombine.swiftmodule/Project/arm64-apple-xros.swiftsourceinfo /Users/admin/builder/spi-builder-workspace/.derivedData/Build/Intermediates.noindex/MightyCombine.build/Debug-xros/MightyCombine-t.build/Objects-normal/arm64/MightyCombine.swiftsourceinfo (in target 'MightyCombine' from project 'MightyCombine')
cd /Users/admin/builder/spi-builder-workspace/.dependencies/checkouts/MightyCombine
builtin-copy -exclude .DS_Store -exclude CVS -exclude .svn -exclude .git -exclude .hg -resolve-src-symlinks -rename /Users/admin/builder/spi-builder-workspace/.derivedData/Build/Intermediates.noindex/MightyCombine.build/Debug-xros/MightyCombine-t.build/Objects-normal/arm64/MightyCombine.swiftsourceinfo /Users/admin/builder/spi-builder-workspace/.derivedData/Build/Products/Debug-xros/MightyCombine.swiftmodule/Project/arm64-apple-xros.swiftsourceinfo
SwiftDriver UIBuilder normal arm64 com.apple.xcode.tools.swift.compiler (in target 'UIBuilder' from project 'UIBuilder')
cd /Users/admin/builder/spi-builder-workspace/.swiftpm/xcode
builtin-SwiftDriver -- /Applications/Xcode-27.0.0-Release.Candidate.app/Contents/Developer/Toolchains/XcodeDefault.xctoolchain/usr/bin/swiftc -parse-as-library -module-name UIBuilder -Onone @/Users/admin/builder/spi-builder-workspace/.derivedData/Build/Intermediates.noindex/UIBuilder.build/Debug-xros/UIBuilder-t.build/Objects-normal/arm64/UIBuilder.SwiftFileList -DSWIFT_PACKAGE -DDEBUG -DSWIFT_MODULE_RESOURCE_BUNDLE_UNAVAILABLE -DXcode -plugin-path /Applications/Xcode-27.0.0-Release.Candidate.app/Contents/Developer/Toolchains/XcodeDefault.xctoolchain/usr/lib/swift/host/plugins/testing -enable-experimental-feature DebugDescriptionMacro -sdk /Applications/Xcode-27.0.0-Release.Candidate.app/Contents/Developer/Platforms/XROS.platform/Developer/SDKs/XROS27.0.sdk -target arm64-apple-xros1.0 -g -module-cache-path /Users/admin/builder/spi-builder-workspace/.derivedData/ModuleCache.noindex -Xfrontend -serialize-debugging-options -profile-coverage-mapping -profile-generate -enable-testing -index-store-path /Users/admin/builder/spi-builder-workspace/.derivedData/Index.noindex/DataStore -Xcc -D_LIBCPP_HARDENING_MODE\=_LIBCPP_HARDENING_MODE_DEBUG -swift-version 5 -I /Users/admin/builder/spi-builder-workspace/.derivedData/Build/Products/Debug-xros -Isystem /Applications/Xcode-27.0.0-Release.Candidate.app/Contents/Developer/Platforms/XROS.platform/Developer/usr/lib -F /Users/admin/builder/spi-builder-workspace/.derivedData/Build/Products/Debug-xros/PackageFrameworks -F /Users/admin/builder/spi-builder-workspace/.derivedData/Build/Products/Debug-xros -F /Applications/Xcode-27.0.0-Release.Candidate.app/Contents/Developer/Platforms/XROS.platform/Developer/Library/Frameworks -F /Applications/Xcode-27.0.0-Release.Candidate.app/Contents/Developer/Platforms/XROS.platform/Developer/SDKs/XROS27.0.sdk/Developer/Library/Frameworks -c -j10 -enable-batch-mode -incremental -Xcc -ivfsstatcache -Xcc /Users/admin/builder/spi-builder-workspace/.derivedData/SDKStatCaches.noindex/xros27.0-24M361-e829b21a6f8c9b70876ba0858053c044735bd543db762f57723cac368afd1ce4.sdkstatcache -output-file-map /Users/admin/builder/spi-builder-workspace/.derivedData/Build/Intermediates.noindex/UIBuilder.build/Debug-xros/UIBuilder-t.build/Objects-normal/arm64/UIBuilder-OutputFileMap.json -save-temps -no-color-diagnostics -explicit-module-build -module-cache-path /Users/admin/builder/spi-builder-workspace/.derivedData/Build/Intermediates.noindex/SwiftExplicitPrecompiledModules -clang-scanner-module-cache-path /Users/admin/builder/spi-builder-workspace/.derivedData/ModuleCache.noindex -sdk-module-cache-path /Users/admin/builder/spi-builder-workspace/.derivedData/SDKExplicitPrecompiledModules -emit-dependencies -emit-module -emit-module-path /Users/admin/builder/spi-builder-workspace/.derivedData/Build/Intermediates.noindex/UIBuilder.build/Debug-xros/UIBuilder-t.build/Objects-normal/arm64/UIBuilder.swiftmodule -serialize-diagnostics -dependency-scan-serialize-diagnostics-path /Users/admin/builder/spi-builder-workspace/.derivedData/Build/Intermediates.noindex/UIBuilder.build/Debug-xros/UIBuilder-t.build/Objects-normal/arm64/UIBuilder-dependency-scan.dia -validate-clang-modules-once -clang-build-session-file /Users/admin/builder/spi-builder-workspace/.derivedData/ModuleCache.noindex/Session.modulevalidation -Xcc -fmodules-prune-interval\=86400 -Xcc -fmodules-prune-after\=345600 -emit-const-values -const-gather-protocols-list /Users/admin/builder/spi-builder-workspace/.derivedData/Build/Intermediates.noindex/UIBuilder.build/Debug-xros/UIBuilder-t.build/Objects-normal/arm64/UIBuilder_const_extract_protocols.json -Xcc -I/Users/admin/builder/spi-builder-workspace/.derivedData/Build/Products/Debug-xros/include -Xcc -I/Users/admin/builder/spi-builder-workspace/.derivedData/Build/Intermediates.noindex/UIBuilder.build/Debug-xros/UIBuilder-t.build/DerivedSources-normal/arm64 -Xcc -I/Users/admin/builder/spi-builder-workspace/.derivedData/Build/Intermediates.noindex/UIBuilder.build/Debug-xros/UIBuilder-t.build/DerivedSources/arm64 -Xcc -I/Users/admin/builder/spi-builder-workspace/.derivedData/Build/Intermediates.noindex/UIBuilder.build/Debug-xros/UIBuilder-t.build/DerivedSources -Xcc -DSWIFT_PACKAGE -Xcc -DDEBUG\=1 -emit-objc-header -emit-objc-header-path /Users/admin/builder/spi-builder-workspace/.derivedData/Build/Intermediates.noindex/UIBuilder.build/Debug-xros/UIBuilder-t.build/Objects-normal/arm64/UIBuilder-Swift.h -working-directory /Users/admin/builder/spi-builder-workspace/.swiftpm/xcode -experimental-emit-module-separately -disable-cmo
SwiftDriverJobDiscovery normal arm64 Compiling URLSession+.swift, EndPointable+.swift (in target 'MightyCombine' from project 'MightyCombine')
SwiftDriverJobDiscovery normal arm64 Compiling URLSessionable.swift (in target 'MightyCombine' from project 'MightyCombine')
SwiftDriverJobDiscovery normal arm64 Compiling AnyPublisher+.swift, Publisher+.swift (in target 'MightyCombine' from project 'MightyCombine')
SwiftDriverJobDiscovery normal arm64 Compiling Subscribers+.swift, URLRequest+.swift (in target 'MightyCombine' from project 'MightyCombine')
SwiftCompile normal arm64 Compiling\ TableViewBuilder.swift,\ TextFieldBuilder.swift /Users/admin/builder/spi-builder-workspace/Sources/UIBuilder/Scroll/TableViewBuilder.swift /Users/admin/builder/spi-builder-workspace/Sources/UIBuilder/Text/TextFieldBuilder.swift (in target 'UIBuilder' from project 'UIBuilder')
SwiftCompile normal arm64 /Users/admin/builder/spi-builder-workspace/Sources/UIBuilder/Scroll/TableViewBuilder.swift (in target 'UIBuilder' from project 'UIBuilder')
cd /Users/admin/builder/spi-builder-workspace/.swiftpm/xcode
builtin-SwiftPerFileCompile TableViewBuilder.swift
SwiftCompile normal arm64 /Users/admin/builder/spi-builder-workspace/Sources/UIBuilder/Text/TextFieldBuilder.swift (in target 'UIBuilder' from project 'UIBuilder')
cd /Users/admin/builder/spi-builder-workspace/.swiftpm/xcode
builtin-SwiftPerFileCompile TextFieldBuilder.swift
SwiftCompile normal arm64 Compiling\ ButtonBuilder.swift,\ ButtonConfigurationBuilder.swift /Users/admin/builder/spi-builder-workspace/Sources/UIBuilder/Control/ButtonBuilder.swift /Users/admin/builder/spi-builder-workspace/Sources/UIBuilder/Control/ButtonConfigurationBuilder.swift (in target 'UIBuilder' from project 'UIBuilder')
/Users/admin/builder/spi-builder-workspace/Sources/UIBuilder/Control/ButtonBuilder.swift:47:14: warning: 'contentEdgeInsets' was deprecated in visionOS 1.0: This property is ignored when using UIButtonConfiguration [#DeprecatedDeclaration]
45 |
46 | public func setContentEdgeInsets(_ insets: UIEdgeInsets) -> Self {
47 | view.contentEdgeInsets = insets
| `- warning: 'contentEdgeInsets' was deprecated in visionOS 1.0: This property is ignored when using UIButtonConfiguration [#DeprecatedDeclaration]
48 | return self
49 | }
/Users/admin/builder/spi-builder-workspace/Sources/UIBuilder/Control/ButtonBuilder.swift:57:14: warning: 'showsTouchWhenHighlighted' was deprecated in visionOS 1.0: This property is ignored when using UIButtonConfiguration [#DeprecatedDeclaration]
55 |
56 | public func setShowsTouchWhenHighlighted(_ shows: Bool) -> Self {
57 | view.showsTouchWhenHighlighted = shows
| `- warning: 'showsTouchWhenHighlighted' was deprecated in visionOS 1.0: This property is ignored when using UIButtonConfiguration [#DeprecatedDeclaration]
58 | return self
59 | }
/Users/admin/builder/spi-builder-workspace/Sources/UIBuilder/Control/ButtonBuilder.swift:63:14: warning: 'imageEdgeInsets' was deprecated in visionOS 1.0: This property is ignored when using UIButtonConfiguration [#DeprecatedDeclaration]
61 | @available(iOS 15.0, *)
62 | public func setImageEdgeInsets(_ edgeInsets: UIEdgeInsets) -> Self {
63 | view.imageEdgeInsets = edgeInsets
| `- warning: 'imageEdgeInsets' was deprecated in visionOS 1.0: This property is ignored when using UIButtonConfiguration [#DeprecatedDeclaration]
64 | return self
65 | }
[#DeprecatedDeclaration]: <https://docs.swift.org/compiler/documentation/diagnostics/deprecated-declaration>
SwiftCompile normal arm64 /Users/admin/builder/spi-builder-workspace/Sources/UIBuilder/Control/ButtonBuilder.swift (in target 'UIBuilder' from project 'UIBuilder')
cd /Users/admin/builder/spi-builder-workspace/.swiftpm/xcode
builtin-SwiftPerFileCompile ButtonBuilder.swift
SwiftCompile normal arm64 /Users/admin/builder/spi-builder-workspace/Sources/UIBuilder/Control/ButtonConfigurationBuilder.swift (in target 'UIBuilder' from project 'UIBuilder')
cd /Users/admin/builder/spi-builder-workspace/.swiftpm/xcode
builtin-SwiftPerFileCompile ButtonConfigurationBuilder.swift
SwiftCompile normal arm64 Compiling\ UIBuilder.swift /Users/admin/builder/spi-builder-workspace/Sources/UIBuilder/UIBuilder.swift (in target 'UIBuilder' from project 'UIBuilder')
SwiftCompile normal arm64 /Users/admin/builder/spi-builder-workspace/Sources/UIBuilder/UIBuilder.swift (in target 'UIBuilder' from project 'UIBuilder')
cd /Users/admin/builder/spi-builder-workspace/.swiftpm/xcode
builtin-SwiftPerFileCompile UIBuilder.swift
SwiftCompile normal arm64 Compiling\ InitBuilder.swift,\ CollectionViewBuilder.swift /Users/admin/builder/spi-builder-workspace/Sources/UIBuilder/InitBuilder.swift /Users/admin/builder/spi-builder-workspace/Sources/UIBuilder/Scroll/CollectionViewBuilder.swift (in target 'UIBuilder' from project 'UIBuilder')
SwiftCompile normal arm64 /Users/admin/builder/spi-builder-workspace/Sources/UIBuilder/InitBuilder.swift (in target 'UIBuilder' from project 'UIBuilder')
cd /Users/admin/builder/spi-builder-workspace/.swiftpm/xcode
builtin-SwiftPerFileCompile InitBuilder.swift
SwiftCompile normal arm64 /Users/admin/builder/spi-builder-workspace/Sources/UIBuilder/Scroll/CollectionViewBuilder.swift (in target 'UIBuilder' from project 'UIBuilder')
cd /Users/admin/builder/spi-builder-workspace/.swiftpm/xcode
builtin-SwiftPerFileCompile CollectionViewBuilder.swift
SwiftCompile normal arm64 Compiling\ RefreshControlBuilder.swift,\ SwitchBuilder.swift /Users/admin/builder/spi-builder-workspace/Sources/UIBuilder/Control/RefreshControlBuilder.swift /Users/admin/builder/spi-builder-workspace/Sources/UIBuilder/Control/SwitchBuilder.swift (in target 'UIBuilder' from project 'UIBuilder')
SwiftCompile normal arm64 /Users/admin/builder/spi-builder-workspace/Sources/UIBuilder/Control/RefreshControlBuilder.swift (in target 'UIBuilder' from project 'UIBuilder')
cd /Users/admin/builder/spi-builder-workspace/.swiftpm/xcode
builtin-SwiftPerFileCompile RefreshControlBuilder.swift
SwiftCompile normal arm64 /Users/admin/builder/spi-builder-workspace/Sources/UIBuilder/Control/SwitchBuilder.swift (in target 'UIBuilder' from project 'UIBuilder')
cd /Users/admin/builder/spi-builder-workspace/.swiftpm/xcode
builtin-SwiftPerFileCompile SwitchBuilder.swift
SwiftCompile normal arm64 Compiling\ TextViewBuilder.swift /Users/admin/builder/spi-builder-workspace/Sources/UIBuilder/Text/TextViewBuilder.swift (in target 'UIBuilder' from project 'UIBuilder')
SwiftCompile normal arm64 /Users/admin/builder/spi-builder-workspace/Sources/UIBuilder/Text/TextViewBuilder.swift (in target 'UIBuilder' from project 'UIBuilder')
cd /Users/admin/builder/spi-builder-workspace/.swiftpm/xcode
builtin-SwiftPerFileCompile TextViewBuilder.swift
SwiftCompile normal arm64 Compiling\ CollectionViewFlowLayoutBuilder.swift,\ ScrollViewBuilder.swift /Users/admin/builder/spi-builder-workspace/Sources/UIBuilder/Scroll/CollectionViewFlowLayoutBuilder.swift /Users/admin/builder/spi-builder-workspace/Sources/UIBuilder/Scroll/ScrollViewBuilder.swift (in target 'UIBuilder' from project 'UIBuilder')
/Users/admin/builder/spi-builder-workspace/Sources/UIBuilder/Scroll/ScrollViewBuilder.swift:38:61: error: 'KeyboardDismissMode' is unavailable in visionOS
36 | }
37 |
38 | public func setKeyboardDismissMode(_ mode: UIScrollView.KeyboardDismissMode) -> Self {
| `- error: 'KeyboardDismissMode' is unavailable in visionOS
39 | view.keyboardDismissMode = mode
40 | return self
/Applications/Xcode-27.0.0-Release.Candidate.app/Contents/Developer/Platforms/XROS.platform/Developer/SDKs/XROS27.0.sdk/System/Library/Frameworks/UIKit.framework/Headers/UIScrollView.h:24:28: note: 'KeyboardDismissMode' has been explicitly marked unavailable here
22 | } API_UNAVAILABLE(watchos);
23 |
24 | typedef NS_ENUM(NSInteger, UIScrollViewKeyboardDismissMode) {
| `- note: 'KeyboardDismissMode' has been explicitly marked unavailable here
25 | UIScrollViewKeyboardDismissModeNone,
26 | UIScrollViewKeyboardDismissModeOnDrag, // dismisses the keyboard when a drag begins
/Users/admin/builder/spi-builder-workspace/Sources/UIBuilder/Scroll/ScrollViewBuilder.swift:39:14: error: 'keyboardDismissMode' is unavailable in visionOS
37 |
38 | public func setKeyboardDismissMode(_ mode: UIScrollView.KeyboardDismissMode) -> Self {
39 | view.keyboardDismissMode = mode
| `- error: 'keyboardDismissMode' is unavailable in visionOS
40 | return self
41 | }
/Applications/Xcode-27.0.0-Release.Candidate.app/Contents/Developer/Platforms/XROS.platform/Developer/SDKs/XROS27.0.sdk/System/Library/Frameworks/UIKit.framework/Headers/UIScrollView.h:284:54: note: 'keyboardDismissMode' has been explicitly marked unavailable here
282 | @property(nonatomic, readonly) UIGestureRecognizer *directionalPressGestureRecognizer API_DEPRECATED("Configuring the panGestureRecognizer for indirect scrolling automatically supports directional presses now, so this property is no longer useful.", tvos(9.0, 11.0)) API_UNAVAILABLE(watchos);
283 |
284 | @property(nonatomic) UIScrollViewKeyboardDismissMode keyboardDismissMode API_AVAILABLE(ios(7.0)) API_UNAVAILABLE(visionos); // default is UIScrollViewKeyboardDismissModeNone
| `- note: 'keyboardDismissMode' has been explicitly marked unavailable here
285 |
286 | @property (nonatomic, strong, nullable) UIRefreshControl *refreshControl API_AVAILABLE(ios(10.0)) API_UNAVAILABLE(tvos, watchos);
Failed frontend command:
/Applications/Xcode-27.0.0-Release.Candidate.app/Contents/Developer/Toolchains/XcodeDefault.xctoolchain/usr/bin/swift-frontend -frontend -c /Users/admin/builder/spi-builder-workspace/Sources/UIBuilder/Control/ButtonBuilder.swift /Users/admin/builder/spi-builder-workspace/Sources/UIBuilder/Control/ButtonConfigurationBuilder.swift /Users/admin/builder/spi-builder-workspace/Sources/UIBuilder/Control/RefreshControlBuilder.swift /Users/admin/builder/spi-builder-workspace/Sources/UIBuilder/Control/SwitchBuilder.swift /Users/admin/builder/spi-builder-workspace/Sources/UIBuilder/InitBuilder.swift /Users/admin/builder/spi-builder-workspace/Sources/UIBuilder/Scroll/CollectionViewBuilder.swift -primary-file /Users/admin/builder/spi-builder-workspace/Sources/UIBuilder/Scroll/CollectionViewFlowLayoutBuilder.swift -primary-file /Users/admin/builder/spi-builder-workspace/Sources/UIBuilder/Scroll/ScrollViewBuilder.swift /Users/admin/builder/spi-builder-workspace/Sources/UIBuilder/Scroll/TableViewBuilder.swift /Users/admin/builder/spi-builder-workspace/Sources/UIBuilder/Text/TextFieldBuilder.swift /Users/admin/builder/spi-builder-workspace/Sources/UIBuilder/Text/TextViewBuilder.swift /Users/admin/builder/spi-builder-workspace/Sources/UIBuilder/UIBuilder.swift /Users/admin/builder/spi-builder-workspace/Sources/UIBuilder/View/ImageViewBuilder.swift /Users/admin/builder/spi-builder-workspace/Sources/UIBuilder/View/LabelBuilder.swift /Users/admin/builder/spi-builder-workspace/Sources/UIBuilder/View/StackViewBuilder.swift -emit-dependencies-path /Users/admin/builder/spi-builder-workspace/.derivedData/Build/Intermediates.noindex/UIBuilder.build/Debug-xros/UIBuilder-t.build/Objects-normal/arm64/CollectionViewFlowLayoutBuilder.d -emit-const-values-path /Users/admin/builder/spi-builder-workspace/.derivedData/Build/Intermediates.noindex/UIBuilder.build/Debug-xros/UIBuilder-t.build/Objects-normal/arm64/CollectionViewFlowLayoutBuilder.swiftconstvalues -emit-reference-dependencies-path /Users/admin/builder/spi-builder-workspace/.derivedData/Build/Intermediates.noindex/UIBuilder.build/Debug-xros/UIBuilder-t.build/Objects-normal/arm64/CollectionViewFlowLayoutBuilder.swiftdeps -serialize-diagnostics-path /Users/admin/builder/spi-builder-workspace/.derivedData/Build/Intermediates.noindex/UIBuilder.build/Debug-xros/UIBuilder-t.build/Objects-normal/arm64/CollectionViewFlowLayoutBuilder.dia -emit-dependencies-path /Users/admin/builder/spi-builder-workspace/.derivedData/Build/Intermediates.noindex/UIBuilder.build/Debug-xros/UIBuilder-t.build/Objects-normal/arm64/ScrollViewBuilder.d -emit-const-values-path /Users/admin/builder/spi-builder-workspace/.derivedData/Build/Intermediates.noindex/UIBuilder.build/Debug-xros/UIBuilder-t.build/Objects-normal/arm64/ScrollViewBuilder.swiftconstvalues -emit-reference-dependencies-path /Users/admin/builder/spi-builder-workspace/.derivedData/Build/Intermediates.noindex/UIBuilder.build/Debug-xros/UIBuilder-t.build/Objects-normal/arm64/ScrollViewBuilder.swiftdeps -serialize-diagnostics-path /Users/admin/builder/spi-builder-workspace/.derivedData/Build/Intermediates.noindex/UIBuilder.build/Debug-xros/UIBuilder-t.build/Objects-normal/arm64/ScrollViewBuilder.dia -target arm64-apple-xros1.0 -module-can-import-version UIKit 9127.0.84.1 9127.0.84 -disable-cross-import-overlay-search -load-resolved-plugin /Applications/Xcode-27.0.0-Release.Candidate.app/Contents/Developer/Platforms/XROS.platform/Developer/usr/lib/swift/host/plugins/libFoundationMacros.dylib\#/Applications/Xcode-27.0.0-Release.Candidate.app/Contents/Developer/Platforms/XROS.platform/Developer/usr/bin/swift-plugin-server\#FoundationMacros -load-resolved-plugin /Applications/Xcode-27.0.0-Release.Candidate.app/Contents/Developer/Platforms/XROS.platform/Developer/usr/lib/swift/host/plugins/libObservationMacros.dylib\#/Applications/Xcode-27.0.0-Release.Candidate.app/Contents/Developer/Platforms/XROS.platform/Developer/usr/bin/swift-plugin-server\#ObservationMacros -load-resolved-plugin /Applications/Xcode-27.0.0-Release.Candidate.app/Contents/Developer/Platforms/XROS.platform/Developer/usr/lib/swift/host/plugins/libPreviewsMacros.dylib\#/Applications/Xcode-27.0.0-Release.Candidate.app/Contents/Developer/Platforms/XROS.platform/Developer/usr/bin/swift-plugin-server\#PreviewsMacros -load-resolved-plugin /Applications/Xcode-27.0.0-Release.Candidate.app/Contents/Developer/Platforms/XROS.platform/Developer/usr/lib/swift/host/plugins/libSwiftMacros.dylib\#/Applications/Xcode-27.0.0-Release.Candidate.app/Contents/Developer/Platforms/XROS.platform/Developer/usr/bin/swift-plugin-server\#SwiftMacros -load-resolved-plugin /Applications/Xcode-27.0.0-Release.Candidate.app/Contents/Developer/Platforms/XROS.platform/Developer/usr/lib/swift/host/plugins/libSwiftUIMacros.dylib\#/Applications/Xcode-27.0.0-Release.Candidate.app/Contents/Developer/Platforms/XROS.platform/Developer/usr/bin/swift-plugin-server\#SwiftUIMacros -disable-implicit-swift-modules -Xcc -fno-implicit-modules -Xcc -fno-implicit-module-maps -explicit-swift-module-map-file /Users/admin/builder/spi-builder-workspace/.derivedData/Build/Intermediates.noindex/UIBuilder.build/Debug-xros/UIBuilder-t.build/Objects-normal/arm64/UIBuilder-dependencies-1.json -Xllvm -aarch64-use-tbi -enable-objc-interop -stack-check -sdk /Applications/Xcode-27.0.0-Release.Candidate.app/Contents/Developer/Platforms/XROS.platform/Developer/SDKs/XROS27.0.sdk -I /Users/admin/builder/spi-builder-workspace/.derivedData/Build/Products/Debug-xros -Isystem /Applications/Xcode-27.0.0-Release.Candidate.app/Contents/Developer/Platforms/XROS.platform/Developer/usr/lib -F /Users/admin/builder/spi-builder-workspace/.derivedData/Build/Products/Debug-xros/PackageFrameworks -F /Users/admin/builder/spi-builder-workspace/.derivedData/Build/Products/Debug-xros -F /Applications/Xcode-27.0.0-Release.Candidate.app/Contents/Developer/Platforms/XROS.platform/Developer/Library/Frameworks -F /Applications/Xcode-27.0.0-Release.Candidate.app/Contents/Developer/Platforms/XROS.platform/Developer/SDKs/XROS27.0.sdk/Developer/Library/Frameworks -module-cache-path /Users/admin/builder/spi-builder-workspace/.derivedData/Build/Intermediates.noindex/SwiftExplicitPrecompiledModules -no-color-diagnostics -Xcc -fno-color-diagnostics -enable-testing -g -debug-info-format\=dwarf -dwarf-version\=4 -profile-generate -profile-coverage-mapping -swift-version 5 -Onone -D SWIFT_PACKAGE -D DEBUG -D SWIFT_MODULE_RESOURCE_BUNDLE_UNAVAILABLE -D Xcode -serialize-debugging-options -enable-experimental-feature DebugDescriptionMacro -empty-abi-descriptor -validate-clang-modules-once -clang-build-session-file /Users/admin/builder/spi-builder-workspace/.derivedData/ModuleCache.noindex/Session.modulevalidation -Xcc -working-directory -Xcc /Users/admin/builder/spi-builder-workspace/.swiftpm/xcode -enable-anonymous-context-mangled-names -file-compilation-dir /Users/admin/builder/spi-builder-workspace/.swiftpm/xcode -Xcc -D_LIBCPP_HARDENING_MODE\=_LIBCPP_HARDENING_MODE_DEBUG -Xcc -ivfsstatcache -Xcc /Users/admin/builder/spi-builder-workspace/.derivedData/SDKStatCaches.noindex/xros27.0-24M361-e829b21a6f8c9b70876ba0858053c044735bd543db762f57723cac368afd1ce4.sdkstatcache -Xcc -fmodules-prune-interval\=86400 -Xcc -fmodules-prune-after\=345600 -Xcc -I/Users/admin/builder/spi-builder-workspace/.derivedData/Build/Products/Debug-xros/include -Xcc -I/Users/admin/builder/spi-builder-workspace/.derivedData/Build/Intermediates.noindex/UIBuilder.build/Debug-xros/UIBuilder-t.build/DerivedSources-normal/arm64 -Xcc -I/Users/admin/builder/spi-builder-workspace/.derivedData/Build/Intermediates.noindex/UIBuilder.build/Debug-xros/UIBuilder-t.build/DerivedSources/arm64 -Xcc -I/Users/admin/builder/spi-builder-workspace/.derivedData/Build/Intermediates.noindex/UIBuilder.build/Debug-xros/UIBuilder-t.build/DerivedSources -Xcc -DSWIFT_PACKAGE -Xcc -DDEBUG\=1 -no-auto-bridging-header-chaining -module-name UIBuilder -const-gather-protocols-file /Users/admin/builder/spi-builder-workspace/.derivedData/Build/Intermediates.noindex/UIBuilder.build/Debug-xros/UIBuilder-t.build/Objects-normal/arm64/UIBuilder_const_extract_protocols.json -disable-clang-spi -clang-target arm64-apple-xros27.0 -target-sdk-version 27.0 -target-sdk-name xros27.0 -in-process-plugin-server-path /Applications/Xcode-27.0.0-Release.Candidate.app/Contents/Developer/Toolchains/XcodeDefault.xctoolchain/usr/lib/swift/host/libSwiftInProcPluginServer.dylib -parse-as-library -o /Users/admin/builder/spi-builder-workspace/.derivedData/Build/Intermediates.noindex/UIBuilder.build/Debug-xros/UIBuilder-t.build/Objects-normal/arm64/CollectionViewFlowLayoutBuilder.o -o /Users/admin/builder/spi-builder-workspace/.derivedData/Build/Intermediates.noindex/UIBuilder.build/Debug-xros/UIBuilder-t.build/Objects-normal/arm64/ScrollViewBuilder.o -debug-module-path /Users/admin/builder/spi-builder-workspace/.derivedData/Build/Intermediates.noindex/UIBuilder.build/Debug-xros/UIBuilder-t.build/Objects-normal/arm64/UIBuilder.swiftmodule -index-unit-output-path /UIBuilder.build/Debug-xros/UIBuilder-t.build/Objects-normal/arm64/CollectionViewFlowLayoutBuilder.o -index-unit-output-path /UIBuilder.build/Debug-xros/UIBuilder-t.build/Objects-normal/arm64/ScrollViewBuilder.o -index-store-path /Users/admin/builder/spi-builder-workspace/.derivedData/Index.noindex/DataStore -index-system-modules
SwiftCompile normal arm64 /Users/admin/builder/spi-builder-workspace/Sources/UIBuilder/Scroll/CollectionViewFlowLayoutBuilder.swift (in target 'UIBuilder' from project 'UIBuilder')
cd /Users/admin/builder/spi-builder-workspace/.swiftpm/xcode
builtin-SwiftPerFileCompile CollectionViewFlowLayoutBuilder.swift
SwiftCompile normal arm64 /Users/admin/builder/spi-builder-workspace/Sources/UIBuilder/Scroll/ScrollViewBuilder.swift (in target 'UIBuilder' from project 'UIBuilder')
cd /Users/admin/builder/spi-builder-workspace/.swiftpm/xcode
builtin-SwiftPerFileCompile ScrollViewBuilder.swift
SwiftEmitModule normal arm64 Emitting\ module\ for\ UIBuilder (in target 'UIBuilder' from project 'UIBuilder')
SwiftCompile normal arm64 (in target 'UIBuilder' from project 'UIBuilder')
cd /Users/admin/builder/spi-builder-workspace/.swiftpm/xcode
PruneExplicitPrecompiledModules /Users/admin/builder/spi-builder-workspace/.derivedData/Build/Intermediates.noindex/SwiftExplicitPrecompiledModules
PruneExplicitPrecompiledModules /Users/admin/builder/spi-builder-workspace/.derivedData/SDKExplicitPrecompiledModules
PruneExplicitPrecompiledModules /Users/admin/builder/spi-builder-workspace/.derivedData/Build/Intermediates.noindex/ExplicitPrecompiledModules
2026-09-19 18:51:53.281 xcodebuild[685:4355] [MT] IDERunDestination: Supported platforms for the buildables in the current scheme is empty.
** BUILD FAILED **
The following build commands failed:
SwiftCompile normal arm64 Compiling\ CollectionViewFlowLayoutBuilder.swift,\ ScrollViewBuilder.swift /Users/admin/builder/spi-builder-workspace/Sources/UIBuilder/Scroll/CollectionViewFlowLayoutBuilder.swift /Users/admin/builder/spi-builder-workspace/Sources/UIBuilder/Scroll/ScrollViewBuilder.swift (in target 'UIBuilder' from project 'UIBuilder')
SwiftCompile normal arm64 /Users/admin/builder/spi-builder-workspace/Sources/UIBuilder/Scroll/ScrollViewBuilder.swift (in target 'UIBuilder' from project 'UIBuilder')
Building workspace UIBuilder with scheme UIBuilder
(3 failures)
Command line invocation:
/Applications/Xcode-27.0.0-Release.Candidate.app/Contents/Developer/usr/bin/xcodebuild -IDEClonedSourcePackagesDirPathOverride=/Users/admin/builder/spi-builder-workspace/.dependencies -resolvePackageDependencies
Resolve Package Graph
Resolved source packages:
UIBuilder: /Users/admin/builder/spi-builder-workspace
MightyCombine: https://github.com/MightyCombine/MightyCombine.git @ 1.1.9
resolved source packages: UIBuilder, MightyCombine
2026-09-19 18:52:03.355 xcodebuild[814:4986] [MT] IDERunDestination: Supported platforms for the buildables in the current scheme is empty.
{
"dependencies" : [
{
"identity" : "mightycombine",
"requirement" : {
"range" : [
{
"lower_bound" : "1.1.2",
"upper_bound" : "2.0.0"
}
]
},
"type" : "sourceControl",
"url" : "https://github.com/MightyCombine/MightyCombine.git"
}
],
"manifest_display_name" : "UIBuilder",
"name" : "UIBuilder",
"path" : "/Users/admin/builder/spi-builder-workspace",
"platforms" : [
{
"name" : "ios",
"version" : "13.0"
}
],
"products" : [
{
"name" : "UIBuilder",
"targets" : [
"UIBuilder"
],
"type" : {
"library" : [
"automatic"
]
}
}
],
"targets" : [
{
"c99name" : "UIBuilderTests",
"module_type" : "SwiftTarget",
"name" : "UIBuilderTests",
"path" : "Tests/UIBuilderTests",
"sources" : [
"UIBuilderTests.swift"
],
"target_dependencies" : [
"UIBuilder"
],
"type" : "test"
},
{
"c99name" : "UIBuilder",
"module_type" : "SwiftTarget",
"name" : "UIBuilder",
"path" : "Sources/UIBuilder",
"product_dependencies" : [
"MightyCombine"
],
"product_memberships" : [
"UIBuilder"
],
"sources" : [
"Control/ButtonBuilder.swift",
"Control/ButtonConfigurationBuilder.swift",
"Control/RefreshControlBuilder.swift",
"Control/SwitchBuilder.swift",
"InitBuilder.swift",
"Scroll/CollectionViewBuilder.swift",
"Scroll/CollectionViewFlowLayoutBuilder.swift",
"Scroll/ScrollViewBuilder.swift",
"Scroll/TableViewBuilder.swift",
"Text/TextFieldBuilder.swift",
"Text/TextViewBuilder.swift",
"UIBuilder.swift",
"View/ImageViewBuilder.swift",
"View/LabelBuilder.swift",
"View/StackViewBuilder.swift"
],
"type" : "library"
}
],
"tools_version" : "5.4"
}
{
"workspace" : {
"name" : "UIBuilder",
"schemes" : [
"UIBuilder"
]
}
}
2026-09-19 18:52:04.603 xcodebuild[822:5055] [MT] IDERunDestination: Supported platforms for the buildables in the current scheme is empty.
Running build ...
env DEVELOPER_DIR=/Applications/Xcode-27.0.0-Release.Candidate.app xcrun xcodebuild -IDEClonedSourcePackagesDirPathOverride=$PWD/.dependencies -skipMacroValidation -skipPackagePluginValidation -derivedDataPath $PWD/.derivedData build -scheme UIBuilder -destination generic/platform=xrOS
Command line invocation:
/Applications/Xcode-27.0.0-Release.Candidate.app/Contents/Developer/usr/bin/xcodebuild -IDEClonedSourcePackagesDirPathOverride=/Users/admin/builder/spi-builder-workspace/.dependencies -skipMacroValidation -skipPackagePluginValidation -derivedDataPath /Users/admin/builder/spi-builder-workspace/.derivedData build -scheme UIBuilder -destination generic/platform=xrOS
Resolve Package Graph
Resolved source packages:
MightyCombine: https://github.com/MightyCombine/MightyCombine.git @ 1.1.9
UIBuilder: /Users/admin/builder/spi-builder-workspace
ComputePackagePrebuildTargetDependencyGraph
Prepare packages
CreateBuildRequest
SendProjectDescription
CreateBuildOperation
ComputeTargetDependencyGraph
note: Building targets in dependency order
note: Target dependency graph (5 targets)
Target 'UIBuilder-product' in project 'UIBuilder'
➜ Explicit dependency on target 'UIBuilder' in project 'UIBuilder'
➜ Explicit dependency on target 'MightyCombine-product' in project 'MightyCombine'
Target 'UIBuilder' in project 'UIBuilder'
➜ Explicit dependency on target 'MightyCombine-product' in project 'MightyCombine'
Target 'MightyCombine-product' in project 'MightyCombine'
➜ Explicit dependency on target 'MightyCombine' in project 'MightyCombine'
➜ Explicit dependency on target 'MightySwift' in project 'MightyCombine'
Target 'MightyCombine' in project 'MightyCombine'
➜ Explicit dependency on target 'MightySwift' in project 'MightyCombine'
Target 'MightySwift' in project 'MightyCombine' (no dependencies)
GatherProvisioningInputs
CreateBuildDescription
ClangStatCache /Applications/Xcode-27.0.0-Release.Candidate.app/Contents/Developer/Toolchains/XcodeDefault.xctoolchain/usr/bin/clang-stat-cache /Applications/Xcode-27.0.0-Release.Candidate.app/Contents/Developer/Platforms/XROS.platform/Developer/SDKs/XROS27.0.sdk /Users/admin/builder/spi-builder-workspace/.derivedData/SDKStatCaches.noindex/xros27.0-24M361-e829b21a6f8c9b70876ba0858053c044735bd543db762f57723cac368afd1ce4.sdkstatcache
cd /Users/admin/builder/spi-builder-workspace/.swiftpm/xcode
/Applications/Xcode-27.0.0-Release.Candidate.app/Contents/Developer/Toolchains/XcodeDefault.xctoolchain/usr/bin/clang-stat-cache /Applications/Xcode-27.0.0-Release.Candidate.app/Contents/Developer/Platforms/XROS.platform/Developer/SDKs/XROS27.0.sdk -o /Users/admin/builder/spi-builder-workspace/.derivedData/SDKStatCaches.noindex/xros27.0-24M361-e829b21a6f8c9b70876ba0858053c044735bd543db762f57723cac368afd1ce4.sdkstatcache
SwiftDriver UIBuilder normal arm64 com.apple.xcode.tools.swift.compiler (in target 'UIBuilder' from project 'UIBuilder')
cd /Users/admin/builder/spi-builder-workspace/.swiftpm/xcode
builtin-SwiftDriver -- /Applications/Xcode-27.0.0-Release.Candidate.app/Contents/Developer/Toolchains/XcodeDefault.xctoolchain/usr/bin/swiftc -parse-as-library -module-name UIBuilder -Onone @/Users/admin/builder/spi-builder-workspace/.derivedData/Build/Intermediates.noindex/UIBuilder.build/Debug-xros/UIBuilder-t.build/Objects-normal/arm64/UIBuilder.SwiftFileList -DSWIFT_PACKAGE -DDEBUG -DSWIFT_MODULE_RESOURCE_BUNDLE_UNAVAILABLE -DXcode -plugin-path /Applications/Xcode-27.0.0-Release.Candidate.app/Contents/Developer/Toolchains/XcodeDefault.xctoolchain/usr/lib/swift/host/plugins/testing -enable-experimental-feature DebugDescriptionMacro -sdk /Applications/Xcode-27.0.0-Release.Candidate.app/Contents/Developer/Platforms/XROS.platform/Developer/SDKs/XROS27.0.sdk -target arm64-apple-xros1.0 -g -module-cache-path /Users/admin/builder/spi-builder-workspace/.derivedData/ModuleCache.noindex -Xfrontend -serialize-debugging-options -profile-coverage-mapping -profile-generate -enable-testing -index-store-path /Users/admin/builder/spi-builder-workspace/.derivedData/Index.noindex/DataStore -Xcc -D_LIBCPP_HARDENING_MODE\=_LIBCPP_HARDENING_MODE_DEBUG -swift-version 5 -I /Users/admin/builder/spi-builder-workspace/.derivedData/Build/Products/Debug-xros -Isystem /Applications/Xcode-27.0.0-Release.Candidate.app/Contents/Developer/Platforms/XROS.platform/Developer/usr/lib -F /Users/admin/builder/spi-builder-workspace/.derivedData/Build/Products/Debug-xros/PackageFrameworks -F /Users/admin/builder/spi-builder-workspace/.derivedData/Build/Products/Debug-xros -F /Applications/Xcode-27.0.0-Release.Candidate.app/Contents/Developer/Platforms/XROS.platform/Developer/Library/Frameworks -F /Applications/Xcode-27.0.0-Release.Candidate.app/Contents/Developer/Platforms/XROS.platform/Developer/SDKs/XROS27.0.sdk/Developer/Library/Frameworks -c -j10 -enable-batch-mode -incremental -Xcc -ivfsstatcache -Xcc /Users/admin/builder/spi-builder-workspace/.derivedData/SDKStatCaches.noindex/xros27.0-24M361-e829b21a6f8c9b70876ba0858053c044735bd543db762f57723cac368afd1ce4.sdkstatcache -output-file-map /Users/admin/builder/spi-builder-workspace/.derivedData/Build/Intermediates.noindex/UIBuilder.build/Debug-xros/UIBuilder-t.build/Objects-normal/arm64/UIBuilder-OutputFileMap.json -save-temps -no-color-diagnostics -explicit-module-build -module-cache-path /Users/admin/builder/spi-builder-workspace/.derivedData/Build/Intermediates.noindex/SwiftExplicitPrecompiledModules -clang-scanner-module-cache-path /Users/admin/builder/spi-builder-workspace/.derivedData/ModuleCache.noindex -sdk-module-cache-path /Users/admin/builder/spi-builder-workspace/.derivedData/SDKExplicitPrecompiledModules -emit-dependencies -emit-module -emit-module-path /Users/admin/builder/spi-builder-workspace/.derivedData/Build/Intermediates.noindex/UIBuilder.build/Debug-xros/UIBuilder-t.build/Objects-normal/arm64/UIBuilder.swiftmodule -serialize-diagnostics -dependency-scan-serialize-diagnostics-path /Users/admin/builder/spi-builder-workspace/.derivedData/Build/Intermediates.noindex/UIBuilder.build/Debug-xros/UIBuilder-t.build/Objects-normal/arm64/UIBuilder-dependency-scan.dia -validate-clang-modules-once -clang-build-session-file /Users/admin/builder/spi-builder-workspace/.derivedData/ModuleCache.noindex/Session.modulevalidation -Xcc -fmodules-prune-interval\=86400 -Xcc -fmodules-prune-after\=345600 -emit-const-values -const-gather-protocols-list /Users/admin/builder/spi-builder-workspace/.derivedData/Build/Intermediates.noindex/UIBuilder.build/Debug-xros/UIBuilder-t.build/Objects-normal/arm64/UIBuilder_const_extract_protocols.json -Xcc -I/Users/admin/builder/spi-builder-workspace/.derivedData/Build/Products/Debug-xros/include -Xcc -I/Users/admin/builder/spi-builder-workspace/.derivedData/Build/Intermediates.noindex/UIBuilder.build/Debug-xros/UIBuilder-t.build/DerivedSources-normal/arm64 -Xcc -I/Users/admin/builder/spi-builder-workspace/.derivedData/Build/Intermediates.noindex/UIBuilder.build/Debug-xros/UIBuilder-t.build/DerivedSources/arm64 -Xcc -I/Users/admin/builder/spi-builder-workspace/.derivedData/Build/Intermediates.noindex/UIBuilder.build/Debug-xros/UIBuilder-t.build/DerivedSources -Xcc -DSWIFT_PACKAGE -Xcc -DDEBUG\=1 -emit-objc-header -emit-objc-header-path /Users/admin/builder/spi-builder-workspace/.derivedData/Build/Intermediates.noindex/UIBuilder.build/Debug-xros/UIBuilder-t.build/Objects-normal/arm64/UIBuilder-Swift.h -working-directory /Users/admin/builder/spi-builder-workspace/.swiftpm/xcode -experimental-emit-module-separately -disable-cmo
SwiftDriver MightyCombine normal arm64 com.apple.xcode.tools.swift.compiler (in target 'MightyCombine' from project 'MightyCombine')
cd /Users/admin/builder/spi-builder-workspace/.swiftpm/xcode
builtin-SwiftDriver -- /Applications/Xcode-27.0.0-Release.Candidate.app/Contents/Developer/Toolchains/XcodeDefault.xctoolchain/usr/bin/swiftc -parse-as-library -module-name MightyCombine -Onone @/Users/admin/builder/spi-builder-workspace/.derivedData/Build/Intermediates.noindex/MightyCombine.build/Debug-xros/MightyCombine-t.build/Objects-normal/arm64/MightyCombine.SwiftFileList -DSWIFT_PACKAGE -DDEBUG -DSWIFT_MODULE_RESOURCE_BUNDLE_UNAVAILABLE -DXcode -plugin-path /Applications/Xcode-27.0.0-Release.Candidate.app/Contents/Developer/Toolchains/XcodeDefault.xctoolchain/usr/lib/swift/host/plugins/testing -enable-experimental-feature DebugDescriptionMacro -sdk /Applications/Xcode-27.0.0-Release.Candidate.app/Contents/Developer/Platforms/XROS.platform/Developer/SDKs/XROS27.0.sdk -target arm64-apple-xros1.0 -g -module-cache-path /Users/admin/builder/spi-builder-workspace/.derivedData/ModuleCache.noindex -Xfrontend -serialize-debugging-options -profile-coverage-mapping -profile-generate -enable-testing -suppress-warnings -index-store-path /Users/admin/builder/spi-builder-workspace/.derivedData/Index.noindex/DataStore -Xcc -D_LIBCPP_HARDENING_MODE\=_LIBCPP_HARDENING_MODE_DEBUG -swift-version 5 -I /Users/admin/builder/spi-builder-workspace/.derivedData/Build/Products/Debug-xros -Isystem /Applications/Xcode-27.0.0-Release.Candidate.app/Contents/Developer/Platforms/XROS.platform/Developer/usr/lib -F /Users/admin/builder/spi-builder-workspace/.derivedData/Build/Products/Debug-xros/PackageFrameworks -F /Users/admin/builder/spi-builder-workspace/.derivedData/Build/Products/Debug-xros -F /Applications/Xcode-27.0.0-Release.Candidate.app/Contents/Developer/Platforms/XROS.platform/Developer/Library/Frameworks -F /Applications/Xcode-27.0.0-Release.Candidate.app/Contents/Developer/Platforms/XROS.platform/Developer/SDKs/XROS27.0.sdk/Developer/Library/Frameworks -c -j10 -enable-batch-mode -incremental -Xcc -ivfsstatcache -Xcc /Users/admin/builder/spi-builder-workspace/.derivedData/SDKStatCaches.noindex/xros27.0-24M361-e829b21a6f8c9b70876ba0858053c044735bd543db762f57723cac368afd1ce4.sdkstatcache -output-file-map /Users/admin/builder/spi-builder-workspace/.derivedData/Build/Intermediates.noindex/MightyCombine.build/Debug-xros/MightyCombine-t.build/Objects-normal/arm64/MightyCombine-OutputFileMap.json -save-temps -no-color-diagnostics -explicit-module-build -module-cache-path /Users/admin/builder/spi-builder-workspace/.derivedData/Build/Intermediates.noindex/SwiftExplicitPrecompiledModules -clang-scanner-module-cache-path /Users/admin/builder/spi-builder-workspace/.derivedData/ModuleCache.noindex -sdk-module-cache-path /Users/admin/builder/spi-builder-workspace/.derivedData/SDKExplicitPrecompiledModules -emit-dependencies -emit-module -emit-module-path /Users/admin/builder/spi-builder-workspace/.derivedData/Build/Intermediates.noindex/MightyCombine.build/Debug-xros/MightyCombine-t.build/Objects-normal/arm64/MightyCombine.swiftmodule -serialize-diagnostics -dependency-scan-serialize-diagnostics-path /Users/admin/builder/spi-builder-workspace/.derivedData/Build/Intermediates.noindex/MightyCombine.build/Debug-xros/MightyCombine-t.build/Objects-normal/arm64/MightyCombine-dependency-scan.dia -validate-clang-modules-once -clang-build-session-file /Users/admin/builder/spi-builder-workspace/.derivedData/ModuleCache.noindex/Session.modulevalidation -Xcc -fmodules-prune-interval\=86400 -Xcc -fmodules-prune-after\=345600 -emit-const-values -const-gather-protocols-list /Users/admin/builder/spi-builder-workspace/.derivedData/Build/Intermediates.noindex/MightyCombine.build/Debug-xros/MightyCombine-t.build/Objects-normal/arm64/MightyCombine_const_extract_protocols.json -Xcc -I/Users/admin/builder/spi-builder-workspace/.derivedData/Build/Products/Debug-xros/include -Xcc -I/Users/admin/builder/spi-builder-workspace/.derivedData/Build/Intermediates.noindex/MightyCombine.build/Debug-xros/MightyCombine-t.build/DerivedSources-normal/arm64 -Xcc -I/Users/admin/builder/spi-builder-workspace/.derivedData/Build/Intermediates.noindex/MightyCombine.build/Debug-xros/MightyCombine-t.build/DerivedSources/arm64 -Xcc -I/Users/admin/builder/spi-builder-workspace/.derivedData/Build/Intermediates.noindex/MightyCombine.build/Debug-xros/MightyCombine-t.build/DerivedSources -Xcc -DSWIFT_PACKAGE -Xcc -DDEBUG\=1 -emit-objc-header -emit-objc-header-path /Users/admin/builder/spi-builder-workspace/.derivedData/Build/Intermediates.noindex/MightyCombine.build/Debug-xros/MightyCombine-t.build/Objects-normal/arm64/MightyCombine-Swift.h -working-directory /Users/admin/builder/spi-builder-workspace/.swiftpm/xcode -experimental-emit-module-separately -disable-cmo
SwiftCompile normal arm64 Compiling\ CollectionViewFlowLayoutBuilder.swift,\ ScrollViewBuilder.swift /Users/admin/builder/spi-builder-workspace/Sources/UIBuilder/Scroll/CollectionViewFlowLayoutBuilder.swift /Users/admin/builder/spi-builder-workspace/Sources/UIBuilder/Scroll/ScrollViewBuilder.swift (in target 'UIBuilder' from project 'UIBuilder')
/Users/admin/builder/spi-builder-workspace/Sources/UIBuilder/Scroll/ScrollViewBuilder.swift:38:61: error: 'KeyboardDismissMode' is unavailable in visionOS
36 | }
37 |
38 | public func setKeyboardDismissMode(_ mode: UIScrollView.KeyboardDismissMode) -> Self {
| `- error: 'KeyboardDismissMode' is unavailable in visionOS
39 | view.keyboardDismissMode = mode
40 | return self
/Applications/Xcode-27.0.0-Release.Candidate.app/Contents/Developer/Platforms/XROS.platform/Developer/SDKs/XROS27.0.sdk/System/Library/Frameworks/UIKit.framework/Headers/UIScrollView.h:24:28: note: 'KeyboardDismissMode' has been explicitly marked unavailable here
22 | } API_UNAVAILABLE(watchos);
23 |
24 | typedef NS_ENUM(NSInteger, UIScrollViewKeyboardDismissMode) {
| `- note: 'KeyboardDismissMode' has been explicitly marked unavailable here
25 | UIScrollViewKeyboardDismissModeNone,
26 | UIScrollViewKeyboardDismissModeOnDrag, // dismisses the keyboard when a drag begins
/Users/admin/builder/spi-builder-workspace/Sources/UIBuilder/Scroll/ScrollViewBuilder.swift:39:14: error: 'keyboardDismissMode' is unavailable in visionOS
37 |
38 | public func setKeyboardDismissMode(_ mode: UIScrollView.KeyboardDismissMode) -> Self {
39 | view.keyboardDismissMode = mode
| `- error: 'keyboardDismissMode' is unavailable in visionOS
40 | return self
41 | }
/Applications/Xcode-27.0.0-Release.Candidate.app/Contents/Developer/Platforms/XROS.platform/Developer/SDKs/XROS27.0.sdk/System/Library/Frameworks/UIKit.framework/Headers/UIScrollView.h:284:54: note: 'keyboardDismissMode' has been explicitly marked unavailable here
282 | @property(nonatomic, readonly) UIGestureRecognizer *directionalPressGestureRecognizer API_DEPRECATED("Configuring the panGestureRecognizer for indirect scrolling automatically supports directional presses now, so this property is no longer useful.", tvos(9.0, 11.0)) API_UNAVAILABLE(watchos);
283 |
284 | @property(nonatomic) UIScrollViewKeyboardDismissMode keyboardDismissMode API_AVAILABLE(ios(7.0)) API_UNAVAILABLE(visionos); // default is UIScrollViewKeyboardDismissModeNone
| `- note: 'keyboardDismissMode' has been explicitly marked unavailable here
285 |
286 | @property (nonatomic, strong, nullable) UIRefreshControl *refreshControl API_AVAILABLE(ios(10.0)) API_UNAVAILABLE(tvos, watchos);
Failed frontend command:
SwiftCompile normal arm64 /Users/admin/builder/spi-builder-workspace/Sources/UIBuilder/Scroll/CollectionViewFlowLayoutBuilder.swift (in target 'UIBuilder' from project 'UIBuilder')
cd /Users/admin/builder/spi-builder-workspace/.swiftpm/xcode
builtin-SwiftPerFileCompile CollectionViewFlowLayoutBuilder.swift
SwiftCompile normal arm64 /Users/admin/builder/spi-builder-workspace/Sources/UIBuilder/Scroll/ScrollViewBuilder.swift (in target 'UIBuilder' from project 'UIBuilder')
cd /Users/admin/builder/spi-builder-workspace/.swiftpm/xcode
builtin-SwiftPerFileCompile ScrollViewBuilder.swift
/Applications/Xcode-27.0.0-Release.Candidate.app/Contents/Developer/Toolchains/XcodeDefault.xctoolchain/usr/bin/swift-frontend -frontend -c /Users/admin/builder/spi-builder-workspace/Sources/UIBuilder/Control/ButtonBuilder.swift /Users/admin/builder/spi-builder-workspace/Sources/UIBuilder/Control/ButtonConfigurationBuilder.swift /Users/admin/builder/spi-builder-workspace/Sources/UIBuilder/Control/RefreshControlBuilder.swift /Users/admin/builder/spi-builder-workspace/Sources/UIBuilder/Control/SwitchBuilder.swift /Users/admin/builder/spi-builder-workspace/Sources/UIBuilder/InitBuilder.swift /Users/admin/builder/spi-builder-workspace/Sources/UIBuilder/Scroll/CollectionViewBuilder.swift -primary-file /Users/admin/builder/spi-builder-workspace/Sources/UIBuilder/Scroll/CollectionViewFlowLayoutBuilder.swift -primary-file /Users/admin/builder/spi-builder-workspace/Sources/UIBuilder/Scroll/ScrollViewBuilder.swift /Users/admin/builder/spi-builder-workspace/Sources/UIBuilder/Scroll/TableViewBuilder.swift /Users/admin/builder/spi-builder-workspace/Sources/UIBuilder/Text/TextFieldBuilder.swift /Users/admin/builder/spi-builder-workspace/Sources/UIBuilder/Text/TextViewBuilder.swift /Users/admin/builder/spi-builder-workspace/Sources/UIBuilder/UIBuilder.swift /Users/admin/builder/spi-builder-workspace/Sources/UIBuilder/View/ImageViewBuilder.swift /Users/admin/builder/spi-builder-workspace/Sources/UIBuilder/View/LabelBuilder.swift /Users/admin/builder/spi-builder-workspace/Sources/UIBuilder/View/StackViewBuilder.swift -emit-dependencies-path /Users/admin/builder/spi-builder-workspace/.derivedData/Build/Intermediates.noindex/UIBuilder.build/Debug-xros/UIBuilder-t.build/Objects-normal/arm64/CollectionViewFlowLayoutBuilder.d -emit-const-values-path /Users/admin/builder/spi-builder-workspace/.derivedData/Build/Intermediates.noindex/UIBuilder.build/Debug-xros/UIBuilder-t.build/Objects-normal/arm64/CollectionViewFlowLayoutBuilder.swiftconstvalues -emit-reference-dependencies-path /Users/admin/builder/spi-builder-workspace/.derivedData/Build/Intermediates.noindex/UIBuilder.build/Debug-xros/UIBuilder-t.build/Objects-normal/arm64/CollectionViewFlowLayoutBuilder.swiftdeps -serialize-diagnostics-path /Users/admin/builder/spi-builder-workspace/.derivedData/Build/Intermediates.noindex/UIBuilder.build/Debug-xros/UIBuilder-t.build/Objects-normal/arm64/CollectionViewFlowLayoutBuilder.dia -emit-dependencies-path /Users/admin/builder/spi-builder-workspace/.derivedData/Build/Intermediates.noindex/UIBuilder.build/Debug-xros/UIBuilder-t.build/Objects-normal/arm64/ScrollViewBuilder.d -emit-const-values-path /Users/admin/builder/spi-builder-workspace/.derivedData/Build/Intermediates.noindex/UIBuilder.build/Debug-xros/UIBuilder-t.build/Objects-normal/arm64/ScrollViewBuilder.swiftconstvalues -emit-reference-dependencies-path /Users/admin/builder/spi-builder-workspace/.derivedData/Build/Intermediates.noindex/UIBuilder.build/Debug-xros/UIBuilder-t.build/Objects-normal/arm64/ScrollViewBuilder.swiftdeps -serialize-diagnostics-path /Users/admin/builder/spi-builder-workspace/.derivedData/Build/Intermediates.noindex/UIBuilder.build/Debug-xros/UIBuilder-t.build/Objects-normal/arm64/ScrollViewBuilder.dia -target arm64-apple-xros1.0 -module-can-import-version UIKit 9127.0.84.1 9127.0.84 -disable-cross-import-overlay-search -load-resolved-plugin /Applications/Xcode-27.0.0-Release.Candidate.app/Contents/Developer/Platforms/XROS.platform/Developer/usr/lib/swift/host/plugins/libFoundationMacros.dylib\#/Applications/Xcode-27.0.0-Release.Candidate.app/Contents/Developer/Platforms/XROS.platform/Developer/usr/bin/swift-plugin-server\#FoundationMacros -load-resolved-plugin /Applications/Xcode-27.0.0-Release.Candidate.app/Contents/Developer/Platforms/XROS.platform/Developer/usr/lib/swift/host/plugins/libObservationMacros.dylib\#/Applications/Xcode-27.0.0-Release.Candidate.app/Contents/Developer/Platforms/XROS.platform/Developer/usr/bin/swift-plugin-server\#ObservationMacros -load-resolved-plugin /Applications/Xcode-27.0.0-Release.Candidate.app/Contents/Developer/Platforms/XROS.platform/Developer/usr/lib/swift/host/plugins/libPreviewsMacros.dylib\#/Applications/Xcode-27.0.0-Release.Candidate.app/Contents/Developer/Platforms/XROS.platform/Developer/usr/bin/swift-plugin-server\#PreviewsMacros -load-resolved-plugin /Applications/Xcode-27.0.0-Release.Candidate.app/Contents/Developer/Platforms/XROS.platform/Developer/usr/lib/swift/host/plugins/libSwiftMacros.dylib\#/Applications/Xcode-27.0.0-Release.Candidate.app/Contents/Developer/Platforms/XROS.platform/Developer/usr/bin/swift-plugin-server\#SwiftMacros -load-resolved-plugin /Applications/Xcode-27.0.0-Release.Candidate.app/Contents/Developer/Platforms/XROS.platform/Developer/usr/lib/swift/host/plugins/libSwiftUIMacros.dylib\#/Applications/Xcode-27.0.0-Release.Candidate.app/Contents/Developer/Platforms/XROS.platform/Developer/usr/bin/swift-plugin-server\#SwiftUIMacros -disable-implicit-swift-modules -Xcc -fno-implicit-modules -Xcc -fno-implicit-module-maps -explicit-swift-module-map-file /Users/admin/builder/spi-builder-workspace/.derivedData/Build/Intermediates.noindex/UIBuilder.build/Debug-xros/UIBuilder-t.build/Objects-normal/arm64/UIBuilder-dependencies-1.json -Xllvm -aarch64-use-tbi -enable-objc-interop -stack-check -sdk /Applications/Xcode-27.0.0-Release.Candidate.app/Contents/Developer/Platforms/XROS.platform/Developer/SDKs/XROS27.0.sdk -I /Users/admin/builder/spi-builder-workspace/.derivedData/Build/Products/Debug-xros -Isystem /Applications/Xcode-27.0.0-Release.Candidate.app/Contents/Developer/Platforms/XROS.platform/Developer/usr/lib -F /Users/admin/builder/spi-builder-workspace/.derivedData/Build/Products/Debug-xros/PackageFrameworks -F /Users/admin/builder/spi-builder-workspace/.derivedData/Build/Products/Debug-xros -F /Applications/Xcode-27.0.0-Release.Candidate.app/Contents/Developer/Platforms/XROS.platform/Developer/Library/Frameworks -F /Applications/Xcode-27.0.0-Release.Candidate.app/Contents/Developer/Platforms/XROS.platform/Developer/SDKs/XROS27.0.sdk/Developer/Library/Frameworks -module-cache-path /Users/admin/builder/spi-builder-workspace/.derivedData/Build/Intermediates.noindex/SwiftExplicitPrecompiledModules -no-color-diagnostics -Xcc -fno-color-diagnostics -enable-testing -g -debug-info-format\=dwarf -dwarf-version\=4 -profile-generate -profile-coverage-mapping -swift-version 5 -Onone -D SWIFT_PACKAGE -D DEBUG -D SWIFT_MODULE_RESOURCE_BUNDLE_UNAVAILABLE -D Xcode -serialize-debugging-options -enable-experimental-feature DebugDescriptionMacro -empty-abi-descriptor -validate-clang-modules-once -clang-build-session-file /Users/admin/builder/spi-builder-workspace/.derivedData/ModuleCache.noindex/Session.modulevalidation -Xcc -working-directory -Xcc /Users/admin/builder/spi-builder-workspace/.swiftpm/xcode -enable-anonymous-context-mangled-names -file-compilation-dir /Users/admin/builder/spi-builder-workspace/.swiftpm/xcode -Xcc -D_LIBCPP_HARDENING_MODE\=_LIBCPP_HARDENING_MODE_DEBUG -Xcc -ivfsstatcache -Xcc /Users/admin/builder/spi-builder-workspace/.derivedData/SDKStatCaches.noindex/xros27.0-24M361-e829b21a6f8c9b70876ba0858053c044735bd543db762f57723cac368afd1ce4.sdkstatcache -Xcc -fmodules-prune-interval\=86400 -Xcc -fmodules-prune-after\=345600 -Xcc -I/Users/admin/builder/spi-builder-workspace/.derivedData/Build/Products/Debug-xros/include -Xcc -I/Users/admin/builder/spi-builder-workspace/.derivedData/Build/Intermediates.noindex/UIBuilder.build/Debug-xros/UIBuilder-t.build/DerivedSources-normal/arm64 -Xcc -I/Users/admin/builder/spi-builder-workspace/.derivedData/Build/Intermediates.noindex/UIBuilder.build/Debug-xros/UIBuilder-t.build/DerivedSources/arm64 -Xcc -I/Users/admin/builder/spi-builder-workspace/.derivedData/Build/Intermediates.noindex/UIBuilder.build/Debug-xros/UIBuilder-t.build/DerivedSources -Xcc -DSWIFT_PACKAGE -Xcc -DDEBUG\=1 -no-auto-bridging-header-chaining -module-name UIBuilder -const-gather-protocols-file /Users/admin/builder/spi-builder-workspace/.derivedData/Build/Intermediates.noindex/UIBuilder.build/Debug-xros/UIBuilder-t.build/Objects-normal/arm64/UIBuilder_const_extract_protocols.json -disable-clang-spi -clang-target arm64-apple-xros27.0 -target-sdk-version 27.0 -target-sdk-name xros27.0 -in-process-plugin-server-path /Applications/Xcode-27.0.0-Release.Candidate.app/Contents/Developer/Toolchains/XcodeDefault.xctoolchain/usr/lib/swift/host/libSwiftInProcPluginServer.dylib -parse-as-library -o /Users/admin/builder/spi-builder-workspace/.derivedData/Build/Intermediates.noindex/UIBuilder.build/Debug-xros/UIBuilder-t.build/Objects-normal/arm64/CollectionViewFlowLayoutBuilder.o -o /Users/admin/builder/spi-builder-workspace/.derivedData/Build/Intermediates.noindex/UIBuilder.build/Debug-xros/UIBuilder-t.build/Objects-normal/arm64/ScrollViewBuilder.o -debug-module-path /Users/admin/builder/spi-builder-workspace/.derivedData/Build/Intermediates.noindex/UIBuilder.build/Debug-xros/UIBuilder-t.build/Objects-normal/arm64/UIBuilder.swiftmodule -index-unit-output-path /UIBuilder.build/Debug-xros/UIBuilder-t.build/Objects-normal/arm64/CollectionViewFlowLayoutBuilder.o -index-unit-output-path /UIBuilder.build/Debug-xros/UIBuilder-t.build/Objects-normal/arm64/ScrollViewBuilder.o -index-store-path /Users/admin/builder/spi-builder-workspace/.derivedData/Index.noindex/DataStore -index-system-modules
SwiftCompile normal arm64 Compiling\ ButtonBuilder.swift,\ ButtonConfigurationBuilder.swift /Users/admin/builder/spi-builder-workspace/Sources/UIBuilder/Control/ButtonBuilder.swift /Users/admin/builder/spi-builder-workspace/Sources/UIBuilder/Control/ButtonConfigurationBuilder.swift (in target 'UIBuilder' from project 'UIBuilder')
SwiftCompile normal arm64 /Users/admin/builder/spi-builder-workspace/Sources/UIBuilder/Control/ButtonBuilder.swift (in target 'UIBuilder' from project 'UIBuilder')
cd /Users/admin/builder/spi-builder-workspace/.swiftpm/xcode
builtin-SwiftPerFileCompile ButtonBuilder.swift
SwiftCompile normal arm64 /Users/admin/builder/spi-builder-workspace/Sources/UIBuilder/Control/ButtonConfigurationBuilder.swift (in target 'UIBuilder' from project 'UIBuilder')
cd /Users/admin/builder/spi-builder-workspace/.swiftpm/xcode
builtin-SwiftPerFileCompile ButtonConfigurationBuilder.swift
/Users/admin/builder/spi-builder-workspace/Sources/UIBuilder/Control/ButtonBuilder.swift:47:14: warning: 'contentEdgeInsets' was deprecated in visionOS 1.0: This property is ignored when using UIButtonConfiguration [#DeprecatedDeclaration]
45 |
46 | public func setContentEdgeInsets(_ insets: UIEdgeInsets) -> Self {
47 | view.contentEdgeInsets = insets
| `- warning: 'contentEdgeInsets' was deprecated in visionOS 1.0: This property is ignored when using UIButtonConfiguration [#DeprecatedDeclaration]
48 | return self
49 | }
/Users/admin/builder/spi-builder-workspace/Sources/UIBuilder/Control/ButtonBuilder.swift:57:14: warning: 'showsTouchWhenHighlighted' was deprecated in visionOS 1.0: This property is ignored when using UIButtonConfiguration [#DeprecatedDeclaration]
55 |
56 | public func setShowsTouchWhenHighlighted(_ shows: Bool) -> Self {
57 | view.showsTouchWhenHighlighted = shows
| `- warning: 'showsTouchWhenHighlighted' was deprecated in visionOS 1.0: This property is ignored when using UIButtonConfiguration [#DeprecatedDeclaration]
58 | return self
59 | }
SwiftCompile normal arm64 Compiling\ UIBuilder.swift /Users/admin/builder/spi-builder-workspace/Sources/UIBuilder/UIBuilder.swift (in target 'UIBuilder' from project 'UIBuilder')
SwiftCompile normal arm64 /Users/admin/builder/spi-builder-workspace/Sources/UIBuilder/UIBuilder.swift (in target 'UIBuilder' from project 'UIBuilder')
cd /Users/admin/builder/spi-builder-workspace/.swiftpm/xcode
builtin-SwiftPerFileCompile UIBuilder.swift
SwiftCompile normal arm64 Compiling\ TableViewBuilder.swift,\ TextFieldBuilder.swift /Users/admin/builder/spi-builder-workspace/Sources/UIBuilder/Scroll/TableViewBuilder.swift /Users/admin/builder/spi-builder-workspace/Sources/UIBuilder/Text/TextFieldBuilder.swift (in target 'UIBuilder' from project 'UIBuilder')
SwiftCompile normal arm64 /Users/admin/builder/spi-builder-workspace/Sources/UIBuilder/Scroll/TableViewBuilder.swift (in target 'UIBuilder' from project 'UIBuilder')
cd /Users/admin/builder/spi-builder-workspace/.swiftpm/xcode
builtin-SwiftPerFileCompile TableViewBuilder.swift
SwiftCompile normal arm64 /Users/admin/builder/spi-builder-workspace/Sources/UIBuilder/Text/TextFieldBuilder.swift (in target 'UIBuilder' from project 'UIBuilder')
cd /Users/admin/builder/spi-builder-workspace/.swiftpm/xcode
builtin-SwiftPerFileCompile TextFieldBuilder.swift
SwiftCompile normal arm64 Compiling\ TextViewBuilder.swift /Users/admin/builder/spi-builder-workspace/Sources/UIBuilder/Text/TextViewBuilder.swift (in target 'UIBuilder' from project 'UIBuilder')
SwiftCompile normal arm64 /Users/admin/builder/spi-builder-workspace/Sources/UIBuilder/Text/TextViewBuilder.swift (in target 'UIBuilder' from project 'UIBuilder')
cd /Users/admin/builder/spi-builder-workspace/.swiftpm/xcode
builtin-SwiftPerFileCompile TextViewBuilder.swift
SwiftEmitModule normal arm64 Emitting\ module\ for\ UIBuilder (in target 'UIBuilder' from project 'UIBuilder')
SwiftCompile normal arm64 (in target 'UIBuilder' from project 'UIBuilder')
cd /Users/admin/builder/spi-builder-workspace/.swiftpm/xcode
SwiftCompile normal arm64 Compiling\ LabelBuilder.swift /Users/admin/builder/spi-builder-workspace/Sources/UIBuilder/View/LabelBuilder.swift (in target 'UIBuilder' from project 'UIBuilder')
SwiftCompile normal arm64 /Users/admin/builder/spi-builder-workspace/Sources/UIBuilder/View/LabelBuilder.swift (in target 'UIBuilder' from project 'UIBuilder')
cd /Users/admin/builder/spi-builder-workspace/.swiftpm/xcode
builtin-SwiftPerFileCompile LabelBuilder.swift
SwiftCompile normal arm64 Compiling\ RefreshControlBuilder.swift,\ SwitchBuilder.swift /Users/admin/builder/spi-builder-workspace/Sources/UIBuilder/Control/RefreshControlBuilder.swift /Users/admin/builder/spi-builder-workspace/Sources/UIBuilder/Control/SwitchBuilder.swift (in target 'UIBuilder' from project 'UIBuilder')
SwiftCompile normal arm64 /Users/admin/builder/spi-builder-workspace/Sources/UIBuilder/Control/RefreshControlBuilder.swift (in target 'UIBuilder' from project 'UIBuilder')
cd /Users/admin/builder/spi-builder-workspace/.swiftpm/xcode
builtin-SwiftPerFileCompile RefreshControlBuilder.swift
SwiftCompile normal arm64 /Users/admin/builder/spi-builder-workspace/Sources/UIBuilder/Control/SwitchBuilder.swift (in target 'UIBuilder' from project 'UIBuilder')
cd /Users/admin/builder/spi-builder-workspace/.swiftpm/xcode
builtin-SwiftPerFileCompile SwitchBuilder.swift
SwiftCompile normal arm64 Compiling\ ImageViewBuilder.swift /Users/admin/builder/spi-builder-workspace/Sources/UIBuilder/View/ImageViewBuilder.swift (in target 'UIBuilder' from project 'UIBuilder')
SwiftCompile normal arm64 /Users/admin/builder/spi-builder-workspace/Sources/UIBuilder/View/ImageViewBuilder.swift (in target 'UIBuilder' from project 'UIBuilder')
cd /Users/admin/builder/spi-builder-workspace/.swiftpm/xcode
builtin-SwiftPerFileCompile ImageViewBuilder.swift
SwiftCompile normal arm64 Compiling\ StackViewBuilder.swift /Users/admin/builder/spi-builder-workspace/Sources/UIBuilder/View/StackViewBuilder.swift (in target 'UIBuilder' from project 'UIBuilder')
SwiftCompile normal arm64 /Users/admin/builder/spi-builder-workspace/Sources/UIBuilder/View/StackViewBuilder.swift (in target 'UIBuilder' from project 'UIBuilder')
cd /Users/admin/builder/spi-builder-workspace/.swiftpm/xcode
builtin-SwiftPerFileCompile StackViewBuilder.swift
SwiftEmitModule normal arm64 Emitting\ module\ for\ MightyCombine (in target 'MightyCombine' from project 'MightyCombine')
SwiftCompile normal arm64 (in target 'MightyCombine' from project 'MightyCombine')
cd /Users/admin/builder/spi-builder-workspace/.swiftpm/xcode
PruneExplicitPrecompiledModules /Users/admin/builder/spi-builder-workspace/.derivedData/Build/Intermediates.noindex/SwiftExplicitPrecompiledModules
PruneExplicitPrecompiledModules /Users/admin/builder/spi-builder-workspace/.derivedData/Build/Intermediates.noindex/ExplicitPrecompiledModules
PruneExplicitPrecompiledModules /Users/admin/builder/spi-builder-workspace/.derivedData/SDKExplicitPrecompiledModules
2026-09-19 18:52:05.611 xcodebuild[823:5079] [MT] IDERunDestination: Supported platforms for the buildables in the current scheme is empty.
** BUILD FAILED **
The following build commands failed:
SwiftCompile normal arm64 /Users/admin/builder/spi-builder-workspace/Sources/UIBuilder/Scroll/ScrollViewBuilder.swift (in target 'UIBuilder' from project 'UIBuilder')
SwiftCompile normal arm64 Compiling\ CollectionViewFlowLayoutBuilder.swift,\ ScrollViewBuilder.swift /Users/admin/builder/spi-builder-workspace/Sources/UIBuilder/Scroll/CollectionViewFlowLayoutBuilder.swift /Users/admin/builder/spi-builder-workspace/Sources/UIBuilder/Scroll/ScrollViewBuilder.swift (in target 'UIBuilder' from project 'UIBuilder')
Building workspace UIBuilder with scheme UIBuilder
(3 failures)
BUILD FAILURE 6.4 visionOS