Build Information
Failed to build HMKit, reference 3.2.5 (398257), with Swift 6.4 for watchOS using Xcode 27.0 on 23 Sep 2026 09:02:10 UTC.
Build Command
No build command. This typically means the build failed at an early stage where we determine the build command.Build Log
========================================
RunAll
========================================
Builder version: 5.1.0
Interrupt handler set up.
========================================
Checkout
========================================
Clone URL: https://github.com/highmobility/hmkit-swift.git
Reference: 3.2.5
Initialized empty Git repository in /Users/admin/builder/spi-builder-workspace/.git/
From https://github.com/highmobility/hmkit-swift
* tag 3.2.5 -> FETCH_HEAD
HEAD is now at 3982578 update package to `swift-tools-version:5.5`
Cloned https://github.com/highmobility/hmkit-swift.git
Revision (git rev-parse @):
3982578ab57f38502d4b0f7a444c7c7f40df8713
SUCCESS checkout https://github.com/highmobility/hmkit-swift.git at 3.2.5
========================================
Build
========================================
Selected platform: watchOS
Swift version: 6.4
Building package at path: $PWD
https://github.com/highmobility/hmkit-swift.git
Command line invocation:
/Applications/Xcode-27.0.0-Release.Candidate.app/Contents/Developer/usr/bin/xcodebuild -IDEClonedSourcePackagesDirPathOverride=/Users/admin/builder/spi-builder-workspace/.dependencies -resolvePackageDependencies
Resolve Package Graph
Fetching from git@github.com:highmobility/hmutilities-swift.git
skipping cache due to an error: Failed to clone repository git@github.com:highmobility/hmutilities-swift.git:
Cloning into bare repository '/Users/admin/Library/Caches/org.swift.swiftpm/repositories/hmutilities-swift-853f7a1a'...
Warning: Permanently added 'github.com' (ED25519) to the list of known hosts.
git@github.com: Permission denied (publickey).
fatal: Could not read from remote repository.
Please make sure you have the correct access rights
and the repository exists.
Fetching from git@github.com:highmobility/hmcryptokit-swift.git
skipping cache due to an error: Failed to clone repository git@github.com:highmobility/hmcryptokit-swift.git:
Cloning into bare repository '/Users/admin/Library/Caches/org.swift.swiftpm/repositories/hmcryptokit-swift-b446d993'...
git@github.com: Permission denied (publickey).
fatal: Could not read from remote repository.
Please make sure you have the correct access rights
and the repository exists.
Fetching from git@github.com:highmobility/hmutilities-swift.git
skipping cache due to an error: Failed to clone repository git@github.com:highmobility/hmutilities-swift.git:
Cloning into bare repository '/Users/admin/Library/Caches/org.swift.swiftpm/repositories/hmutilities-swift-853f7a1a'...
git@github.com: Permission denied (publickey).
fatal: Could not read from remote repository.
Please make sure you have the correct access rights
and the repository exists.
Fetching from git@github.com:highmobility/hmcryptokit-swift.git
skipping cache due to an error: Failed to clone repository git@github.com:highmobility/hmcryptokit-swift.git:
Cloning into bare repository '/Users/admin/Library/Caches/org.swift.swiftpm/repositories/hmcryptokit-swift-b446d993'...
git@github.com: Permission denied (publickey).
fatal: Could not read from remote repository.
Please make sure you have the correct access rights
and the repository exists.
2026-09-23 05:02:06.980 xcodebuild[528:3046] Writing error result bundle to /var/folders/xq/y_g06wb113726d38xsyx71_h0000gn/T/ResultBundle_2026-23-09_05-02-0006.xcresult
xcodebuild: error: Could not resolve package dependencies:
Failed to clone repository git@github.com:highmobility/hmcryptokit-swift.git:
Cloning into bare repository '/Users/admin/builder/spi-builder-workspace/.dependencies/repositories/hmcryptokit-swift-b446d993'...
git@github.com: Permission denied (publickey).
fatal: Could not read from remote repository.
Please make sure you have the correct access rights
and the repository exists.
Command line invocation:
/Applications/Xcode-27.0.0-Release.Candidate.app/Contents/Developer/usr/bin/xcodebuild -IDEClonedSourcePackagesDirPathOverride=/Users/admin/builder/spi-builder-workspace/.dependencies -resolvePackageDependencies
Resolve Package Graph
Fetching from git@github.com:highmobility/hmutilities-swift.git
skipping cache due to an error: Failed to clone repository git@github.com:highmobility/hmutilities-swift.git:
Cloning into bare repository '/Users/admin/Library/Caches/org.swift.swiftpm/repositories/hmutilities-swift-853f7a1a'...
git@github.com: Permission denied (publickey).
fatal: Could not read from remote repository.
Please make sure you have the correct access rights
and the repository exists.
Fetching from git@github.com:highmobility/hmcryptokit-swift.git
skipping cache due to an error: Failed to clone repository git@github.com:highmobility/hmcryptokit-swift.git:
Cloning into bare repository '/Users/admin/Library/Caches/org.swift.swiftpm/repositories/hmcryptokit-swift-b446d993'...
git@github.com: Permission denied (publickey).
fatal: Could not read from remote repository.
Please make sure you have the correct access rights
and the repository exists.
Fetching from git@github.com:highmobility/hmcryptokit-swift.git
skipping cache due to an error: Failed to clone repository git@github.com:highmobility/hmcryptokit-swift.git:
Cloning into bare repository '/Users/admin/Library/Caches/org.swift.swiftpm/repositories/hmcryptokit-swift-b446d993'...
git@github.com: Permission denied (publickey).
fatal: Could not read from remote repository.
Please make sure you have the correct access rights
and the repository exists.
Fetching from git@github.com:highmobility/hmutilities-swift.git
skipping cache due to an error: Failed to clone repository git@github.com:highmobility/hmutilities-swift.git:
Cloning into bare repository '/Users/admin/Library/Caches/org.swift.swiftpm/repositories/hmutilities-swift-853f7a1a'...
git@github.com: Permission denied (publickey).
fatal: Could not read from remote repository.
Please make sure you have the correct access rights
and the repository exists.
2026-09-23 05:02:10.761 xcodebuild[612:3672] Writing error result bundle to /var/folders/xq/y_g06wb113726d38xsyx71_h0000gn/T/ResultBundle_2026-23-09_05-02-0010.xcresult
xcodebuild: error: Could not resolve package dependencies:
Failed to clone repository git@github.com:highmobility/hmcryptokit-swift.git:
Cloning into bare repository '/Users/admin/builder/spi-builder-workspace/.dependencies/repositories/hmcryptokit-swift-b446d993'...
git@github.com: Permission denied (publickey).
fatal: Could not read from remote repository.
Please make sure you have the correct access rights
and the repository exists.
BUILD FAILURE 6.4 watchOS