The Swift Package Index logo.Swift Package Index

Build Information

Failed to build cel-swift, reference main (92334e), with Swift 6.3 for Wasm on 8 Oct 2026 18:54:35 UTC.

Build Command

bash -c docker run --pull=always --rm -v "checkouts-54344843-1":/host -w "$PWD" -e JAVA_HOME="/root/.sdkman/candidates/java/current" -e SPI_BUILD="1" -e SPI_PROCESSING="1" registry.gitlab.com/saguaro1/spi-images:wasm-6.3-latest swift build --swift-sdk swift-6.3.2-RELEASE_wasm 2>&1

Build Log

========================================
RunAll
========================================
Builder version: 5.1.1
Interrupt handler set up.
========================================
Checkout
========================================
Clone URL: https://github.com/lustefaniak/cel-swift.git
Reference: main
Initialized empty Git repository in /host/spi-builder-workspace/.git/
hint: Using 'master' as the name for the initial branch. This default branch name
hint: is subject to change. To configure the initial branch name to use in all
hint: of your new repositories, which will suppress this warning, call:
hint:
hint: 	git config --global init.defaultBranch <name>
hint:
hint: Names commonly chosen instead of 'master' are 'main', 'trunk' and
hint: 'development'. The just-created branch can be renamed via this command:
hint:
hint: 	git branch -m <name>
From https://github.com/lustefaniak/cel-swift
 * branch            main       -> FETCH_HEAD
 * [new branch]      main       -> origin/main
HEAD is now at 92334e9 api-check: Clear the allowlist after 0.1.1 (#8)
Submodule path 'third_party/cel-go': checked out 'f2039bc647bca407d882d90436fc8b91bab1ae62'
Submodule path 'third_party/cel-spec': checked out 'ba58ae5007845f3a1279b488cdeb79645ce958bb'
Submodule 'third_party/cel-go' (https://github.com/cel-expr/cel-go) registered for path 'third_party/cel-go'
Submodule 'third_party/cel-spec' (https://github.com/google/cel-spec) registered for path 'third_party/cel-spec'
Cloning into '/host/spi-builder-workspace/third_party/cel-go'...
Cloning into '/host/spi-builder-workspace/third_party/cel-spec'...
Cloned https://github.com/lustefaniak/cel-swift.git
Revision (git rev-parse @):
92334e90b1f16b7c46d7e3da8194bff140c8dd47
SUCCESS checkout https://github.com/lustefaniak/cel-swift.git at main
========================================
Build
========================================
Selected platform:         wasm
Swift version:             6.3
Building package at path:  $PWD
https://github.com/lustefaniak/cel-swift.git
Running build ...
bash -c docker run --pull=always --rm -v "checkouts-54344843-1":/host -w "$PWD" -e JAVA_HOME="/root/.sdkman/candidates/java/current" -e SPI_BUILD="1" -e SPI_PROCESSING="1" registry.gitlab.com/saguaro1/spi-images:wasm-6.3-latest swift build --swift-sdk swift-6.3.2-RELEASE_wasm 2>&1
wasm-6.3-latest: Pulling from saguaro1/spi-images
Digest: sha256:df2e9038ff906af397ec7b7e13902ccb183f8867606bc33419e44453a9abdb4b
Status: Image is up to date for registry.gitlab.com/saguaro1/spi-images:wasm-6.3-latest
Fetching https://github.com/jpsim/Yams.git
Fetching https://github.com/apple/swift-protobuf.git
[1/54852] Fetching swift-protobuf
[6035/66734] Fetching swift-protobuf, yams
Fetched https://github.com/jpsim/Yams.git from cache (5.54s)
Fetched https://github.com/apple/swift-protobuf.git from cache (5.56s)
Computing version for https://github.com/jpsim/Yams.git
Computed https://github.com/jpsim/Yams.git at 6.2.2 (5.71s)
Computing version for https://github.com/apple/swift-protobuf.git
Computed https://github.com/apple/swift-protobuf.git at 1.37.0 (0.19s)
Creating working copy for https://github.com/jpsim/Yams.git
Working copy of https://github.com/jpsim/Yams.git resolved at 6.2.2
Creating working copy for https://github.com/apple/swift-protobuf.git
Working copy of https://github.com/apple/swift-protobuf.git resolved at 1.37.0
[1/1] Compiling plugin SwiftProtobufPlugin
Building for debugging...
[1/44] Write sources
[17/44] Compiling reader.c
[18/44] Compiling writer.c
[19/44] Compiling parser.c
[20/44] Compiling api.c
[21/44] Write swift-version-24593BA9C3E375BF.txt
[22/44] Compiling emitter.c
[23/119] Compiling scanner.c
[25/162] Emitting module SwiftProtobuf
[26/173] Compiling Yams Decoder.swift
[27/173] Compiling Yams Emitter.swift
[28/173] Compiling Yams Tag.swift
[29/173] Compiling Yams YamlAnchorProviding.swift
[30/176] Compiling Yams Node.Sequence.swift
[31/176] Compiling Yams Node.swift
[32/176] Compiling Yams Encoder.swift
[33/176] Compiling Yams Node.Scalar.swift
[34/176] Compiling CELRegex Unicode.swift
[35/176] Compiling Yams Node.Alias.swift
[36/176] Compiling Yams Node.Mapping.swift
[37/176] Compiling Yams AliasDereferencingStrategy.swift
[38/176] Compiling Yams Anchor.swift
[39/176] Compiling Yams Constructor.swift
[40/176] Compiling Yams Mark.swift
[41/176] Emitting module CELRegex
[45/176] Compiling Yams Parser.swift
/host/spi-builder-workspace/.build/checkouts/Yams/Sources/Yams/Representer.swift:342:45: error: cannot find 'DBL_DECIMAL_DIG' in scope
340 |         // Since `NumberFormatter` creates a string with insufficient precision for Decode,
341 |         // it uses with `String(format:...)`
342 |         let string = String(format: "%.*g", DBL_DECIMAL_DIG, self)
    |                                             `- error: cannot find 'DBL_DECIMAL_DIG' in scope
343 |         // "%*.g" does not use scientific notation if the exponent is less than –4.
344 |         // So fallback to using `NumberFormatter` if string does not uses scientific notation.
[46/176] Compiling Yams RedundancyAliasingStrategy.swift
/host/spi-builder-workspace/.build/checkouts/Yams/Sources/Yams/Representer.swift:342:45: error: cannot find 'DBL_DECIMAL_DIG' in scope
340 |         // Since `NumberFormatter` creates a string with insufficient precision for Decode,
341 |         // it uses with `String(format:...)`
342 |         let string = String(format: "%.*g", DBL_DECIMAL_DIG, self)
    |                                             `- error: cannot find 'DBL_DECIMAL_DIG' in scope
343 |         // "%*.g" does not use scientific notation if the exponent is less than –4.
344 |         // So fallback to using `NumberFormatter` if string does not uses scientific notation.
[47/176] Compiling Yams Representer.swift
/host/spi-builder-workspace/.build/checkouts/Yams/Sources/Yams/Representer.swift:342:45: error: cannot find 'DBL_DECIMAL_DIG' in scope
340 |         // Since `NumberFormatter` creates a string with insufficient precision for Decode,
341 |         // it uses with `String(format:...)`
342 |         let string = String(format: "%.*g", DBL_DECIMAL_DIG, self)
    |                                             `- error: cannot find 'DBL_DECIMAL_DIG' in scope
343 |         // "%*.g" does not use scientific notation if the exponent is less than –4.
344 |         // So fallback to using `NumberFormatter` if string does not uses scientific notation.
[48/176] Compiling Yams YamlError.swift
[49/176] Compiling Yams YamlTagProviding.swift
[50/176] Compiling Yams Resolver.swift
[51/176] Compiling Yams String+Yams.swift
[59/176] Compiling SwiftProtobuf ExtensionMap.swift
[60/176] Compiling SwiftProtobuf FieldTag.swift
[61/176] Compiling SwiftProtobuf FieldTypes.swift
[67/176] Compiling SwiftProtobuf JSONDecoder.swift
[68/176] Compiling SwiftProtobuf JSONDecodingError.swift
[69/176] Compiling SwiftProtobuf JSONDecodingOptions.swift
[70/176] Compiling SwiftProtobuf JSONEncoder.swift
[71/176] Compiling SwiftProtobuf JSONEncodingError.swift
[72/176] Compiling SwiftProtobuf JSONEncodingOptions.swift
[73/176] Compiling SwiftProtobuf JSONEncodingVisitor.swift
[74/176] Compiling SwiftProtobuf JSONMapEncodingVisitor.swift
[75/176] Compiling SwiftProtobuf JSONScanner.swift
[76/176] Compiling SwiftProtobuf MathUtils.swift
[77/176] Compiling SwiftProtobuf Message+AnyAdditions.swift
[78/176] Compiling SwiftProtobuf Message+BinaryAdditions.swift
[79/176] Compiling SwiftProtobuf Message+BinaryAdditions_Data.swift
[80/176] Compiling SwiftProtobuf Message+FieldMask.swift
[81/176] Compiling SwiftProtobuf Message+JSONAdditions.swift
[82/176] Compiling SwiftProtobuf Message+JSONAdditions_Data.swift
[83/176] Compiling SwiftProtobuf Message+JSONArrayAdditions.swift
[84/176] Compiling SwiftProtobuf Message+JSONArrayAdditions_Data.swift
[85/176] Compiling SwiftProtobuf Message+TextFormatAdditions.swift
[86/176] Compiling SwiftProtobuf Message.swift
[87/176] Compiling SwiftProtobuf MessageExtension.swift
[88/176] Compiling SwiftProtobuf NameMap.swift
[89/176] Compiling SwiftProtobuf PathDecoder.swift
[90/176] Compiling SwiftProtobuf PathVisitor.swift
[91/176] Compiling SwiftProtobuf Google_Protobuf_Any+Extensions.swift
[92/176] Compiling SwiftProtobuf Google_Protobuf_Any+Registry.swift
[93/176] Compiling SwiftProtobuf Google_Protobuf_Duration+Extensions.swift
[94/176] Compiling SwiftProtobuf Google_Protobuf_FieldMask+Extensions.swift
[95/176] Compiling SwiftProtobuf Google_Protobuf_ListValue+Extensions.swift
[96/176] Compiling SwiftProtobuf Google_Protobuf_NullValue+Extensions.swift
[97/176] Compiling SwiftProtobuf Google_Protobuf_Struct+Extensions.swift
[98/176] Compiling SwiftProtobuf Google_Protobuf_Timestamp+Extensions.swift
[99/176] Compiling SwiftProtobuf Google_Protobuf_Value+Extensions.swift
[100/176] Compiling SwiftProtobuf Google_Protobuf_Wrappers+Extensions.swift
[101/176] Compiling SwiftProtobuf HashVisitor.swift
[102/176] Compiling SwiftProtobuf Internal.swift
[103/176] Compiling SwiftProtobuf ProtoNameProviding.swift
[104/176] Compiling SwiftProtobuf ProtobufAPIVersionCheck.swift
[105/176] Compiling SwiftProtobuf ProtobufMap.swift
[106/176] Compiling SwiftProtobuf SelectiveVisitor.swift
[107/176] Compiling SwiftProtobuf SimpleExtensionMap.swift
[108/176] Compiling SwiftProtobuf StringUtils.swift
[109/176] Compiling SwiftProtobuf SwiftProtobufContiguousBytes.swift
[110/176] Compiling SwiftProtobuf SwiftProtobufError.swift
[111/176] Compiling SwiftProtobuf TextFormatDecoder.swift
[112/176] Compiling SwiftProtobuf TextFormatDecodingError.swift
[113/176] Compiling SwiftProtobuf TextFormatDecodingOptions.swift
[114/176] Compiling SwiftProtobuf TextFormatEncoder.swift
[118/176] Compiling CELRegex UnicodeTables.swift
[120/177] Emitting module Yams
[123/177] Wrapping AST for CELRegex for debugging
error: cancelled
error: cancelled
error: cancelled
error: cancelled
error: cancelled
error: cancelled
error: cancelled
error: cancelled
error: cancelled
BUILD FAILURE 6.3 wasm