Build Information
Failed to build elementary-pines, reference 0.2.100 (f86820), with Swift 6.2 for watchOS using Xcode 26.3 on 12 Aug 2026 20:48:35 UTC.
Build Command
env DEVELOPER_DIR=/Applications/Xcode-26.3.0.app xcrun xcodebuild -IDEClonedSourcePackagesDirPathOverride=$PWD/.dependencies -skipMacroValidation -skipPackagePluginValidation -derivedDataPath $PWD/.derivedData build -scheme elementary-pines -destination generic/platform=watchOSBuild Log
========================================
RunAll
========================================
Builder version: undefined version: run 'make version' to update
Interrupt handler set up.
========================================
Checkout
========================================
Clone URL: https://github.com/amirsaam/elementary-pines.git
Reference: 0.2.100
Initialized empty Git repository in /Users/admin/builder/spi-builder-workspace/.git/
From https://github.com/amirsaam/elementary-pines
* tag 0.2.100 -> FETCH_HEAD
HEAD is now at f868206 chore: tag 0.2.100
Cloned https://github.com/amirsaam/elementary-pines.git
Revision (git rev-parse @):
f868206f15a766fa281b9d8aec42813caca9023f
SUCCESS checkout https://github.com/amirsaam/elementary-pines.git at 0.2.100
========================================
Build
========================================
Selected platform: watchOS
Swift version: 6.2
Building package at path: $PWD
https://github.com/amirsaam/elementary-pines.git
Command line invocation:
/Applications/Xcode-26.3.0.app/Contents/Developer/usr/bin/xcodebuild -IDEClonedSourcePackagesDirPathOverride=/Users/admin/builder/spi-builder-workspace/.dependencies -resolvePackageDependencies
Resolve Package Graph
Fetching from https://github.com/amirsaam/elementary-alpine.git
Fetching from https://github.com/amirsaam/elementary-tailwind.git
Fetching from https://github.com/elementary-swift/elementary.git
Creating working copy of package ‘elementary-tailwind’
Checking out 0.3.700 of package ‘elementary-tailwind’
Creating working copy of package ‘elementary’
Checking out 0.8.0 of package ‘elementary’
Creating working copy of package ‘elementary-alpine’
Checking out 0.4.0 of package ‘elementary-alpine’
Resolve Package Graph
Resolved source packages:
elementary-pines: /Users/admin/builder/spi-builder-workspace
elementary-tailwind: https://github.com/amirsaam/elementary-tailwind.git @ 0.3.700
elementary: https://github.com/elementary-swift/elementary.git @ 0.8.0
elementary-alpine: https://github.com/amirsaam/elementary-alpine.git @ 0.4.0
resolved source packages: elementary-pines, elementary-tailwind, elementary, elementary-alpine
2026-08-12 16:48:05.028 xcodebuild[538:3097] [MT] IDERunDestination: Supported platforms for the buildables in the current scheme is empty.
{
"dependencies" : [
{
"identity" : "elementary-alpine",
"requirement" : {
"range" : [
{
"lower_bound" : "0.4.0",
"upper_bound" : "1.0.0"
}
]
},
"type" : "sourceControl",
"url" : "https://github.com/amirsaam/elementary-alpine.git"
},
{
"identity" : "elementary-tailwind",
"requirement" : {
"range" : [
{
"lower_bound" : "0.3.700",
"upper_bound" : "1.0.0"
}
]
},
"type" : "sourceControl",
"url" : "https://github.com/amirsaam/elementary-tailwind.git"
}
],
"manifest_display_name" : "elementary-pines",
"name" : "elementary-pines",
"path" : "/Users/admin/builder/spi-builder-workspace",
"platforms" : [
{
"name" : "macos",
"version" : "14.0"
},
{
"name" : "ios",
"version" : "15.0"
},
{
"name" : "tvos",
"version" : "17.0"
},
{
"name" : "watchos",
"version" : "10.0"
}
],
"products" : [
{
"name" : "ElementaryPines",
"targets" : [
"ElementaryPines"
],
"type" : {
"library" : [
"automatic"
]
}
}
],
"targets" : [
{
"c99name" : "TestUtilities",
"module_type" : "SwiftTarget",
"name" : "TestUtilities",
"path" : "Tests/TestUtilities",
"product_dependencies" : [
"ElementaryAlpine"
],
"sources" : [
"HTMLAssertEqual.swift"
],
"type" : "library"
},
{
"c99name" : "ElementaryPinesTests",
"module_type" : "SwiftTarget",
"name" : "ElementaryPinesTests",
"path" : "Tests/ElementaryPinesTests",
"sources" : [
"Accordion/AccordionTests.swift",
"Alert/AlertTests.swift",
"Alpine/AlpineDirectiveTests.swift",
"Badge/BadgeStyleModifierTests.swift",
"Banner/BannerTests.swift",
"Breadcrumb/BreadcrumbTests.swift",
"Button/ButtonStyleModifierTests.swift",
"Card/CardTests.swift",
"Checkbox/CheckboxTests.swift",
"DatePicker/DatePickerTests.swift",
"Icons/IconTests.swift",
"Icons/PinesIconAttributesTests.swift",
"Input/InputTests.swift",
"Progress/ProgressTests.swift",
"Quote/QuoteTests.swift",
"RadioGroup/RadioGroupTests.swift",
"RangeSlider/RangeSliderTests.swift",
"Rating/RatingTests.swift",
"Select/SelectTests.swift",
"Switch/SwitchTests.swift",
"Tabs/TabsTests.swift",
"Textarea/TextareaTests.swift",
"Toast/ToastTests.swift",
"Tooltip/TooltipTests.swift"
],
"target_dependencies" : [
"ElementaryPines",
"TestUtilities"
],
"type" : "test"
},
{
"c99name" : "ElementaryPines",
"module_type" : "SwiftTarget",
"name" : "ElementaryPines",
"path" : "Sources/ElementaryPines",
"product_dependencies" : [
"ElementaryAlpine",
"ElementaryTailwind"
],
"product_memberships" : [
"ElementaryPines"
],
"sources" : [
"Accordion/Accordion+State.swift",
"Accordion/Accordion.swift",
"Alert/Alert+Icon.swift",
"Alert/Alert+Variant.swift",
"Alert/Alert.swift",
"Alert/AlertVariant.swift",
"Badge/Badge+Modifier.swift",
"Badge/Badge+Style.swift",
"Banner/Banner+Icon.swift",
"Banner/Banner+Position.swift",
"Banner/Banner.swift",
"Breadcrumb/Breadcrumb+HomeIcon.swift",
"Breadcrumb/Breadcrumb+Item.swift",
"Breadcrumb/Breadcrumb+Items.swift",
"Breadcrumb/Breadcrumb+Separator.swift",
"Breadcrumb/Breadcrumb+SiteMapEntry.swift",
"Breadcrumb/Breadcrumb.swift",
"Button/Button+Modifier.swift",
"Button/Button+Style.swift",
"Card/Card+Variant.swift",
"Card/Card.swift",
"Checkbox/Checkbox.swift",
"DatePicker/DatePicker+Format.swift",
"DatePicker/DatePicker+State.swift",
"DatePicker/DatePicker.swift",
"Helpers/Alpine.swift",
"Helpers/Color.swift",
"Helpers/Field.swift",
"Icons/Icon+Kind.swift",
"Icons/Icon+Size.swift",
"Icons/Icon+Special.swift",
"Icons/Icons.swift",
"Input/Input.swift",
"Pines.swift",
"Progress/Progress+Size.swift",
"Progress/Progress.swift",
"Quote/Quote.swift",
"RadioGroup/RadioGroup+Option.swift",
"RadioGroup/RadioGroup.swift",
"RangeSlider/RangeSlider.swift",
"Rating/Rating+EmptyStyle.swift",
"Rating/Rating+Icon.swift",
"Rating/Rating.swift",
"Select/Select+Item.swift",
"Select/Select+State.swift",
"Select/Select.swift",
"Switch/Switch+Size.swift",
"Switch/Switch.swift",
"Tabs/Tabs+State.swift",
"Tabs/Tabs.swift",
"Textarea/Textarea.swift",
"Toast/Toast+State.swift",
"Toast/Toast.swift",
"Tooltip/Tooltip+State.swift",
"Tooltip/Tooltip.swift"
],
"type" : "library"
}
],
"tools_version" : "6.1"
}
{
"workspace" : {
"name" : "spi-builder-workspace",
"schemes" : [
"elementary-pines"
]
}
}
2026-08-12 16:48:23.406 xcodebuild[784:4645] [MT] IDERunDestination: Supported platforms for the buildables in the current scheme is empty.
Running build ...
env DEVELOPER_DIR=/Applications/Xcode-26.3.0.app xcrun xcodebuild -IDEClonedSourcePackagesDirPathOverride=$PWD/.dependencies -skipMacroValidation -skipPackagePluginValidation -derivedDataPath $PWD/.derivedData build -scheme elementary-pines -destination generic/platform=watchOS
Command line invocation:
/Applications/Xcode-26.3.0.app/Contents/Developer/usr/bin/xcodebuild -IDEClonedSourcePackagesDirPathOverride=/Users/admin/builder/spi-builder-workspace/.dependencies -skipMacroValidation -skipPackagePluginValidation -derivedDataPath /Users/admin/builder/spi-builder-workspace/.derivedData build -scheme elementary-pines -destination generic/platform=watchOS
Resolve Package Graph
Resolve Package Graph
Resolved source packages:
elementary-pines: /Users/admin/builder/spi-builder-workspace
elementary-tailwind: https://github.com/amirsaam/elementary-tailwind.git @ 0.3.700
elementary: https://github.com/elementary-swift/elementary.git @ 0.8.0
elementary-alpine: https://github.com/amirsaam/elementary-alpine.git @ 0.4.0
ComputePackagePrebuildTargetDependencyGraph
Prepare packages
CreateBuildRequest
SendProjectDescription
CreateBuildOperation
ComputeTargetDependencyGraph
note: Building targets in dependency order
note: Target dependency graph (8 targets)
Target 'ElementaryPines' in project 'elementary-pines'
➜ Explicit dependency on target 'ElementaryPines' in project 'elementary-pines'
➜ Explicit dependency on target 'ElementaryAlpine' in project 'elementary-alpine'
➜ Explicit dependency on target 'ElementaryTailwind' in project 'elementary-tailwind'
Target 'ElementaryPines' in project 'elementary-pines'
➜ Explicit dependency on target 'ElementaryAlpine' in project 'elementary-alpine'
➜ Explicit dependency on target 'ElementaryTailwind' in project 'elementary-tailwind'
Target 'ElementaryTailwind' in project 'elementary-tailwind'
➜ Explicit dependency on target 'ElementaryTailwind' in project 'elementary-tailwind'
➜ Explicit dependency on target 'Elementary' in project 'elementary'
Target 'ElementaryTailwind' in project 'elementary-tailwind'
➜ Explicit dependency on target 'Elementary' in project 'elementary'
Target 'ElementaryAlpine' in project 'elementary-alpine'
➜ Explicit dependency on target 'ElementaryAlpine' in project 'elementary-alpine'
➜ Explicit dependency on target 'Elementary' in project 'elementary'
Target 'ElementaryAlpine' in project 'elementary-alpine'
➜ Explicit dependency on target 'Elementary' in project 'elementary'
Target 'Elementary' in project 'elementary'
➜ Explicit dependency on target 'Elementary' in project 'elementary'
Target 'Elementary' in project 'elementary' (no dependencies)
GatherProvisioningInputs
CreateBuildDescription
ExecuteExternalTool /Applications/Xcode-26.3.0.app/Contents/Developer/Toolchains/XcodeDefault.xctoolchain/usr/bin/clang -v -E -dM -isysroot /Applications/Xcode-26.3.0.app/Contents/Developer/Platforms/WatchOS.platform/Developer/SDKs/WatchOS26.2.sdk -x c -c /dev/null
ExecuteExternalTool /Applications/Xcode-26.3.0.app/Contents/Developer/Toolchains/XcodeDefault.xctoolchain/usr/bin/swiftc --version
ExecuteExternalTool /Applications/Xcode-26.3.0.app/Contents/Developer/Toolchains/XcodeDefault.xctoolchain/usr/bin/ld -version_details
Build description signature: b61b79344701a6227b3783607fee6aef
Build description path: /Users/admin/builder/spi-builder-workspace/.derivedData/Build/Intermediates.noindex/XCBuildData/b61b79344701a6227b3783607fee6aef.xcbuilddata
ClangStatCache /Applications/Xcode-26.3.0.app/Contents/Developer/Toolchains/XcodeDefault.xctoolchain/usr/bin/clang-stat-cache /Applications/Xcode-26.3.0.app/Contents/Developer/Platforms/WatchOS.platform/Developer/SDKs/WatchOS26.2.sdk /Users/admin/builder/spi-builder-workspace/.derivedData/SDKStatCaches.noindex/watchos26.2-23S303-dc75598d0054f22ec865fa860f139d721753b489057de6bda919edfa1c59a62b.sdkstatcache
cd /Users/admin/builder/spi-builder-workspace/.swiftpm/xcode
/Applications/Xcode-26.3.0.app/Contents/Developer/Toolchains/XcodeDefault.xctoolchain/usr/bin/clang-stat-cache /Applications/Xcode-26.3.0.app/Contents/Developer/Platforms/WatchOS.platform/Developer/SDKs/WatchOS26.2.sdk -o /Users/admin/builder/spi-builder-workspace/.derivedData/SDKStatCaches.noindex/watchos26.2-23S303-dc75598d0054f22ec865fa860f139d721753b489057de6bda919edfa1c59a62b.sdkstatcache
CreateBuildDirectory /Users/admin/builder/spi-builder-workspace/.derivedData/Build/Products
cd /Users/admin/builder/spi-builder-workspace/.swiftpm/xcode
builtin-create-build-directory /Users/admin/builder/spi-builder-workspace/.derivedData/Build/Products
CreateBuildDirectory /Users/admin/builder/spi-builder-workspace/.derivedData/Build/Intermediates.noindex
cd /Users/admin/builder/spi-builder-workspace/.swiftpm/xcode
builtin-create-build-directory /Users/admin/builder/spi-builder-workspace/.derivedData/Build/Intermediates.noindex
CreateBuildDirectory /Users/admin/builder/spi-builder-workspace/.derivedData/Build/Intermediates.noindex/SwiftExplicitPrecompiledModules
cd /Users/admin/builder/spi-builder-workspace/.swiftpm/xcode
builtin-create-build-directory /Users/admin/builder/spi-builder-workspace/.derivedData/Build/Intermediates.noindex/SwiftExplicitPrecompiledModules
CreateBuildDirectory /Users/admin/builder/spi-builder-workspace/.derivedData/Build/Intermediates.noindex/ExplicitPrecompiledModules
cd /Users/admin/builder/spi-builder-workspace/.swiftpm/xcode
builtin-create-build-directory /Users/admin/builder/spi-builder-workspace/.derivedData/Build/Intermediates.noindex/ExplicitPrecompiledModules
CreateBuildDirectory /Users/admin/builder/spi-builder-workspace/.derivedData/Build/Products/Debug-watchos
cd /Users/admin/builder/spi-builder-workspace/.swiftpm/xcode
builtin-create-build-directory /Users/admin/builder/spi-builder-workspace/.derivedData/Build/Products/Debug-watchos
CreateBuildDirectory /Users/admin/builder/spi-builder-workspace/.derivedData/Build/Intermediates.noindex/EagerLinkingTBDs/Debug-watchos
cd /Users/admin/builder/spi-builder-workspace/.swiftpm/xcode
builtin-create-build-directory /Users/admin/builder/spi-builder-workspace/.derivedData/Build/Intermediates.noindex/EagerLinkingTBDs/Debug-watchos
CreateBuildDirectory /Users/admin/builder/spi-builder-workspace/.derivedData/Build/Products/Debug-watchos/PackageFrameworks
cd /Users/admin/builder/spi-builder-workspace/.swiftpm/xcode
builtin-create-build-directory /Users/admin/builder/spi-builder-workspace/.derivedData/Build/Products/Debug-watchos/PackageFrameworks
WriteAuxiliaryFile /Users/admin/builder/spi-builder-workspace/.derivedData/Build/Intermediates.noindex/elementary.build/Debug-watchos/Elementary.build/Elementary.modulemap (in target 'Elementary' from project 'elementary')
cd /Users/admin/builder/spi-builder-workspace/.dependencies/checkouts/elementary
write-file /Users/admin/builder/spi-builder-workspace/.derivedData/Build/Intermediates.noindex/elementary.build/Debug-watchos/Elementary.build/Elementary.modulemap
WriteAuxiliaryFile /Users/admin/builder/spi-builder-workspace/.derivedData/Build/Intermediates.noindex/elementary.build/Debug-watchos/Elementary.build/Objects-normal/arm64_32/Elementary-OutputFileMap.json (in target 'Elementary' from project 'elementary')
cd /Users/admin/builder/spi-builder-workspace/.dependencies/checkouts/elementary
write-file /Users/admin/builder/spi-builder-workspace/.derivedData/Build/Intermediates.noindex/elementary.build/Debug-watchos/Elementary.build/Objects-normal/arm64_32/Elementary-OutputFileMap.json
WriteAuxiliaryFile /Users/admin/builder/spi-builder-workspace/.derivedData/Build/Intermediates.noindex/elementary.build/Debug-watchos/Elementary.build/Objects-normal/arm64_32/Elementary.SwiftConstValuesFileList (in target 'Elementary' from project 'elementary')
cd /Users/admin/builder/spi-builder-workspace/.dependencies/checkouts/elementary
write-file /Users/admin/builder/spi-builder-workspace/.derivedData/Build/Intermediates.noindex/elementary.build/Debug-watchos/Elementary.build/Objects-normal/arm64_32/Elementary.SwiftConstValuesFileList
WriteAuxiliaryFile /Users/admin/builder/spi-builder-workspace/.derivedData/Build/Intermediates.noindex/elementary.build/Debug-watchos/Elementary.build/Objects-normal/arm64_32/Elementary_const_extract_protocols.json (in target 'Elementary' from project 'elementary')
cd /Users/admin/builder/spi-builder-workspace/.dependencies/checkouts/elementary
write-file /Users/admin/builder/spi-builder-workspace/.derivedData/Build/Intermediates.noindex/elementary.build/Debug-watchos/Elementary.build/Objects-normal/arm64_32/Elementary_const_extract_protocols.json
WriteAuxiliaryFile /Users/admin/builder/spi-builder-workspace/.derivedData/Build/Intermediates.noindex/elementary.build/Debug-watchos/Elementary.build/Objects-normal/arm64_32/Elementary.SwiftFileList (in target 'Elementary' from project 'elementary')
cd /Users/admin/builder/spi-builder-workspace/.dependencies/checkouts/elementary
write-file /Users/admin/builder/spi-builder-workspace/.derivedData/Build/Intermediates.noindex/elementary.build/Debug-watchos/Elementary.build/Objects-normal/arm64_32/Elementary.SwiftFileList
WriteAuxiliaryFile /Users/admin/builder/spi-builder-workspace/.derivedData/Build/Intermediates.noindex/elementary.build/Debug-watchos/Elementary.build/Objects-normal/arm64_32/Elementary.LinkFileList (in target 'Elementary' from project 'elementary')
cd /Users/admin/builder/spi-builder-workspace/.dependencies/checkouts/elementary
write-file /Users/admin/builder/spi-builder-workspace/.derivedData/Build/Intermediates.noindex/elementary.build/Debug-watchos/Elementary.build/Objects-normal/arm64_32/Elementary.LinkFileList
WriteAuxiliaryFile /Users/admin/builder/spi-builder-workspace/.derivedData/Build/Intermediates.noindex/elementary-alpine.build/Debug-watchos/ElementaryAlpine.build/ElementaryAlpine.modulemap (in target 'ElementaryAlpine' from project 'elementary-alpine')
cd /Users/admin/builder/spi-builder-workspace/.dependencies/checkouts/elementary-alpine
write-file /Users/admin/builder/spi-builder-workspace/.derivedData/Build/Intermediates.noindex/elementary-alpine.build/Debug-watchos/ElementaryAlpine.build/ElementaryAlpine.modulemap
WriteAuxiliaryFile /Users/admin/builder/spi-builder-workspace/.derivedData/Build/Intermediates.noindex/elementary.build/Debug-watchos/Elementary.build/Objects-normal/arm64/Elementary_const_extract_protocols.json (in target 'Elementary' from project 'elementary')
cd /Users/admin/builder/spi-builder-workspace/.dependencies/checkouts/elementary
write-file /Users/admin/builder/spi-builder-workspace/.derivedData/Build/Intermediates.noindex/elementary.build/Debug-watchos/Elementary.build/Objects-normal/arm64/Elementary_const_extract_protocols.json
WriteAuxiliaryFile /Users/admin/builder/spi-builder-workspace/.derivedData/Build/Intermediates.noindex/elementary-tailwind.build/Debug-watchos/ElementaryTailwind.build/Objects-normal/arm64_32/ElementaryTailwind_const_extract_protocols.json (in target 'ElementaryTailwind' from project 'elementary-tailwind')
cd /Users/admin/builder/spi-builder-workspace/.dependencies/checkouts/elementary-tailwind
write-file /Users/admin/builder/spi-builder-workspace/.derivedData/Build/Intermediates.noindex/elementary-tailwind.build/Debug-watchos/ElementaryTailwind.build/Objects-normal/arm64_32/ElementaryTailwind_const_extract_protocols.json
WriteAuxiliaryFile /Users/admin/builder/spi-builder-workspace/.derivedData/Build/Intermediates.noindex/elementary-tailwind.build/Debug-watchos/ElementaryTailwind.build/Objects-normal/arm64_32/ElementaryTailwind.SwiftConstValuesFileList (in target 'ElementaryTailwind' from project 'elementary-tailwind')
cd /Users/admin/builder/spi-builder-workspace/.dependencies/checkouts/elementary-tailwind
write-file /Users/admin/builder/spi-builder-workspace/.derivedData/Build/Intermediates.noindex/elementary-tailwind.build/Debug-watchos/ElementaryTailwind.build/Objects-normal/arm64_32/ElementaryTailwind.SwiftConstValuesFileList
WriteAuxiliaryFile /Users/admin/builder/spi-builder-workspace/.derivedData/Build/Intermediates.noindex/elementary-tailwind.build/Debug-watchos/ElementaryTailwind.build/Objects-normal/arm64_32/ElementaryTailwind.SwiftFileList (in target 'ElementaryTailwind' from project 'elementary-tailwind')
cd /Users/admin/builder/spi-builder-workspace/.dependencies/checkouts/elementary-tailwind
write-file /Users/admin/builder/spi-builder-workspace/.derivedData/Build/Intermediates.noindex/elementary-tailwind.build/Debug-watchos/ElementaryTailwind.build/Objects-normal/arm64_32/ElementaryTailwind.SwiftFileList
WriteAuxiliaryFile /Users/admin/builder/spi-builder-workspace/.derivedData/Build/Intermediates.noindex/elementary-tailwind.build/Debug-watchos/ElementaryTailwind.build/Objects-normal/arm64_32/ElementaryTailwind.LinkFileList (in target 'ElementaryTailwind' from project 'elementary-tailwind')
cd /Users/admin/builder/spi-builder-workspace/.dependencies/checkouts/elementary-tailwind
write-file /Users/admin/builder/spi-builder-workspace/.derivedData/Build/Intermediates.noindex/elementary-tailwind.build/Debug-watchos/ElementaryTailwind.build/Objects-normal/arm64_32/ElementaryTailwind.LinkFileList
WriteAuxiliaryFile /Users/admin/builder/spi-builder-workspace/.derivedData/Build/Intermediates.noindex/elementary-tailwind.build/Debug-watchos/ElementaryTailwind.build/Objects-normal/arm64_32/ElementaryTailwind-OutputFileMap.json (in target 'ElementaryTailwind' from project 'elementary-tailwind')
cd /Users/admin/builder/spi-builder-workspace/.dependencies/checkouts/elementary-tailwind
write-file /Users/admin/builder/spi-builder-workspace/.derivedData/Build/Intermediates.noindex/elementary-tailwind.build/Debug-watchos/ElementaryTailwind.build/Objects-normal/arm64_32/ElementaryTailwind-OutputFileMap.json
WriteAuxiliaryFile /Users/admin/builder/spi-builder-workspace/.derivedData/Build/Intermediates.noindex/elementary-tailwind.build/Debug-watchos/ElementaryTailwind.build/Objects-normal/arm64/ElementaryTailwind_const_extract_protocols.json (in target 'ElementaryTailwind' from project 'elementary-tailwind')
cd /Users/admin/builder/spi-builder-workspace/.dependencies/checkouts/elementary-tailwind
write-file /Users/admin/builder/spi-builder-workspace/.derivedData/Build/Intermediates.noindex/elementary-tailwind.build/Debug-watchos/ElementaryTailwind.build/Objects-normal/arm64/ElementaryTailwind_const_extract_protocols.json
WriteAuxiliaryFile /Users/admin/builder/spi-builder-workspace/.derivedData/Build/Intermediates.noindex/elementary-tailwind.build/Debug-watchos/ElementaryTailwind.build/Objects-normal/arm64/ElementaryTailwind.SwiftFileList (in target 'ElementaryTailwind' from project 'elementary-tailwind')
cd /Users/admin/builder/spi-builder-workspace/.dependencies/checkouts/elementary-tailwind
write-file /Users/admin/builder/spi-builder-workspace/.derivedData/Build/Intermediates.noindex/elementary-tailwind.build/Debug-watchos/ElementaryTailwind.build/Objects-normal/arm64/ElementaryTailwind.SwiftFileList
WriteAuxiliaryFile /Users/admin/builder/spi-builder-workspace/.derivedData/Build/Intermediates.noindex/elementary-tailwind.build/Debug-watchos/ElementaryTailwind.build/Objects-normal/arm64/ElementaryTailwind.SwiftConstValuesFileList (in target 'ElementaryTailwind' from project 'elementary-tailwind')
cd /Users/admin/builder/spi-builder-workspace/.dependencies/checkouts/elementary-tailwind
write-file /Users/admin/builder/spi-builder-workspace/.derivedData/Build/Intermediates.noindex/elementary-tailwind.build/Debug-watchos/ElementaryTailwind.build/Objects-normal/arm64/ElementaryTailwind.SwiftConstValuesFileList
WriteAuxiliaryFile /Users/admin/builder/spi-builder-workspace/.derivedData/Build/Intermediates.noindex/elementary-tailwind.build/Debug-watchos/ElementaryTailwind.build/Objects-normal/arm64/ElementaryTailwind.LinkFileList (in target 'ElementaryTailwind' from project 'elementary-tailwind')
cd /Users/admin/builder/spi-builder-workspace/.dependencies/checkouts/elementary-tailwind
write-file /Users/admin/builder/spi-builder-workspace/.derivedData/Build/Intermediates.noindex/elementary-tailwind.build/Debug-watchos/ElementaryTailwind.build/Objects-normal/arm64/ElementaryTailwind.LinkFileList
WriteAuxiliaryFile /Users/admin/builder/spi-builder-workspace/.derivedData/Build/Intermediates.noindex/elementary-tailwind.build/Debug-watchos/ElementaryTailwind.build/Objects-normal/arm64/ElementaryTailwind-OutputFileMap.json (in target 'ElementaryTailwind' from project 'elementary-tailwind')
cd /Users/admin/builder/spi-builder-workspace/.dependencies/checkouts/elementary-tailwind
write-file /Users/admin/builder/spi-builder-workspace/.derivedData/Build/Intermediates.noindex/elementary-tailwind.build/Debug-watchos/ElementaryTailwind.build/Objects-normal/arm64/ElementaryTailwind-OutputFileMap.json
WriteAuxiliaryFile /Users/admin/builder/spi-builder-workspace/.derivedData/Build/Intermediates.noindex/elementary-tailwind.build/Debug-watchos/ElementaryTailwind.build/ElementaryTailwind.modulemap (in target 'ElementaryTailwind' from project 'elementary-tailwind')
cd /Users/admin/builder/spi-builder-workspace/.dependencies/checkouts/elementary-tailwind
write-file /Users/admin/builder/spi-builder-workspace/.derivedData/Build/Intermediates.noindex/elementary-tailwind.build/Debug-watchos/ElementaryTailwind.build/ElementaryTailwind.modulemap
WriteAuxiliaryFile /Users/admin/builder/spi-builder-workspace/.derivedData/Build/Intermediates.noindex/elementary-tailwind.build/Debug-watchos/ElementaryTailwind.build/ElementaryTailwind.DependencyStaticMetadataFileList (in target 'ElementaryTailwind' from project 'elementary-tailwind')
cd /Users/admin/builder/spi-builder-workspace/.dependencies/checkouts/elementary-tailwind
write-file /Users/admin/builder/spi-builder-workspace/.derivedData/Build/Intermediates.noindex/elementary-tailwind.build/Debug-watchos/ElementaryTailwind.build/ElementaryTailwind.DependencyStaticMetadataFileList
WriteAuxiliaryFile /Users/admin/builder/spi-builder-workspace/.derivedData/Build/Intermediates.noindex/elementary-tailwind.build/Debug-watchos/ElementaryTailwind.build/ElementaryTailwind.DependencyMetadataFileList (in target 'ElementaryTailwind' from project 'elementary-tailwind')
cd /Users/admin/builder/spi-builder-workspace/.dependencies/checkouts/elementary-tailwind
write-file /Users/admin/builder/spi-builder-workspace/.derivedData/Build/Intermediates.noindex/elementary-tailwind.build/Debug-watchos/ElementaryTailwind.build/ElementaryTailwind.DependencyMetadataFileList
WriteAuxiliaryFile /Users/admin/builder/spi-builder-workspace/.derivedData/Build/Intermediates.noindex/elementary-pines.build/Debug-watchos/ElementaryPines.build/Objects-normal/arm64_32/ElementaryPines-OutputFileMap.json (in target 'ElementaryPines' from project 'elementary-pines')
cd /Users/admin/builder/spi-builder-workspace
write-file /Users/admin/builder/spi-builder-workspace/.derivedData/Build/Intermediates.noindex/elementary-pines.build/Debug-watchos/ElementaryPines.build/Objects-normal/arm64_32/ElementaryPines-OutputFileMap.json
WriteAuxiliaryFile /Users/admin/builder/spi-builder-workspace/.derivedData/Build/Intermediates.noindex/elementary-pines.build/Debug-watchos/ElementaryPines.build/Objects-normal/arm64_32/ElementaryPines.SwiftFileList (in target 'ElementaryPines' from project 'elementary-pines')
cd /Users/admin/builder/spi-builder-workspace
write-file /Users/admin/builder/spi-builder-workspace/.derivedData/Build/Intermediates.noindex/elementary-pines.build/Debug-watchos/ElementaryPines.build/Objects-normal/arm64_32/ElementaryPines.SwiftFileList
WriteAuxiliaryFile /Users/admin/builder/spi-builder-workspace/.derivedData/Build/Intermediates.noindex/elementary-pines.build/Debug-watchos/ElementaryPines.build/Objects-normal/arm64_32/ElementaryPines_const_extract_protocols.json (in target 'ElementaryPines' from project 'elementary-pines')
cd /Users/admin/builder/spi-builder-workspace
write-file /Users/admin/builder/spi-builder-workspace/.derivedData/Build/Intermediates.noindex/elementary-pines.build/Debug-watchos/ElementaryPines.build/Objects-normal/arm64_32/ElementaryPines_const_extract_protocols.json
WriteAuxiliaryFile /Users/admin/builder/spi-builder-workspace/.derivedData/Build/Intermediates.noindex/elementary-pines.build/Debug-watchos/ElementaryPines.build/Objects-normal/arm64_32/ElementaryPines.LinkFileList (in target 'ElementaryPines' from project 'elementary-pines')
cd /Users/admin/builder/spi-builder-workspace
write-file /Users/admin/builder/spi-builder-workspace/.derivedData/Build/Intermediates.noindex/elementary-pines.build/Debug-watchos/ElementaryPines.build/Objects-normal/arm64_32/ElementaryPines.LinkFileList
WriteAuxiliaryFile /Users/admin/builder/spi-builder-workspace/.derivedData/Build/Intermediates.noindex/elementary-pines.build/Debug-watchos/ElementaryPines.build/Objects-normal/arm64_32/ElementaryPines.SwiftConstValuesFileList (in target 'ElementaryPines' from project 'elementary-pines')
cd /Users/admin/builder/spi-builder-workspace
write-file /Users/admin/builder/spi-builder-workspace/.derivedData/Build/Intermediates.noindex/elementary-pines.build/Debug-watchos/ElementaryPines.build/Objects-normal/arm64_32/ElementaryPines.SwiftConstValuesFileList
WriteAuxiliaryFile /Users/admin/builder/spi-builder-workspace/.derivedData/Build/Intermediates.noindex/elementary-pines.build/Debug-watchos/ElementaryPines.build/Objects-normal/arm64/ElementaryPines_const_extract_protocols.json (in target 'ElementaryPines' from project 'elementary-pines')
cd /Users/admin/builder/spi-builder-workspace
write-file /Users/admin/builder/spi-builder-workspace/.derivedData/Build/Intermediates.noindex/elementary-pines.build/Debug-watchos/ElementaryPines.build/Objects-normal/arm64/ElementaryPines_const_extract_protocols.json
WriteAuxiliaryFile /Users/admin/builder/spi-builder-workspace/.derivedData/Build/Intermediates.noindex/elementary-pines.build/Debug-watchos/ElementaryPines.build/Objects-normal/arm64/ElementaryPines.SwiftFileList (in target 'ElementaryPines' from project 'elementary-pines')
cd /Users/admin/builder/spi-builder-workspace
write-file /Users/admin/builder/spi-builder-workspace/.derivedData/Build/Intermediates.noindex/elementary-pines.build/Debug-watchos/ElementaryPines.build/Objects-normal/arm64/ElementaryPines.SwiftFileList
WriteAuxiliaryFile /Users/admin/builder/spi-builder-workspace/.derivedData/Build/Intermediates.noindex/elementary-pines.build/Debug-watchos/ElementaryPines.build/Objects-normal/arm64/ElementaryPines.SwiftConstValuesFileList (in target 'ElementaryPines' from project 'elementary-pines')
cd /Users/admin/builder/spi-builder-workspace
write-file /Users/admin/builder/spi-builder-workspace/.derivedData/Build/Intermediates.noindex/elementary-pines.build/Debug-watchos/ElementaryPines.build/Objects-normal/arm64/ElementaryPines.SwiftConstValuesFileList
Copy /Users/admin/builder/spi-builder-workspace/.derivedData/Build/Intermediates.noindex/GeneratedModuleMaps-watchos/ElementaryTailwind.modulemap /Users/admin/builder/spi-builder-workspace/.derivedData/Build/Intermediates.noindex/elementary-tailwind.build/Debug-watchos/ElementaryTailwind.build/ElementaryTailwind.modulemap (in target 'ElementaryTailwind' from project 'elementary-tailwind')
cd /Users/admin/builder/spi-builder-workspace/.dependencies/checkouts/elementary-tailwind
builtin-copy -exclude .DS_Store -exclude CVS -exclude .svn -exclude .git -exclude .hg -resolve-src-symlinks /Users/admin/builder/spi-builder-workspace/.derivedData/Build/Intermediates.noindex/elementary-tailwind.build/Debug-watchos/ElementaryTailwind.build/ElementaryTailwind.modulemap /Users/admin/builder/spi-builder-workspace/.derivedData/Build/Intermediates.noindex/GeneratedModuleMaps-watchos
WriteAuxiliaryFile /Users/admin/builder/spi-builder-workspace/.derivedData/Build/Intermediates.noindex/elementary-pines.build/Debug-watchos/ElementaryPines.build/Objects-normal/arm64/ElementaryPines.LinkFileList (in target 'ElementaryPines' from project 'elementary-pines')
cd /Users/admin/builder/spi-builder-workspace
write-file /Users/admin/builder/spi-builder-workspace/.derivedData/Build/Intermediates.noindex/elementary-pines.build/Debug-watchos/ElementaryPines.build/Objects-normal/arm64/ElementaryPines.LinkFileList
WriteAuxiliaryFile /Users/admin/builder/spi-builder-workspace/.derivedData/Build/Intermediates.noindex/elementary-pines.build/Debug-watchos/ElementaryPines.build/Objects-normal/arm64/ElementaryPines-OutputFileMap.json (in target 'ElementaryPines' from project 'elementary-pines')
cd /Users/admin/builder/spi-builder-workspace
write-file /Users/admin/builder/spi-builder-workspace/.derivedData/Build/Intermediates.noindex/elementary-pines.build/Debug-watchos/ElementaryPines.build/Objects-normal/arm64/ElementaryPines-OutputFileMap.json
WriteAuxiliaryFile /Users/admin/builder/spi-builder-workspace/.derivedData/Build/Intermediates.noindex/elementary-pines.build/Debug-watchos/ElementaryPines.build/ElementaryPines.modulemap (in target 'ElementaryPines' from project 'elementary-pines')
cd /Users/admin/builder/spi-builder-workspace
write-file /Users/admin/builder/spi-builder-workspace/.derivedData/Build/Intermediates.noindex/elementary-pines.build/Debug-watchos/ElementaryPines.build/ElementaryPines.modulemap
WriteAuxiliaryFile /Users/admin/builder/spi-builder-workspace/.derivedData/Build/Intermediates.noindex/elementary-pines.build/Debug-watchos/ElementaryPines.build/ElementaryPines.DependencyStaticMetadataFileList (in target 'ElementaryPines' from project 'elementary-pines')
cd /Users/admin/builder/spi-builder-workspace
write-file /Users/admin/builder/spi-builder-workspace/.derivedData/Build/Intermediates.noindex/elementary-pines.build/Debug-watchos/ElementaryPines.build/ElementaryPines.DependencyStaticMetadataFileList
WriteAuxiliaryFile /Users/admin/builder/spi-builder-workspace/.derivedData/Build/Intermediates.noindex/elementary-pines.build/Debug-watchos/ElementaryPines.build/ElementaryPines.DependencyMetadataFileList (in target 'ElementaryPines' from project 'elementary-pines')
cd /Users/admin/builder/spi-builder-workspace
write-file /Users/admin/builder/spi-builder-workspace/.derivedData/Build/Intermediates.noindex/elementary-pines.build/Debug-watchos/ElementaryPines.build/ElementaryPines.DependencyMetadataFileList
WriteAuxiliaryFile /Users/admin/builder/spi-builder-workspace/.derivedData/Build/Intermediates.noindex/elementary-alpine.build/Debug-watchos/ElementaryAlpine.build/Objects-normal/arm64_32/ElementaryAlpine_const_extract_protocols.json (in target 'ElementaryAlpine' from project 'elementary-alpine')
cd /Users/admin/builder/spi-builder-workspace/.dependencies/checkouts/elementary-alpine
write-file /Users/admin/builder/spi-builder-workspace/.derivedData/Build/Intermediates.noindex/elementary-alpine.build/Debug-watchos/ElementaryAlpine.build/Objects-normal/arm64_32/ElementaryAlpine_const_extract_protocols.json
WriteAuxiliaryFile /Users/admin/builder/spi-builder-workspace/.derivedData/Build/Intermediates.noindex/elementary-alpine.build/Debug-watchos/ElementaryAlpine.build/Objects-normal/arm64_32/ElementaryAlpine.SwiftFileList (in target 'ElementaryAlpine' from project 'elementary-alpine')
cd /Users/admin/builder/spi-builder-workspace/.dependencies/checkouts/elementary-alpine
write-file /Users/admin/builder/spi-builder-workspace/.derivedData/Build/Intermediates.noindex/elementary-alpine.build/Debug-watchos/ElementaryAlpine.build/Objects-normal/arm64_32/ElementaryAlpine.SwiftFileList
WriteAuxiliaryFile /Users/admin/builder/spi-builder-workspace/.derivedData/Build/Intermediates.noindex/elementary-alpine.build/Debug-watchos/ElementaryAlpine.build/Objects-normal/arm64_32/ElementaryAlpine.SwiftConstValuesFileList (in target 'ElementaryAlpine' from project 'elementary-alpine')
cd /Users/admin/builder/spi-builder-workspace/.dependencies/checkouts/elementary-alpine
write-file /Users/admin/builder/spi-builder-workspace/.derivedData/Build/Intermediates.noindex/elementary-alpine.build/Debug-watchos/ElementaryAlpine.build/Objects-normal/arm64_32/ElementaryAlpine.SwiftConstValuesFileList
WriteAuxiliaryFile /Users/admin/builder/spi-builder-workspace/.derivedData/Build/Intermediates.noindex/elementary-alpine.build/Debug-watchos/ElementaryAlpine.build/Objects-normal/arm64_32/ElementaryAlpine.LinkFileList (in target 'ElementaryAlpine' from project 'elementary-alpine')
cd /Users/admin/builder/spi-builder-workspace/.dependencies/checkouts/elementary-alpine
write-file /Users/admin/builder/spi-builder-workspace/.derivedData/Build/Intermediates.noindex/elementary-alpine.build/Debug-watchos/ElementaryAlpine.build/Objects-normal/arm64_32/ElementaryAlpine.LinkFileList
WriteAuxiliaryFile /Users/admin/builder/spi-builder-workspace/.derivedData/Build/Intermediates.noindex/elementary-alpine.build/Debug-watchos/ElementaryAlpine.build/Objects-normal/arm64_32/ElementaryAlpine-OutputFileMap.json (in target 'ElementaryAlpine' from project 'elementary-alpine')
cd /Users/admin/builder/spi-builder-workspace/.dependencies/checkouts/elementary-alpine
write-file /Users/admin/builder/spi-builder-workspace/.derivedData/Build/Intermediates.noindex/elementary-alpine.build/Debug-watchos/ElementaryAlpine.build/Objects-normal/arm64_32/ElementaryAlpine-OutputFileMap.json
WriteAuxiliaryFile /Users/admin/builder/spi-builder-workspace/.derivedData/Build/Intermediates.noindex/elementary-alpine.build/Debug-watchos/ElementaryAlpine.build/ElementaryAlpine.DependencyStaticMetadataFileList (in target 'ElementaryAlpine' from project 'elementary-alpine')
cd /Users/admin/builder/spi-builder-workspace/.dependencies/checkouts/elementary-alpine
write-file /Users/admin/builder/spi-builder-workspace/.derivedData/Build/Intermediates.noindex/elementary-alpine.build/Debug-watchos/ElementaryAlpine.build/ElementaryAlpine.DependencyStaticMetadataFileList
Copy /Users/admin/builder/spi-builder-workspace/.derivedData/Build/Intermediates.noindex/GeneratedModuleMaps-watchos/ElementaryPines.modulemap /Users/admin/builder/spi-builder-workspace/.derivedData/Build/Intermediates.noindex/elementary-pines.build/Debug-watchos/ElementaryPines.build/ElementaryPines.modulemap (in target 'ElementaryPines' from project 'elementary-pines')
cd /Users/admin/builder/spi-builder-workspace
builtin-copy -exclude .DS_Store -exclude CVS -exclude .svn -exclude .git -exclude .hg -resolve-src-symlinks /Users/admin/builder/spi-builder-workspace/.derivedData/Build/Intermediates.noindex/elementary-pines.build/Debug-watchos/ElementaryPines.build/ElementaryPines.modulemap /Users/admin/builder/spi-builder-workspace/.derivedData/Build/Intermediates.noindex/GeneratedModuleMaps-watchos
WriteAuxiliaryFile /Users/admin/builder/spi-builder-workspace/.derivedData/Build/Intermediates.noindex/elementary-alpine.build/Debug-watchos/ElementaryAlpine.build/Objects-normal/arm64/ElementaryAlpine.SwiftFileList (in target 'ElementaryAlpine' from project 'elementary-alpine')
cd /Users/admin/builder/spi-builder-workspace/.dependencies/checkouts/elementary-alpine
write-file /Users/admin/builder/spi-builder-workspace/.derivedData/Build/Intermediates.noindex/elementary-alpine.build/Debug-watchos/ElementaryAlpine.build/Objects-normal/arm64/ElementaryAlpine.SwiftFileList
WriteAuxiliaryFile /Users/admin/builder/spi-builder-workspace/.derivedData/Build/Intermediates.noindex/elementary-alpine.build/Debug-watchos/ElementaryAlpine.build/Objects-normal/arm64/ElementaryAlpine-OutputFileMap.json (in target 'ElementaryAlpine' from project 'elementary-alpine')
cd /Users/admin/builder/spi-builder-workspace/.dependencies/checkouts/elementary-alpine
write-file /Users/admin/builder/spi-builder-workspace/.derivedData/Build/Intermediates.noindex/elementary-alpine.build/Debug-watchos/ElementaryAlpine.build/Objects-normal/arm64/ElementaryAlpine-OutputFileMap.json
WriteAuxiliaryFile /Users/admin/builder/spi-builder-workspace/.derivedData/Build/Intermediates.noindex/elementary-alpine.build/Debug-watchos/ElementaryAlpine.build/Objects-normal/arm64/ElementaryAlpine.LinkFileList (in target 'ElementaryAlpine' from project 'elementary-alpine')
cd /Users/admin/builder/spi-builder-workspace/.dependencies/checkouts/elementary-alpine
write-file /Users/admin/builder/spi-builder-workspace/.derivedData/Build/Intermediates.noindex/elementary-alpine.build/Debug-watchos/ElementaryAlpine.build/Objects-normal/arm64/ElementaryAlpine.LinkFileList
WriteAuxiliaryFile /Users/admin/builder/spi-builder-workspace/.derivedData/Build/Intermediates.noindex/elementary-alpine.build/Debug-watchos/ElementaryAlpine.build/Objects-normal/arm64/ElementaryAlpine.SwiftConstValuesFileList (in target 'ElementaryAlpine' from project 'elementary-alpine')
cd /Users/admin/builder/spi-builder-workspace/.dependencies/checkouts/elementary-alpine
write-file /Users/admin/builder/spi-builder-workspace/.derivedData/Build/Intermediates.noindex/elementary-alpine.build/Debug-watchos/ElementaryAlpine.build/Objects-normal/arm64/ElementaryAlpine.SwiftConstValuesFileList
WriteAuxiliaryFile /Users/admin/builder/spi-builder-workspace/.derivedData/Build/Intermediates.noindex/elementary-alpine.build/Debug-watchos/ElementaryAlpine.build/Objects-normal/arm64/ElementaryAlpine_const_extract_protocols.json (in target 'ElementaryAlpine' from project 'elementary-alpine')
cd /Users/admin/builder/spi-builder-workspace/.dependencies/checkouts/elementary-alpine
write-file /Users/admin/builder/spi-builder-workspace/.derivedData/Build/Intermediates.noindex/elementary-alpine.build/Debug-watchos/ElementaryAlpine.build/Objects-normal/arm64/ElementaryAlpine_const_extract_protocols.json
WriteAuxiliaryFile /Users/admin/builder/spi-builder-workspace/.derivedData/Build/Intermediates.noindex/elementary-alpine.build/Debug-watchos/ElementaryAlpine.build/ElementaryAlpine.DependencyMetadataFileList (in target 'ElementaryAlpine' from project 'elementary-alpine')
cd /Users/admin/builder/spi-builder-workspace/.dependencies/checkouts/elementary-alpine
write-file /Users/admin/builder/spi-builder-workspace/.derivedData/Build/Intermediates.noindex/elementary-alpine.build/Debug-watchos/ElementaryAlpine.build/ElementaryAlpine.DependencyMetadataFileList
Copy /Users/admin/builder/spi-builder-workspace/.derivedData/Build/Intermediates.noindex/GeneratedModuleMaps-watchos/ElementaryAlpine.modulemap /Users/admin/builder/spi-builder-workspace/.derivedData/Build/Intermediates.noindex/elementary-alpine.build/Debug-watchos/ElementaryAlpine.build/ElementaryAlpine.modulemap (in target 'ElementaryAlpine' from project 'elementary-alpine')
cd /Users/admin/builder/spi-builder-workspace/.dependencies/checkouts/elementary-alpine
builtin-copy -exclude .DS_Store -exclude CVS -exclude .svn -exclude .git -exclude .hg -resolve-src-symlinks /Users/admin/builder/spi-builder-workspace/.derivedData/Build/Intermediates.noindex/elementary-alpine.build/Debug-watchos/ElementaryAlpine.build/ElementaryAlpine.modulemap /Users/admin/builder/spi-builder-workspace/.derivedData/Build/Intermediates.noindex/GeneratedModuleMaps-watchos
WriteAuxiliaryFile /Users/admin/builder/spi-builder-workspace/.derivedData/Build/Intermediates.noindex/elementary.build/Debug-watchos/Elementary.build/Objects-normal/arm64/Elementary.SwiftFileList (in target 'Elementary' from project 'elementary')
cd /Users/admin/builder/spi-builder-workspace/.dependencies/checkouts/elementary
write-file /Users/admin/builder/spi-builder-workspace/.derivedData/Build/Intermediates.noindex/elementary.build/Debug-watchos/Elementary.build/Objects-normal/arm64/Elementary.SwiftFileList
WriteAuxiliaryFile /Users/admin/builder/spi-builder-workspace/.derivedData/Build/Intermediates.noindex/elementary.build/Debug-watchos/Elementary.build/Objects-normal/arm64/Elementary.SwiftConstValuesFileList (in target 'Elementary' from project 'elementary')
cd /Users/admin/builder/spi-builder-workspace/.dependencies/checkouts/elementary
write-file /Users/admin/builder/spi-builder-workspace/.derivedData/Build/Intermediates.noindex/elementary.build/Debug-watchos/Elementary.build/Objects-normal/arm64/Elementary.SwiftConstValuesFileList
WriteAuxiliaryFile /Users/admin/builder/spi-builder-workspace/.derivedData/Build/Intermediates.noindex/elementary.build/Debug-watchos/Elementary.build/Objects-normal/arm64/Elementary.LinkFileList (in target 'Elementary' from project 'elementary')
cd /Users/admin/builder/spi-builder-workspace/.dependencies/checkouts/elementary
write-file /Users/admin/builder/spi-builder-workspace/.derivedData/Build/Intermediates.noindex/elementary.build/Debug-watchos/Elementary.build/Objects-normal/arm64/Elementary.LinkFileList
WriteAuxiliaryFile /Users/admin/builder/spi-builder-workspace/.derivedData/Build/Intermediates.noindex/elementary.build/Debug-watchos/Elementary.build/Objects-normal/arm64/Elementary-OutputFileMap.json (in target 'Elementary' from project 'elementary')
cd /Users/admin/builder/spi-builder-workspace/.dependencies/checkouts/elementary
write-file /Users/admin/builder/spi-builder-workspace/.derivedData/Build/Intermediates.noindex/elementary.build/Debug-watchos/Elementary.build/Objects-normal/arm64/Elementary-OutputFileMap.json
WriteAuxiliaryFile /Users/admin/builder/spi-builder-workspace/.derivedData/Build/Intermediates.noindex/elementary.build/Debug-watchos/Elementary.build/Elementary.DependencyStaticMetadataFileList (in target 'Elementary' from project 'elementary')
cd /Users/admin/builder/spi-builder-workspace/.dependencies/checkouts/elementary
write-file /Users/admin/builder/spi-builder-workspace/.derivedData/Build/Intermediates.noindex/elementary.build/Debug-watchos/Elementary.build/Elementary.DependencyStaticMetadataFileList
WriteAuxiliaryFile /Users/admin/builder/spi-builder-workspace/.derivedData/Build/Intermediates.noindex/elementary.build/Debug-watchos/Elementary.build/Elementary.DependencyMetadataFileList (in target 'Elementary' from project 'elementary')
cd /Users/admin/builder/spi-builder-workspace/.dependencies/checkouts/elementary
write-file /Users/admin/builder/spi-builder-workspace/.derivedData/Build/Intermediates.noindex/elementary.build/Debug-watchos/Elementary.build/Elementary.DependencyMetadataFileList
Copy /Users/admin/builder/spi-builder-workspace/.derivedData/Build/Intermediates.noindex/GeneratedModuleMaps-watchos/Elementary.modulemap /Users/admin/builder/spi-builder-workspace/.derivedData/Build/Intermediates.noindex/elementary.build/Debug-watchos/Elementary.build/Elementary.modulemap (in target 'Elementary' from project 'elementary')
cd /Users/admin/builder/spi-builder-workspace/.dependencies/checkouts/elementary
builtin-copy -exclude .DS_Store -exclude CVS -exclude .svn -exclude .git -exclude .hg -resolve-src-symlinks /Users/admin/builder/spi-builder-workspace/.derivedData/Build/Intermediates.noindex/elementary.build/Debug-watchos/Elementary.build/Elementary.modulemap /Users/admin/builder/spi-builder-workspace/.derivedData/Build/Intermediates.noindex/GeneratedModuleMaps-watchos
SwiftDriver Elementary normal arm64 com.apple.xcode.tools.swift.compiler (in target 'Elementary' from project 'elementary')
cd /Users/admin/builder/spi-builder-workspace/.swiftpm/xcode
builtin-SwiftDriver -- /Applications/Xcode-26.3.0.app/Contents/Developer/Toolchains/XcodeDefault.xctoolchain/usr/bin/swiftc -module-name Elementary -Onone -enforce-exclusivity\=checked @/Users/admin/builder/spi-builder-workspace/.derivedData/Build/Intermediates.noindex/elementary.build/Debug-watchos/Elementary.build/Objects-normal/arm64/Elementary.SwiftFileList -DSWIFT_PACKAGE -DDEBUG -DSWIFT_MODULE_RESOURCE_BUNDLE_UNAVAILABLE -DXcode -enable-upcoming-feature ExistentialAny -plugin-path /Applications/Xcode-26.3.0.app/Contents/Developer/Toolchains/XcodeDefault.xctoolchain/usr/lib/swift/host/plugins/testing -enable-experimental-feature DebugDescriptionMacro -sdk /Applications/Xcode-26.3.0.app/Contents/Developer/Platforms/WatchOS.platform/Developer/SDKs/WatchOS26.2.sdk -target arm64-apple-watchos10.0 -g -module-cache-path /Users/admin/builder/spi-builder-workspace/.derivedData/ModuleCache.noindex -Xfrontend -serialize-debugging-options -profile-coverage-mapping -profile-generate -enable-testing -suppress-warnings -index-store-path /Users/admin/builder/spi-builder-workspace/.derivedData/Index.noindex/DataStore -Xcc -D_LIBCPP_HARDENING_MODE\=_LIBCPP_HARDENING_MODE_DEBUG -swift-version 6 -I /Users/admin/builder/spi-builder-workspace/.derivedData/Build/Products/Debug-watchos -Isystem /Applications/Xcode-26.3.0.app/Contents/Developer/Platforms/WatchOS.platform/Developer/usr/lib -F /Users/admin/builder/spi-builder-workspace/.derivedData/Build/Products/Debug-watchos -F /Applications/Xcode-26.3.0.app/Contents/Developer/Platforms/WatchOS.platform/Developer/Library/Frameworks -F /Applications/Xcode-26.3.0.app/Contents/Developer/Platforms/WatchOS.platform/Developer/SDKs/WatchOS26.2.sdk/Developer/Library/Frameworks -c -j10 -enable-batch-mode -incremental -Xcc -ivfsstatcache -Xcc /Users/admin/builder/spi-builder-workspace/.derivedData/SDKStatCaches.noindex/watchos26.2-23S303-dc75598d0054f22ec865fa860f139d721753b489057de6bda919edfa1c59a62b.sdkstatcache -output-file-map /Users/admin/builder/spi-builder-workspace/.derivedData/Build/Intermediates.noindex/elementary.build/Debug-watchos/Elementary.build/Objects-normal/arm64/Elementary-OutputFileMap.json -use-frontend-parseable-output -save-temps -no-color-diagnostics -explicit-module-build -module-cache-path /Users/admin/builder/spi-builder-workspace/.derivedData/Build/Intermediates.noindex/SwiftExplicitPrecompiledModules -clang-scanner-module-cache-path /Users/admin/builder/spi-builder-workspace/.derivedData/ModuleCache.noindex -sdk-module-cache-path /Users/admin/builder/spi-builder-workspace/.derivedData/ModuleCache.noindex -serialize-diagnostics -emit-dependencies -emit-module -emit-module-path /Users/admin/builder/spi-builder-workspace/.derivedData/Build/Intermediates.noindex/elementary.build/Debug-watchos/Elementary.build/Objects-normal/arm64/Elementary.swiftmodule -user-module-version 0.8.0 -validate-clang-modules-once -clang-build-session-file /Users/admin/builder/spi-builder-workspace/.derivedData/ModuleCache.noindex/Session.modulevalidation -package-name elementary -Xcc -I/Users/admin/builder/spi-builder-workspace/.derivedData/Build/Intermediates.noindex/elementary.build/Debug-watchos/Elementary.build/swift-overrides.hmap -emit-const-values -Xfrontend -const-gather-protocols-file -Xfrontend /Users/admin/builder/spi-builder-workspace/.derivedData/Build/Intermediates.noindex/elementary.build/Debug-watchos/Elementary.build/Objects-normal/arm64/Elementary_const_extract_protocols.json -Xcc -I/Users/admin/builder/spi-builder-workspace/.derivedData/Build/Products/Debug-watchos/include -Xcc -I/Users/admin/builder/spi-builder-workspace/.derivedData/Build/Intermediates.noindex/elementary.build/Debug-watchos/Elementary.build/DerivedSources-normal/arm64 -Xcc -I/Users/admin/builder/spi-builder-workspace/.derivedData/Build/Intermediates.noindex/elementary.build/Debug-watchos/Elementary.build/DerivedSources/arm64 -Xcc -I/Users/admin/builder/spi-builder-workspace/.derivedData/Build/Intermediates.noindex/elementary.build/Debug-watchos/Elementary.build/DerivedSources -Xcc -DSWIFT_PACKAGE -Xcc -DDEBUG\=1 -emit-objc-header -emit-objc-header-path /Users/admin/builder/spi-builder-workspace/.derivedData/Build/Intermediates.noindex/elementary.build/Debug-watchos/Elementary.build/Objects-normal/arm64/Elementary-Swift.h -working-directory /Users/admin/builder/spi-builder-workspace/.swiftpm/xcode -experimental-emit-module-separately -disable-cmo
SwiftDriver Elementary normal arm64_32 com.apple.xcode.tools.swift.compiler (in target 'Elementary' from project 'elementary')
cd /Users/admin/builder/spi-builder-workspace/.swiftpm/xcode
builtin-SwiftDriver -- /Applications/Xcode-26.3.0.app/Contents/Developer/Toolchains/XcodeDefault.xctoolchain/usr/bin/swiftc -module-name Elementary -Onone -enforce-exclusivity\=checked @/Users/admin/builder/spi-builder-workspace/.derivedData/Build/Intermediates.noindex/elementary.build/Debug-watchos/Elementary.build/Objects-normal/arm64_32/Elementary.SwiftFileList -DSWIFT_PACKAGE -DDEBUG -DSWIFT_MODULE_RESOURCE_BUNDLE_UNAVAILABLE -DXcode -enable-upcoming-feature ExistentialAny -plugin-path /Applications/Xcode-26.3.0.app/Contents/Developer/Toolchains/XcodeDefault.xctoolchain/usr/lib/swift/host/plugins/testing -enable-experimental-feature DebugDescriptionMacro -sdk /Applications/Xcode-26.3.0.app/Contents/Developer/Platforms/WatchOS.platform/Developer/SDKs/WatchOS26.2.sdk -target arm64_32-apple-watchos10.0 -g -module-cache-path /Users/admin/builder/spi-builder-workspace/.derivedData/ModuleCache.noindex -Xfrontend -serialize-debugging-options -profile-coverage-mapping -profile-generate -enable-testing -suppress-warnings -index-store-path /Users/admin/builder/spi-builder-workspace/.derivedData/Index.noindex/DataStore -Xcc -D_LIBCPP_HARDENING_MODE\=_LIBCPP_HARDENING_MODE_DEBUG -swift-version 6 -I /Users/admin/builder/spi-builder-workspace/.derivedData/Build/Products/Debug-watchos -Isystem /Applications/Xcode-26.3.0.app/Contents/Developer/Platforms/WatchOS.platform/Developer/usr/lib -F /Users/admin/builder/spi-builder-workspace/.derivedData/Build/Products/Debug-watchos -F /Applications/Xcode-26.3.0.app/Contents/Developer/Platforms/WatchOS.platform/Developer/Library/Frameworks -F /Applications/Xcode-26.3.0.app/Contents/Developer/Platforms/WatchOS.platform/Developer/SDKs/WatchOS26.2.sdk/Developer/Library/Frameworks -c -j10 -enable-batch-mode -incremental -Xcc -ivfsstatcache -Xcc /Users/admin/builder/spi-builder-workspace/.derivedData/SDKStatCaches.noindex/watchos26.2-23S303-dc75598d0054f22ec865fa860f139d721753b489057de6bda919edfa1c59a62b.sdkstatcache -output-file-map /Users/admin/builder/spi-builder-workspace/.derivedData/Build/Intermediates.noindex/elementary.build/Debug-watchos/Elementary.build/Objects-normal/arm64_32/Elementary-OutputFileMap.json -use-frontend-parseable-output -save-temps -no-color-diagnostics -explicit-module-build -module-cache-path /Users/admin/builder/spi-builder-workspace/.derivedData/Build/Intermediates.noindex/SwiftExplicitPrecompiledModules -clang-scanner-module-cache-path /Users/admin/builder/spi-builder-workspace/.derivedData/ModuleCache.noindex -sdk-module-cache-path /Users/admin/builder/spi-builder-workspace/.derivedData/ModuleCache.noindex -serialize-diagnostics -emit-dependencies -emit-module -emit-module-path /Users/admin/builder/spi-builder-workspace/.derivedData/Build/Intermediates.noindex/elementary.build/Debug-watchos/Elementary.build/Objects-normal/arm64_32/Elementary.swiftmodule -user-module-version 0.8.0 -validate-clang-modules-once -clang-build-session-file /Users/admin/builder/spi-builder-workspace/.derivedData/ModuleCache.noindex/Session.modulevalidation -package-name elementary -Xcc -I/Users/admin/builder/spi-builder-workspace/.derivedData/Build/Intermediates.noindex/elementary.build/Debug-watchos/Elementary.build/swift-overrides.hmap -emit-const-values -Xfrontend -const-gather-protocols-file -Xfrontend /Users/admin/builder/spi-builder-workspace/.derivedData/Build/Intermediates.noindex/elementary.build/Debug-watchos/Elementary.build/Objects-normal/arm64_32/Elementary_const_extract_protocols.json -Xcc -I/Users/admin/builder/spi-builder-workspace/.derivedData/Build/Products/Debug-watchos/include -Xcc -I/Users/admin/builder/spi-builder-workspace/.derivedData/Build/Intermediates.noindex/elementary.build/Debug-watchos/Elementary.build/DerivedSources-normal/arm64_32 -Xcc -I/Users/admin/builder/spi-builder-workspace/.derivedData/Build/Intermediates.noindex/elementary.build/Debug-watchos/Elementary.build/DerivedSources/arm64_32 -Xcc -I/Users/admin/builder/spi-builder-workspace/.derivedData/Build/Intermediates.noindex/elementary.build/Debug-watchos/Elementary.build/DerivedSources -Xcc -DSWIFT_PACKAGE -Xcc -DDEBUG\=1 -emit-objc-header -emit-objc-header-path /Users/admin/builder/spi-builder-workspace/.derivedData/Build/Intermediates.noindex/elementary.build/Debug-watchos/Elementary.build/Objects-normal/arm64_32/Elementary-Swift.h -working-directory /Users/admin/builder/spi-builder-workspace/.swiftpm/xcode -experimental-emit-module-separately -disable-cmo
SwiftExplicitDependencyGeneratePcm arm64 /Users/admin/builder/spi-builder-workspace/.derivedData/ModuleCache.noindex/_AvailabilityInternal-2O3RFBUGA1RPVNII2XIZ3QNC3.pcm
SwiftExplicitDependencyGeneratePcm arm64 /Users/admin/builder/spi-builder-workspace/.derivedData/ModuleCache.noindex/_Builtin_stdbool-6XT6P5XUZWCFLZBIHXXS8S9EV.pcm
SwiftExplicitDependencyGeneratePcm arm64 /Users/admin/builder/spi-builder-workspace/.derivedData/ModuleCache.noindex/_SwiftConcurrencyShims-6I3LH2ITNOZQ7GZSIWV3YFHI2.pcm
SwiftExplicitDependencyGeneratePcm arm64 /Users/admin/builder/spi-builder-workspace/.derivedData/ModuleCache.noindex/SwiftShims-7I20DMCTK17Q8T32LA04FWAMX.pcm
SwiftExplicitDependencyGeneratePcm arm64 /Users/admin/builder/spi-builder-workspace/.derivedData/ModuleCache.noindex/_Builtin_stddef-85JH2ZGWLM4WGGJWD7P19JNV6.pcm
SwiftExplicitDependencyGeneratePcm arm64 /Users/admin/builder/spi-builder-workspace/.derivedData/ModuleCache.noindex/ptrcheck-4YU0IIP3FXMEGKRFTVKLD8FLA.pcm
SwiftExplicitDependencyGeneratePcm arm64 /Users/admin/builder/spi-builder-workspace/.derivedData/ModuleCache.noindex/_Builtin_stdarg-RZPX1L7HC0FE24QDJB88HMGH.pcm
SwiftExplicitDependencyGeneratePcm arm64 /Users/admin/builder/spi-builder-workspace/.derivedData/ModuleCache.noindex/_Builtin_float-5QRDZB35Y522CLCFL7NT2LPUF.pcm
SwiftExplicitDependencyGeneratePcm arm64_32 /Users/admin/builder/spi-builder-workspace/.derivedData/ModuleCache.noindex/_Builtin_stddef-CVMDFD2LRC6J8Y1G2VDJIK5XT.pcm
SwiftExplicitDependencyGeneratePcm arm64_32 /Users/admin/builder/spi-builder-workspace/.derivedData/ModuleCache.noindex/_Builtin_stdarg-D40VS4Q2KALO38V4FLA1GBDYO.pcm
SwiftExplicitDependencyGeneratePcm arm64_32 /Users/admin/builder/spi-builder-workspace/.derivedData/ModuleCache.noindex/SwiftShims-1KDDRF0T4GF3KEVBC8BQQ0CZ5.pcm
SwiftExplicitDependencyGeneratePcm arm64_32 /Users/admin/builder/spi-builder-workspace/.derivedData/ModuleCache.noindex/_Builtin_stdbool-5P7XRQ5AQ02CJZQOFJGPCI3TD.pcm
SwiftExplicitDependencyGeneratePcm arm64_32 /Users/admin/builder/spi-builder-workspace/.derivedData/ModuleCache.noindex/_SwiftConcurrencyShims-BE6OCM46C4HZFNWL8BR101QWH.pcm
SwiftExplicitDependencyGeneratePcm arm64_32 /Users/admin/builder/spi-builder-workspace/.derivedData/ModuleCache.noindex/ptrcheck-9AZUY5IS5PCZJH0IGF6KZ1CS4.pcm
SwiftExplicitDependencyGeneratePcm arm64_32 /Users/admin/builder/spi-builder-workspace/.derivedData/ModuleCache.noindex/_Builtin_float-57NF6Z0LMY2BSAMQJ9NJ49CVA.pcm
SwiftExplicitDependencyGeneratePcm arm64_32 /Users/admin/builder/spi-builder-workspace/.derivedData/ModuleCache.noindex/_AvailabilityInternal-2P7I2A0IHHWZTWSQ7YWZKAXBX.pcm
SwiftExplicitDependencyGeneratePcm arm64 /Users/admin/builder/spi-builder-workspace/.derivedData/ModuleCache.noindex/_DarwinFoundation1-9CHGZVG6Q11ZVI9VKIOS0DH8R.pcm
SwiftExplicitDependencyGeneratePcm arm64_32 /Users/admin/builder/spi-builder-workspace/.derivedData/ModuleCache.noindex/_DarwinFoundation1-B5IP3NLVAB98PUH6026E7IU3Z.pcm
SwiftExplicitDependencyGeneratePcm arm64 /Users/admin/builder/spi-builder-workspace/.derivedData/ModuleCache.noindex/_DarwinFoundation2-91AUNY1B00JVZZS04EHZ5P78E.pcm
SwiftExplicitDependencyGeneratePcm arm64 /Users/admin/builder/spi-builder-workspace/.derivedData/ModuleCache.noindex/_Builtin_limits-DDBVG65V69EW9COVSML9AW08G.pcm
SwiftExplicitDependencyGeneratePcm arm64_32 /Users/admin/builder/spi-builder-workspace/.derivedData/ModuleCache.noindex/_DarwinFoundation2-BE53KZ13PGS3ADMTR162NWOT8.pcm
SwiftExplicitDependencyGeneratePcm arm64_32 /Users/admin/builder/spi-builder-workspace/.derivedData/ModuleCache.noindex/_Builtin_limits-85C3GEXRWK1KZJSJYR1SLAHJZ.pcm
SwiftExplicitDependencyGeneratePcm arm64 /Users/admin/builder/spi-builder-workspace/.derivedData/ModuleCache.noindex/_Builtin_stdint-BFTPAV7DTJR0UZMVITWJ89G3Z.pcm
SwiftExplicitDependencyGeneratePcm arm64 /Users/admin/builder/spi-builder-workspace/.derivedData/ModuleCache.noindex/sys_types-3UK4M66LJG7B93KMPGCYXJLGJ.pcm
SwiftExplicitDependencyGeneratePcm arm64 /Users/admin/builder/spi-builder-workspace/.derivedData/ModuleCache.noindex/_DarwinFoundation3-5VMZVD9RI030DGKFFW74MIHMQ.pcm
SwiftExplicitDependencyGeneratePcm arm64_32 /Users/admin/builder/spi-builder-workspace/.derivedData/ModuleCache.noindex/sys_types-5220JAOP6QAKP1ZZSQXQIGT3N.pcm
SwiftExplicitDependencyGeneratePcm arm64_32 /Users/admin/builder/spi-builder-workspace/.derivedData/ModuleCache.noindex/_Builtin_stdint-DHK9W4154W1VADFICW26EF51A.pcm
SwiftExplicitDependencyGeneratePcm arm64_32 /Users/admin/builder/spi-builder-workspace/.derivedData/ModuleCache.noindex/_DarwinFoundation3-ECPZQXPEKKE17FVBYD1POXRMU.pcm
SwiftExplicitDependencyGeneratePcm arm64 /Users/admin/builder/spi-builder-workspace/.derivedData/ModuleCache.noindex/_Builtin_inttypes-EAYG1OYRDQ7HO6J9WI6WA5Y2M.pcm
SwiftExplicitDependencyGeneratePcm arm64 /Users/admin/builder/spi-builder-workspace/.derivedData/ModuleCache.noindex/Darwin-E1ZCMHXYOAUQKSA4QO0SMGPXA.pcm
SwiftExplicitDependencyGeneratePcm arm64_32 /Users/admin/builder/spi-builder-workspace/.derivedData/ModuleCache.noindex/_Builtin_inttypes-DVW4DAGN9X56OUK4E1BD9DBZ7.pcm
SwiftExplicitDependencyGeneratePcm arm64_32 /Users/admin/builder/spi-builder-workspace/.derivedData/ModuleCache.noindex/Darwin-C8WYVRDE1BASWGOHXGC15GM9F.pcm
SwiftCompile normal arm64 Compiling\ MarkupContent+Render.swift,\ Renderable.swift,\ RenderingUtils.swift,\ SVG+Renderable.swift /Users/admin/builder/spi-builder-workspace/.dependencies/checkouts/elementary/Sources/Elementary/Rendering/MarkupContent+Render.swift /Users/admin/builder/spi-builder-workspace/.dependencies/checkouts/elementary/Sources/Elementary/Rendering/Renderable.swift /Users/admin/builder/spi-builder-workspace/.dependencies/checkouts/elementary/Sources/Elementary/Rendering/RenderingUtils.swift /Users/admin/builder/spi-builder-workspace/.dependencies/checkouts/elementary/Sources/Elementary/SVG/SVG+Renderable.swift (in target 'Elementary' from project 'elementary')
SwiftCompile normal arm64 /Users/admin/builder/spi-builder-workspace/.dependencies/checkouts/elementary/Sources/Elementary/Rendering/MarkupContent+Render.swift (in target 'Elementary' from project 'elementary')
cd /Users/admin/builder/spi-builder-workspace/.swiftpm/xcode
SwiftCompile normal arm64 /Users/admin/builder/spi-builder-workspace/.dependencies/checkouts/elementary/Sources/Elementary/Rendering/Renderable.swift (in target 'Elementary' from project 'elementary')
cd /Users/admin/builder/spi-builder-workspace/.swiftpm/xcode
SwiftCompile normal arm64 /Users/admin/builder/spi-builder-workspace/.dependencies/checkouts/elementary/Sources/Elementary/Rendering/RenderingUtils.swift (in target 'Elementary' from project 'elementary')
cd /Users/admin/builder/spi-builder-workspace/.swiftpm/xcode
SwiftCompile normal arm64 /Users/admin/builder/spi-builder-workspace/.dependencies/checkouts/elementary/Sources/Elementary/SVG/SVG+Renderable.swift (in target 'Elementary' from project 'elementary')
cd /Users/admin/builder/spi-builder-workspace/.swiftpm/xcode
SwiftEmitModule normal arm64 Emitting\ module\ for\ Elementary (in target 'Elementary' from project 'elementary')
Failed frontend command:
/Applications/Xcode-26.3.0.app/Contents/Developer/Toolchains/XcodeDefault.xctoolchain/usr/bin/swift-frontend -frontend -emit-module -experimental-skip-non-inlinable-function-bodies-without-types /Users/admin/builder/spi-builder-workspace/.dependencies/checkouts/elementary/Sources/Elementary/Content/AsyncContent.swift /Users/admin/builder/spi-builder-workspace/.dependencies/checkouts/elementary/Sources/Elementary/Content/AsyncForEach.swift /Users/admin/builder/spi-builder-workspace/.dependencies/checkouts/elementary/Sources/Elementary/Content/Content+Renderable.swift /Users/admin/builder/spi-builder-workspace/.dependencies/checkouts/elementary/Sources/Elementary/Content/ContentBuilder+Tuples.swift /Users/admin/builder/spi-builder-workspace/.dependencies/checkouts/elementary/Sources/Elementary/Content/ContentBuilder.swift /Users/admin/builder/spi-builder-workspace/.dependencies/checkouts/elementary/Sources/Elementary/Content/ForEach.swift /Users/admin/builder/spi-builder-workspace/.dependencies/checkouts/elementary/Sources/Elementary/Content/Group.swift /Users/admin/builder/spi-builder-workspace/.dependencies/checkouts/elementary/Sources/Elementary/HTML/HTML+Environment.swift /Users/admin/builder/spi-builder-workspace/.dependencies/checkouts/elementary/Sources/Elementary/HTML/HTML+Renderable.swift /Users/admin/builder/spi-builder-workspace/.dependencies/checkouts/elementary/Sources/Elementary/HTML/HTML+StructuralContent.swift /Users/admin/builder/spi-builder-workspace/.dependencies/checkouts/elementary/Sources/Elementary/HTML/HTML.swift /Users/admin/builder/spi-builder-workspace/.dependencies/checkouts/elementary/Sources/Elementary/HTML/HTMLAttributes+Common.swift /Users/admin/builder/spi-builder-workspace/.dependencies/checkouts/elementary/Sources/Elementary/HTML/HTMLAttributes+Event.swift /Users/admin/builder/spi-builder-workspace/.dependencies/checkouts/elementary/Sources/Elementary/HTML/HTMLAttributes+Global.swift /Users/admin/builder/spi-builder-workspace/.dependencies/checkouts/elementary/Sources/Elementary/HTML/HTMLComment.swift /Users/admin/builder/spi-builder-workspace/.dependencies/checkouts/elementary/Sources/Elementary/HTML/HTMLDocument.swift /Users/admin/builder/spi-builder-workspace/.dependencies/checkouts/elementary/Sources/Elementary/HTML/HTMLElement.swift /Users/admin/builder/spi-builder-workspace/.dependencies/checkouts/elementary/Sources/Elementary/HTML/HTMLElements.swift /Users/admin/builder/spi-builder-workspace/.dependencies/checkouts/elementary/Sources/Elementary/HTML/HTMLRaw.swift /Users/admin/builder/spi-builder-workspace/.dependencies/checkouts/elementary/Sources/Elementary/HTML/HTMLTags.swift /Users/admin/builder/spi-builder-workspace/.dependencies/checkouts/elementary/Sources/Elementary/HTML/HTMLVoidElement.swift /Users/admin/builder/spi-builder-workspace/.dependencies/checkouts/elementary/Sources/Elementary/Markup/AttributeStorage.swift /Users/admin/builder/spi-builder-workspace/.dependencies/checkouts/elementary/Sources/Elementary/Markup/AttributedElement.swift /Users/admin/builder/spi-builder-workspace/.dependencies/checkouts/elementary/Sources/Elementary/Markup/Environment.swift /Users/admin/builder/spi-builder-workspace/.dependencies/checkouts/elementary/Sources/Elementary/Markup/Markup+Renderable.swift /Users/admin/builder/spi-builder-workspace/.dependencies/checkouts/elementary/Sources/Elementary/Markup/MarkupAttribute.swift /Users/admin/builder/spi-builder-workspace/.dependencies/checkouts/elementary/Sources/Elementary/Markup/MarkupContent+Structural.swift /Users/admin/builder/spi-builder-workspace/.dependencies/checkouts/elementary/Sources/Elementary/Markup/MarkupContent.swift /Users/admin/builder/spi-builder-workspace/.dependencies/checkouts/elementary/Sources/Elementary/Markup/MarkupTagDefinition.swift /Users/admin/builder/spi-builder-workspace/.dependencies/checkouts/elementary/Sources/Elementary/Markup/StoredAttribute+StyleKeyValuePairs.swift /Users/admin/builder/spi-builder-workspace/.dependencies/checkouts/elementary/Sources/Elementary/Markup/StoredAttribute.swift /Users/admin/builder/spi-builder-workspace/.dependencies/checkouts/elementary/Sources/Elementary/Rendering/AsyncHTMLRenderer.swift /Users/admin/builder/spi-builder-workspace/.dependencies/checkouts/elementary/Sources/Elementary/Rendering/HtmlTextRenderer.swift /Users/admin/builder/spi-builder-workspace/.dependencies/checkouts/elementary/Sources/Elementary/Rendering/MarkupContent+Render.swift /Users/admin/builder/spi-builder-workspace/.dependencies/checkouts/elementary/Sources/Elementary/Rendering/Renderable.swift /Users/admin/builder/spi-builder-workspace/.dependencies/checkouts/elementary/Sources/Elementary/Rendering/RenderingUtils.swift /Users/admin/builder/spi-builder-workspace/.dependencies/checkouts/elementary/Sources/Elementary/SVG/SVG+Renderable.swift /Users/admin/builder/spi-builder-workspace/.dependencies/checkouts/elementary/Sources/Elementary/SVG/SVG.swift /Users/admin/builder/spi-builder-workspace/.dependencies/checkouts/elementary/Sources/Elementary/SVG/SVGAttributes.swift /Users/admin/builder/spi-builder-workspace/.dependencies/checkouts/elementary/Sources/Elementary/SVG/SVGContent+Structural.swift /Users/admin/builder/spi-builder-workspace/.dependencies/checkouts/elementary/Sources/Elementary/SVG/SVGElement.swift /Users/admin/builder/spi-builder-workspace/.dependencies/checkouts/elementary/Sources/Elementary/SVG/SVGTags.swift /Users/admin/builder/spi-builder-workspace/.dependencies/checkouts/elementary/Sources/Elementary/SVG/SVGValues.swift /Users/admin/builder/spi-builder-workspace/.dependencies/checkouts/elementary/Sources/Elementary/ServerSupport/SendOnceBox.swift /Users/admin/builder/spi-builder-workspace/.dependencies/checkouts/elementary/Sources/Elementary/ServerSupport/SendableAnyHTMLBox.swift -target arm64-apple-watchos10.0 -load-resolved-plugin /Applications/Xcode-26.3.0.app/Contents/Developer/Platforms/WatchOS.platform/Developer/usr/lib/swift/host/plugins/libSwiftMacros.dylib\#/Applications/Xcode-26.3.0.app/Contents/Developer/Platforms/WatchOS.platform/Developer/usr/bin/swift-plugin-server\#SwiftMacros -disable-implicit-swift-modules -Xcc -fno-implicit-modules -Xcc -fno-implicit-module-maps -explicit-swift-module-map-file /Users/admin/builder/spi-builder-workspace/.derivedData/Build/Intermediates.noindex/elementary.build/Debug-watchos/Elementary.build/Objects-normal/arm64/Elementary-dependencies-2.json -Xllvm -aarch64-use-tbi -enable-objc-interop -stack-check -sdk /Applications/Xcode-26.3.0.app/Contents/Developer/Platforms/WatchOS.platform/Developer/SDKs/WatchOS26.2.sdk -I /Users/admin/builder/spi-builder-workspace/.derivedData/Build/Products/Debug-watchos -Isystem /Applications/Xcode-26.3.0.app/Contents/Developer/Platforms/WatchOS.platform/Developer/usr/lib -F /Users/admin/builder/spi-builder-workspace/.derivedData/Build/Products/Debug-watchos -F /Applications/Xcode-26.3.0.app/Contents/Developer/Platforms/WatchOS.platform/Developer/Library/Frameworks -F /Applications/Xcode-26.3.0.app/Contents/Developer/Platforms/WatchOS.platform/Developer/SDKs/WatchOS26.2.sdk/Developer/Library/Frameworks -no-color-diagnostics -Xcc -fno-color-diagnostics -enable-testing -g -debug-info-format\=dwarf -dwarf-version\=4 -module-cache-path /Users/admin/builder/spi-builder-workspace/.derivedData/Build/Intermediates.noindex/SwiftExplicitPrecompiledModules -suppress-warnings -profile-generate -profile-coverage-mapping -swift-version 6 -enforce-exclusivity\=checked -Onone -D SWIFT_PACKAGE -D DEBUG -D SWIFT_MODULE_RESOURCE_BUNDLE_UNAVAILABLE -D Xcode -serialize-debugging-options -const-gather-protocols-file /Users/admin/builder/spi-builder-workspace/.derivedData/Build/Intermediates.noindex/elementary.build/Debug-watchos/Elementary.build/Objects-normal/arm64/Elementary_const_extract_protocols.json -enable-upcoming-feature ExistentialAny -enable-experimental-feature DebugDescriptionMacro -empty-abi-descriptor -user-module-version 0.8.0 -validate-clang-modules-once -clang-build-session-file /Users/admin/builder/spi-builder-workspace/.derivedData/ModuleCache.noindex/Session.modulevalidation -Xcc -working-directory -Xcc /Users/admin/builder/spi-builder-workspace/.swiftpm/xcode -enable-anonymous-context-mangled-names -file-compilation-dir /Users/admin/builder/spi-builder-workspace/.swiftpm/xcode -Xcc -D_LIBCPP_HARDENING_MODE\=_LIBCPP_HARDENING_MODE_DEBUG -Xcc -ivfsstatcache -Xcc /Users/admin/builder/spi-builder-workspace/.derivedData/SDKStatCaches.noindex/watchos26.2-23S303-dc75598d0054f22ec865fa860f139d721753b489057de6bda919edfa1c59a62b.sdkstatcache -Xcc -I/Users/admin/builder/spi-builder-workspace/.derivedData/Build/Intermediates.noindex/elementary.build/Debug-watchos/Elementary.build/swift-overrides.hmap -Xcc -I/Users/admin/builder/spi-builder-workspace/.derivedData/Build/Products/Debug-watchos/include -Xcc -I/Users/admin/builder/spi-builder-workspace/.derivedData/Build/Intermediates.noindex/elementary.build/Debug-watchos/Elementary.build/DerivedSources-normal/arm64 -Xcc -I/Users/admin/builder/spi-builder-workspace/.derivedData/Build/Intermediates.noindex/elementary.build/Debug-watchos/Elementary.build/DerivedSources/arm64 -Xcc -I/Users/admin/builder/spi-builder-workspace/.derivedData/Build/Intermediates.noindex/elementary.build/Debug-watchos/Elementary.build/DerivedSources -Xcc -DSWIFT_PACKAGE -Xcc -DDEBUG\=1 -no-auto-bridging-header-chaining -module-name Elementary -package-name elementary -frontend-parseable-output -disable-clang-spi -target-sdk-version 26.2 -target-sdk-name watchos26.2 -clang-target arm64-apple-watchos26.2 -in-process-plugin-server-path /Applications/Xcode-26.3.0.app/Contents/Developer/Toolchains/XcodeDefault.xctoolchain/usr/lib/swift/host/libSwiftInProcPluginServer.dylib -emit-module-doc-path /Users/admin/builder/spi-builder-workspace/.derivedData/Build/Intermediates.noindex/elementary.build/Debug-watchos/Elementary.build/Objects-normal/arm64/Elementary.swiftdoc -emit-module-source-info-path /Users/admin/builder/spi-builder-workspace/.derivedData/Build/Intermediates.noindex/elementary.build/Debug-watchos/Elementary.build/Objects-normal/arm64/Elementary.swiftsourceinfo -emit-objc-header-path /Users/admin/builder/spi-builder-workspace/.derivedData/Build/Intermediates.noindex/elementary.build/Debug-watchos/Elementary.build/Objects-normal/arm64/Elementary-Swift.h -serialize-diagnostics-path /Users/admin/builder/spi-builder-workspace/.derivedData/Build/Intermediates.noindex/elementary.build/Debug-watchos/Elementary.build/Objects-normal/arm64/Elementary-primary-emit-module.dia -emit-dependencies-path /Users/admin/builder/spi-builder-workspace/.derivedData/Build/Intermediates.noindex/elementary.build/Debug-watchos/Elementary.build/Objects-normal/arm64/Elementary-primary-emit-module.d -o /Users/admin/builder/spi-builder-workspace/.derivedData/Build/Intermediates.noindex/elementary.build/Debug-watchos/Elementary.build/Objects-normal/arm64/Elementary.swiftmodule -emit-abi-descriptor-path /Users/admin/builder/spi-builder-workspace/.derivedData/Build/Intermediates.noindex/elementary.build/Debug-watchos/Elementary.build/Objects-normal/arm64/Elementary.abi.json
EmitSwiftModule normal arm64 (in target 'Elementary' from project 'elementary')
cd /Users/admin/builder/spi-builder-workspace/.swiftpm/xcode
/Users/admin/builder/spi-builder-workspace/.dependencies/checkouts/elementary/Sources/Elementary/ServerSupport/SendOnceBox.swift:11:16: error: 'Mutex' is only available in watchOS 11.0 or newer
let mutex: Mutex<Value?>
^
/Users/admin/builder/spi-builder-workspace/.dependencies/checkouts/elementary/Sources/Elementary/ServerSupport/SendOnceBox.swift:5:13: note: add '@available' attribute to enclosing class
final class SendOnceBox: Sendable, SendOnceBoxing {
^
SwiftCompile normal arm64 Compiling\ StoredAttribute+StyleKeyValuePairs.swift,\ StoredAttribute.swift,\ AsyncHTMLRenderer.swift,\ HtmlTextRenderer.swift /Users/admin/builder/spi-builder-workspace/.dependencies/checkouts/elementary/Sources/Elementary/Markup/StoredAttribute+StyleKeyValuePairs.swift /Users/admin/builder/spi-builder-workspace/.dependencies/checkouts/elementary/Sources/Elementary/Markup/StoredAttribute.swift /Users/admin/builder/spi-builder-workspace/.dependencies/checkouts/elementary/Sources/Elementary/Rendering/AsyncHTMLRenderer.swift /Users/admin/builder/spi-builder-workspace/.dependencies/checkouts/elementary/Sources/Elementary/Rendering/HtmlTextRenderer.swift (in target 'Elementary' from project 'elementary')
SwiftCompile normal arm64 /Users/admin/builder/spi-builder-workspace/.dependencies/checkouts/elementary/Sources/Elementary/Markup/StoredAttribute+StyleKeyValuePairs.swift (in target 'Elementary' from project 'elementary')
cd /Users/admin/builder/spi-builder-workspace/.swiftpm/xcode
SwiftCompile normal arm64 /Users/admin/builder/spi-builder-workspace/.dependencies/checkouts/elementary/Sources/Elementary/Markup/StoredAttribute.swift (in target 'Elementary' from project 'elementary')
cd /Users/admin/builder/spi-builder-workspace/.swiftpm/xcode
SwiftCompile normal arm64 /Users/admin/builder/spi-builder-workspace/.dependencies/checkouts/elementary/Sources/Elementary/Rendering/AsyncHTMLRenderer.swift (in target 'Elementary' from project 'elementary')
cd /Users/admin/builder/spi-builder-workspace/.swiftpm/xcode
SwiftCompile normal arm64 /Users/admin/builder/spi-builder-workspace/.dependencies/checkouts/elementary/Sources/Elementary/Rendering/HtmlTextRenderer.swift (in target 'Elementary' from project 'elementary')
cd /Users/admin/builder/spi-builder-workspace/.swiftpm/xcode
SwiftCompile normal arm64 Compiling\ SVG.swift,\ SVGAttributes.swift,\ SVGContent+Structural.swift,\ SVGElement.swift /Users/admin/builder/spi-builder-workspace/.dependencies/checkouts/elementary/Sources/Elementary/SVG/SVG.swift /Users/admin/builder/spi-builder-workspace/.dependencies/checkouts/elementary/Sources/Elementary/SVG/SVGAttributes.swift /Users/admin/builder/spi-builder-workspace/.dependencies/checkouts/elementary/Sources/Elementary/SVG/SVGContent+Structural.swift /Users/admin/builder/spi-builder-workspace/.dependencies/checkouts/elementary/Sources/Elementary/SVG/SVGElement.swift (in target 'Elementary' from project 'elementary')
SwiftCompile normal arm64 /Users/admin/builder/spi-builder-workspace/.dependencies/checkouts/elementary/Sources/Elementary/SVG/SVG.swift (in target 'Elementary' from project 'elementary')
cd /Users/admin/builder/spi-builder-workspace/.swiftpm/xcode
SwiftCompile normal arm64 /Users/admin/builder/spi-builder-workspace/.dependencies/checkouts/elementary/Sources/Elementary/SVG/SVGAttributes.swift (in target 'Elementary' from project 'elementary')
cd /Users/admin/builder/spi-builder-workspace/.swiftpm/xcode
SwiftCompile normal arm64 /Users/admin/builder/spi-builder-workspace/.dependencies/checkouts/elementary/Sources/Elementary/SVG/SVGContent+Structural.swift (in target 'Elementary' from project 'elementary')
cd /Users/admin/builder/spi-builder-workspace/.swiftpm/xcode
SwiftCompile normal arm64 /Users/admin/builder/spi-builder-workspace/.dependencies/checkouts/elementary/Sources/Elementary/SVG/SVGElement.swift (in target 'Elementary' from project 'elementary')
cd /Users/admin/builder/spi-builder-workspace/.swiftpm/xcode
SwiftCompile normal arm64 Compiling\ MarkupAttribute.swift,\ MarkupContent+Structural.swift,\ MarkupContent.swift,\ MarkupTagDefinition.swift /Users/admin/builder/spi-builder-workspace/.dependencies/checkouts/elementary/Sources/Elementary/Markup/MarkupAttribute.swift /Users/admin/builder/spi-builder-workspace/.dependencies/checkouts/elementary/Sources/Elementary/Markup/MarkupContent+Structural.swift /Users/admin/builder/spi-builder-workspace/.dependencies/checkouts/elementary/Sources/Elementary/Markup/MarkupContent.swift /Users/admin/builder/spi-builder-workspace/.dependencies/checkouts/elementary/Sources/Elementary/Markup/MarkupTagDefinition.swift (in target 'Elementary' from project 'elementary')
SwiftCompile normal arm64 /Users/admin/builder/spi-builder-workspace/.dependencies/checkouts/elementary/Sources/Elementary/Markup/MarkupAttribute.swift (in target 'Elementary' from project 'elementary')
cd /Users/admin/builder/spi-builder-workspace/.swiftpm/xcode
SwiftCompile normal arm64 /Users/admin/builder/spi-builder-workspace/.dependencies/checkouts/elementary/Sources/Elementary/Markup/MarkupContent+Structural.swift (in target 'Elementary' from project 'elementary')
cd /Users/admin/builder/spi-builder-workspace/.swiftpm/xcode
SwiftCompile normal arm64 /Users/admin/builder/spi-builder-workspace/.dependencies/checkouts/elementary/Sources/Elementary/Markup/MarkupContent.swift (in target 'Elementary' from project 'elementary')
cd /Users/admin/builder/spi-builder-workspace/.swiftpm/xcode
SwiftCompile normal arm64 /Users/admin/builder/spi-builder-workspace/.dependencies/checkouts/elementary/Sources/Elementary/Markup/MarkupTagDefinition.swift (in target 'Elementary' from project 'elementary')
cd /Users/admin/builder/spi-builder-workspace/.swiftpm/xcode
SwiftCompile normal arm64 Compiling\ SVGTags.swift,\ SVGValues.swift,\ SendOnceBox.swift,\ SendableAnyHTMLBox.swift /Users/admin/builder/spi-builder-workspace/.dependencies/checkouts/elementary/Sources/Elementary/SVG/SVGTags.swift /Users/admin/builder/spi-builder-workspace/.dependencies/checkouts/elementary/Sources/Elementary/SVG/SVGValues.swift /Users/admin/builder/spi-builder-workspace/.dependencies/checkouts/elementary/Sources/Elementary/ServerSupport/SendOnceBox.swift /Users/admin/builder/spi-builder-workspace/.dependencies/checkouts/elementary/Sources/Elementary/ServerSupport/SendableAnyHTMLBox.swift (in target 'Elementary' from project 'elementary')
SwiftCompile normal arm64 /Users/admin/builder/spi-builder-workspace/.dependencies/checkouts/elementary/Sources/Elementary/SVG/SVGTags.swift (in target 'Elementary' from project 'elementary')
cd /Users/admin/builder/spi-builder-workspace/.swiftpm/xcode
SwiftCompile normal arm64 /Users/admin/builder/spi-builder-workspace/.dependencies/checkouts/elementary/Sources/Elementary/SVG/SVGValues.swift (in target 'Elementary' from project 'elementary')
cd /Users/admin/builder/spi-builder-workspace/.swiftpm/xcode
SwiftCompile normal arm64 /Users/admin/builder/spi-builder-workspace/.dependencies/checkouts/elementary/Sources/Elementary/ServerSupport/SendOnceBox.swift (in target 'Elementary' from project 'elementary')
cd /Users/admin/builder/spi-builder-workspace/.swiftpm/xcode
SwiftCompile normal arm64 /Users/admin/builder/spi-builder-workspace/.dependencies/checkouts/elementary/Sources/Elementary/ServerSupport/SendableAnyHTMLBox.swift (in target 'Elementary' from project 'elementary')
cd /Users/admin/builder/spi-builder-workspace/.swiftpm/xcode
SwiftCompile normal arm64 Compiling\ HTMLDocument.swift,\ HTMLElement.swift,\ HTMLElements.swift,\ HTMLRaw.swift,\ HTMLTags.swift /Users/admin/builder/spi-builder-workspace/.dependencies/checkouts/elementary/Sources/Elementary/HTML/HTMLDocument.swift /Users/admin/builder/spi-builder-workspace/.dependencies/checkouts/elementary/Sources/Elementary/HTML/HTMLElement.swift /Users/admin/builder/spi-builder-workspace/.dependencies/checkouts/elementary/Sources/Elementary/HTML/HTMLElements.swift /Users/admin/builder/spi-builder-workspace/.dependencies/checkouts/elementary/Sources/Elementary/HTML/HTMLRaw.swift /Users/admin/builder/spi-builder-workspace/.dependencies/checkouts/elementary/Sources/Elementary/HTML/HTMLTags.swift (in target 'Elementary' from project 'elementary')
SwiftCompile normal arm64 /Users/admin/builder/spi-builder-workspace/.dependencies/checkouts/elementary/Sources/Elementary/HTML/HTMLDocument.swift (in target 'Elementary' from project 'elementary')
cd /Users/admin/builder/spi-builder-workspace/.swiftpm/xcode
SwiftCompile normal arm64 /Users/admin/builder/spi-builder-workspace/.dependencies/checkouts/elementary/Sources/Elementary/HTML/HTMLElement.swift (in target 'Elementary' from project 'elementary')
cd /Users/admin/builder/spi-builder-workspace/.swiftpm/xcode
SwiftCompile normal arm64 /Users/admin/builder/spi-builder-workspace/.dependencies/checkouts/elementary/Sources/Elementary/HTML/HTMLElements.swift (in target 'Elementary' from project 'elementary')
cd /Users/admin/builder/spi-builder-workspace/.swiftpm/xcode
SwiftCompile normal arm64 /Users/admin/builder/spi-builder-workspace/.dependencies/checkouts/elementary/Sources/Elementary/HTML/HTMLRaw.swift (in target 'Elementary' from project 'elementary')
cd /Users/admin/builder/spi-builder-workspace/.swiftpm/xcode
SwiftCompile normal arm64 /Users/admin/builder/spi-builder-workspace/.dependencies/checkouts/elementary/Sources/Elementary/HTML/HTMLTags.swift (in target 'Elementary' from project 'elementary')
cd /Users/admin/builder/spi-builder-workspace/.swiftpm/xcode
SwiftCompile normal arm64 Compiling\ HTML.swift,\ HTMLAttributes+Common.swift,\ HTMLAttributes+Event.swift,\ HTMLAttributes+Global.swift,\ HTMLComment.swift /Users/admin/builder/spi-builder-workspace/.dependencies/checkouts/elementary/Sources/Elementary/HTML/HTML.swift /Users/admin/builder/spi-builder-workspace/.dependencies/checkouts/elementary/Sources/Elementary/HTML/HTMLAttributes+Common.swift /Users/admin/builder/spi-builder-workspace/.dependencies/checkouts/elementary/Sources/Elementary/HTML/HTMLAttributes+Event.swift /Users/admin/builder/spi-builder-workspace/.dependencies/checkouts/elementary/Sources/Elementary/HTML/HTMLAttributes+Global.swift /Users/admin/builder/spi-builder-workspace/.dependencies/checkouts/elementary/Sources/Elementary/HTML/HTMLComment.swift (in target 'Elementary' from project 'elementary')
SwiftCompile normal arm64 /Users/admin/builder/spi-builder-workspace/.dependencies/checkouts/elementary/Sources/Elementary/HTML/HTML.swift (in target 'Elementary' from project 'elementary')
cd /Users/admin/builder/spi-builder-workspace/.swiftpm/xcode
SwiftCompile normal arm64 /Users/admin/builder/spi-builder-workspace/.dependencies/checkouts/elementary/Sources/Elementary/HTML/HTMLAttributes+Common.swift (in target 'Elementary' from project 'elementary')
cd /Users/admin/builder/spi-builder-workspace/.swiftpm/xcode
SwiftCompile normal arm64 /Users/admin/builder/spi-builder-workspace/.dependencies/checkouts/elementary/Sources/Elementary/HTML/HTMLAttributes+Event.swift (in target 'Elementary' from project 'elementary')
cd /Users/admin/builder/spi-builder-workspace/.swiftpm/xcode
SwiftCompile normal arm64 /Users/admin/builder/spi-builder-workspace/.dependencies/checkouts/elementary/Sources/Elementary/HTML/HTMLAttributes+Global.swift (in target 'Elementary' from project 'elementary')
cd /Users/admin/builder/spi-builder-workspace/.swiftpm/xcode
SwiftCompile normal arm64 /Users/admin/builder/spi-builder-workspace/.dependencies/checkouts/elementary/Sources/Elementary/HTML/HTMLComment.swift (in target 'Elementary' from project 'elementary')
cd /Users/admin/builder/spi-builder-workspace/.swiftpm/xcode
SwiftCompile normal arm64 Compiling\ AsyncContent.swift,\ AsyncForEach.swift,\ Content+Renderable.swift,\ ContentBuilder+Tuples.swift,\ ContentBuilder.swift /Users/admin/builder/spi-builder-workspace/.dependencies/checkouts/elementary/Sources/Elementary/Content/AsyncContent.swift /Users/admin/builder/spi-builder-workspace/.dependencies/checkouts/elementary/Sources/Elementary/Content/AsyncForEach.swift /Users/admin/builder/spi-builder-workspace/.dependencies/checkouts/elementary/Sources/Elementary/Content/Content+Renderable.swift /Users/admin/builder/spi-builder-workspace/.dependencies/checkouts/elementary/Sources/Elementary/Content/ContentBuilder+Tuples.swift /Users/admin/builder/spi-builder-workspace/.dependencies/checkouts/elementary/Sources/Elementary/Content/ContentBuilder.swift (in target 'Elementary' from project 'elementary')
SwiftCompile normal arm64 /Users/admin/builder/spi-builder-workspace/.dependencies/checkouts/elementary/Sources/Elementary/Content/AsyncContent.swift (in target 'Elementary' from project 'elementary')
cd /Users/admin/builder/spi-builder-workspace/.swiftpm/xcode
SwiftCompile normal arm64 /Users/admin/builder/spi-builder-workspace/.dependencies/checkouts/elementary/Sources/Elementary/Content/AsyncForEach.swift (in target 'Elementary' from project 'elementary')
cd /Users/admin/builder/spi-builder-workspace/.swiftpm/xcode
SwiftCompile normal arm64 /Users/admin/builder/spi-builder-workspace/.dependencies/checkouts/elementary/Sources/Elementary/Content/Content+Renderable.swift (in target 'Elementary' from project 'elementary')
cd /Users/admin/builder/spi-builder-workspace/.swiftpm/xcode
SwiftCompile normal arm64 /Users/admin/builder/spi-builder-workspace/.dependencies/checkouts/elementary/Sources/Elementary/Content/ContentBuilder+Tuples.swift (in target 'Elementary' from project 'elementary')
cd /Users/admin/builder/spi-builder-workspace/.swiftpm/xcode
SwiftCompile normal arm64 /Users/admin/builder/spi-builder-workspace/.dependencies/checkouts/elementary/Sources/Elementary/Content/ContentBuilder.swift (in target 'Elementary' from project 'elementary')
cd /Users/admin/builder/spi-builder-workspace/.swiftpm/xcode
SwiftCompile normal arm64 Compiling\ ForEach.swift,\ Group.swift,\ HTML+Environment.swift,\ HTML+Renderable.swift,\ HTML+StructuralContent.swift /Users/admin/builder/spi-builder-workspace/.dependencies/checkouts/elementary/Sources/Elementary/Content/ForEach.swift /Users/admin/builder/spi-builder-workspace/.dependencies/checkouts/elementary/Sources/Elementary/Content/Group.swift /Users/admin/builder/spi-builder-workspace/.dependencies/checkouts/elementary/Sources/Elementary/HTML/HTML+Environment.swift /Users/admin/builder/spi-builder-workspace/.dependencies/checkouts/elementary/Sources/Elementary/HTML/HTML+Renderable.swift /Users/admin/builder/spi-builder-workspace/.dependencies/checkouts/elementary/Sources/Elementary/HTML/HTML+StructuralContent.swift (in target 'Elementary' from project 'elementary')
SwiftCompile normal arm64 /Users/admin/builder/spi-builder-workspace/.dependencies/checkouts/elementary/Sources/Elementary/Content/ForEach.swift (in target 'Elementary' from project 'elementary')
cd /Users/admin/builder/spi-builder-workspace/.swiftpm/xcode
SwiftCompile normal arm64 /Users/admin/builder/spi-builder-workspace/.dependencies/checkouts/elementary/Sources/Elementary/Content/Group.swift (in target 'Elementary' from project 'elementary')
cd /Users/admin/builder/spi-builder-workspace/.swiftpm/xcode
SwiftCompile normal arm64 /Users/admin/builder/spi-builder-workspace/.dependencies/checkouts/elementary/Sources/Elementary/HTML/HTML+Environment.swift (in target 'Elementary' from project 'elementary')
cd /Users/admin/builder/spi-builder-workspace/.swiftpm/xcode
SwiftCompile normal arm64 /Users/admin/builder/spi-builder-workspace/.dependencies/checkouts/elementary/Sources/Elementary/HTML/HTML+Renderable.swift (in target 'Elementary' from project 'elementary')
cd /Users/admin/builder/spi-builder-workspace/.swiftpm/xcode
SwiftCompile normal arm64 /Users/admin/builder/spi-builder-workspace/.dependencies/checkouts/elementary/Sources/Elementary/HTML/HTML+StructuralContent.swift (in target 'Elementary' from project 'elementary')
cd /Users/admin/builder/spi-builder-workspace/.swiftpm/xcode
SwiftEmitModule normal arm64_32 Emitting\ module\ for\ Elementary (in target 'Elementary' from project 'elementary')
2026-08-12 16:48:26.556 xcodebuild[795:4724] [MT] IDERunDestination: Supported platforms for the buildables in the current scheme is empty.
** BUILD FAILED **
The following build commands failed:
SwiftEmitModule normal arm64 Emitting\ module\ for\ Elementary (in target 'Elementary' from project 'elementary')
EmitSwiftModule normal arm64 (in target 'Elementary' from project 'elementary')
Building workspace spi-builder-workspace with scheme elementary-pines
(3 failures)
Command line invocation:
/Applications/Xcode-26.3.0.app/Contents/Developer/usr/bin/xcodebuild -IDEClonedSourcePackagesDirPathOverride=/Users/admin/builder/spi-builder-workspace/.dependencies -resolvePackageDependencies
Resolve Package Graph
Resolved source packages:
elementary-tailwind: https://github.com/amirsaam/elementary-tailwind.git @ 0.3.700
elementary-pines: /Users/admin/builder/spi-builder-workspace
elementary-alpine: https://github.com/amirsaam/elementary-alpine.git @ 0.4.0
elementary: https://github.com/elementary-swift/elementary.git @ 0.8.0
resolved source packages: elementary-tailwind, elementary-pines, elementary-alpine, elementary
2026-08-12 16:48:31.887 xcodebuild[895:5197] [MT] IDERunDestination: Supported platforms for the buildables in the current scheme is empty.
{
"dependencies" : [
{
"identity" : "elementary-alpine",
"requirement" : {
"range" : [
{
"lower_bound" : "0.4.0",
"upper_bound" : "1.0.0"
}
]
},
"type" : "sourceControl",
"url" : "https://github.com/amirsaam/elementary-alpine.git"
},
{
"identity" : "elementary-tailwind",
"requirement" : {
"range" : [
{
"lower_bound" : "0.3.700",
"upper_bound" : "1.0.0"
}
]
},
"type" : "sourceControl",
"url" : "https://github.com/amirsaam/elementary-tailwind.git"
}
],
"manifest_display_name" : "elementary-pines",
"name" : "elementary-pines",
"path" : "/Users/admin/builder/spi-builder-workspace",
"platforms" : [
{
"name" : "macos",
"version" : "14.0"
},
{
"name" : "ios",
"version" : "15.0"
},
{
"name" : "tvos",
"version" : "17.0"
},
{
"name" : "watchos",
"version" : "10.0"
}
],
"products" : [
{
"name" : "ElementaryPines",
"targets" : [
"ElementaryPines"
],
"type" : {
"library" : [
"automatic"
]
}
}
],
"targets" : [
{
"c99name" : "TestUtilities",
"module_type" : "SwiftTarget",
"name" : "TestUtilities",
"path" : "Tests/TestUtilities",
"product_dependencies" : [
"ElementaryAlpine"
],
"sources" : [
"HTMLAssertEqual.swift"
],
"type" : "library"
},
{
"c99name" : "ElementaryPinesTests",
"module_type" : "SwiftTarget",
"name" : "ElementaryPinesTests",
"path" : "Tests/ElementaryPinesTests",
"sources" : [
"Accordion/AccordionTests.swift",
"Alert/AlertTests.swift",
"Alpine/AlpineDirectiveTests.swift",
"Badge/BadgeStyleModifierTests.swift",
"Banner/BannerTests.swift",
"Breadcrumb/BreadcrumbTests.swift",
"Button/ButtonStyleModifierTests.swift",
"Card/CardTests.swift",
"Checkbox/CheckboxTests.swift",
"DatePicker/DatePickerTests.swift",
"Icons/IconTests.swift",
"Icons/PinesIconAttributesTests.swift",
"Input/InputTests.swift",
"Progress/ProgressTests.swift",
"Quote/QuoteTests.swift",
"RadioGroup/RadioGroupTests.swift",
"RangeSlider/RangeSliderTests.swift",
"Rating/RatingTests.swift",
"Select/SelectTests.swift",
"Switch/SwitchTests.swift",
"Tabs/TabsTests.swift",
"Textarea/TextareaTests.swift",
"Toast/ToastTests.swift",
"Tooltip/TooltipTests.swift"
],
"target_dependencies" : [
"ElementaryPines",
"TestUtilities"
],
"type" : "test"
},
{
"c99name" : "ElementaryPines",
"module_type" : "SwiftTarget",
"name" : "ElementaryPines",
"path" : "Sources/ElementaryPines",
"product_dependencies" : [
"ElementaryAlpine",
"ElementaryTailwind"
],
"product_memberships" : [
"ElementaryPines"
],
"sources" : [
"Accordion/Accordion+State.swift",
"Accordion/Accordion.swift",
"Alert/Alert+Icon.swift",
"Alert/Alert+Variant.swift",
"Alert/Alert.swift",
"Alert/AlertVariant.swift",
"Badge/Badge+Modifier.swift",
"Badge/Badge+Style.swift",
"Banner/Banner+Icon.swift",
"Banner/Banner+Position.swift",
"Banner/Banner.swift",
"Breadcrumb/Breadcrumb+HomeIcon.swift",
"Breadcrumb/Breadcrumb+Item.swift",
"Breadcrumb/Breadcrumb+Items.swift",
"Breadcrumb/Breadcrumb+Separator.swift",
"Breadcrumb/Breadcrumb+SiteMapEntry.swift",
"Breadcrumb/Breadcrumb.swift",
"Button/Button+Modifier.swift",
"Button/Button+Style.swift",
"Card/Card+Variant.swift",
"Card/Card.swift",
"Checkbox/Checkbox.swift",
"DatePicker/DatePicker+Format.swift",
"DatePicker/DatePicker+State.swift",
"DatePicker/DatePicker.swift",
"Helpers/Alpine.swift",
"Helpers/Color.swift",
"Helpers/Field.swift",
"Icons/Icon+Kind.swift",
"Icons/Icon+Size.swift",
"Icons/Icon+Special.swift",
"Icons/Icons.swift",
"Input/Input.swift",
"Pines.swift",
"Progress/Progress+Size.swift",
"Progress/Progress.swift",
"Quote/Quote.swift",
"RadioGroup/RadioGroup+Option.swift",
"RadioGroup/RadioGroup.swift",
"RangeSlider/RangeSlider.swift",
"Rating/Rating+EmptyStyle.swift",
"Rating/Rating+Icon.swift",
"Rating/Rating.swift",
"Select/Select+Item.swift",
"Select/Select+State.swift",
"Select/Select.swift",
"Switch/Switch+Size.swift",
"Switch/Switch.swift",
"Tabs/Tabs+State.swift",
"Tabs/Tabs.swift",
"Textarea/Textarea.swift",
"Toast/Toast+State.swift",
"Toast/Toast.swift",
"Tooltip/Tooltip+State.swift",
"Tooltip/Tooltip.swift"
],
"type" : "library"
}
],
"tools_version" : "6.1"
}
{
"workspace" : {
"name" : "spi-builder-workspace",
"schemes" : [
"elementary-pines"
]
}
}
2026-08-12 16:48:33.147 xcodebuild[912:5292] [MT] IDERunDestination: Supported platforms for the buildables in the current scheme is empty.
Running build ...
env DEVELOPER_DIR=/Applications/Xcode-26.3.0.app xcrun xcodebuild -IDEClonedSourcePackagesDirPathOverride=$PWD/.dependencies -skipMacroValidation -skipPackagePluginValidation -derivedDataPath $PWD/.derivedData build -scheme elementary-pines -destination generic/platform=watchOS
Command line invocation:
/Applications/Xcode-26.3.0.app/Contents/Developer/usr/bin/xcodebuild -IDEClonedSourcePackagesDirPathOverride=/Users/admin/builder/spi-builder-workspace/.dependencies -skipMacroValidation -skipPackagePluginValidation -derivedDataPath /Users/admin/builder/spi-builder-workspace/.derivedData build -scheme elementary-pines -destination generic/platform=watchOS
Resolve Package Graph
Resolved source packages:
elementary-alpine: https://github.com/amirsaam/elementary-alpine.git @ 0.4.0
elementary-tailwind: https://github.com/amirsaam/elementary-tailwind.git @ 0.3.700
elementary: https://github.com/elementary-swift/elementary.git @ 0.8.0
elementary-pines: /Users/admin/builder/spi-builder-workspace
ComputePackagePrebuildTargetDependencyGraph
Prepare packages
CreateBuildRequest
SendProjectDescription
CreateBuildOperation
ComputeTargetDependencyGraph
note: Building targets in dependency order
note: Target dependency graph (8 targets)
Target 'ElementaryPines' in project 'elementary-pines'
➜ Explicit dependency on target 'ElementaryPines' in project 'elementary-pines'
➜ Explicit dependency on target 'ElementaryAlpine' in project 'elementary-alpine'
➜ Explicit dependency on target 'ElementaryTailwind' in project 'elementary-tailwind'
Target 'ElementaryPines' in project 'elementary-pines'
➜ Explicit dependency on target 'ElementaryAlpine' in project 'elementary-alpine'
➜ Explicit dependency on target 'ElementaryTailwind' in project 'elementary-tailwind'
Target 'ElementaryTailwind' in project 'elementary-tailwind'
➜ Explicit dependency on target 'ElementaryTailwind' in project 'elementary-tailwind'
➜ Explicit dependency on target 'Elementary' in project 'elementary'
Target 'ElementaryTailwind' in project 'elementary-tailwind'
➜ Explicit dependency on target 'Elementary' in project 'elementary'
Target 'ElementaryAlpine' in project 'elementary-alpine'
➜ Explicit dependency on target 'ElementaryAlpine' in project 'elementary-alpine'
➜ Explicit dependency on target 'Elementary' in project 'elementary'
Target 'ElementaryAlpine' in project 'elementary-alpine'
➜ Explicit dependency on target 'Elementary' in project 'elementary'
Target 'Elementary' in project 'elementary'
➜ Explicit dependency on target 'Elementary' in project 'elementary'
Target 'Elementary' in project 'elementary' (no dependencies)
GatherProvisioningInputs
CreateBuildDescription
ClangStatCache /Applications/Xcode-26.3.0.app/Contents/Developer/Toolchains/XcodeDefault.xctoolchain/usr/bin/clang-stat-cache /Applications/Xcode-26.3.0.app/Contents/Developer/Platforms/WatchOS.platform/Developer/SDKs/WatchOS26.2.sdk /Users/admin/builder/spi-builder-workspace/.derivedData/SDKStatCaches.noindex/watchos26.2-23S303-dc75598d0054f22ec865fa860f139d721753b489057de6bda919edfa1c59a62b.sdkstatcache
cd /Users/admin/builder/spi-builder-workspace/.swiftpm/xcode
/Applications/Xcode-26.3.0.app/Contents/Developer/Toolchains/XcodeDefault.xctoolchain/usr/bin/clang-stat-cache /Applications/Xcode-26.3.0.app/Contents/Developer/Platforms/WatchOS.platform/Developer/SDKs/WatchOS26.2.sdk -o /Users/admin/builder/spi-builder-workspace/.derivedData/SDKStatCaches.noindex/watchos26.2-23S303-dc75598d0054f22ec865fa860f139d721753b489057de6bda919edfa1c59a62b.sdkstatcache
SwiftDriver Elementary normal arm64 com.apple.xcode.tools.swift.compiler (in target 'Elementary' from project 'elementary')
cd /Users/admin/builder/spi-builder-workspace/.swiftpm/xcode
builtin-SwiftDriver -- /Applications/Xcode-26.3.0.app/Contents/Developer/Toolchains/XcodeDefault.xctoolchain/usr/bin/swiftc -module-name Elementary -Onone -enforce-exclusivity\=checked @/Users/admin/builder/spi-builder-workspace/.derivedData/Build/Intermediates.noindex/elementary.build/Debug-watchos/Elementary.build/Objects-normal/arm64/Elementary.SwiftFileList -DSWIFT_PACKAGE -DDEBUG -DSWIFT_MODULE_RESOURCE_BUNDLE_UNAVAILABLE -DXcode -enable-upcoming-feature ExistentialAny -plugin-path /Applications/Xcode-26.3.0.app/Contents/Developer/Toolchains/XcodeDefault.xctoolchain/usr/lib/swift/host/plugins/testing -enable-experimental-feature DebugDescriptionMacro -sdk /Applications/Xcode-26.3.0.app/Contents/Developer/Platforms/WatchOS.platform/Developer/SDKs/WatchOS26.2.sdk -target arm64-apple-watchos10.0 -g -module-cache-path /Users/admin/builder/spi-builder-workspace/.derivedData/ModuleCache.noindex -Xfrontend -serialize-debugging-options -profile-coverage-mapping -profile-generate -enable-testing -suppress-warnings -index-store-path /Users/admin/builder/spi-builder-workspace/.derivedData/Index.noindex/DataStore -Xcc -D_LIBCPP_HARDENING_MODE\=_LIBCPP_HARDENING_MODE_DEBUG -swift-version 6 -I /Users/admin/builder/spi-builder-workspace/.derivedData/Build/Products/Debug-watchos -Isystem /Applications/Xcode-26.3.0.app/Contents/Developer/Platforms/WatchOS.platform/Developer/usr/lib -F /Users/admin/builder/spi-builder-workspace/.derivedData/Build/Products/Debug-watchos -F /Applications/Xcode-26.3.0.app/Contents/Developer/Platforms/WatchOS.platform/Developer/Library/Frameworks -F /Applications/Xcode-26.3.0.app/Contents/Developer/Platforms/WatchOS.platform/Developer/SDKs/WatchOS26.2.sdk/Developer/Library/Frameworks -c -j10 -enable-batch-mode -incremental -Xcc -ivfsstatcache -Xcc /Users/admin/builder/spi-builder-workspace/.derivedData/SDKStatCaches.noindex/watchos26.2-23S303-dc75598d0054f22ec865fa860f139d721753b489057de6bda919edfa1c59a62b.sdkstatcache -output-file-map /Users/admin/builder/spi-builder-workspace/.derivedData/Build/Intermediates.noindex/elementary.build/Debug-watchos/Elementary.build/Objects-normal/arm64/Elementary-OutputFileMap.json -use-frontend-parseable-output -save-temps -no-color-diagnostics -explicit-module-build -module-cache-path /Users/admin/builder/spi-builder-workspace/.derivedData/Build/Intermediates.noindex/SwiftExplicitPrecompiledModules -clang-scanner-module-cache-path /Users/admin/builder/spi-builder-workspace/.derivedData/ModuleCache.noindex -sdk-module-cache-path /Users/admin/builder/spi-builder-workspace/.derivedData/ModuleCache.noindex -serialize-diagnostics -emit-dependencies -emit-module -emit-module-path /Users/admin/builder/spi-builder-workspace/.derivedData/Build/Intermediates.noindex/elementary.build/Debug-watchos/Elementary.build/Objects-normal/arm64/Elementary.swiftmodule -user-module-version 0.8.0 -validate-clang-modules-once -clang-build-session-file /Users/admin/builder/spi-builder-workspace/.derivedData/ModuleCache.noindex/Session.modulevalidation -package-name elementary -Xcc -I/Users/admin/builder/spi-builder-workspace/.derivedData/Build/Intermediates.noindex/elementary.build/Debug-watchos/Elementary.build/swift-overrides.hmap -emit-const-values -Xfrontend -const-gather-protocols-file -Xfrontend /Users/admin/builder/spi-builder-workspace/.derivedData/Build/Intermediates.noindex/elementary.build/Debug-watchos/Elementary.build/Objects-normal/arm64/Elementary_const_extract_protocols.json -Xcc -I/Users/admin/builder/spi-builder-workspace/.derivedData/Build/Products/Debug-watchos/include -Xcc -I/Users/admin/builder/spi-builder-workspace/.derivedData/Build/Intermediates.noindex/elementary.build/Debug-watchos/Elementary.build/DerivedSources-normal/arm64 -Xcc -I/Users/admin/builder/spi-builder-workspace/.derivedData/Build/Intermediates.noindex/elementary.build/Debug-watchos/Elementary.build/DerivedSources/arm64 -Xcc -I/Users/admin/builder/spi-builder-workspace/.derivedData/Build/Intermediates.noindex/elementary.build/Debug-watchos/Elementary.build/DerivedSources -Xcc -DSWIFT_PACKAGE -Xcc -DDEBUG\=1 -emit-objc-header -emit-objc-header-path /Users/admin/builder/spi-builder-workspace/.derivedData/Build/Intermediates.noindex/elementary.build/Debug-watchos/Elementary.build/Objects-normal/arm64/Elementary-Swift.h -working-directory /Users/admin/builder/spi-builder-workspace/.swiftpm/xcode -experimental-emit-module-separately -disable-cmo
SwiftDriver Elementary normal arm64_32 com.apple.xcode.tools.swift.compiler (in target 'Elementary' from project 'elementary')
cd /Users/admin/builder/spi-builder-workspace/.swiftpm/xcode
builtin-SwiftDriver -- /Applications/Xcode-26.3.0.app/Contents/Developer/Toolchains/XcodeDefault.xctoolchain/usr/bin/swiftc -module-name Elementary -Onone -enforce-exclusivity\=checked @/Users/admin/builder/spi-builder-workspace/.derivedData/Build/Intermediates.noindex/elementary.build/Debug-watchos/Elementary.build/Objects-normal/arm64_32/Elementary.SwiftFileList -DSWIFT_PACKAGE -DDEBUG -DSWIFT_MODULE_RESOURCE_BUNDLE_UNAVAILABLE -DXcode -enable-upcoming-feature ExistentialAny -plugin-path /Applications/Xcode-26.3.0.app/Contents/Developer/Toolchains/XcodeDefault.xctoolchain/usr/lib/swift/host/plugins/testing -enable-experimental-feature DebugDescriptionMacro -sdk /Applications/Xcode-26.3.0.app/Contents/Developer/Platforms/WatchOS.platform/Developer/SDKs/WatchOS26.2.sdk -target arm64_32-apple-watchos10.0 -g -module-cache-path /Users/admin/builder/spi-builder-workspace/.derivedData/ModuleCache.noindex -Xfrontend -serialize-debugging-options -profile-coverage-mapping -profile-generate -enable-testing -suppress-warnings -index-store-path /Users/admin/builder/spi-builder-workspace/.derivedData/Index.noindex/DataStore -Xcc -D_LIBCPP_HARDENING_MODE\=_LIBCPP_HARDENING_MODE_DEBUG -swift-version 6 -I /Users/admin/builder/spi-builder-workspace/.derivedData/Build/Products/Debug-watchos -Isystem /Applications/Xcode-26.3.0.app/Contents/Developer/Platforms/WatchOS.platform/Developer/usr/lib -F /Users/admin/builder/spi-builder-workspace/.derivedData/Build/Products/Debug-watchos -F /Applications/Xcode-26.3.0.app/Contents/Developer/Platforms/WatchOS.platform/Developer/Library/Frameworks -F /Applications/Xcode-26.3.0.app/Contents/Developer/Platforms/WatchOS.platform/Developer/SDKs/WatchOS26.2.sdk/Developer/Library/Frameworks -c -j10 -enable-batch-mode -incremental -Xcc -ivfsstatcache -Xcc /Users/admin/builder/spi-builder-workspace/.derivedData/SDKStatCaches.noindex/watchos26.2-23S303-dc75598d0054f22ec865fa860f139d721753b489057de6bda919edfa1c59a62b.sdkstatcache -output-file-map /Users/admin/builder/spi-builder-workspace/.derivedData/Build/Intermediates.noindex/elementary.build/Debug-watchos/Elementary.build/Objects-normal/arm64_32/Elementary-OutputFileMap.json -use-frontend-parseable-output -save-temps -no-color-diagnostics -explicit-module-build -module-cache-path /Users/admin/builder/spi-builder-workspace/.derivedData/Build/Intermediates.noindex/SwiftExplicitPrecompiledModules -clang-scanner-module-cache-path /Users/admin/builder/spi-builder-workspace/.derivedData/ModuleCache.noindex -sdk-module-cache-path /Users/admin/builder/spi-builder-workspace/.derivedData/ModuleCache.noindex -serialize-diagnostics -emit-dependencies -emit-module -emit-module-path /Users/admin/builder/spi-builder-workspace/.derivedData/Build/Intermediates.noindex/elementary.build/Debug-watchos/Elementary.build/Objects-normal/arm64_32/Elementary.swiftmodule -user-module-version 0.8.0 -validate-clang-modules-once -clang-build-session-file /Users/admin/builder/spi-builder-workspace/.derivedData/ModuleCache.noindex/Session.modulevalidation -package-name elementary -Xcc -I/Users/admin/builder/spi-builder-workspace/.derivedData/Build/Intermediates.noindex/elementary.build/Debug-watchos/Elementary.build/swift-overrides.hmap -emit-const-values -Xfrontend -const-gather-protocols-file -Xfrontend /Users/admin/builder/spi-builder-workspace/.derivedData/Build/Intermediates.noindex/elementary.build/Debug-watchos/Elementary.build/Objects-normal/arm64_32/Elementary_const_extract_protocols.json -Xcc -I/Users/admin/builder/spi-builder-workspace/.derivedData/Build/Products/Debug-watchos/include -Xcc -I/Users/admin/builder/spi-builder-workspace/.derivedData/Build/Intermediates.noindex/elementary.build/Debug-watchos/Elementary.build/DerivedSources-normal/arm64_32 -Xcc -I/Users/admin/builder/spi-builder-workspace/.derivedData/Build/Intermediates.noindex/elementary.build/Debug-watchos/Elementary.build/DerivedSources/arm64_32 -Xcc -I/Users/admin/builder/spi-builder-workspace/.derivedData/Build/Intermediates.noindex/elementary.build/Debug-watchos/Elementary.build/DerivedSources -Xcc -DSWIFT_PACKAGE -Xcc -DDEBUG\=1 -emit-objc-header -emit-objc-header-path /Users/admin/builder/spi-builder-workspace/.derivedData/Build/Intermediates.noindex/elementary.build/Debug-watchos/Elementary.build/Objects-normal/arm64_32/Elementary-Swift.h -working-directory /Users/admin/builder/spi-builder-workspace/.swiftpm/xcode -experimental-emit-module-separately -disable-cmo
SwiftEmitModule normal arm64_32 Emitting\ module\ for\ Elementary (in target 'Elementary' from project 'elementary')
EmitSwiftModule normal arm64_32 (in target 'Elementary' from project 'elementary')
cd /Users/admin/builder/spi-builder-workspace/.swiftpm/xcode
/Users/admin/builder/spi-builder-workspace/.dependencies/checkouts/elementary/Sources/Elementary/ServerSupport/SendOnceBox.swift:11:16: error: 'Mutex' is only available in watchOS 11.0 or newer
let mutex: Mutex<Value?>
^
/Users/admin/builder/spi-builder-workspace/.dependencies/checkouts/elementary/Sources/Elementary/ServerSupport/SendOnceBox.swift:5:13: note: add '@available' attribute to enclosing class
final class SendOnceBox: Sendable, SendOnceBoxing {
^
Failed frontend command:
/Applications/Xcode-26.3.0.app/Contents/Developer/Toolchains/XcodeDefault.xctoolchain/usr/bin/swift-frontend -frontend -emit-module -experimental-skip-non-inlinable-function-bodies-without-types /Users/admin/builder/spi-builder-workspace/.dependencies/checkouts/elementary/Sources/Elementary/Content/AsyncContent.swift /Users/admin/builder/spi-builder-workspace/.dependencies/checkouts/elementary/Sources/Elementary/Content/AsyncForEach.swift /Users/admin/builder/spi-builder-workspace/.dependencies/checkouts/elementary/Sources/Elementary/Content/Content+Renderable.swift /Users/admin/builder/spi-builder-workspace/.dependencies/checkouts/elementary/Sources/Elementary/Content/ContentBuilder+Tuples.swift /Users/admin/builder/spi-builder-workspace/.dependencies/checkouts/elementary/Sources/Elementary/Content/ContentBuilder.swift /Users/admin/builder/spi-builder-workspace/.dependencies/checkouts/elementary/Sources/Elementary/Content/ForEach.swift /Users/admin/builder/spi-builder-workspace/.dependencies/checkouts/elementary/Sources/Elementary/Content/Group.swift /Users/admin/builder/spi-builder-workspace/.dependencies/checkouts/elementary/Sources/Elementary/HTML/HTML+Environment.swift /Users/admin/builder/spi-builder-workspace/.dependencies/checkouts/elementary/Sources/Elementary/HTML/HTML+Renderable.swift /Users/admin/builder/spi-builder-workspace/.dependencies/checkouts/elementary/Sources/Elementary/HTML/HTML+StructuralContent.swift /Users/admin/builder/spi-builder-workspace/.dependencies/checkouts/elementary/Sources/Elementary/HTML/HTML.swift /Users/admin/builder/spi-builder-workspace/.dependencies/checkouts/elementary/Sources/Elementary/HTML/HTMLAttributes+Common.swift /Users/admin/builder/spi-builder-workspace/.dependencies/checkouts/elementary/Sources/Elementary/HTML/HTMLAttributes+Event.swift /Users/admin/builder/spi-builder-workspace/.dependencies/checkouts/elementary/Sources/Elementary/HTML/HTMLAttributes+Global.swift /Users/admin/builder/spi-builder-workspace/.dependencies/checkouts/elementary/Sources/Elementary/HTML/HTMLComment.swift /Users/admin/builder/spi-builder-workspace/.dependencies/checkouts/elementary/Sources/Elementary/HTML/HTMLDocument.swift /Users/admin/builder/spi-builder-workspace/.dependencies/checkouts/elementary/Sources/Elementary/HTML/HTMLElement.swift /Users/admin/builder/spi-builder-workspace/.dependencies/checkouts/elementary/Sources/Elementary/HTML/HTMLElements.swift /Users/admin/builder/spi-builder-workspace/.dependencies/checkouts/elementary/Sources/Elementary/HTML/HTMLRaw.swift /Users/admin/builder/spi-builder-workspace/.dependencies/checkouts/elementary/Sources/Elementary/HTML/HTMLTags.swift /Users/admin/builder/spi-builder-workspace/.dependencies/checkouts/elementary/Sources/Elementary/HTML/HTMLVoidElement.swift /Users/admin/builder/spi-builder-workspace/.dependencies/checkouts/elementary/Sources/Elementary/Markup/AttributeStorage.swift /Users/admin/builder/spi-builder-workspace/.dependencies/checkouts/elementary/Sources/Elementary/Markup/AttributedElement.swift /Users/admin/builder/spi-builder-workspace/.dependencies/checkouts/elementary/Sources/Elementary/Markup/Environment.swift /Users/admin/builder/spi-builder-workspace/.dependencies/checkouts/elementary/Sources/Elementary/Markup/Markup+Renderable.swift /Users/admin/builder/spi-builder-workspace/.dependencies/checkouts/elementary/Sources/Elementary/Markup/MarkupAttribute.swift /Users/admin/builder/spi-builder-workspace/.dependencies/checkouts/elementary/Sources/Elementary/Markup/MarkupContent+Structural.swift /Users/admin/builder/spi-builder-workspace/.dependencies/checkouts/elementary/Sources/Elementary/Markup/MarkupContent.swift /Users/admin/builder/spi-builder-workspace/.dependencies/checkouts/elementary/Sources/Elementary/Markup/MarkupTagDefinition.swift /Users/admin/builder/spi-builder-workspace/.dependencies/checkouts/elementary/Sources/Elementary/Markup/StoredAttribute+StyleKeyValuePairs.swift /Users/admin/builder/spi-builder-workspace/.dependencies/checkouts/elementary/Sources/Elementary/Markup/StoredAttribute.swift /Users/admin/builder/spi-builder-workspace/.dependencies/checkouts/elementary/Sources/Elementary/Rendering/AsyncHTMLRenderer.swift /Users/admin/builder/spi-builder-workspace/.dependencies/checkouts/elementary/Sources/Elementary/Rendering/HtmlTextRenderer.swift /Users/admin/builder/spi-builder-workspace/.dependencies/checkouts/elementary/Sources/Elementary/Rendering/MarkupContent+Render.swift /Users/admin/builder/spi-builder-workspace/.dependencies/checkouts/elementary/Sources/Elementary/Rendering/Renderable.swift /Users/admin/builder/spi-builder-workspace/.dependencies/checkouts/elementary/Sources/Elementary/Rendering/RenderingUtils.swift /Users/admin/builder/spi-builder-workspace/.dependencies/checkouts/elementary/Sources/Elementary/SVG/SVG+Renderable.swift /Users/admin/builder/spi-builder-workspace/.dependencies/checkouts/elementary/Sources/Elementary/SVG/SVG.swift /Users/admin/builder/spi-builder-workspace/.dependencies/checkouts/elementary/Sources/Elementary/SVG/SVGAttributes.swift /Users/admin/builder/spi-builder-workspace/.dependencies/checkouts/elementary/Sources/Elementary/SVG/SVGContent+Structural.swift /Users/admin/builder/spi-builder-workspace/.dependencies/checkouts/elementary/Sources/Elementary/SVG/SVGElement.swift /Users/admin/builder/spi-builder-workspace/.dependencies/checkouts/elementary/Sources/Elementary/SVG/SVGTags.swift /Users/admin/builder/spi-builder-workspace/.dependencies/checkouts/elementary/Sources/Elementary/SVG/SVGValues.swift /Users/admin/builder/spi-builder-workspace/.dependencies/checkouts/elementary/Sources/Elementary/ServerSupport/SendOnceBox.swift /Users/admin/builder/spi-builder-workspace/.dependencies/checkouts/elementary/Sources/Elementary/ServerSupport/SendableAnyHTMLBox.swift -target arm64_32-apple-watchos10.0 -load-resolved-plugin /Applications/Xcode-26.3.0.app/Contents/Developer/Platforms/WatchOS.platform/Developer/usr/lib/swift/host/plugins/libSwiftMacros.dylib\#/Applications/Xcode-26.3.0.app/Contents/Developer/Platforms/WatchOS.platform/Developer/usr/bin/swift-plugin-server\#SwiftMacros -disable-implicit-swift-modules -Xcc -fno-implicit-modules -Xcc -fno-implicit-module-maps -explicit-swift-module-map-file /Users/admin/builder/spi-builder-workspace/.derivedData/Build/Intermediates.noindex/elementary.build/Debug-watchos/Elementary.build/Objects-normal/arm64_32/Elementary-dependencies-2.json -enable-objc-interop -sdk /Applications/Xcode-26.3.0.app/Contents/Developer/Platforms/WatchOS.platform/Developer/SDKs/WatchOS26.2.sdk -I /Users/admin/builder/spi-builder-workspace/.derivedData/Build/Products/Debug-watchos -Isystem /Applications/Xcode-26.3.0.app/Contents/Developer/Platforms/WatchOS.platform/Developer/usr/lib -F /Users/admin/builder/spi-builder-workspace/.derivedData/Build/Products/Debug-watchos -F /Applications/Xcode-26.3.0.app/Contents/Developer/Platforms/WatchOS.platform/Developer/Library/Frameworks -F /Applications/Xcode-26.3.0.app/Contents/Developer/Platforms/WatchOS.platform/Developer/SDKs/WatchOS26.2.sdk/Developer/Library/Frameworks -no-color-diagnostics -Xcc -fno-color-diagnostics -enable-testing -g -debug-info-format\=dwarf -dwarf-version\=4 -module-cache-path /Users/admin/builder/spi-builder-workspace/.derivedData/Build/Intermediates.noindex/SwiftExplicitPrecompiledModules -suppress-warnings -profile-generate -profile-coverage-mapping -swift-version 6 -enforce-exclusivity\=checked -Onone -D SWIFT_PACKAGE -D DEBUG -D SWIFT_MODULE_RESOURCE_BUNDLE_UNAVAILABLE -D Xcode -serialize-debugging-options -const-gather-protocols-file /Users/admin/builder/spi-builder-workspace/.derivedData/Build/Intermediates.noindex/elementary.build/Debug-watchos/Elementary.build/Objects-normal/arm64_32/Elementary_const_extract_protocols.json -enable-upcoming-feature ExistentialAny -enable-experimental-feature DebugDescriptionMacro -empty-abi-descriptor -user-module-version 0.8.0 -validate-clang-modules-once -clang-build-session-file /Users/admin/builder/spi-builder-workspace/.derivedData/ModuleCache.noindex/Session.modulevalidation -Xcc -working-directory -Xcc /Users/admin/builder/spi-builder-workspace/.swiftpm/xcode -enable-anonymous-context-mangled-names -file-compilation-dir /Users/admin/builder/spi-builder-workspace/.swiftpm/xcode -Xcc -D_LIBCPP_HARDENING_MODE\=_LIBCPP_HARDENING_MODE_DEBUG -Xcc -ivfsstatcache -Xcc /Users/admin/builder/spi-builder-workspace/.derivedData/SDKStatCaches.noindex/watchos26.2-23S303-dc75598d0054f22ec865fa860f139d721753b489057de6bda919edfa1c59a62b.sdkstatcache -Xcc -I/Users/admin/builder/spi-builder-workspace/.derivedData/Build/Intermediates.noindex/elementary.build/Debug-watchos/Elementary.build/swift-overrides.hmap -Xcc -I/Users/admin/builder/spi-builder-workspace/.derivedData/Build/Products/Debug-watchos/include -Xcc -I/Users/admin/builder/spi-builder-workspace/.derivedData/Build/Intermediates.noindex/elementary.build/Debug-watchos/Elementary.build/DerivedSources-normal/arm64_32 -Xcc -I/Users/admin/builder/spi-builder-workspace/.derivedData/Build/Intermediates.noindex/elementary.build/Debug-watchos/Elementary.build/DerivedSources/arm64_32 -Xcc -I/Users/admin/builder/spi-builder-workspace/.derivedData/Build/Intermediates.noindex/elementary.build/Debug-watchos/Elementary.build/DerivedSources -Xcc -DSWIFT_PACKAGE -Xcc -DDEBUG\=1 -no-auto-bridging-header-chaining -module-name Elementary -package-name elementary -frontend-parseable-output -disable-clang-spi -target-sdk-version 26.2 -target-sdk-name watchos26.2 -clang-target arm64_32-apple-watchos26.2 -in-process-plugin-server-path /Applications/Xcode-26.3.0.app/Contents/Developer/Toolchains/XcodeDefault.xctoolchain/usr/lib/swift/host/libSwiftInProcPluginServer.dylib -emit-module-doc-path /Users/admin/builder/spi-builder-workspace/.derivedData/Build/Intermediates.noindex/elementary.build/Debug-watchos/Elementary.build/Objects-normal/arm64_32/Elementary.swiftdoc -emit-module-source-info-path /Users/admin/builder/spi-builder-workspace/.derivedData/Build/Intermediates.noindex/elementary.build/Debug-watchos/Elementary.build/Objects-normal/arm64_32/Elementary.swiftsourceinfo -emit-objc-header-path /Users/admin/builder/spi-builder-workspace/.derivedData/Build/Intermediates.noindex/elementary.build/Debug-watchos/Elementary.build/Objects-normal/arm64_32/Elementary-Swift.h -serialize-diagnostics-path /Users/admin/builder/spi-builder-workspace/.derivedData/Build/Intermediates.noindex/elementary.build/Debug-watchos/Elementary.build/Objects-normal/arm64_32/Elementary-primary-emit-module.dia -emit-dependencies-path /Users/admin/builder/spi-builder-workspace/.derivedData/Build/Intermediates.noindex/elementary.build/Debug-watchos/Elementary.build/Objects-normal/arm64_32/Elementary-primary-emit-module.d -o /Users/admin/builder/spi-builder-workspace/.derivedData/Build/Intermediates.noindex/elementary.build/Debug-watchos/Elementary.build/Objects-normal/arm64_32/Elementary.swiftmodule -emit-abi-descriptor-path /Users/admin/builder/spi-builder-workspace/.derivedData/Build/Intermediates.noindex/elementary.build/Debug-watchos/Elementary.build/Objects-normal/arm64_32/Elementary.abi.json
SwiftCompile normal arm64_32 Compiling\ AsyncContent.swift,\ AsyncForEach.swift,\ Content+Renderable.swift,\ ContentBuilder+Tuples.swift,\ ContentBuilder.swift /Users/admin/builder/spi-builder-workspace/.dependencies/checkouts/elementary/Sources/Elementary/Content/AsyncContent.swift /Users/admin/builder/spi-builder-workspace/.dependencies/checkouts/elementary/Sources/Elementary/Content/AsyncForEach.swift /Users/admin/builder/spi-builder-workspace/.dependencies/checkouts/elementary/Sources/Elementary/Content/Content+Renderable.swift /Users/admin/builder/spi-builder-workspace/.dependencies/checkouts/elementary/Sources/Elementary/Content/ContentBuilder+Tuples.swift /Users/admin/builder/spi-builder-workspace/.dependencies/checkouts/elementary/Sources/Elementary/Content/ContentBuilder.swift (in target 'Elementary' from project 'elementary')
SwiftCompile normal arm64_32 /Users/admin/builder/spi-builder-workspace/.dependencies/checkouts/elementary/Sources/Elementary/Content/AsyncContent.swift (in target 'Elementary' from project 'elementary')
cd /Users/admin/builder/spi-builder-workspace/.swiftpm/xcode
SwiftCompile normal arm64_32 /Users/admin/builder/spi-builder-workspace/.dependencies/checkouts/elementary/Sources/Elementary/Content/AsyncForEach.swift (in target 'Elementary' from project 'elementary')
cd /Users/admin/builder/spi-builder-workspace/.swiftpm/xcode
SwiftCompile normal arm64_32 /Users/admin/builder/spi-builder-workspace/.dependencies/checkouts/elementary/Sources/Elementary/Content/Content+Renderable.swift (in target 'Elementary' from project 'elementary')
cd /Users/admin/builder/spi-builder-workspace/.swiftpm/xcode
SwiftCompile normal arm64_32 /Users/admin/builder/spi-builder-workspace/.dependencies/checkouts/elementary/Sources/Elementary/Content/ContentBuilder+Tuples.swift (in target 'Elementary' from project 'elementary')
cd /Users/admin/builder/spi-builder-workspace/.swiftpm/xcode
SwiftCompile normal arm64_32 /Users/admin/builder/spi-builder-workspace/.dependencies/checkouts/elementary/Sources/Elementary/Content/ContentBuilder.swift (in target 'Elementary' from project 'elementary')
cd /Users/admin/builder/spi-builder-workspace/.swiftpm/xcode
SwiftCompile normal arm64_32 Compiling\ HTMLDocument.swift,\ HTMLElement.swift,\ HTMLElements.swift,\ HTMLRaw.swift,\ HTMLTags.swift /Users/admin/builder/spi-builder-workspace/.dependencies/checkouts/elementary/Sources/Elementary/HTML/HTMLDocument.swift /Users/admin/builder/spi-builder-workspace/.dependencies/checkouts/elementary/Sources/Elementary/HTML/HTMLElement.swift /Users/admin/builder/spi-builder-workspace/.dependencies/checkouts/elementary/Sources/Elementary/HTML/HTMLElements.swift /Users/admin/builder/spi-builder-workspace/.dependencies/checkouts/elementary/Sources/Elementary/HTML/HTMLRaw.swift /Users/admin/builder/spi-builder-workspace/.dependencies/checkouts/elementary/Sources/Elementary/HTML/HTMLTags.swift (in target 'Elementary' from project 'elementary')
SwiftCompile normal arm64_32 /Users/admin/builder/spi-builder-workspace/.dependencies/checkouts/elementary/Sources/Elementary/HTML/HTMLDocument.swift (in target 'Elementary' from project 'elementary')
cd /Users/admin/builder/spi-builder-workspace/.swiftpm/xcode
SwiftCompile normal arm64_32 /Users/admin/builder/spi-builder-workspace/.dependencies/checkouts/elementary/Sources/Elementary/HTML/HTMLElement.swift (in target 'Elementary' from project 'elementary')
cd /Users/admin/builder/spi-builder-workspace/.swiftpm/xcode
SwiftCompile normal arm64_32 /Users/admin/builder/spi-builder-workspace/.dependencies/checkouts/elementary/Sources/Elementary/HTML/HTMLElements.swift (in target 'Elementary' from project 'elementary')
cd /Users/admin/builder/spi-builder-workspace/.swiftpm/xcode
SwiftCompile normal arm64_32 /Users/admin/builder/spi-builder-workspace/.dependencies/checkouts/elementary/Sources/Elementary/HTML/HTMLRaw.swift (in target 'Elementary' from project 'elementary')
cd /Users/admin/builder/spi-builder-workspace/.swiftpm/xcode
SwiftCompile normal arm64_32 /Users/admin/builder/spi-builder-workspace/.dependencies/checkouts/elementary/Sources/Elementary/HTML/HTMLTags.swift (in target 'Elementary' from project 'elementary')
cd /Users/admin/builder/spi-builder-workspace/.swiftpm/xcode
SwiftCompile normal arm64_32 Compiling\ HTMLVoidElement.swift,\ AttributeStorage.swift,\ AttributedElement.swift,\ Environment.swift,\ Markup+Renderable.swift /Users/admin/builder/spi-builder-workspace/.dependencies/checkouts/elementary/Sources/Elementary/HTML/HTMLVoidElement.swift /Users/admin/builder/spi-builder-workspace/.dependencies/checkouts/elementary/Sources/Elementary/Markup/AttributeStorage.swift /Users/admin/builder/spi-builder-workspace/.dependencies/checkouts/elementary/Sources/Elementary/Markup/AttributedElement.swift /Users/admin/builder/spi-builder-workspace/.dependencies/checkouts/elementary/Sources/Elementary/Markup/Environment.swift /Users/admin/builder/spi-builder-workspace/.dependencies/checkouts/elementary/Sources/Elementary/Markup/Markup+Renderable.swift (in target 'Elementary' from project 'elementary')
SwiftCompile normal arm64_32 /Users/admin/builder/spi-builder-workspace/.dependencies/checkouts/elementary/Sources/Elementary/HTML/HTMLVoidElement.swift (in target 'Elementary' from project 'elementary')
cd /Users/admin/builder/spi-builder-workspace/.swiftpm/xcode
SwiftCompile normal arm64_32 /Users/admin/builder/spi-builder-workspace/.dependencies/checkouts/elementary/Sources/Elementary/Markup/AttributeStorage.swift (in target 'Elementary' from project 'elementary')
cd /Users/admin/builder/spi-builder-workspace/.swiftpm/xcode
SwiftCompile normal arm64_32 /Users/admin/builder/spi-builder-workspace/.dependencies/checkouts/elementary/Sources/Elementary/Markup/AttributedElement.swift (in target 'Elementary' from project 'elementary')
cd /Users/admin/builder/spi-builder-workspace/.swiftpm/xcode
SwiftCompile normal arm64_32 /Users/admin/builder/spi-builder-workspace/.dependencies/checkouts/elementary/Sources/Elementary/Markup/Environment.swift (in target 'Elementary' from project 'elementary')
cd /Users/admin/builder/spi-builder-workspace/.swiftpm/xcode
SwiftCompile normal arm64_32 /Users/admin/builder/spi-builder-workspace/.dependencies/checkouts/elementary/Sources/Elementary/Markup/Markup+Renderable.swift (in target 'Elementary' from project 'elementary')
cd /Users/admin/builder/spi-builder-workspace/.swiftpm/xcode
SwiftCompile normal arm64_32 Compiling\ StoredAttribute+StyleKeyValuePairs.swift,\ StoredAttribute.swift,\ AsyncHTMLRenderer.swift,\ HtmlTextRenderer.swift /Users/admin/builder/spi-builder-workspace/.dependencies/checkouts/elementary/Sources/Elementary/Markup/StoredAttribute+StyleKeyValuePairs.swift /Users/admin/builder/spi-builder-workspace/.dependencies/checkouts/elementary/Sources/Elementary/Markup/StoredAttribute.swift /Users/admin/builder/spi-builder-workspace/.dependencies/checkouts/elementary/Sources/Elementary/Rendering/AsyncHTMLRenderer.swift /Users/admin/builder/spi-builder-workspace/.dependencies/checkouts/elementary/Sources/Elementary/Rendering/HtmlTextRenderer.swift (in target 'Elementary' from project 'elementary')
SwiftCompile normal arm64_32 /Users/admin/builder/spi-builder-workspace/.dependencies/checkouts/elementary/Sources/Elementary/Markup/StoredAttribute+StyleKeyValuePairs.swift (in target 'Elementary' from project 'elementary')
cd /Users/admin/builder/spi-builder-workspace/.swiftpm/xcode
SwiftCompile normal arm64_32 /Users/admin/builder/spi-builder-workspace/.dependencies/checkouts/elementary/Sources/Elementary/Markup/StoredAttribute.swift (in target 'Elementary' from project 'elementary')
cd /Users/admin/builder/spi-builder-workspace/.swiftpm/xcode
SwiftCompile normal arm64_32 /Users/admin/builder/spi-builder-workspace/.dependencies/checkouts/elementary/Sources/Elementary/Rendering/AsyncHTMLRenderer.swift (in target 'Elementary' from project 'elementary')
cd /Users/admin/builder/spi-builder-workspace/.swiftpm/xcode
SwiftCompile normal arm64_32 /Users/admin/builder/spi-builder-workspace/.dependencies/checkouts/elementary/Sources/Elementary/Rendering/HtmlTextRenderer.swift (in target 'Elementary' from project 'elementary')
cd /Users/admin/builder/spi-builder-workspace/.swiftpm/xcode
SwiftCompile normal arm64_32 Compiling\ MarkupContent+Render.swift,\ Renderable.swift,\ RenderingUtils.swift,\ SVG+Renderable.swift /Users/admin/builder/spi-builder-workspace/.dependencies/checkouts/elementary/Sources/Elementary/Rendering/MarkupContent+Render.swift /Users/admin/builder/spi-builder-workspace/.dependencies/checkouts/elementary/Sources/Elementary/Rendering/Renderable.swift /Users/admin/builder/spi-builder-workspace/.dependencies/checkouts/elementary/Sources/Elementary/Rendering/RenderingUtils.swift /Users/admin/builder/spi-builder-workspace/.dependencies/checkouts/elementary/Sources/Elementary/SVG/SVG+Renderable.swift (in target 'Elementary' from project 'elementary')
SwiftCompile normal arm64_32 /Users/admin/builder/spi-builder-workspace/.dependencies/checkouts/elementary/Sources/Elementary/Rendering/MarkupContent+Render.swift (in target 'Elementary' from project 'elementary')
cd /Users/admin/builder/spi-builder-workspace/.swiftpm/xcode
SwiftCompile normal arm64_32 /Users/admin/builder/spi-builder-workspace/.dependencies/checkouts/elementary/Sources/Elementary/Rendering/Renderable.swift (in target 'Elementary' from project 'elementary')
cd /Users/admin/builder/spi-builder-workspace/.swiftpm/xcode
SwiftCompile normal arm64_32 /Users/admin/builder/spi-builder-workspace/.dependencies/checkouts/elementary/Sources/Elementary/Rendering/RenderingUtils.swift (in target 'Elementary' from project 'elementary')
cd /Users/admin/builder/spi-builder-workspace/.swiftpm/xcode
SwiftCompile normal arm64_32 /Users/admin/builder/spi-builder-workspace/.dependencies/checkouts/elementary/Sources/Elementary/SVG/SVG+Renderable.swift (in target 'Elementary' from project 'elementary')
cd /Users/admin/builder/spi-builder-workspace/.swiftpm/xcode
SwiftCompile normal arm64_32 Compiling\ SVG.swift,\ SVGAttributes.swift,\ SVGContent+Structural.swift,\ SVGElement.swift /Users/admin/builder/spi-builder-workspace/.dependencies/checkouts/elementary/Sources/Elementary/SVG/SVG.swift /Users/admin/builder/spi-builder-workspace/.dependencies/checkouts/elementary/Sources/Elementary/SVG/SVGAttributes.swift /Users/admin/builder/spi-builder-workspace/.dependencies/checkouts/elementary/Sources/Elementary/SVG/SVGContent+Structural.swift /Users/admin/builder/spi-builder-workspace/.dependencies/checkouts/elementary/Sources/Elementary/SVG/SVGElement.swift (in target 'Elementary' from project 'elementary')
SwiftCompile normal arm64_32 /Users/admin/builder/spi-builder-workspace/.dependencies/checkouts/elementary/Sources/Elementary/SVG/SVG.swift (in target 'Elementary' from project 'elementary')
cd /Users/admin/builder/spi-builder-workspace/.swiftpm/xcode
SwiftCompile normal arm64_32 /Users/admin/builder/spi-builder-workspace/.dependencies/checkouts/elementary/Sources/Elementary/SVG/SVGAttributes.swift (in target 'Elementary' from project 'elementary')
cd /Users/admin/builder/spi-builder-workspace/.swiftpm/xcode
SwiftCompile normal arm64_32 /Users/admin/builder/spi-builder-workspace/.dependencies/checkouts/elementary/Sources/Elementary/SVG/SVGContent+Structural.swift (in target 'Elementary' from project 'elementary')
cd /Users/admin/builder/spi-builder-workspace/.swiftpm/xcode
SwiftCompile normal arm64_32 /Users/admin/builder/spi-builder-workspace/.dependencies/checkouts/elementary/Sources/Elementary/SVG/SVGElement.swift (in target 'Elementary' from project 'elementary')
cd /Users/admin/builder/spi-builder-workspace/.swiftpm/xcode
SwiftCompile normal arm64_32 Compiling\ ForEach.swift,\ Group.swift,\ HTML+Environment.swift,\ HTML+Renderable.swift,\ HTML+StructuralContent.swift /Users/admin/builder/spi-builder-workspace/.dependencies/checkouts/elementary/Sources/Elementary/Content/ForEach.swift /Users/admin/builder/spi-builder-workspace/.dependencies/checkouts/elementary/Sources/Elementary/Content/Group.swift /Users/admin/builder/spi-builder-workspace/.dependencies/checkouts/elementary/Sources/Elementary/HTML/HTML+Environment.swift /Users/admin/builder/spi-builder-workspace/.dependencies/checkouts/elementary/Sources/Elementary/HTML/HTML+Renderable.swift /Users/admin/builder/spi-builder-workspace/.dependencies/checkouts/elementary/Sources/Elementary/HTML/HTML+StructuralContent.swift (in target 'Elementary' from project 'elementary')
SwiftCompile normal arm64_32 /Users/admin/builder/spi-builder-workspace/.dependencies/checkouts/elementary/Sources/Elementary/Content/ForEach.swift (in target 'Elementary' from project 'elementary')
cd /Users/admin/builder/spi-builder-workspace/.swiftpm/xcode
SwiftCompile normal arm64_32 /Users/admin/builder/spi-builder-workspace/.dependencies/checkouts/elementary/Sources/Elementary/Content/Group.swift (in target 'Elementary' from project 'elementary')
cd /Users/admin/builder/spi-builder-workspace/.swiftpm/xcode
SwiftCompile normal arm64_32 /Users/admin/builder/spi-builder-workspace/.dependencies/checkouts/elementary/Sources/Elementary/HTML/HTML+Environment.swift (in target 'Elementary' from project 'elementary')
cd /Users/admin/builder/spi-builder-workspace/.swiftpm/xcode
SwiftCompile normal arm64_32 /Users/admin/builder/spi-builder-workspace/.dependencies/checkouts/elementary/Sources/Elementary/HTML/HTML+Renderable.swift (in target 'Elementary' from project 'elementary')
cd /Users/admin/builder/spi-builder-workspace/.swiftpm/xcode
SwiftCompile normal arm64_32 /Users/admin/builder/spi-builder-workspace/.dependencies/checkouts/elementary/Sources/Elementary/HTML/HTML+StructuralContent.swift (in target 'Elementary' from project 'elementary')
cd /Users/admin/builder/spi-builder-workspace/.swiftpm/xcode
SwiftCompile normal arm64_32 Compiling\ SVGTags.swift,\ SVGValues.swift,\ SendOnceBox.swift,\ SendableAnyHTMLBox.swift /Users/admin/builder/spi-builder-workspace/.dependencies/checkouts/elementary/Sources/Elementary/SVG/SVGTags.swift /Users/admin/builder/spi-builder-workspace/.dependencies/checkouts/elementary/Sources/Elementary/SVG/SVGValues.swift /Users/admin/builder/spi-builder-workspace/.dependencies/checkouts/elementary/Sources/Elementary/ServerSupport/SendOnceBox.swift /Users/admin/builder/spi-builder-workspace/.dependencies/checkouts/elementary/Sources/Elementary/ServerSupport/SendableAnyHTMLBox.swift (in target 'Elementary' from project 'elementary')
SwiftCompile normal arm64_32 /Users/admin/builder/spi-builder-workspace/.dependencies/checkouts/elementary/Sources/Elementary/SVG/SVGTags.swift (in target 'Elementary' from project 'elementary')
cd /Users/admin/builder/spi-builder-workspace/.swiftpm/xcode
SwiftCompile normal arm64_32 /Users/admin/builder/spi-builder-workspace/.dependencies/checkouts/elementary/Sources/Elementary/SVG/SVGValues.swift (in target 'Elementary' from project 'elementary')
cd /Users/admin/builder/spi-builder-workspace/.swiftpm/xcode
SwiftCompile normal arm64_32 /Users/admin/builder/spi-builder-workspace/.dependencies/checkouts/elementary/Sources/Elementary/ServerSupport/SendOnceBox.swift (in target 'Elementary' from project 'elementary')
cd /Users/admin/builder/spi-builder-workspace/.swiftpm/xcode
SwiftCompile normal arm64_32 /Users/admin/builder/spi-builder-workspace/.dependencies/checkouts/elementary/Sources/Elementary/ServerSupport/SendableAnyHTMLBox.swift (in target 'Elementary' from project 'elementary')
cd /Users/admin/builder/spi-builder-workspace/.swiftpm/xcode
SwiftCompile normal arm64_32 Compiling\ HTML.swift,\ HTMLAttributes+Common.swift,\ HTMLAttributes+Event.swift,\ HTMLAttributes+Global.swift,\ HTMLComment.swift /Users/admin/builder/spi-builder-workspace/.dependencies/checkouts/elementary/Sources/Elementary/HTML/HTML.swift /Users/admin/builder/spi-builder-workspace/.dependencies/checkouts/elementary/Sources/Elementary/HTML/HTMLAttributes+Common.swift /Users/admin/builder/spi-builder-workspace/.dependencies/checkouts/elementary/Sources/Elementary/HTML/HTMLAttributes+Event.swift /Users/admin/builder/spi-builder-workspace/.dependencies/checkouts/elementary/Sources/Elementary/HTML/HTMLAttributes+Global.swift /Users/admin/builder/spi-builder-workspace/.dependencies/checkouts/elementary/Sources/Elementary/HTML/HTMLComment.swift (in target 'Elementary' from project 'elementary')
SwiftCompile normal arm64_32 /Users/admin/builder/spi-builder-workspace/.dependencies/checkouts/elementary/Sources/Elementary/HTML/HTML.swift (in target 'Elementary' from project 'elementary')
cd /Users/admin/builder/spi-builder-workspace/.swiftpm/xcode
SwiftCompile normal arm64_32 /Users/admin/builder/spi-builder-workspace/.dependencies/checkouts/elementary/Sources/Elementary/HTML/HTMLAttributes+Common.swift (in target 'Elementary' from project 'elementary')
cd /Users/admin/builder/spi-builder-workspace/.swiftpm/xcode
SwiftCompile normal arm64_32 /Users/admin/builder/spi-builder-workspace/.dependencies/checkouts/elementary/Sources/Elementary/HTML/HTMLAttributes+Event.swift (in target 'Elementary' from project 'elementary')
cd /Users/admin/builder/spi-builder-workspace/.swiftpm/xcode
SwiftCompile normal arm64_32 /Users/admin/builder/spi-builder-workspace/.dependencies/checkouts/elementary/Sources/Elementary/HTML/HTMLAttributes+Global.swift (in target 'Elementary' from project 'elementary')
cd /Users/admin/builder/spi-builder-workspace/.swiftpm/xcode
SwiftCompile normal arm64_32 /Users/admin/builder/spi-builder-workspace/.dependencies/checkouts/elementary/Sources/Elementary/HTML/HTMLComment.swift (in target 'Elementary' from project 'elementary')
cd /Users/admin/builder/spi-builder-workspace/.swiftpm/xcode
SwiftEmitModule normal arm64 Emitting\ module\ for\ Elementary (in target 'Elementary' from project 'elementary')
2026-08-12 16:48:34.189 xcodebuild[923:5352] [MT] IDERunDestination: Supported platforms for the buildables in the current scheme is empty.
** BUILD FAILED **
The following build commands failed:
EmitSwiftModule normal arm64_32 (in target 'Elementary' from project 'elementary')
SwiftEmitModule normal arm64_32 Emitting\ module\ for\ Elementary (in target 'Elementary' from project 'elementary')
Building workspace spi-builder-workspace with scheme elementary-pines
(3 failures)
BUILD FAILURE 6.2 watchOS