The Swift Package Index logo.Swift Package Index

Build Information

Failed to build TouchIndicator, reference main (f60066), with Swift 6.1 for macOS (SPM) on 5 Sep 2026 09:12:39 UTC.

Build Command

env DEVELOPER_DIR=/Applications/Xcode-16.3.0.app xcrun swift build --arch arm64

Build Log

========================================
RunAll
========================================
Builder version: 5.0.2
Interrupt handler set up.
========================================
Checkout
========================================
Clone URL: https://github.com/98ChimpInc/touch-indicator-ios-sdk.git
Reference: main
Initialized empty Git repository in /Users/admin/builder/spi-builder-workspace/.git/
From https://github.com/98ChimpInc/touch-indicator-ios-sdk
 * branch            main       -> FETCH_HEAD
 * [new branch]      main       -> origin/main
HEAD is now at f600661 Release v1.0.2
Cloned https://github.com/98ChimpInc/touch-indicator-ios-sdk.git
Revision (git rev-parse @):
f6006610f5922b764a346c8f9dbd9e4bb96873f2
SPI manifest file found: $PWD/.spi.yml
SUCCESS checkout https://github.com/98ChimpInc/touch-indicator-ios-sdk.git at main
========================================
Build
========================================
Selected platform:         macosSpm
Swift version:             6.1
Building package at path:  $PWD
https://github.com/98ChimpInc/touch-indicator-ios-sdk.git
https://github.com/98ChimpInc/touch-indicator-ios-sdk.git
{
  "dependencies" : [
  ],
  "manifest_display_name" : "TouchIndicator",
  "name" : "TouchIndicator",
  "path" : "/Users/admin/builder/spi-builder-workspace",
  "platforms" : [
    {
      "name" : "ios",
      "version" : "15.0"
    }
  ],
  "products" : [
    {
      "name" : "TouchIndicator",
      "targets" : [
        "TouchIndicator"
      ],
      "type" : {
        "library" : [
          "automatic"
        ]
      }
    }
  ],
  "targets" : [
    {
      "c99name" : "TouchIndicatorTests",
      "module_type" : "SwiftTarget",
      "name" : "TouchIndicatorTests",
      "path" : "Tests/TouchIndicatorTests",
      "sources" : [
        "BuildEnvironmentGateTests.swift"
      ],
      "target_dependencies" : [
        "TouchIndicator"
      ],
      "type" : "test"
    },
    {
      "c99name" : "TouchIndicator",
      "module_type" : "SwiftTarget",
      "name" : "TouchIndicator",
      "path" : "Sources/TouchIndicator",
      "product_memberships" : [
        "TouchIndicator"
      ],
      "sources" : [
        "BuildEnvironment.swift",
        "TouchIndicator.swift",
        "TouchIndicatorView.swift",
        "TouchObservingGestureRecognizer.swift"
      ],
      "type" : "library"
    }
  ],
  "tools_version" : "5.9"
}
Running build ...
env DEVELOPER_DIR=/Applications/Xcode-16.3.0.app xcrun swift build --arch arm64 -Xswiftc -Xfrontend -Xswiftc -stats-output-dir -Xswiftc -Xfrontend -Xswiftc .stats -Xswiftc -strict-concurrency=complete -Xswiftc -enable-upcoming-feature -Xswiftc StrictConcurrency -Xswiftc -enable-upcoming-feature -Xswiftc DisableOutwardActorInference -Xswiftc -enable-upcoming-feature -Xswiftc GlobalActorIsolatedTypesUsability -Xswiftc -enable-upcoming-feature -Xswiftc InferSendableFromCaptures
Building for debugging...
[0/2] Write sources
[1/2] Write swift-version-2F0A5646E1D333AE.txt
[3/7] Compiling TouchIndicator TouchIndicator.swift
/Users/admin/builder/spi-builder-workspace/Sources/TouchIndicator/TouchIndicator.swift:11:8: error: no such module 'UIKit'
  9 |
 10 | import os
 11 | import UIKit
    |        `- error: no such module 'UIKit'
 12 |
 13 | public enum TouchIndicator {
[4/7] Compiling TouchIndicator TouchObservingGestureRecognizer.swift
/Users/admin/builder/spi-builder-workspace/Sources/TouchIndicator/TouchIndicator.swift:11:8: error: no such module 'UIKit'
  9 |
 10 | import os
 11 | import UIKit
    |        `- error: no such module 'UIKit'
 12 |
 13 | public enum TouchIndicator {
[5/7] Compiling TouchIndicator TouchIndicatorView.swift
/Users/admin/builder/spi-builder-workspace/Sources/TouchIndicator/TouchIndicator.swift:11:8: error: no such module 'UIKit'
  9 |
 10 | import os
 11 | import UIKit
    |        `- error: no such module 'UIKit'
 12 |
 13 | public enum TouchIndicator {
error: emit-module command failed with exit code 1 (use -v to see invocation)
[6/7] Emitting module TouchIndicator
/Users/admin/builder/spi-builder-workspace/Sources/TouchIndicator/TouchIndicator.swift:11:8: error: no such module 'UIKit'
  9 |
 10 | import os
 11 | import UIKit
    |        `- error: no such module 'UIKit'
 12 |
 13 | public enum TouchIndicator {
[7/7] Compiling TouchIndicator BuildEnvironment.swift
/Users/admin/builder/spi-builder-workspace/Sources/TouchIndicator/TouchIndicator.swift:11:8: error: no such module 'UIKit'
  9 |
 10 | import os
 11 | import UIKit
    |        `- error: no such module 'UIKit'
 12 |
 13 | public enum TouchIndicator {
Running build ...
env DEVELOPER_DIR=/Applications/Xcode-16.3.0.app xcrun swift build --arch arm64
[0/1] Planning build
Building for debugging...
[0/1] Write swift-version-2F0A5646E1D333AE.txt
[2/6] Compiling TouchIndicator TouchIndicatorView.swift
/Users/admin/builder/spi-builder-workspace/Sources/TouchIndicator/TouchIndicator.swift:11:8: error: no such module 'UIKit'
  9 |
 10 | import os
 11 | import UIKit
    |        `- error: no such module 'UIKit'
 12 |
 13 | public enum TouchIndicator {
error: emit-module command failed with exit code 1 (use -v to see invocation)
[3/6] Emitting module TouchIndicator
/Users/admin/builder/spi-builder-workspace/Sources/TouchIndicator/TouchIndicator.swift:11:8: error: no such module 'UIKit'
  9 |
 10 | import os
 11 | import UIKit
    |        `- error: no such module 'UIKit'
 12 |
 13 | public enum TouchIndicator {
[4/6] Compiling TouchIndicator TouchObservingGestureRecognizer.swift
/Users/admin/builder/spi-builder-workspace/Sources/TouchIndicator/TouchIndicator.swift:11:8: error: no such module 'UIKit'
  9 |
 10 | import os
 11 | import UIKit
    |        `- error: no such module 'UIKit'
 12 |
 13 | public enum TouchIndicator {
[5/6] Compiling TouchIndicator BuildEnvironment.swift
/Users/admin/builder/spi-builder-workspace/Sources/TouchIndicator/TouchIndicator.swift:11:8: error: no such module 'UIKit'
  9 |
 10 | import os
 11 | import UIKit
    |        `- error: no such module 'UIKit'
 12 |
 13 | public enum TouchIndicator {
[6/6] Compiling TouchIndicator TouchIndicator.swift
/Users/admin/builder/spi-builder-workspace/Sources/TouchIndicator/TouchIndicator.swift:11:8: error: no such module 'UIKit'
  9 |
 10 | import os
 11 | import UIKit
    |        `- error: no such module 'UIKit'
 12 |
 13 | public enum TouchIndicator {
BUILD FAILURE 6.1 macosSpm