The Swift Package Index logo.Swift Package Index

Build Information

Failed to build CTColorPicker, reference v0.1.1 (4bc29c), with Swift 6.4 for macOS (Xcode) using Xcode 27.0 on 16 Sep 2026 21:05:44 UTC.

Build Command

env DEVELOPER_DIR=/Applications/Xcode-27.0.0-Release.Candidate.app xcrun xcodebuild -IDEClonedSourcePackagesDirPathOverride=$PWD/.dependencies -skipMacroValidation -skipPackagePluginValidation -derivedDataPath $PWD/.derivedData build -scheme CTColorPicker -destination platform=macOS,arch=arm64

Build Log

========================================
RunAll
========================================
Builder version: 5.1.0
Interrupt handler set up.
========================================
Checkout
========================================
Clone URL: https://github.com/rizumita/CTColorPicker.git
Reference: v0.1.1
Initialized empty Git repository in /Users/admin/builder/spi-builder-workspace/.git/
From https://github.com/rizumita/CTColorPicker
 * tag               v0.1.1     -> FETCH_HEAD
HEAD is now at 4bc29c2 Available iOS13
Cloned https://github.com/rizumita/CTColorPicker.git
Revision (git rev-parse @):
4bc29c28d607243c2dfa21d7a02452167f017c3a
SUCCESS checkout https://github.com/rizumita/CTColorPicker.git at v0.1.1
========================================
Build
========================================
Selected platform:         macosXcodebuild
Swift version:             6.4
Building package at path:  $PWD
https://github.com/rizumita/CTColorPicker.git
Command line invocation:
    /Applications/Xcode-27.0.0-Release.Candidate.app/Contents/Developer/usr/bin/xcodebuild -IDEClonedSourcePackagesDirPathOverride=/Users/admin/builder/spi-builder-workspace/.dependencies -resolvePackageDependencies
Resolve Package Graph
Resolve Package Graph
Resolved source packages:
  CTColorPicker: /Users/admin/builder/spi-builder-workspace
resolved source packages: CTColorPicker
2026-09-16 17:04:50.554 xcodebuild[559:3048] [MT] IDERunDestination: Supported platforms for the buildables in the current scheme is empty.
{
  "dependencies" : [
  ],
  "manifest_display_name" : "CTColorPicker",
  "name" : "CTColorPicker",
  "path" : "/Users/admin/builder/spi-builder-workspace",
  "platforms" : [
  ],
  "products" : [
    {
      "name" : "CTColorPicker",
      "targets" : [
        "CTColorPicker"
      ],
      "type" : {
        "library" : [
          "automatic"
        ]
      }
    }
  ],
  "targets" : [
    {
      "c99name" : "CTColorPickerTests",
      "module_type" : "SwiftTarget",
      "name" : "CTColorPickerTests",
      "path" : "Tests/CTColorPickerTests",
      "sources" : [
        "CTColorPickerTests.swift",
        "XCTestManifests.swift"
      ],
      "target_dependencies" : [
        "CTColorPicker"
      ],
      "type" : "test"
    },
    {
      "c99name" : "CTColorPicker",
      "module_type" : "SwiftTarget",
      "name" : "CTColorPicker",
      "path" : "Sources/CTColorPicker",
      "product_memberships" : [
        "CTColorPicker"
      ],
      "sources" : [
        "Color+Extensions.swift",
        "ColorPicker.swift",
        "ColorPickerModel.swift",
        "Functions.swift",
        "HCircle.swift",
        "Pointer.swift",
        "SBSquare.swift"
      ],
      "type" : "library"
    }
  ],
  "tools_version" : "5.0"
}
{
  "workspace" : {
    "name" : "CTColorPicker",
    "schemes" : [
      "CTColorPicker"
    ]
  }
}
2026-09-16 17:05:31.605 xcodebuild[657:4004] [MT] IDERunDestination: Supported platforms for the buildables in the current scheme is empty.
Running build ...
env DEVELOPER_DIR=/Applications/Xcode-27.0.0-Release.Candidate.app xcrun xcodebuild -IDEClonedSourcePackagesDirPathOverride=$PWD/.dependencies -skipMacroValidation -skipPackagePluginValidation -derivedDataPath $PWD/.derivedData build -scheme CTColorPicker -destination platform=macOS,arch=arm64
Command line invocation:
    /Applications/Xcode-27.0.0-Release.Candidate.app/Contents/Developer/usr/bin/xcodebuild -IDEClonedSourcePackagesDirPathOverride=/Users/admin/builder/spi-builder-workspace/.dependencies -skipMacroValidation -skipPackagePluginValidation -derivedDataPath /Users/admin/builder/spi-builder-workspace/.derivedData build -scheme CTColorPicker -destination platform=macOS,arch=arm64
Resolve Package Graph
Resolved source packages:
  CTColorPicker: /Users/admin/builder/spi-builder-workspace
ComputePackagePrebuildTargetDependencyGraph
Prepare packages
CreateBuildRequest
SendProjectDescription
CreateBuildOperation
ComputeTargetDependencyGraph
note: Building targets in dependency order
note: Target dependency graph (2 targets)
    Target 'CTColorPicker-product' in project 'CTColorPicker'
        ➜ Explicit dependency on target 'CTColorPicker' in project 'CTColorPicker'
    Target 'CTColorPicker' in project 'CTColorPicker' (no dependencies)
GatherProvisioningInputs
CreateBuildDescription
ExecuteExternalTool /Applications/Xcode-27.0.0-Release.Candidate.app/Contents/Developer/Toolchains/XcodeDefault.xctoolchain/usr/bin/clang -v -E -dM -isysroot /Applications/Xcode-27.0.0-Release.Candidate.app/Contents/Developer/Platforms/MacOSX.platform/Developer/SDKs/MacOSX27.0.sdk -x c -c /dev/null
ExecuteExternalTool /Applications/Xcode-27.0.0-Release.Candidate.app/Contents/Developer/Toolchains/XcodeDefault.xctoolchain/usr/bin/swiftc --version
ExecuteExternalTool /Applications/Xcode-27.0.0-Release.Candidate.app/Contents/Developer/Toolchains/XcodeDefault.xctoolchain/usr/bin/ld -version_details
Build description signature: 405c3f8b4597e6a97244b2cd5c40b63b
Build description path: /Users/admin/builder/spi-builder-workspace/.derivedData/Build/Intermediates.noindex/XCBuildData/405c3f8b4597e6a97244b2cd5c40b63b.xcbuilddata
CreateBuildDirectory /Users/admin/builder/spi-builder-workspace/.derivedData/SDKExplicitPrecompiledModules
    cd /Users/admin/builder/spi-builder-workspace/.swiftpm/xcode
    builtin-create-build-directory /Users/admin/builder/spi-builder-workspace/.derivedData/SDKExplicitPrecompiledModules
CreateBuildDirectory /Users/admin/builder/spi-builder-workspace/.derivedData/ModuleCache.noindex
    cd /Users/admin/builder/spi-builder-workspace/.swiftpm/xcode
    builtin-create-build-directory /Users/admin/builder/spi-builder-workspace/.derivedData/ModuleCache.noindex
CreateBuildDirectory /Users/admin/builder/spi-builder-workspace/.derivedData/CompilationCache.noindex
    cd /Users/admin/builder/spi-builder-workspace/.swiftpm/xcode
    builtin-create-build-directory /Users/admin/builder/spi-builder-workspace/.derivedData/CompilationCache.noindex
CreateBuildDirectory /Users/admin/builder/spi-builder-workspace/.derivedData/Build/Intermediates.noindex
    cd /Users/admin/builder/spi-builder-workspace/.swiftpm/xcode
    builtin-create-build-directory /Users/admin/builder/spi-builder-workspace/.derivedData/Build/Intermediates.noindex
CreateBuildDirectory /Users/admin/builder/spi-builder-workspace/.derivedData/Build/Products
    cd /Users/admin/builder/spi-builder-workspace/.swiftpm/xcode
    builtin-create-build-directory /Users/admin/builder/spi-builder-workspace/.derivedData/Build/Products
ClangStatCache /Applications/Xcode-27.0.0-Release.Candidate.app/Contents/Developer/Toolchains/XcodeDefault.xctoolchain/usr/bin/clang-stat-cache /Applications/Xcode-27.0.0-Release.Candidate.app/Contents/Developer/Platforms/MacOSX.platform/Developer/SDKs/MacOSX27.0.sdk /Users/admin/builder/spi-builder-workspace/.derivedData/SDKStatCaches.noindex/macosx27.0-26A425-e829b21a6f8c9b70876ba0858053c0446a22442a12e9d48fe1a705f55a1adfc4.sdkstatcache
    cd /Users/admin/builder/spi-builder-workspace/.swiftpm/xcode
    /Applications/Xcode-27.0.0-Release.Candidate.app/Contents/Developer/Toolchains/XcodeDefault.xctoolchain/usr/bin/clang-stat-cache /Applications/Xcode-27.0.0-Release.Candidate.app/Contents/Developer/Platforms/MacOSX.platform/Developer/SDKs/MacOSX27.0.sdk -o /Users/admin/builder/spi-builder-workspace/.derivedData/SDKStatCaches.noindex/macosx27.0-26A425-e829b21a6f8c9b70876ba0858053c0446a22442a12e9d48fe1a705f55a1adfc4.sdkstatcache
CreateBuildDirectory /Users/admin/builder/spi-builder-workspace/.derivedData/Build/Intermediates.noindex/SwiftExplicitPrecompiledModules
    cd /Users/admin/builder/spi-builder-workspace/.swiftpm/xcode
    builtin-create-build-directory /Users/admin/builder/spi-builder-workspace/.derivedData/Build/Intermediates.noindex/SwiftExplicitPrecompiledModules
CreateBuildDirectory /Users/admin/builder/spi-builder-workspace/.derivedData/Build/Intermediates.noindex/ExplicitPrecompiledModules
    cd /Users/admin/builder/spi-builder-workspace/.swiftpm/xcode
    builtin-create-build-directory /Users/admin/builder/spi-builder-workspace/.derivedData/Build/Intermediates.noindex/ExplicitPrecompiledModules
CreateBuildDirectory /Users/admin/builder/spi-builder-workspace/.derivedData/Build/Intermediates.noindex/PrecompiledHeaders
    cd /Users/admin/builder/spi-builder-workspace/.swiftpm/xcode
    builtin-create-build-directory /Users/admin/builder/spi-builder-workspace/.derivedData/Build/Intermediates.noindex/PrecompiledHeaders
CreateBuildDirectory /Users/admin/builder/spi-builder-workspace/.derivedData/Build/Products/Debug
    cd /Users/admin/builder/spi-builder-workspace/.swiftpm/xcode
    builtin-create-build-directory /Users/admin/builder/spi-builder-workspace/.derivedData/Build/Products/Debug
CreateBuildDirectory /Users/admin/builder/spi-builder-workspace/.derivedData/Build/Intermediates.noindex/EagerLinkingTBDs/Debug
    cd /Users/admin/builder/spi-builder-workspace/.swiftpm/xcode
    builtin-create-build-directory /Users/admin/builder/spi-builder-workspace/.derivedData/Build/Intermediates.noindex/EagerLinkingTBDs/Debug
CreateBuildDirectory /Users/admin/builder/spi-builder-workspace/.derivedData/Build/Products/Debug/PackageFrameworks
    cd /Users/admin/builder/spi-builder-workspace/.swiftpm/xcode
    builtin-create-build-directory /Users/admin/builder/spi-builder-workspace/.derivedData/Build/Products/Debug/PackageFrameworks
WriteAuxiliaryFile /Users/admin/builder/spi-builder-workspace/.derivedData/Build/Intermediates.noindex/CTColorPicker.build/Debug/CTColorPicker-t.build/CTColorPicker.DependencyStaticMetadataFileList (in target 'CTColorPicker' from project 'CTColorPicker')
    cd /Users/admin/builder/spi-builder-workspace
    write-file /Users/admin/builder/spi-builder-workspace/.derivedData/Build/Intermediates.noindex/CTColorPicker.build/Debug/CTColorPicker-t.build/CTColorPicker.DependencyStaticMetadataFileList
WriteAuxiliaryFile /Users/admin/builder/spi-builder-workspace/.derivedData/Build/Intermediates.noindex/CTColorPicker.build/Debug/CTColorPicker-t.build/CTColorPicker.DependencyMetadataFileList (in target 'CTColorPicker' from project 'CTColorPicker')
    cd /Users/admin/builder/spi-builder-workspace
    write-file /Users/admin/builder/spi-builder-workspace/.derivedData/Build/Intermediates.noindex/CTColorPicker.build/Debug/CTColorPicker-t.build/CTColorPicker.DependencyMetadataFileList
WriteAuxiliaryFile /Users/admin/builder/spi-builder-workspace/.derivedData/Build/Intermediates.noindex/CTColorPicker.build/Debug/CTColorPicker-t.build/CTColorPicker.modulemap (in target 'CTColorPicker' from project 'CTColorPicker')
    cd /Users/admin/builder/spi-builder-workspace
    write-file /Users/admin/builder/spi-builder-workspace/.derivedData/Build/Intermediates.noindex/CTColorPicker.build/Debug/CTColorPicker-t.build/CTColorPicker.modulemap
WriteAuxiliaryFile /Users/admin/builder/spi-builder-workspace/.derivedData/Build/Intermediates.noindex/CTColorPicker.build/Debug/CTColorPicker-t.build/Objects-normal/arm64/CTColorPicker_const_extract_protocols.json (in target 'CTColorPicker' from project 'CTColorPicker')
    cd /Users/admin/builder/spi-builder-workspace
    write-file /Users/admin/builder/spi-builder-workspace/.derivedData/Build/Intermediates.noindex/CTColorPicker.build/Debug/CTColorPicker-t.build/Objects-normal/arm64/CTColorPicker_const_extract_protocols.json
WriteAuxiliaryFile /Users/admin/builder/spi-builder-workspace/.derivedData/Build/Intermediates.noindex/CTColorPicker.build/Debug/CTColorPicker-t.build/Objects-normal/arm64/CTColorPicker.SwiftConstValuesFileList (in target 'CTColorPicker' from project 'CTColorPicker')
    cd /Users/admin/builder/spi-builder-workspace
    write-file /Users/admin/builder/spi-builder-workspace/.derivedData/Build/Intermediates.noindex/CTColorPicker.build/Debug/CTColorPicker-t.build/Objects-normal/arm64/CTColorPicker.SwiftConstValuesFileList
WriteAuxiliaryFile /Users/admin/builder/spi-builder-workspace/.derivedData/Build/Intermediates.noindex/CTColorPicker.build/Debug/CTColorPicker-t.build/Objects-normal/arm64/CTColorPicker.LinkFileList (in target 'CTColorPicker' from project 'CTColorPicker')
    cd /Users/admin/builder/spi-builder-workspace
    write-file /Users/admin/builder/spi-builder-workspace/.derivedData/Build/Intermediates.noindex/CTColorPicker.build/Debug/CTColorPicker-t.build/Objects-normal/arm64/CTColorPicker.LinkFileList
WriteAuxiliaryFile /Users/admin/builder/spi-builder-workspace/.derivedData/Build/Intermediates.noindex/CTColorPicker.build/Debug/CTColorPicker-t.build/Objects-normal/arm64/CTColorPicker.SwiftFileList (in target 'CTColorPicker' from project 'CTColorPicker')
    cd /Users/admin/builder/spi-builder-workspace
    write-file /Users/admin/builder/spi-builder-workspace/.derivedData/Build/Intermediates.noindex/CTColorPicker.build/Debug/CTColorPicker-t.build/Objects-normal/arm64/CTColorPicker.SwiftFileList
WriteAuxiliaryFile /Users/admin/builder/spi-builder-workspace/.derivedData/Build/Intermediates.noindex/CTColorPicker.build/Debug/CTColorPicker-t.build/Objects-normal/arm64/CTColorPicker-OutputFileMap.json (in target 'CTColorPicker' from project 'CTColorPicker')
    cd /Users/admin/builder/spi-builder-workspace
    write-file /Users/admin/builder/spi-builder-workspace/.derivedData/Build/Intermediates.noindex/CTColorPicker.build/Debug/CTColorPicker-t.build/Objects-normal/arm64/CTColorPicker-OutputFileMap.json
Copy /Users/admin/builder/spi-builder-workspace/.derivedData/Build/Intermediates.noindex/GeneratedModuleMaps/CTColorPicker.modulemap /Users/admin/builder/spi-builder-workspace/.derivedData/Build/Intermediates.noindex/CTColorPicker.build/Debug/CTColorPicker-t.build/CTColorPicker.modulemap (in target 'CTColorPicker' from project 'CTColorPicker')
    cd /Users/admin/builder/spi-builder-workspace
    builtin-copy -exclude .DS_Store -exclude CVS -exclude .svn -exclude .git -exclude .hg -resolve-src-symlinks /Users/admin/builder/spi-builder-workspace/.derivedData/Build/Intermediates.noindex/CTColorPicker.build/Debug/CTColorPicker-t.build/CTColorPicker.modulemap /Users/admin/builder/spi-builder-workspace/.derivedData/Build/Intermediates.noindex/GeneratedModuleMaps
SwiftDriver CTColorPicker normal arm64 com.apple.xcode.tools.swift.compiler (in target 'CTColorPicker' from project 'CTColorPicker')
    cd /Users/admin/builder/spi-builder-workspace/.swiftpm/xcode
    builtin-SwiftDriver -- /Applications/Xcode-27.0.0-Release.Candidate.app/Contents/Developer/Toolchains/XcodeDefault.xctoolchain/usr/bin/swiftc -parse-as-library -module-name CTColorPicker -Onone @/Users/admin/builder/spi-builder-workspace/.derivedData/Build/Intermediates.noindex/CTColorPicker.build/Debug/CTColorPicker-t.build/Objects-normal/arm64/CTColorPicker.SwiftFileList -DSWIFT_PACKAGE -DDEBUG -DSWIFT_MODULE_RESOURCE_BUNDLE_UNAVAILABLE -DXcode -plugin-path /Applications/Xcode-27.0.0-Release.Candidate.app/Contents/Developer/Toolchains/XcodeDefault.xctoolchain/usr/lib/swift/host/plugins/testing -enable-experimental-feature DebugDescriptionMacro -sdk /Applications/Xcode-27.0.0-Release.Candidate.app/Contents/Developer/Platforms/MacOSX.platform/Developer/SDKs/MacOSX27.0.sdk -target arm64-apple-macos12.0 -g -module-cache-path /Users/admin/builder/spi-builder-workspace/.derivedData/ModuleCache.noindex -Xfrontend -serialize-debugging-options -profile-coverage-mapping -profile-generate -enable-testing -index-store-path /Users/admin/builder/spi-builder-workspace/.derivedData/Index.noindex/DataStore -Xcc -D_LIBCPP_HARDENING_MODE\=_LIBCPP_HARDENING_MODE_DEBUG -swift-version 5 -I /Users/admin/builder/spi-builder-workspace/.derivedData/Build/Products/Debug -Isystem /Applications/Xcode-27.0.0-Release.Candidate.app/Contents/Developer/Platforms/MacOSX.platform/Developer/usr/lib -F /Users/admin/builder/spi-builder-workspace/.derivedData/Build/Products/Debug -F /Applications/Xcode-27.0.0-Release.Candidate.app/Contents/Developer/Platforms/MacOSX.platform/Developer/Library/Frameworks -c -j10 -enable-batch-mode -incremental -Xcc -ivfsstatcache -Xcc /Users/admin/builder/spi-builder-workspace/.derivedData/SDKStatCaches.noindex/macosx27.0-26A425-e829b21a6f8c9b70876ba0858053c0446a22442a12e9d48fe1a705f55a1adfc4.sdkstatcache -output-file-map /Users/admin/builder/spi-builder-workspace/.derivedData/Build/Intermediates.noindex/CTColorPicker.build/Debug/CTColorPicker-t.build/Objects-normal/arm64/CTColorPicker-OutputFileMap.json -save-temps -no-color-diagnostics -explicit-module-build -module-cache-path /Users/admin/builder/spi-builder-workspace/.derivedData/Build/Intermediates.noindex/SwiftExplicitPrecompiledModules -clang-scanner-module-cache-path /Users/admin/builder/spi-builder-workspace/.derivedData/ModuleCache.noindex -sdk-module-cache-path /Users/admin/builder/spi-builder-workspace/.derivedData/SDKExplicitPrecompiledModules -emit-dependencies -emit-module -emit-module-path /Users/admin/builder/spi-builder-workspace/.derivedData/Build/Intermediates.noindex/CTColorPicker.build/Debug/CTColorPicker-t.build/Objects-normal/arm64/CTColorPicker.swiftmodule -serialize-diagnostics -dependency-scan-serialize-diagnostics-path /Users/admin/builder/spi-builder-workspace/.derivedData/Build/Intermediates.noindex/CTColorPicker.build/Debug/CTColorPicker-t.build/Objects-normal/arm64/CTColorPicker-dependency-scan.dia -validate-clang-modules-once -clang-build-session-file /Users/admin/builder/spi-builder-workspace/.derivedData/ModuleCache.noindex/Session.modulevalidation -Xcc -fmodules-prune-interval\=86400 -Xcc -fmodules-prune-after\=345600 -emit-const-values -const-gather-protocols-list /Users/admin/builder/spi-builder-workspace/.derivedData/Build/Intermediates.noindex/CTColorPicker.build/Debug/CTColorPicker-t.build/Objects-normal/arm64/CTColorPicker_const_extract_protocols.json -Xcc -I/Users/admin/builder/spi-builder-workspace/.derivedData/Build/Products/Debug/include -Xcc -I/Users/admin/builder/spi-builder-workspace/.derivedData/Build/Intermediates.noindex/CTColorPicker.build/Debug/CTColorPicker-t.build/DerivedSources-normal/arm64 -Xcc -I/Users/admin/builder/spi-builder-workspace/.derivedData/Build/Intermediates.noindex/CTColorPicker.build/Debug/CTColorPicker-t.build/DerivedSources/arm64 -Xcc -I/Users/admin/builder/spi-builder-workspace/.derivedData/Build/Intermediates.noindex/CTColorPicker.build/Debug/CTColorPicker-t.build/DerivedSources -Xcc -DSWIFT_PACKAGE -Xcc -DDEBUG\=1 -emit-objc-header -emit-objc-header-path /Users/admin/builder/spi-builder-workspace/.derivedData/Build/Intermediates.noindex/CTColorPicker.build/Debug/CTColorPicker-t.build/Objects-normal/arm64/CTColorPicker-Swift.h -working-directory /Users/admin/builder/spi-builder-workspace/.swiftpm/xcode -experimental-emit-module-separately -disable-cmo
SwiftExplicitDependencyGeneratePcm arm64 /Users/admin/builder/spi-builder-workspace/.derivedData/SDKExplicitPrecompiledModules/_SwiftConcurrencyShims-BLUUWKI6AGMD7TJ4RGYS7DP6T.pcm
SwiftExplicitDependencyGeneratePcm arm64 /Users/admin/builder/spi-builder-workspace/.derivedData/SDKExplicitPrecompiledModules/DeveloperToolsSupport-13SNQ6N57G3DOS3KQA7V91OE7.pcm
SwiftExplicitDependencyGeneratePcm arm64 /Users/admin/builder/spi-builder-workspace/.derivedData/SDKExplicitPrecompiledModules/_Builtin_stdbool-KYV2HKP8IKLKMKQS9DGA2GUQ.pcm
SwiftExplicitDependencyGeneratePcm arm64 /Users/admin/builder/spi-builder-workspace/.derivedData/SDKExplicitPrecompiledModules/ptrauth-2W92ZJRLNJU99RJUQGGJG3OC3.pcm
SwiftExplicitDependencyGeneratePcm arm64 /Users/admin/builder/spi-builder-workspace/.derivedData/SDKExplicitPrecompiledModules/_AvailabilityInternal-CJTV5E7EL3MWRA437DUFPBVN2.pcm
SwiftExplicitDependencyGeneratePcm arm64 /Users/admin/builder/spi-builder-workspace/.derivedData/SDKExplicitPrecompiledModules/_Builtin_stddef-3GI9GOKXSW3QCTFOI1USFLDZO.pcm
SwiftExplicitDependencyGeneratePcm arm64 /Users/admin/builder/spi-builder-workspace/.derivedData/SDKExplicitPrecompiledModules/ptrcheck-DHLCBWKPNUZOYTPJ1J3QVTCXK.pcm
SwiftExplicitDependencyGeneratePcm arm64 /Users/admin/builder/spi-builder-workspace/.derivedData/SDKExplicitPrecompiledModules/SwiftShims-C4V0DQ62WSTCYBYGILXXGQNO3.pcm
SwiftExplicitDependencyGeneratePcm arm64 /Users/admin/builder/spi-builder-workspace/.derivedData/SDKExplicitPrecompiledModules/_Builtin_float-105CRCDRP90FQCQO5ZX1LHV7H.pcm
SwiftExplicitDependencyGeneratePcm arm64 /Users/admin/builder/spi-builder-workspace/.derivedData/SDKExplicitPrecompiledModules/_Builtin_stdarg-7CFWA9OSW5N24E7PG4ZOCF1VH.pcm
SwiftExplicitDependencyGeneratePcm arm64 /Users/admin/builder/spi-builder-workspace/.derivedData/SDKExplicitPrecompiledModules/_DarwinFoundation1-7PRJIG163YE9KSKYA3BS35ZZP.pcm
SwiftExplicitDependencyGeneratePcm arm64 /Users/admin/builder/spi-builder-workspace/.derivedData/SDKExplicitPrecompiledModules/_Builtin_limits-AXGUGXBFPC0I7QDLJFB0K341Y.pcm
SwiftExplicitDependencyGeneratePcm arm64 /Users/admin/builder/spi-builder-workspace/.derivedData/SDKExplicitPrecompiledModules/_DarwinFoundation2-94WUUGE4H5R03OWXE0QFZX1DN.pcm
SwiftExplicitDependencyGeneratePcm arm64 /Users/admin/builder/spi-builder-workspace/.derivedData/SDKExplicitPrecompiledModules/_Builtin_stdint-22CBBOK8BNSF0UELDCAXSHGB.pcm
SwiftExplicitDependencyGeneratePcm arm64 /Users/admin/builder/spi-builder-workspace/.derivedData/SDKExplicitPrecompiledModules/string_h-10WPXBF3YFYMX5HUAW06LSABR.pcm
SwiftExplicitDependencyGeneratePcm arm64 /Users/admin/builder/spi-builder-workspace/.derivedData/SDKExplicitPrecompiledModules/sys_types-F4RNCN6UR5R5OWTLTOUM7TN3E.pcm
SwiftExplicitDependencyGeneratePcm arm64 /Users/admin/builder/spi-builder-workspace/.derivedData/SDKExplicitPrecompiledModules/_Builtin_tgmath-52XE6HC8DWOG6S7B5QAI046D1.pcm
SwiftExplicitDependencyGeneratePcm arm64 /Users/admin/builder/spi-builder-workspace/.derivedData/SDKExplicitPrecompiledModules/_Builtin_intrinsics-4O6R03GTH5FLWSHEUBP0Z3GZ2.pcm
SwiftExplicitDependencyGeneratePcm arm64 /Users/admin/builder/spi-builder-workspace/.derivedData/SDKExplicitPrecompiledModules/_Builtin_stdatomic-8LN7S35C6I48KJOCW7VPXX04X.pcm
SwiftExplicitDependencyGeneratePcm arm64 /Users/admin/builder/spi-builder-workspace/.derivedData/SDKExplicitPrecompiledModules/_DarwinFoundation3-32PO5Q4RCB6WXH5VFO3HA3AVS.pcm
SwiftExplicitDependencyGeneratePcm arm64 /Users/admin/builder/spi-builder-workspace/.derivedData/SDKExplicitPrecompiledModules/libDER-5RCYOD0PCUUY2UGMBNE9LI8N9.pcm
SwiftExplicitDependencyGeneratePcm arm64 /Users/admin/builder/spi-builder-workspace/.derivedData/SDKExplicitPrecompiledModules/_Builtin_inttypes-1U6AP9A8AJ4G9WD98E9RHLGTJ.pcm
SwiftExplicitDependencyGeneratePcm arm64 /Users/admin/builder/spi-builder-workspace/.derivedData/SDKExplicitPrecompiledModules/Darwin-1RAAWNGKQM8YGHV0YJNNN5YDY.pcm
SwiftExplicitDependencyGeneratePcm arm64 /Users/admin/builder/spi-builder-workspace/.derivedData/SDKExplicitPrecompiledModules/simd-A9TKR8OE9APRJ1RNS7F0OBY4Q.pcm
SwiftExplicitDependencyGeneratePcm arm64 /Users/admin/builder/spi-builder-workspace/.derivedData/SDKExplicitPrecompiledModules/CUPS-45MNISAOHSEBD6VQA5G0MXN9H.pcm
SwiftExplicitDependencyGeneratePcm arm64 /Users/admin/builder/spi-builder-workspace/.derivedData/SDKExplicitPrecompiledModules/launch-2XAORMJNLLVS0OVKC1M0752GY.pcm
SwiftExplicitDependencyGeneratePcm arm64 /Users/admin/builder/spi-builder-workspace/.derivedData/SDKExplicitPrecompiledModules/MachO-AWTJ65TFR7TMST2NUE6ZCC1SL.pcm
SwiftExplicitDependencyGeneratePcm arm64 /Users/admin/builder/spi-builder-workspace/.derivedData/SDKExplicitPrecompiledModules/libkern-22MDXN9G35RPO3OLKX9B2PN16.pcm
SwiftExplicitDependencyGeneratePcm arm64 /Users/admin/builder/spi-builder-workspace/.derivedData/SDKExplicitPrecompiledModules/ObjectiveC-B89IQP2TC4CFSWOUMTUZRI1VZ.pcm
SwiftExplicitDependencyGeneratePcm arm64 /Users/admin/builder/spi-builder-workspace/.derivedData/SDKExplicitPrecompiledModules/Spatial-2JNOU2HNJ0Q174XCFCD0GCOUQ.pcm
SwiftExplicitDependencyGeneratePcm arm64 /Users/admin/builder/spi-builder-workspace/.derivedData/SDKExplicitPrecompiledModules/os_object-3KLCCI03OX6OQTLJ92KQH2KIO.pcm
SwiftExplicitDependencyGeneratePcm arm64 /Users/admin/builder/spi-builder-workspace/.derivedData/SDKExplicitPrecompiledModules/os_workgroup-10SJ5M8R2OB4BG1TPFL9SZMKV.pcm
SwiftExplicitDependencyGeneratePcm arm64 /Users/admin/builder/spi-builder-workspace/.derivedData/SDKExplicitPrecompiledModules/Dispatch-NAMWF9KN29KC7Z5OS3TTTAE8.pcm
SwiftExplicitDependencyGeneratePcm arm64 /Users/admin/builder/spi-builder-workspace/.derivedData/SDKExplicitPrecompiledModules/CoreFoundation-4ZIITQ30SOGUQE8KJAB99ZV0Q.pcm
SwiftExplicitDependencyGeneratePcm arm64 /Users/admin/builder/spi-builder-workspace/.derivedData/SDKExplicitPrecompiledModules/XPC-E1MSAZG4ZNL24S2WK6K6Y7GWW.pcm
SwiftExplicitDependencyGeneratePcm arm64 /Users/admin/builder/spi-builder-workspace/.derivedData/SDKExplicitPrecompiledModules/os-BYOEVK2GEMB4Q8WWHGZGREA00.pcm
SwiftExplicitDependencyGeneratePcm arm64 /Users/admin/builder/spi-builder-workspace/.derivedData/SDKExplicitPrecompiledModules/IOKit-6H3X691EDBH124EYTC2PEOP5T.pcm
SwiftExplicitDependencyGeneratePcm arm64 /Users/admin/builder/spi-builder-workspace/.derivedData/SDKExplicitPrecompiledModules/CoreAudioTypes-EEH2XZ47XX4YM3FOOISUYVRQE.pcm
SwiftExplicitDependencyGeneratePcm arm64 /Users/admin/builder/spi-builder-workspace/.derivedData/SDKExplicitPrecompiledModules/CFNetwork-CVHS5CT20191MFYXQIEDWSRGJ.pcm
SwiftExplicitDependencyGeneratePcm arm64 /Users/admin/builder/spi-builder-workspace/.derivedData/SDKExplicitPrecompiledModules/ColorSync-BBCIZDDQ6O3QECFAWJQ6RU4ZJ.pcm
SwiftExplicitDependencyGeneratePcm arm64 /Users/admin/builder/spi-builder-workspace/.derivedData/SDKExplicitPrecompiledModules/Security-ESPJ7FP0YAY1EL3VXBGY9MCZ8.pcm
SwiftExplicitDependencyGeneratePcm arm64 /Users/admin/builder/spi-builder-workspace/.derivedData/SDKExplicitPrecompiledModules/CoreGraphics-5TRMNDB7ZP6FFMRNSZCWEOZMD.pcm
SwiftExplicitDependencyGeneratePcm arm64 /Users/admin/builder/spi-builder-workspace/.derivedData/SDKExplicitPrecompiledModules/DiskArbitration-ZNZZU7T0SYELB0DAR56WQF0R.pcm
SwiftExplicitDependencyGeneratePcm arm64 /Users/admin/builder/spi-builder-workspace/.derivedData/SDKExplicitPrecompiledModules/CoreServices-CGCGY0FOMEQGSNMO3HQSC09XU.pcm
SwiftExplicitDependencyGeneratePcm arm64 /Users/admin/builder/spi-builder-workspace/.derivedData/SDKExplicitPrecompiledModules/CoreText-C1WSF2HWGIKVJ2XHWBKXQBSEY.pcm
SwiftExplicitDependencyGeneratePcm arm64 /Users/admin/builder/spi-builder-workspace/.derivedData/SDKExplicitPrecompiledModules/ImageIO-88YNP2EU498GB5YXIFJ9ANNYW.pcm
SwiftExplicitDependencyGeneratePcm arm64 /Users/admin/builder/spi-builder-workspace/.derivedData/SDKExplicitPrecompiledModules/Foundation-44WR0NU86C67CV5BW8W1MGKNG.pcm
SwiftExplicitDependencyGeneratePcm arm64 /Users/admin/builder/spi-builder-workspace/.derivedData/SDKExplicitPrecompiledModules/Accessibility-6F38G4T85MOHD9AA2EH4U2PJS.pcm
SwiftExplicitDependencyGeneratePcm arm64 /Users/admin/builder/spi-builder-workspace/.derivedData/SDKExplicitPrecompiledModules/CoreData-4EPJ39F9L3QQ9486B5AMG5G6J.pcm
SwiftExplicitDependencyGeneratePcm arm64 /Users/admin/builder/spi-builder-workspace/.derivedData/SDKExplicitPrecompiledModules/DataDetection-5GDUUWT6YIA10PE5D9A8SXWZ9.pcm
SwiftExplicitDependencyGeneratePcm arm64 /Users/admin/builder/spi-builder-workspace/.derivedData/SDKExplicitPrecompiledModules/CoreAudio-8XPVZMQXZVBU162UQPW77JTL1.pcm
SwiftExplicitDependencyGeneratePcm arm64 /Users/admin/builder/spi-builder-workspace/.derivedData/SDKExplicitPrecompiledModules/UniformTypeIdentifiers-5LG8RE3Q01MBLZVRR3FFHHL5H.pcm
SwiftExplicitDependencyGeneratePcm arm64 /Users/admin/builder/spi-builder-workspace/.derivedData/SDKExplicitPrecompiledModules/OSLog-1GSRGGGEESVJH9OULZA91RAA3.pcm
SwiftExplicitDependencyGeneratePcm arm64 /Users/admin/builder/spi-builder-workspace/.derivedData/SDKExplicitPrecompiledModules/Symbols-2NFSQR6R0R96WH1KKGBXW1J.pcm
SwiftExplicitDependencyGeneratePcm arm64 /Users/admin/builder/spi-builder-workspace/.derivedData/SDKExplicitPrecompiledModules/ApplicationServices-ALXSS633FQY42UMJSLR6MNLSK.pcm
SwiftExplicitDependencyGeneratePcm arm64 /Users/admin/builder/spi-builder-workspace/.derivedData/SDKExplicitPrecompiledModules/CoreTransferable-2HJ1Z8HJBPECRD89AVJ0X7S63.pcm
SwiftExplicitDependencyGeneratePcm arm64 /Users/admin/builder/spi-builder-workspace/.derivedData/SDKExplicitPrecompiledModules/IOSurface-1TUG4NQVIPJF59WSUNATZ447F.pcm
SwiftExplicitDependencyGeneratePcm arm64 /Users/admin/builder/spi-builder-workspace/.derivedData/SDKExplicitPrecompiledModules/OpenGL-FXV81CD8YS42YTVJKJH1VLGA.pcm
SwiftExplicitDependencyGeneratePcm arm64 /Users/admin/builder/spi-builder-workspace/.derivedData/SDKExplicitPrecompiledModules/Metal-KM8CI04R5X5OUWMGRMNZE4KP.pcm
SwiftExplicitDependencyGeneratePcm arm64 /Users/admin/builder/spi-builder-workspace/.derivedData/SDKExplicitPrecompiledModules/CoreVideo-11TKSDKW0L2K02H4B9ZHWLM3B.pcm
SwiftExplicitDependencyGeneratePcm arm64 /Users/admin/builder/spi-builder-workspace/.derivedData/SDKExplicitPrecompiledModules/CoreMedia-699WGYGEEF2LGFEEGSCM9Y1UF.pcm
SwiftExplicitDependencyGeneratePcm arm64 /Users/admin/builder/spi-builder-workspace/.derivedData/SDKExplicitPrecompiledModules/CoreImage-AKYY8VSFWQ6KIIXG3EQJ7PW5T.pcm
SwiftExplicitDependencyGeneratePcm arm64 /Users/admin/builder/spi-builder-workspace/.derivedData/SDKExplicitPrecompiledModules/QuartzCore-AP21NXF3BYPWOG416U3DI6QME.pcm
SwiftExplicitDependencyGeneratePcm arm64 /Users/admin/builder/spi-builder-workspace/.derivedData/SDKExplicitPrecompiledModules/SwiftUICore-ESLJM4CVIQEQNCRTK6KPAF1I7.pcm
SwiftExplicitDependencyGeneratePcm arm64 /Users/admin/builder/spi-builder-workspace/.derivedData/SDKExplicitPrecompiledModules/AppKit-C2WRQ26QXORUMMNQB0M8H4QYD.pcm
SwiftExplicitDependencyGeneratePcm arm64 /Users/admin/builder/spi-builder-workspace/.derivedData/SDKExplicitPrecompiledModules/SwiftUI-5IEOINZEJ69OCDVRMHPS5W4XI.pcm
SwiftEmitModule normal arm64 Emitting\ module\ for\ CTColorPicker (in target 'CTColorPicker' from project 'CTColorPicker')
SwiftCompile normal arm64 (in target 'CTColorPicker' from project 'CTColorPicker')
    cd /Users/admin/builder/spi-builder-workspace/.swiftpm/xcode

/Users/admin/builder/spi-builder-workspace/Sources/CTColorPicker/ColorPicker.swift:19:24: error: cannot find type 'UIColor' in scope
17 |     private var cancellables = Set<AnyCancellable>()
18 |
19 |     public init(color: UIColor = .white, triangleScale: CGFloat = 0.8, onChange: @escaping (UIColor) -> ()) {
   |                        `- error: cannot find type 'UIColor' in scope
20 |         self.triangleScale = triangleScale
21 |         self.model = ColorPickerModel(color: color)
/Users/admin/builder/spi-builder-workspace/Sources/CTColorPicker/ColorPicker.swift:19:93: error: cannot find type 'UIColor' in scope
17 |     private var cancellables = Set<AnyCancellable>()
18 |
19 |     public init(color: UIColor = .white, triangleScale: CGFloat = 0.8, onChange: @escaping (UIColor) -> ()) {
   |                                                                                             `- error: cannot find type 'UIColor' in scope
20 |         self.triangleScale = triangleScale
21 |         self.model = ColorPickerModel(color: color)
/Users/admin/builder/spi-builder-workspace/Sources/CTColorPicker/ColorPickerModel.swift:16:47: error: cannot find type 'UIColor' in scope
14 | @available(OSX 10.15, iOS 13.0, *)
15 | class ColorPickerModel: ObservableObject {
16 |     var objectWillChange = PassthroughSubject<UIColor, Never>()
   |                                               `- error: cannot find type 'UIColor' in scope
17 |     var baseColor: Color {
18 |         Color(hue: Double(hue), saturation: 1.0, brightness: 1.0)
/Users/admin/builder/spi-builder-workspace/Sources/CTColorPicker/ColorPickerModel.swift:20:16: error: cannot find type 'UIColor' in scope
18 |         Color(hue: Double(hue), saturation: 1.0, brightness: 1.0)
19 |     }
20 |     var color: UIColor = .red {
   |                `- error: cannot find type 'UIColor' in scope
21 |         willSet {
22 |             objectWillChange.send(newValue)
/Users/admin/builder/spi-builder-workspace/Sources/CTColorPicker/ColorPickerModel.swift:41:17: error: cannot find type 'UIColor' in scope
39 |     }
40 |
41 |     init(color: UIColor) {
   |                 `- error: cannot find type 'UIColor' in scope
42 |         self.color = color
43 |     }
Failed frontend command:
/Applications/Xcode-27.0.0-Release.Candidate.app/Contents/Developer/Toolchains/XcodeDefault.xctoolchain/usr/bin/swift-frontend -frontend -emit-module -experimental-skip-non-inlinable-function-bodies-without-types /Users/admin/builder/spi-builder-workspace/Sources/CTColorPicker/Color+Extensions.swift /Users/admin/builder/spi-builder-workspace/Sources/CTColorPicker/ColorPicker.swift /Users/admin/builder/spi-builder-workspace/Sources/CTColorPicker/ColorPickerModel.swift /Users/admin/builder/spi-builder-workspace/Sources/CTColorPicker/Functions.swift /Users/admin/builder/spi-builder-workspace/Sources/CTColorPicker/HCircle.swift /Users/admin/builder/spi-builder-workspace/Sources/CTColorPicker/Pointer.swift /Users/admin/builder/spi-builder-workspace/Sources/CTColorPicker/SBSquare.swift -target arm64-apple-macos12.0 -module-can-import-version Combine 3023 0 -disable-cross-import-overlay-search -load-resolved-plugin /Applications/Xcode-27.0.0-Release.Candidate.app/Contents/Developer/Platforms/MacOSX.platform/Developer/usr/lib/swift/host/plugins/libFoundationMacros.dylib\#/Applications/Xcode-27.0.0-Release.Candidate.app/Contents/Developer/Platforms/MacOSX.platform/Developer/usr/bin/swift-plugin-server\#FoundationMacros -load-resolved-plugin /Applications/Xcode-27.0.0-Release.Candidate.app/Contents/Developer/Platforms/MacOSX.platform/Developer/usr/lib/swift/host/plugins/libObservationMacros.dylib\#/Applications/Xcode-27.0.0-Release.Candidate.app/Contents/Developer/Platforms/MacOSX.platform/Developer/usr/bin/swift-plugin-server\#ObservationMacros -load-resolved-plugin /Applications/Xcode-27.0.0-Release.Candidate.app/Contents/Developer/Platforms/MacOSX.platform/Developer/usr/lib/swift/host/plugins/libPreviewsMacros.dylib\#/Applications/Xcode-27.0.0-Release.Candidate.app/Contents/Developer/Platforms/MacOSX.platform/Developer/usr/bin/swift-plugin-server\#PreviewsMacros -load-resolved-plugin /Applications/Xcode-27.0.0-Release.Candidate.app/Contents/Developer/Platforms/MacOSX.platform/Developer/usr/lib/swift/host/plugins/libSwiftMacros.dylib\#/Applications/Xcode-27.0.0-Release.Candidate.app/Contents/Developer/Platforms/MacOSX.platform/Developer/usr/bin/swift-plugin-server\#SwiftMacros -load-resolved-plugin /Applications/Xcode-27.0.0-Release.Candidate.app/Contents/Developer/Platforms/MacOSX.platform/Developer/usr/lib/swift/host/plugins/libSwiftUIMacros.dylib\#/Applications/Xcode-27.0.0-Release.Candidate.app/Contents/Developer/Platforms/MacOSX.platform/Developer/usr/bin/swift-plugin-server\#SwiftUIMacros -disable-implicit-swift-modules -Xcc -fno-implicit-modules -Xcc -fno-implicit-module-maps -explicit-swift-module-map-file /Users/admin/builder/spi-builder-workspace/.derivedData/Build/Intermediates.noindex/CTColorPicker.build/Debug/CTColorPicker-t.build/Objects-normal/arm64/CTColorPicker-dependencies-1.json -Xllvm -aarch64-use-tbi -enable-objc-interop -stack-check -sdk /Applications/Xcode-27.0.0-Release.Candidate.app/Contents/Developer/Platforms/MacOSX.platform/Developer/SDKs/MacOSX27.0.sdk -I /Users/admin/builder/spi-builder-workspace/.derivedData/Build/Products/Debug -Isystem /Applications/Xcode-27.0.0-Release.Candidate.app/Contents/Developer/Platforms/MacOSX.platform/Developer/usr/lib -F /Users/admin/builder/spi-builder-workspace/.derivedData/Build/Products/Debug -F /Applications/Xcode-27.0.0-Release.Candidate.app/Contents/Developer/Platforms/MacOSX.platform/Developer/Library/Frameworks -module-cache-path /Users/admin/builder/spi-builder-workspace/.derivedData/Build/Intermediates.noindex/SwiftExplicitPrecompiledModules -no-color-diagnostics -Xcc -fno-color-diagnostics -enable-testing -g -debug-info-format\=dwarf -dwarf-version\=4 -profile-generate -profile-coverage-mapping -swift-version 5 -Onone -D SWIFT_PACKAGE -D DEBUG -D SWIFT_MODULE_RESOURCE_BUNDLE_UNAVAILABLE -D Xcode -serialize-debugging-options -enable-experimental-feature DebugDescriptionMacro -empty-abi-descriptor -validate-clang-modules-once -clang-build-session-file /Users/admin/builder/spi-builder-workspace/.derivedData/ModuleCache.noindex/Session.modulevalidation -Xcc -working-directory -Xcc /Users/admin/builder/spi-builder-workspace/.swiftpm/xcode -enable-anonymous-context-mangled-names -file-compilation-dir /Users/admin/builder/spi-builder-workspace/.swiftpm/xcode -Xcc -D_LIBCPP_HARDENING_MODE\=_LIBCPP_HARDENING_MODE_DEBUG -Xcc -ivfsstatcache -Xcc /Users/admin/builder/spi-builder-workspace/.derivedData/SDKStatCaches.noindex/macosx27.0-26A425-e829b21a6f8c9b70876ba0858053c0446a22442a12e9d48fe1a705f55a1adfc4.sdkstatcache -Xcc -fmodules-prune-interval\=86400 -Xcc -fmodules-prune-after\=345600 -Xcc -I/Users/admin/builder/spi-builder-workspace/.derivedData/Build/Products/Debug/include -Xcc -I/Users/admin/builder/spi-builder-workspace/.derivedData/Build/Intermediates.noindex/CTColorPicker.build/Debug/CTColorPicker-t.build/DerivedSources-normal/arm64 -Xcc -I/Users/admin/builder/spi-builder-workspace/.derivedData/Build/Intermediates.noindex/CTColorPicker.build/Debug/CTColorPicker-t.build/DerivedSources/arm64 -Xcc -I/Users/admin/builder/spi-builder-workspace/.derivedData/Build/Intermediates.noindex/CTColorPicker.build/Debug/CTColorPicker-t.build/DerivedSources -Xcc -DSWIFT_PACKAGE -Xcc -DDEBUG\=1 -no-auto-bridging-header-chaining -module-name CTColorPicker -const-gather-protocols-file /Users/admin/builder/spi-builder-workspace/.derivedData/Build/Intermediates.noindex/CTColorPicker.build/Debug/CTColorPicker-t.build/Objects-normal/arm64/CTColorPicker_const_extract_protocols.json -disable-clang-spi -clang-target arm64-apple-macos27.0 -target-sdk-version 27.0 -target-sdk-name macosx27.0 -in-process-plugin-server-path /Applications/Xcode-27.0.0-Release.Candidate.app/Contents/Developer/Toolchains/XcodeDefault.xctoolchain/usr/lib/swift/host/libSwiftInProcPluginServer.dylib -emit-module-doc-path /Users/admin/builder/spi-builder-workspace/.derivedData/Build/Intermediates.noindex/CTColorPicker.build/Debug/CTColorPicker-t.build/Objects-normal/arm64/CTColorPicker.swiftdoc -emit-module-source-info-path /Users/admin/builder/spi-builder-workspace/.derivedData/Build/Intermediates.noindex/CTColorPicker.build/Debug/CTColorPicker-t.build/Objects-normal/arm64/CTColorPicker.swiftsourceinfo -emit-objc-header-path /Users/admin/builder/spi-builder-workspace/.derivedData/Build/Intermediates.noindex/CTColorPicker.build/Debug/CTColorPicker-t.build/Objects-normal/arm64/CTColorPicker-Swift.h -serialize-diagnostics-path /Users/admin/builder/spi-builder-workspace/.derivedData/Build/Intermediates.noindex/CTColorPicker.build/Debug/CTColorPicker-t.build/Objects-normal/arm64/CTColorPicker-primary-emit-module.dia -emit-dependencies-path /Users/admin/builder/spi-builder-workspace/.derivedData/Build/Intermediates.noindex/CTColorPicker.build/Debug/CTColorPicker-t.build/Objects-normal/arm64/CTColorPicker-primary-emit-module.d -parse-as-library -o /Users/admin/builder/spi-builder-workspace/.derivedData/Build/Intermediates.noindex/CTColorPicker.build/Debug/CTColorPicker-t.build/Objects-normal/arm64/CTColorPicker.swiftmodule -emit-abi-descriptor-path /Users/admin/builder/spi-builder-workspace/.derivedData/Build/Intermediates.noindex/CTColorPicker.build/Debug/CTColorPicker-t.build/Objects-normal/arm64/CTColorPicker.abi.json
SwiftCompile normal arm64 Compiling\ SBSquare.swift /Users/admin/builder/spi-builder-workspace/Sources/CTColorPicker/SBSquare.swift (in target 'CTColorPicker' from project 'CTColorPicker')
SwiftCompile normal arm64 /Users/admin/builder/spi-builder-workspace/Sources/CTColorPicker/SBSquare.swift (in target 'CTColorPicker' from project 'CTColorPicker')
    cd /Users/admin/builder/spi-builder-workspace/.swiftpm/xcode
    builtin-SwiftPerFileCompile SBSquare.swift
SwiftCompile normal arm64 Compiling\ Pointer.swift /Users/admin/builder/spi-builder-workspace/Sources/CTColorPicker/Pointer.swift (in target 'CTColorPicker' from project 'CTColorPicker')
SwiftCompile normal arm64 /Users/admin/builder/spi-builder-workspace/Sources/CTColorPicker/Pointer.swift (in target 'CTColorPicker' from project 'CTColorPicker')
    cd /Users/admin/builder/spi-builder-workspace/.swiftpm/xcode
    builtin-SwiftPerFileCompile Pointer.swift
SwiftCompile normal arm64 Compiling\ Color+Extensions.swift /Users/admin/builder/spi-builder-workspace/Sources/CTColorPicker/Color+Extensions.swift (in target 'CTColorPicker' from project 'CTColorPicker')
SwiftCompile normal arm64 /Users/admin/builder/spi-builder-workspace/Sources/CTColorPicker/Color+Extensions.swift (in target 'CTColorPicker' from project 'CTColorPicker')
    cd /Users/admin/builder/spi-builder-workspace/.swiftpm/xcode
    builtin-SwiftPerFileCompile Color+Extensions.swift
SwiftCompile normal arm64 Compiling\ HCircle.swift /Users/admin/builder/spi-builder-workspace/Sources/CTColorPicker/HCircle.swift (in target 'CTColorPicker' from project 'CTColorPicker')
SwiftCompile normal arm64 /Users/admin/builder/spi-builder-workspace/Sources/CTColorPicker/HCircle.swift (in target 'CTColorPicker' from project 'CTColorPicker')
    cd /Users/admin/builder/spi-builder-workspace/.swiftpm/xcode
    builtin-SwiftPerFileCompile HCircle.swift
SwiftCompile normal arm64 Compiling\ Functions.swift /Users/admin/builder/spi-builder-workspace/Sources/CTColorPicker/Functions.swift (in target 'CTColorPicker' from project 'CTColorPicker')
SwiftCompile normal arm64 /Users/admin/builder/spi-builder-workspace/Sources/CTColorPicker/Functions.swift (in target 'CTColorPicker' from project 'CTColorPicker')
    cd /Users/admin/builder/spi-builder-workspace/.swiftpm/xcode
    builtin-SwiftPerFileCompile Functions.swift
SwiftCompile normal arm64 Compiling\ ColorPicker.swift /Users/admin/builder/spi-builder-workspace/Sources/CTColorPicker/ColorPicker.swift (in target 'CTColorPicker' from project 'CTColorPicker')
/Users/admin/builder/spi-builder-workspace/Sources/CTColorPicker/ColorPicker.swift:19:24: error: cannot find type 'UIColor' in scope
17 |     private var cancellables = Set<AnyCancellable>()
18 |
19 |     public init(color: UIColor = .white, triangleScale: CGFloat = 0.8, onChange: @escaping (UIColor) -> ()) {
   |                        `- error: cannot find type 'UIColor' in scope
20 |         self.triangleScale = triangleScale
21 |         self.model = ColorPickerModel(color: color)
/Users/admin/builder/spi-builder-workspace/Sources/CTColorPicker/ColorPicker.swift:19:93: error: cannot find type 'UIColor' in scope
17 |     private var cancellables = Set<AnyCancellable>()
18 |
19 |     public init(color: UIColor = .white, triangleScale: CGFloat = 0.8, onChange: @escaping (UIColor) -> ()) {
   |                                                                                             `- error: cannot find type 'UIColor' in scope
20 |         self.triangleScale = triangleScale
21 |         self.model = ColorPickerModel(color: color)
/Users/admin/builder/spi-builder-workspace/Sources/CTColorPicker/ColorPickerModel.swift:41:17: error: cannot find type 'UIColor' in scope
39 |     }
40 |
41 |     init(color: UIColor) {
   |                 `- error: cannot find type 'UIColor' in scope
42 |         self.color = color
43 |     }
SwiftCompile normal arm64 /Users/admin/builder/spi-builder-workspace/Sources/CTColorPicker/ColorPicker.swift (in target 'CTColorPicker' from project 'CTColorPicker')
    cd /Users/admin/builder/spi-builder-workspace/.swiftpm/xcode
    builtin-SwiftPerFileCompile ColorPicker.swift
SwiftCompile normal arm64 Compiling\ ColorPickerModel.swift /Users/admin/builder/spi-builder-workspace/Sources/CTColorPicker/ColorPickerModel.swift (in target 'CTColorPicker' from project 'CTColorPicker')
/Users/admin/builder/spi-builder-workspace/Sources/CTColorPicker/ColorPickerModel.swift:16:47: error: cannot find type 'UIColor' in scope
14 | @available(OSX 10.15, iOS 13.0, *)
15 | class ColorPickerModel: ObservableObject {
16 |     var objectWillChange = PassthroughSubject<UIColor, Never>()
   |                                               `- error: cannot find type 'UIColor' in scope
17 |     var baseColor: Color {
18 |         Color(hue: Double(hue), saturation: 1.0, brightness: 1.0)
/Users/admin/builder/spi-builder-workspace/Sources/CTColorPicker/ColorPickerModel.swift:20:16: error: cannot find type 'UIColor' in scope
18 |         Color(hue: Double(hue), saturation: 1.0, brightness: 1.0)
19 |     }
20 |     var color: UIColor = .red {
   |                `- error: cannot find type 'UIColor' in scope
21 |         willSet {
22 |             objectWillChange.send(newValue)
/Users/admin/builder/spi-builder-workspace/Sources/CTColorPicker/ColorPickerModel.swift:41:17: error: cannot find type 'UIColor' in scope
39 |     }
40 |
41 |     init(color: UIColor) {
   |                 `- error: cannot find type 'UIColor' in scope
42 |         self.color = color
43 |     }
/Users/admin/builder/spi-builder-workspace/Sources/CTColorPicker/ColorPickerModel.swift:22:35: error: argument passed to call that takes no arguments
20 |     var color: UIColor = .red {
21 |         willSet {
22 |             objectWillChange.send(newValue)
   |                                   `- error: argument passed to call that takes no arguments
23 |         }
24 |     }
/Users/admin/builder/spi-builder-workspace/Sources/CTColorPicker/ColorPickerModel.swift:52:17: error: cannot find 'UIColor' in scope
50 |
51 |     func setHue(angle: CGFloat) {
52 |         color = UIColor(hue: (angle + 180.0) / 360, saturation: saturation, brightness: brightness, alpha: 1.0)
   |                 `- error: cannot find 'UIColor' in scope
53 |     }
54 |
/Users/admin/builder/spi-builder-workspace/Sources/CTColorPicker/ColorPickerModel.swift:60:17: error: cannot find 'UIColor' in scope
58 |
59 |     func setSaturation(point: CGFloat, length: CGFloat) {
60 |         color = UIColor(hue: hue,
   |                 `- error: cannot find 'UIColor' in scope
61 |                         saturation: max(0.0, min(1.0, point / length)),
62 |                         brightness: brightness,
SwiftCompile normal arm64 /Users/admin/builder/spi-builder-workspace/Sources/CTColorPicker/ColorPickerModel.swift (in target 'CTColorPicker' from project 'CTColorPicker')
    cd /Users/admin/builder/spi-builder-workspace/.swiftpm/xcode
    builtin-SwiftPerFileCompile ColorPickerModel.swift
PruneExplicitPrecompiledModules /Users/admin/builder/spi-builder-workspace/.derivedData/Build/Intermediates.noindex/SwiftExplicitPrecompiledModules
PruneExplicitPrecompiledModules /Users/admin/builder/spi-builder-workspace/.derivedData/SDKExplicitPrecompiledModules
PruneExplicitPrecompiledModules /Users/admin/builder/spi-builder-workspace/.derivedData/Build/Intermediates.noindex/ExplicitPrecompiledModules
2026-09-16 17:05:33.180 xcodebuild[682:4228] [MT] IDERunDestination: Supported platforms for the buildables in the current scheme is empty.
--- xcodebuild: WARNING: Using the first of multiple matching destinations:
{ platform:macOS, arch:arm64, id:0e22b4bde0a33e30ec6624ffeedb4edb6a0b9130, name:My Mac }
{ platform:macOS, arch:arm64, variant:Mac Catalyst, id:0e22b4bde0a33e30ec6624ffeedb4edb6a0b9130, name:My Mac }
{ platform:macOS, arch:arm64, variant:DriverKit, id:0e22b4bde0a33e30ec6624ffeedb4edb6a0b9130, name:My Mac }
{ platform:macOS, arch:arm64, variant:Designed for [iPad,iPhone], id:0e22b4bde0a33e30ec6624ffeedb4edb6a0b9130, name:My Mac }
** BUILD FAILED **
The following build commands failed:
	SwiftCompile normal arm64 (in target 'CTColorPicker' from project 'CTColorPicker')
	SwiftEmitModule normal arm64 Emitting\ module\ for\ CTColorPicker (in target 'CTColorPicker' from project 'CTColorPicker')
	Building workspace CTColorPicker with scheme CTColorPicker
(3 failures)
Command line invocation:
    /Applications/Xcode-27.0.0-Release.Candidate.app/Contents/Developer/usr/bin/xcodebuild -IDEClonedSourcePackagesDirPathOverride=/Users/admin/builder/spi-builder-workspace/.dependencies -resolvePackageDependencies
Resolve Package Graph
Resolved source packages:
  CTColorPicker: /Users/admin/builder/spi-builder-workspace
resolved source packages: CTColorPicker
2026-09-16 17:05:41.714 xcodebuild[771:4599] [MT] IDERunDestination: Supported platforms for the buildables in the current scheme is empty.
{
  "dependencies" : [
  ],
  "manifest_display_name" : "CTColorPicker",
  "name" : "CTColorPicker",
  "path" : "/Users/admin/builder/spi-builder-workspace",
  "platforms" : [
  ],
  "products" : [
    {
      "name" : "CTColorPicker",
      "targets" : [
        "CTColorPicker"
      ],
      "type" : {
        "library" : [
          "automatic"
        ]
      }
    }
  ],
  "targets" : [
    {
      "c99name" : "CTColorPickerTests",
      "module_type" : "SwiftTarget",
      "name" : "CTColorPickerTests",
      "path" : "Tests/CTColorPickerTests",
      "sources" : [
        "CTColorPickerTests.swift",
        "XCTestManifests.swift"
      ],
      "target_dependencies" : [
        "CTColorPicker"
      ],
      "type" : "test"
    },
    {
      "c99name" : "CTColorPicker",
      "module_type" : "SwiftTarget",
      "name" : "CTColorPicker",
      "path" : "Sources/CTColorPicker",
      "product_memberships" : [
        "CTColorPicker"
      ],
      "sources" : [
        "Color+Extensions.swift",
        "ColorPicker.swift",
        "ColorPickerModel.swift",
        "Functions.swift",
        "HCircle.swift",
        "Pointer.swift",
        "SBSquare.swift"
      ],
      "type" : "library"
    }
  ],
  "tools_version" : "5.0"
}
{
  "workspace" : {
    "name" : "CTColorPicker",
    "schemes" : [
      "CTColorPicker"
    ]
  }
}
2026-09-16 17:05:42.961 xcodebuild[779:4670] [MT] IDERunDestination: Supported platforms for the buildables in the current scheme is empty.
Running build ...
env DEVELOPER_DIR=/Applications/Xcode-27.0.0-Release.Candidate.app xcrun xcodebuild -IDEClonedSourcePackagesDirPathOverride=$PWD/.dependencies -skipMacroValidation -skipPackagePluginValidation -derivedDataPath $PWD/.derivedData build -scheme CTColorPicker -destination platform=macOS,arch=arm64
Command line invocation:
    /Applications/Xcode-27.0.0-Release.Candidate.app/Contents/Developer/usr/bin/xcodebuild -IDEClonedSourcePackagesDirPathOverride=/Users/admin/builder/spi-builder-workspace/.dependencies -skipMacroValidation -skipPackagePluginValidation -derivedDataPath /Users/admin/builder/spi-builder-workspace/.derivedData build -scheme CTColorPicker -destination platform=macOS,arch=arm64
Resolve Package Graph
Resolved source packages:
  CTColorPicker: /Users/admin/builder/spi-builder-workspace
ComputePackagePrebuildTargetDependencyGraph
Prepare packages
CreateBuildRequest
SendProjectDescription
CreateBuildOperation
ComputeTargetDependencyGraph
note: Building targets in dependency order
note: Target dependency graph (2 targets)
    Target 'CTColorPicker-product' in project 'CTColorPicker'
        ➜ Explicit dependency on target 'CTColorPicker' in project 'CTColorPicker'
    Target 'CTColorPicker' in project 'CTColorPicker' (no dependencies)
GatherProvisioningInputs
CreateBuildDescription
ClangStatCache /Applications/Xcode-27.0.0-Release.Candidate.app/Contents/Developer/Toolchains/XcodeDefault.xctoolchain/usr/bin/clang-stat-cache /Applications/Xcode-27.0.0-Release.Candidate.app/Contents/Developer/Platforms/MacOSX.platform/Developer/SDKs/MacOSX27.0.sdk /Users/admin/builder/spi-builder-workspace/.derivedData/SDKStatCaches.noindex/macosx27.0-26A425-e829b21a6f8c9b70876ba0858053c0446a22442a12e9d48fe1a705f55a1adfc4.sdkstatcache
    cd /Users/admin/builder/spi-builder-workspace/.swiftpm/xcode
    /Applications/Xcode-27.0.0-Release.Candidate.app/Contents/Developer/Toolchains/XcodeDefault.xctoolchain/usr/bin/clang-stat-cache /Applications/Xcode-27.0.0-Release.Candidate.app/Contents/Developer/Platforms/MacOSX.platform/Developer/SDKs/MacOSX27.0.sdk -o /Users/admin/builder/spi-builder-workspace/.derivedData/SDKStatCaches.noindex/macosx27.0-26A425-e829b21a6f8c9b70876ba0858053c0446a22442a12e9d48fe1a705f55a1adfc4.sdkstatcache
SwiftDriver CTColorPicker normal arm64 com.apple.xcode.tools.swift.compiler (in target 'CTColorPicker' from project 'CTColorPicker')
    cd /Users/admin/builder/spi-builder-workspace/.swiftpm/xcode
    builtin-SwiftDriver -- /Applications/Xcode-27.0.0-Release.Candidate.app/Contents/Developer/Toolchains/XcodeDefault.xctoolchain/usr/bin/swiftc -parse-as-library -module-name CTColorPicker -Onone @/Users/admin/builder/spi-builder-workspace/.derivedData/Build/Intermediates.noindex/CTColorPicker.build/Debug/CTColorPicker-t.build/Objects-normal/arm64/CTColorPicker.SwiftFileList -DSWIFT_PACKAGE -DDEBUG -DSWIFT_MODULE_RESOURCE_BUNDLE_UNAVAILABLE -DXcode -plugin-path /Applications/Xcode-27.0.0-Release.Candidate.app/Contents/Developer/Toolchains/XcodeDefault.xctoolchain/usr/lib/swift/host/plugins/testing -enable-experimental-feature DebugDescriptionMacro -sdk /Applications/Xcode-27.0.0-Release.Candidate.app/Contents/Developer/Platforms/MacOSX.platform/Developer/SDKs/MacOSX27.0.sdk -target arm64-apple-macos12.0 -g -module-cache-path /Users/admin/builder/spi-builder-workspace/.derivedData/ModuleCache.noindex -Xfrontend -serialize-debugging-options -profile-coverage-mapping -profile-generate -enable-testing -index-store-path /Users/admin/builder/spi-builder-workspace/.derivedData/Index.noindex/DataStore -Xcc -D_LIBCPP_HARDENING_MODE\=_LIBCPP_HARDENING_MODE_DEBUG -swift-version 5 -I /Users/admin/builder/spi-builder-workspace/.derivedData/Build/Products/Debug -Isystem /Applications/Xcode-27.0.0-Release.Candidate.app/Contents/Developer/Platforms/MacOSX.platform/Developer/usr/lib -F /Users/admin/builder/spi-builder-workspace/.derivedData/Build/Products/Debug -F /Applications/Xcode-27.0.0-Release.Candidate.app/Contents/Developer/Platforms/MacOSX.platform/Developer/Library/Frameworks -c -j10 -enable-batch-mode -incremental -Xcc -ivfsstatcache -Xcc /Users/admin/builder/spi-builder-workspace/.derivedData/SDKStatCaches.noindex/macosx27.0-26A425-e829b21a6f8c9b70876ba0858053c0446a22442a12e9d48fe1a705f55a1adfc4.sdkstatcache -output-file-map /Users/admin/builder/spi-builder-workspace/.derivedData/Build/Intermediates.noindex/CTColorPicker.build/Debug/CTColorPicker-t.build/Objects-normal/arm64/CTColorPicker-OutputFileMap.json -save-temps -no-color-diagnostics -explicit-module-build -module-cache-path /Users/admin/builder/spi-builder-workspace/.derivedData/Build/Intermediates.noindex/SwiftExplicitPrecompiledModules -clang-scanner-module-cache-path /Users/admin/builder/spi-builder-workspace/.derivedData/ModuleCache.noindex -sdk-module-cache-path /Users/admin/builder/spi-builder-workspace/.derivedData/SDKExplicitPrecompiledModules -emit-dependencies -emit-module -emit-module-path /Users/admin/builder/spi-builder-workspace/.derivedData/Build/Intermediates.noindex/CTColorPicker.build/Debug/CTColorPicker-t.build/Objects-normal/arm64/CTColorPicker.swiftmodule -serialize-diagnostics -dependency-scan-serialize-diagnostics-path /Users/admin/builder/spi-builder-workspace/.derivedData/Build/Intermediates.noindex/CTColorPicker.build/Debug/CTColorPicker-t.build/Objects-normal/arm64/CTColorPicker-dependency-scan.dia -validate-clang-modules-once -clang-build-session-file /Users/admin/builder/spi-builder-workspace/.derivedData/ModuleCache.noindex/Session.modulevalidation -Xcc -fmodules-prune-interval\=86400 -Xcc -fmodules-prune-after\=345600 -emit-const-values -const-gather-protocols-list /Users/admin/builder/spi-builder-workspace/.derivedData/Build/Intermediates.noindex/CTColorPicker.build/Debug/CTColorPicker-t.build/Objects-normal/arm64/CTColorPicker_const_extract_protocols.json -Xcc -I/Users/admin/builder/spi-builder-workspace/.derivedData/Build/Products/Debug/include -Xcc -I/Users/admin/builder/spi-builder-workspace/.derivedData/Build/Intermediates.noindex/CTColorPicker.build/Debug/CTColorPicker-t.build/DerivedSources-normal/arm64 -Xcc -I/Users/admin/builder/spi-builder-workspace/.derivedData/Build/Intermediates.noindex/CTColorPicker.build/Debug/CTColorPicker-t.build/DerivedSources/arm64 -Xcc -I/Users/admin/builder/spi-builder-workspace/.derivedData/Build/Intermediates.noindex/CTColorPicker.build/Debug/CTColorPicker-t.build/DerivedSources -Xcc -DSWIFT_PACKAGE -Xcc -DDEBUG\=1 -emit-objc-header -emit-objc-header-path /Users/admin/builder/spi-builder-workspace/.derivedData/Build/Intermediates.noindex/CTColorPicker.build/Debug/CTColorPicker-t.build/Objects-normal/arm64/CTColorPicker-Swift.h -working-directory /Users/admin/builder/spi-builder-workspace/.swiftpm/xcode -experimental-emit-module-separately -disable-cmo
SwiftCompile normal arm64 Compiling\ Color+Extensions.swift /Users/admin/builder/spi-builder-workspace/Sources/CTColorPicker/Color+Extensions.swift (in target 'CTColorPicker' from project 'CTColorPicker')
SwiftCompile normal arm64 /Users/admin/builder/spi-builder-workspace/Sources/CTColorPicker/Color+Extensions.swift (in target 'CTColorPicker' from project 'CTColorPicker')
    cd /Users/admin/builder/spi-builder-workspace/.swiftpm/xcode
    builtin-SwiftPerFileCompile Color+Extensions.swift
SwiftCompile normal arm64 Compiling\ ColorPicker.swift /Users/admin/builder/spi-builder-workspace/Sources/CTColorPicker/ColorPicker.swift (in target 'CTColorPicker' from project 'CTColorPicker')
/Users/admin/builder/spi-builder-workspace/Sources/CTColorPicker/ColorPicker.swift:19:24: error: cannot find type 'UIColor' in scope
17 |     private var cancellables = Set<AnyCancellable>()
18 |
19 |     public init(color: UIColor = .white, triangleScale: CGFloat = 0.8, onChange: @escaping (UIColor) -> ()) {
   |                        `- error: cannot find type 'UIColor' in scope
20 |         self.triangleScale = triangleScale
21 |         self.model = ColorPickerModel(color: color)
/Users/admin/builder/spi-builder-workspace/Sources/CTColorPicker/ColorPicker.swift:19:93: error: cannot find type 'UIColor' in scope
17 |     private var cancellables = Set<AnyCancellable>()
18 |
19 |     public init(color: UIColor = .white, triangleScale: CGFloat = 0.8, onChange: @escaping (UIColor) -> ()) {
   |                                                                                             `- error: cannot find type 'UIColor' in scope
20 |         self.triangleScale = triangleScale
21 |         self.model = ColorPickerModel(color: color)
/Users/admin/builder/spi-builder-workspace/Sources/CTColorPicker/ColorPickerModel.swift:41:17: error: cannot find type 'UIColor' in scope
39 |     }
40 |
41 |     init(color: UIColor) {
   |                 `- error: cannot find type 'UIColor' in scope
42 |         self.color = color
43 |     }
SwiftCompile normal arm64 /Users/admin/builder/spi-builder-workspace/Sources/CTColorPicker/ColorPicker.swift (in target 'CTColorPicker' from project 'CTColorPicker')
    cd /Users/admin/builder/spi-builder-workspace/.swiftpm/xcode
    builtin-SwiftPerFileCompile ColorPicker.swift
SwiftCompile normal arm64 Compiling\ Pointer.swift /Users/admin/builder/spi-builder-workspace/Sources/CTColorPicker/Pointer.swift (in target 'CTColorPicker' from project 'CTColorPicker')
SwiftCompile normal arm64 /Users/admin/builder/spi-builder-workspace/Sources/CTColorPicker/Pointer.swift (in target 'CTColorPicker' from project 'CTColorPicker')
    cd /Users/admin/builder/spi-builder-workspace/.swiftpm/xcode
    builtin-SwiftPerFileCompile Pointer.swift
SwiftCompile normal arm64 Compiling\ Functions.swift /Users/admin/builder/spi-builder-workspace/Sources/CTColorPicker/Functions.swift (in target 'CTColorPicker' from project 'CTColorPicker')
SwiftCompile normal arm64 /Users/admin/builder/spi-builder-workspace/Sources/CTColorPicker/Functions.swift (in target 'CTColorPicker' from project 'CTColorPicker')
    cd /Users/admin/builder/spi-builder-workspace/.swiftpm/xcode
    builtin-SwiftPerFileCompile Functions.swift
SwiftCompile normal arm64 Compiling\ HCircle.swift /Users/admin/builder/spi-builder-workspace/Sources/CTColorPicker/HCircle.swift (in target 'CTColorPicker' from project 'CTColorPicker')
SwiftCompile normal arm64 /Users/admin/builder/spi-builder-workspace/Sources/CTColorPicker/HCircle.swift (in target 'CTColorPicker' from project 'CTColorPicker')
    cd /Users/admin/builder/spi-builder-workspace/.swiftpm/xcode
    builtin-SwiftPerFileCompile HCircle.swift
SwiftCompile normal arm64 Compiling\ ColorPickerModel.swift /Users/admin/builder/spi-builder-workspace/Sources/CTColorPicker/ColorPickerModel.swift (in target 'CTColorPicker' from project 'CTColorPicker')
/Users/admin/builder/spi-builder-workspace/Sources/CTColorPicker/ColorPickerModel.swift:16:47: error: cannot find type 'UIColor' in scope
14 | @available(OSX 10.15, iOS 13.0, *)
15 | class ColorPickerModel: ObservableObject {
16 |     var objectWillChange = PassthroughSubject<UIColor, Never>()
   |                                               `- error: cannot find type 'UIColor' in scope
17 |     var baseColor: Color {
18 |         Color(hue: Double(hue), saturation: 1.0, brightness: 1.0)
/Users/admin/builder/spi-builder-workspace/Sources/CTColorPicker/ColorPickerModel.swift:20:16: error: cannot find type 'UIColor' in scope
18 |         Color(hue: Double(hue), saturation: 1.0, brightness: 1.0)
19 |     }
20 |     var color: UIColor = .red {
   |                `- error: cannot find type 'UIColor' in scope
21 |         willSet {
22 |             objectWillChange.send(newValue)
/Users/admin/builder/spi-builder-workspace/Sources/CTColorPicker/ColorPickerModel.swift:41:17: error: cannot find type 'UIColor' in scope
39 |     }
40 |
41 |     init(color: UIColor) {
   |                 `- error: cannot find type 'UIColor' in scope
42 |         self.color = color
43 |     }
/Users/admin/builder/spi-builder-workspace/Sources/CTColorPicker/ColorPickerModel.swift:22:35: error: argument passed to call that takes no arguments
20 |     var color: UIColor = .red {
21 |         willSet {
22 |             objectWillChange.send(newValue)
   |                                   `- error: argument passed to call that takes no arguments
23 |         }
24 |     }
/Users/admin/builder/spi-builder-workspace/Sources/CTColorPicker/ColorPickerModel.swift:52:17: error: cannot find 'UIColor' in scope
50 |
51 |     func setHue(angle: CGFloat) {
52 |         color = UIColor(hue: (angle + 180.0) / 360, saturation: saturation, brightness: brightness, alpha: 1.0)
   |                 `- error: cannot find 'UIColor' in scope
53 |     }
54 |
/Users/admin/builder/spi-builder-workspace/Sources/CTColorPicker/ColorPickerModel.swift:60:17: error: cannot find 'UIColor' in scope
58 |
59 |     func setSaturation(point: CGFloat, length: CGFloat) {
60 |         color = UIColor(hue: hue,
   |                 `- error: cannot find 'UIColor' in scope
61 |                         saturation: max(0.0, min(1.0, point / length)),
62 |                         brightness: brightness,
SwiftCompile normal arm64 /Users/admin/builder/spi-builder-workspace/Sources/CTColorPicker/ColorPickerModel.swift (in target 'CTColorPicker' from project 'CTColorPicker')
    cd /Users/admin/builder/spi-builder-workspace/.swiftpm/xcode
    builtin-SwiftPerFileCompile ColorPickerModel.swift
SwiftEmitModule normal arm64 Emitting\ module\ for\ CTColorPicker (in target 'CTColorPicker' from project 'CTColorPicker')
/Users/admin/builder/spi-builder-workspace/Sources/CTColorPicker/ColorPicker.swift:19:24: error: cannot find type 'UIColor' in scope
17 |     private var cancellables = Set<AnyCancellable>()
18 |
19 |     public init(color: UIColor = .white, triangleScale: CGFloat = 0.8, onChange: @escaping (UIColor) -> ()) {
   |                        `- error: cannot find type 'UIColor' in scope
20 |         self.triangleScale = triangleScale
21 |         self.model = ColorPickerModel(color: color)
/Users/admin/builder/spi-builder-workspace/Sources/CTColorPicker/ColorPicker.swift:19:93: error: cannot find type 'UIColor' in scope
17 |     private var cancellables = Set<AnyCancellable>()
18 |
19 |     public init(color: UIColor = .white, triangleScale: CGFloat = 0.8, onChange: @escaping (UIColor) -> ()) {
   |                                                                                             `- error: cannot find type 'UIColor' in scope
20 |         self.triangleScale = triangleScale
21 |         self.model = ColorPickerModel(color: color)
/Users/admin/builder/spi-builder-workspace/Sources/CTColorPicker/ColorPickerModel.swift:16:47: error: cannot find type 'UIColor' in scope
14 | @available(OSX 10.15, iOS 13.0, *)
15 | class ColorPickerModel: ObservableObject {
16 |     var objectWillChange = PassthroughSubject<UIColor, Never>()
   |                                               `- error: cannot find type 'UIColor' in scope
17 |     var baseColor: Color {
18 |         Color(hue: Double(hue), saturation: 1.0, brightness: 1.0)
/Users/admin/builder/spi-builder-workspace/Sources/CTColorPicker/ColorPickerModel.swift:20:16: error: cannot find type 'UIColor' in scope
18 |         Color(hue: Double(hue), saturation: 1.0, brightness: 1.0)
19 |     }
20 |     var color: UIColor = .red {
   |                `- error: cannot find type 'UIColor' in scope
21 |         willSet {
22 |             objectWillChange.send(newValue)
/Users/admin/builder/spi-builder-workspace/Sources/CTColorPicker/ColorPickerModel.swift:41:17: error: cannot find type 'UIColor' in scope
39 |     }
40 |
41 |     init(color: UIColor) {
   |                 `- error: cannot find type 'UIColor' in scope
42 |         self.color = color
43 |     }
Failed frontend command:
/Applications/Xcode-27.0.0-Release.Candidate.app/Contents/Developer/Toolchains/XcodeDefault.xctoolchain/usr/bin/swift-frontend -frontend -emit-module -experimental-skip-non-inlinable-function-bodies-without-types /Users/admin/builder/spi-builder-workspace/Sources/CTColorPicker/Color+Extensions.swift /Users/admin/builder/spi-builder-workspace/Sources/CTColorPicker/ColorPicker.swift /Users/admin/builder/spi-builder-workspace/Sources/CTColorPicker/ColorPickerModel.swift /Users/admin/builder/spi-builder-workspace/Sources/CTColorPicker/Functions.swift /Users/admin/builder/spi-builder-workspace/Sources/CTColorPicker/HCircle.swift /Users/admin/builder/spi-builder-workspace/Sources/CTColorPicker/Pointer.swift /Users/admin/builder/spi-builder-workspace/Sources/CTColorPicker/SBSquare.swift -target arm64-apple-macos12.0 -module-can-import-version Combine 3023 0 -disable-cross-import-overlay-search -load-resolved-plugin /Applications/Xcode-27.0.0-Release.Candidate.app/Contents/Developer/Platforms/MacOSX.platform/Developer/usr/lib/swift/host/plugins/libFoundationMacros.dylib\#/Applications/Xcode-27.0.0-Release.Candidate.app/Contents/Developer/Platforms/MacOSX.platform/Developer/usr/bin/swift-plugin-server\#FoundationMacros -load-resolved-plugin /Applications/Xcode-27.0.0-Release.Candidate.app/Contents/Developer/Platforms/MacOSX.platform/Developer/usr/lib/swift/host/plugins/libObservationMacros.dylib\#/Applications/Xcode-27.0.0-Release.Candidate.app/Contents/Developer/Platforms/MacOSX.platform/Developer/usr/bin/swift-plugin-server\#ObservationMacros -load-resolved-plugin /Applications/Xcode-27.0.0-Release.Candidate.app/Contents/Developer/Platforms/MacOSX.platform/Developer/usr/lib/swift/host/plugins/libPreviewsMacros.dylib\#/Applications/Xcode-27.0.0-Release.Candidate.app/Contents/Developer/Platforms/MacOSX.platform/Developer/usr/bin/swift-plugin-server\#PreviewsMacros -load-resolved-plugin /Applications/Xcode-27.0.0-Release.Candidate.app/Contents/Developer/Platforms/MacOSX.platform/Developer/usr/lib/swift/host/plugins/libSwiftMacros.dylib\#/Applications/Xcode-27.0.0-Release.Candidate.app/Contents/Developer/Platforms/MacOSX.platform/Developer/usr/bin/swift-plugin-server\#SwiftMacros -load-resolved-plugin /Applications/Xcode-27.0.0-Release.Candidate.app/Contents/Developer/Platforms/MacOSX.platform/Developer/usr/lib/swift/host/plugins/libSwiftUIMacros.dylib\#/Applications/Xcode-27.0.0-Release.Candidate.app/Contents/Developer/Platforms/MacOSX.platform/Developer/usr/bin/swift-plugin-server\#SwiftUIMacros -disable-implicit-swift-modules -Xcc -fno-implicit-modules -Xcc -fno-implicit-module-maps -explicit-swift-module-map-file /Users/admin/builder/spi-builder-workspace/.derivedData/Build/Intermediates.noindex/CTColorPicker.build/Debug/CTColorPicker-t.build/Objects-normal/arm64/CTColorPicker-dependencies-1.json -Xllvm -aarch64-use-tbi -enable-objc-interop -stack-check -sdk /Applications/Xcode-27.0.0-Release.Candidate.app/Contents/Developer/Platforms/MacOSX.platform/Developer/SDKs/MacOSX27.0.sdk -I /Users/admin/builder/spi-builder-workspace/.derivedData/Build/Products/Debug -Isystem /Applications/Xcode-27.0.0-Release.Candidate.app/Contents/Developer/Platforms/MacOSX.platform/Developer/usr/lib -F /Users/admin/builder/spi-builder-workspace/.derivedData/Build/Products/Debug -F /Applications/Xcode-27.0.0-Release.Candidate.app/Contents/Developer/Platforms/MacOSX.platform/Developer/Library/Frameworks -module-cache-path /Users/admin/builder/spi-builder-workspace/.derivedData/Build/Intermediates.noindex/SwiftExplicitPrecompiledModules -no-color-diagnostics -Xcc -fno-color-diagnostics -enable-testing -g -debug-info-format\=dwarf -dwarf-version\=4 -profile-generate -profile-coverage-mapping -swift-version 5 -Onone -D SWIFT_PACKAGE -D DEBUG -D SWIFT_MODULE_RESOURCE_BUNDLE_UNAVAILABLE -D Xcode -serialize-debugging-options -enable-experimental-feature DebugDescriptionMacro -empty-abi-descriptor -validate-clang-modules-once -clang-build-session-file /Users/admin/builder/spi-builder-workspace/.derivedData/ModuleCache.noindex/Session.modulevalidation -Xcc -working-directory -Xcc /Users/admin/builder/spi-builder-workspace/.swiftpm/xcode -enable-anonymous-context-mangled-names -file-compilation-dir /Users/admin/builder/spi-builder-workspace/.swiftpm/xcode -Xcc -D_LIBCPP_HARDENING_MODE\=_LIBCPP_HARDENING_MODE_DEBUG -Xcc -ivfsstatcache -Xcc /Users/admin/builder/spi-builder-workspace/.derivedData/SDKStatCaches.noindex/macosx27.0-26A425-e829b21a6f8c9b70876ba0858053c0446a22442a12e9d48fe1a705f55a1adfc4.sdkstatcache -Xcc -fmodules-prune-interval\=86400 -Xcc -fmodules-prune-after\=345600 -Xcc -I/Users/admin/builder/spi-builder-workspace/.derivedData/Build/Products/Debug/include -Xcc -I/Users/admin/builder/spi-builder-workspace/.derivedData/Build/Intermediates.noindex/CTColorPicker.build/Debug/CTColorPicker-t.build/DerivedSources-normal/arm64 -Xcc -I/Users/admin/builder/spi-builder-workspace/.derivedData/Build/Intermediates.noindex/CTColorPicker.build/Debug/CTColorPicker-t.build/DerivedSources/arm64 -Xcc -I/Users/admin/builder/spi-builder-workspace/.derivedData/Build/Intermediates.noindex/CTColorPicker.build/Debug/CTColorPicker-t.build/DerivedSources -Xcc -DSWIFT_PACKAGE -Xcc -DDEBUG\=1 -no-auto-bridging-header-chaining -module-name CTColorPicker -const-gather-protocols-file /Users/admin/builder/spi-builder-workspace/.derivedData/Build/Intermediates.noindex/CTColorPicker.build/Debug/CTColorPicker-t.build/Objects-normal/arm64/CTColorPicker_const_extract_protocols.json -disable-clang-spi -clang-target arm64-apple-macos27.0 -target-sdk-version 27.0 -target-sdk-name macosx27.0 -in-process-plugin-server-path /Applications/Xcode-27.0.0-Release.Candidate.app/Contents/Developer/Toolchains/XcodeDefault.xctoolchain/usr/lib/swift/host/libSwiftInProcPluginServer.dylib -emit-module-doc-path /Users/admin/builder/spi-builder-workspace/.derivedData/Build/Intermediates.noindex/CTColorPicker.build/Debug/CTColorPicker-t.build/Objects-normal/arm64/CTColorPicker.swiftdoc -emit-module-source-info-path /Users/admin/builder/spi-builder-workspace/.derivedData/Build/Intermediates.noindex/CTColorPicker.build/Debug/CTColorPicker-t.build/Objects-normal/arm64/CTColorPicker.swiftsourceinfo -emit-objc-header-path /Users/admin/builder/spi-builder-workspace/.derivedData/Build/Intermediates.noindex/CTColorPicker.build/Debug/CTColorPicker-t.build/Objects-normal/arm64/CTColorPicker-Swift.h -serialize-diagnostics-path /Users/admin/builder/spi-builder-workspace/.derivedData/Build/Intermediates.noindex/CTColorPicker.build/Debug/CTColorPicker-t.build/Objects-normal/arm64/CTColorPicker-primary-emit-module.dia -emit-dependencies-path /Users/admin/builder/spi-builder-workspace/.derivedData/Build/Intermediates.noindex/CTColorPicker.build/Debug/CTColorPicker-t.build/Objects-normal/arm64/CTColorPicker-primary-emit-module.d -parse-as-library -o /Users/admin/builder/spi-builder-workspace/.derivedData/Build/Intermediates.noindex/CTColorPicker.build/Debug/CTColorPicker-t.build/Objects-normal/arm64/CTColorPicker.swiftmodule -emit-abi-descriptor-path /Users/admin/builder/spi-builder-workspace/.derivedData/Build/Intermediates.noindex/CTColorPicker.build/Debug/CTColorPicker-t.build/Objects-normal/arm64/CTColorPicker.abi.json
SwiftCompile normal arm64 (in target 'CTColorPicker' from project 'CTColorPicker')
    cd /Users/admin/builder/spi-builder-workspace/.swiftpm/xcode

SwiftCompile normal arm64 Compiling\ SBSquare.swift /Users/admin/builder/spi-builder-workspace/Sources/CTColorPicker/SBSquare.swift (in target 'CTColorPicker' from project 'CTColorPicker')
SwiftCompile normal arm64 /Users/admin/builder/spi-builder-workspace/Sources/CTColorPicker/SBSquare.swift (in target 'CTColorPicker' from project 'CTColorPicker')
    cd /Users/admin/builder/spi-builder-workspace/.swiftpm/xcode
    builtin-SwiftPerFileCompile SBSquare.swift
PruneExplicitPrecompiledModules /Users/admin/builder/spi-builder-workspace/.derivedData/Build/Intermediates.noindex/SwiftExplicitPrecompiledModules
PruneExplicitPrecompiledModules /Users/admin/builder/spi-builder-workspace/.derivedData/Build/Intermediates.noindex/ExplicitPrecompiledModules
PruneExplicitPrecompiledModules /Users/admin/builder/spi-builder-workspace/.derivedData/SDKExplicitPrecompiledModules
2026-09-16 17:05:43.918 xcodebuild[780:4697] [MT] IDERunDestination: Supported platforms for the buildables in the current scheme is empty.
--- xcodebuild: WARNING: Using the first of multiple matching destinations:
{ platform:macOS, arch:arm64, id:0e22b4bde0a33e30ec6624ffeedb4edb6a0b9130, name:My Mac }
{ platform:macOS, arch:arm64, variant:Mac Catalyst, id:0e22b4bde0a33e30ec6624ffeedb4edb6a0b9130, name:My Mac }
{ platform:macOS, arch:arm64, variant:DriverKit, id:0e22b4bde0a33e30ec6624ffeedb4edb6a0b9130, name:My Mac }
{ platform:macOS, arch:arm64, variant:Designed for [iPad,iPhone], id:0e22b4bde0a33e30ec6624ffeedb4edb6a0b9130, name:My Mac }
** BUILD FAILED **
The following build commands failed:
	SwiftEmitModule normal arm64 Emitting\ module\ for\ CTColorPicker (in target 'CTColorPicker' from project 'CTColorPicker')
	SwiftCompile normal arm64 (in target 'CTColorPicker' from project 'CTColorPicker')
	Building workspace CTColorPicker with scheme CTColorPicker
(3 failures)
BUILD FAILURE 6.4 macosXcodebuild