The Swift Package Index logo.Swift Package Index

Build Information

Failed to build LStXML2Code, reference main (a2b2b1), with Swift 6.4 for tvOS using Xcode 27.0 on 21 Sep 2026 22:17:04 UTC.

Build Command

env DEVELOPER_DIR=/Applications/Xcode-27.0.0-Release.Candidate.app xcrun xcodebuild -IDEClonedSourcePackagesDirPathOverride=$PWD/.dependencies -skipMacroValidation -skipPackagePluginValidation -derivedDataPath $PWD/.derivedData build -scheme LStXML2Code-Package -destination generic/platform=tvOS

Build Log

========================================
RunAll
========================================
Builder version: 5.1.0
Interrupt handler set up.
========================================
Checkout
========================================
Clone URL: https://github.com/bastie/LStXML2Code.git
Reference: main
Initialized empty Git repository in /Users/admin/builder/spi-builder-workspace/.git/
From https://github.com/bastie/LStXML2Code
 * branch            main       -> FETCH_HEAD
 * [new branch]      main       -> origin/main
HEAD is now at a2b2b15 Merge pull request #1 from bastie/swift6
Cloned https://github.com/bastie/LStXML2Code.git
Revision (git rev-parse @):
a2b2b153cf7d596d6481ecffb41c9af249f31d25
SUCCESS checkout https://github.com/bastie/LStXML2Code.git at main
========================================
Build
========================================
Selected platform:         tvOS
Swift version:             6.4
Building package at path:  $PWD
https://github.com/bastie/LStXML2Code.git
Command line invocation:
    /Applications/Xcode-27.0.0-Release.Candidate.app/Contents/Developer/usr/bin/xcodebuild -IDEClonedSourcePackagesDirPathOverride=/Users/admin/builder/spi-builder-workspace/.dependencies -resolvePackageDependencies
Resolve Package Graph
Fetching from https://github.com/bastie/JavApi4Swift.git
Creating working copy of package ‘JavApi4Swift’
Checking out 0.54.0 of package ‘JavApi4Swift’
Resolve Package Graph
Resolve Package Graph
Resolved source packages:
  JavApi⁴Swift: https://github.com/bastie/JavApi4Swift.git @ 0.54.0
  LStXML2Code: /Users/admin/builder/spi-builder-workspace
resolved source packages: JavApi⁴Swift, LStXML2Code
2026-09-21 18:16:16.612 xcodebuild[525:3008] [MT] IDERunDestination: Supported platforms for the buildables in the current scheme is empty.
{
  "dependencies" : [
    {
      "identity" : "javapi4swift",
      "requirement" : {
        "range" : [
          {
            "lower_bound" : "0.25.0",
            "upper_bound" : "1.0.0"
          }
        ]
      },
      "type" : "sourceControl",
      "url" : "https://github.com/bastie/JavApi4Swift.git"
    }
  ],
  "manifest_display_name" : "LStXML2Code",
  "name" : "LStXML2Code",
  "path" : "/Users/admin/builder/spi-builder-workspace",
  "platforms" : [
    {
      "name" : "macos",
      "version" : "15.0"
    }
  ],
  "products" : [
    {
      "name" : "LStXML2Code",
      "targets" : [
        "LStXML2Code"
      ],
      "type" : {
        "library" : [
          "automatic"
        ]
      }
    },
    {
      "name" : "BMF2Code",
      "targets" : [
        "BMF2Code"
      ],
      "type" : {
        "executable" : null
      }
    }
  ],
  "targets" : [
    {
      "c99name" : "LStXML2CodeTests",
      "module_type" : "SwiftTarget",
      "name" : "LStXML2CodeTests",
      "path" : "Tests/LStXML2CodeTests",
      "product_dependencies" : [
        "JavApi"
      ],
      "sources" : [
        "LStXML2CodeTests2023AbJuli.swift",
        "Lohnsteuer2023AbJuliBig.swift"
      ],
      "target_dependencies" : [
        "LStXML2Code"
      ],
      "type" : "test"
    },
    {
      "c99name" : "LStXML2Code",
      "module_type" : "SwiftTarget",
      "name" : "LStXML2Code",
      "path" : "Sources/LStXML2Code",
      "product_memberships" : [
        "LStXML2Code",
        "BMF2Code"
      ],
      "sources" : [
        "AbstractTree.swift",
        "AbstractTreeEncoder.swift",
        "AbstractTreeEncoding.swift",
        "Node.swift",
        "Nodes/AssignNode.swift",
        "Nodes/CharNode.swift",
        "Nodes/ClosedRoundBracketNode.swift",
        "Nodes/ClosedSquareBracketNode.swift",
        "Nodes/DotNode.swift",
        "Nodes/FloatNumberNode.swift",
        "Nodes/IdentiferNode.swift",
        "Nodes/IntNumberNode.swift",
        "Nodes/NumericNode.swift",
        "Nodes/OpenRoundBracketNode.swift",
        "Nodes/OpenSquareBracketNode.swift",
        "Nodes/SpaceNode.swift",
        "Nodes/ValueNode.swift",
        "PAPTree.swift",
        "PAPTreeEncoder.swift",
        "PAPTreeEncoding.swift",
        "PAPTreeEncodingImpl.swift",
        "PAPXmlParser.swift",
        "TwoPartDecisionNode.swift",
        "XmlPAP.swift"
      ],
      "type" : "library"
    },
    {
      "c99name" : "BMF2Code",
      "module_type" : "SwiftTarget",
      "name" : "BMF2Code",
      "path" : "Sources/BMF2Code",
      "product_memberships" : [
        "BMF2Code"
      ],
      "sources" : [
        "BMF2Code.swift",
        "JavaEncoding.swift",
        "SwiftEncoding.swift"
      ],
      "target_dependencies" : [
        "LStXML2Code"
      ],
      "type" : "executable"
    }
  ],
  "tools_version" : "6.0"
}
{
  "workspace" : {
    "name" : "LStXML2Code",
    "schemes" : [
      "BMF2Code",
      "LStXML2Code",
      "LStXML2Code-Package"
    ]
  }
}
2026-09-21 18:16:49.201 xcodebuild[684:4201] [MT] IDERunDestination: Supported platforms for the buildables in the current scheme is empty.
Running build ...
env DEVELOPER_DIR=/Applications/Xcode-27.0.0-Release.Candidate.app xcrun xcodebuild -IDEClonedSourcePackagesDirPathOverride=$PWD/.dependencies -skipMacroValidation -skipPackagePluginValidation -derivedDataPath $PWD/.derivedData build -scheme LStXML2Code-Package -destination generic/platform=tvOS
Command line invocation:
    /Applications/Xcode-27.0.0-Release.Candidate.app/Contents/Developer/usr/bin/xcodebuild -IDEClonedSourcePackagesDirPathOverride=/Users/admin/builder/spi-builder-workspace/.dependencies -skipMacroValidation -skipPackagePluginValidation -derivedDataPath /Users/admin/builder/spi-builder-workspace/.derivedData build -scheme LStXML2Code-Package -destination generic/platform=tvOS
Resolve Package Graph
Resolve Package Graph
Resolved source packages:
  JavApi⁴Swift: https://github.com/bastie/JavApi4Swift.git @ 0.54.0
  LStXML2Code: /Users/admin/builder/spi-builder-workspace
ComputePackagePrebuildTargetDependencyGraph
Prepare packages
CreateBuildRequest
SendProjectDescription
CreateBuildOperation
ComputeTargetDependencyGraph
note: Building targets in dependency order
note: Target dependency graph (3 targets)
    Target 'BMF2Code-product' in project 'LStXML2Code'
        ➜ Explicit dependency on target 'LStXML2Code' in project 'LStXML2Code'
    Target 'LStXML2Code-product' in project 'LStXML2Code'
        ➜ Explicit dependency on target 'LStXML2Code' in project 'LStXML2Code'
    Target 'LStXML2Code' in project 'LStXML2Code' (no dependencies)
GatherProvisioningInputs
CreateBuildDescription
ExecuteExternalTool /Applications/Xcode-27.0.0-Release.Candidate.app/Contents/Developer/Toolchains/XcodeDefault.xctoolchain/usr/bin/swiftc --version
ExecuteExternalTool /Applications/Xcode-27.0.0-Release.Candidate.app/Contents/Developer/Toolchains/XcodeDefault.xctoolchain/usr/bin/clang -v -E -dM -isysroot /Applications/Xcode-27.0.0-Release.Candidate.app/Contents/Developer/Platforms/AppleTVOS.platform/Developer/SDKs/AppleTVOS27.0.sdk -x c -c /dev/null
ExecuteExternalTool /Applications/Xcode-27.0.0-Release.Candidate.app/Contents/Developer/Toolchains/XcodeDefault.xctoolchain/usr/bin/ld -version_details
ReadFileContents /Applications/Xcode-27.0.0-Release.Candidate.app/Contents/Developer/Toolchains/XcodeDefault.xctoolchain/usr/share/docc/features.json
Build description signature: 2c3952f28af5058a1d9e3ba9eb38b1e7
Build description path: /Users/admin/builder/spi-builder-workspace/.derivedData/Build/Intermediates.noindex/XCBuildData/2c3952f28af5058a1d9e3ba9eb38b1e7.xcbuilddata
CreateBuildDirectory /Users/admin/builder/spi-builder-workspace/.derivedData/ModuleCache.noindex
    cd /Users/admin/builder/spi-builder-workspace/.swiftpm/xcode
    builtin-create-build-directory /Users/admin/builder/spi-builder-workspace/.derivedData/ModuleCache.noindex
CreateBuildDirectory /Users/admin/builder/spi-builder-workspace/.derivedData/CompilationCache.noindex
    cd /Users/admin/builder/spi-builder-workspace/.swiftpm/xcode
    builtin-create-build-directory /Users/admin/builder/spi-builder-workspace/.derivedData/CompilationCache.noindex
CreateBuildDirectory /Users/admin/builder/spi-builder-workspace/.derivedData/SDKExplicitPrecompiledModules
    cd /Users/admin/builder/spi-builder-workspace/.swiftpm/xcode
    builtin-create-build-directory /Users/admin/builder/spi-builder-workspace/.derivedData/SDKExplicitPrecompiledModules
ClangStatCache /Applications/Xcode-27.0.0-Release.Candidate.app/Contents/Developer/Toolchains/XcodeDefault.xctoolchain/usr/bin/clang-stat-cache /Applications/Xcode-27.0.0-Release.Candidate.app/Contents/Developer/Platforms/AppleTVOS.platform/Developer/SDKs/AppleTVOS27.0.sdk /Users/admin/builder/spi-builder-workspace/.derivedData/SDKStatCaches.noindex/appletvos27.0-24J360-e829b21a6f8c9b70876ba0858053c044b32bfd8d43560033f8d89884cdb90028.sdkstatcache
    cd /Users/admin/builder/spi-builder-workspace/.swiftpm/xcode
    /Applications/Xcode-27.0.0-Release.Candidate.app/Contents/Developer/Toolchains/XcodeDefault.xctoolchain/usr/bin/clang-stat-cache /Applications/Xcode-27.0.0-Release.Candidate.app/Contents/Developer/Platforms/AppleTVOS.platform/Developer/SDKs/AppleTVOS27.0.sdk -o /Users/admin/builder/spi-builder-workspace/.derivedData/SDKStatCaches.noindex/appletvos27.0-24J360-e829b21a6f8c9b70876ba0858053c044b32bfd8d43560033f8d89884cdb90028.sdkstatcache
CreateBuildDirectory /Users/admin/builder/spi-builder-workspace/.derivedData/Build/Products
    cd /Users/admin/builder/spi-builder-workspace/.swiftpm/xcode
    builtin-create-build-directory /Users/admin/builder/spi-builder-workspace/.derivedData/Build/Products
CreateBuildDirectory /Users/admin/builder/spi-builder-workspace/.derivedData/Build/Intermediates.noindex
    cd /Users/admin/builder/spi-builder-workspace/.swiftpm/xcode
    builtin-create-build-directory /Users/admin/builder/spi-builder-workspace/.derivedData/Build/Intermediates.noindex
CreateBuildDirectory /Users/admin/builder/spi-builder-workspace/.derivedData/Build/Products/Debug-appletvos
    cd /Users/admin/builder/spi-builder-workspace/.swiftpm/xcode
    builtin-create-build-directory /Users/admin/builder/spi-builder-workspace/.derivedData/Build/Products/Debug-appletvos
CreateBuildDirectory /Users/admin/builder/spi-builder-workspace/.derivedData/Build/Intermediates.noindex/PrecompiledHeaders
    cd /Users/admin/builder/spi-builder-workspace/.swiftpm/xcode
    builtin-create-build-directory /Users/admin/builder/spi-builder-workspace/.derivedData/Build/Intermediates.noindex/PrecompiledHeaders
CreateBuildDirectory /Users/admin/builder/spi-builder-workspace/.derivedData/Build/Intermediates.noindex/SwiftExplicitPrecompiledModules
    cd /Users/admin/builder/spi-builder-workspace/.swiftpm/xcode
    builtin-create-build-directory /Users/admin/builder/spi-builder-workspace/.derivedData/Build/Intermediates.noindex/SwiftExplicitPrecompiledModules
CreateBuildDirectory /Users/admin/builder/spi-builder-workspace/.derivedData/Build/Intermediates.noindex/ExplicitPrecompiledModules
    cd /Users/admin/builder/spi-builder-workspace/.swiftpm/xcode
    builtin-create-build-directory /Users/admin/builder/spi-builder-workspace/.derivedData/Build/Intermediates.noindex/ExplicitPrecompiledModules
CreateBuildDirectory /Users/admin/builder/spi-builder-workspace/.derivedData/Build/Intermediates.noindex/EagerLinkingTBDs/Debug-appletvos
    cd /Users/admin/builder/spi-builder-workspace/.swiftpm/xcode
    builtin-create-build-directory /Users/admin/builder/spi-builder-workspace/.derivedData/Build/Intermediates.noindex/EagerLinkingTBDs/Debug-appletvos
CreateBuildDirectory /Users/admin/builder/spi-builder-workspace/.derivedData/Build/Products/Debug-appletvos/PackageFrameworks
    cd /Users/admin/builder/spi-builder-workspace/.swiftpm/xcode
    builtin-create-build-directory /Users/admin/builder/spi-builder-workspace/.derivedData/Build/Products/Debug-appletvos/PackageFrameworks
WriteAuxiliaryFile /Users/admin/builder/spi-builder-workspace/.derivedData/Build/Intermediates.noindex/LStXML2Code.build/Debug-appletvos/LStXML2Code-t.build/LStXML2Code.modulemap (in target 'LStXML2Code' from project 'LStXML2Code')
    cd /Users/admin/builder/spi-builder-workspace
    write-file /Users/admin/builder/spi-builder-workspace/.derivedData/Build/Intermediates.noindex/LStXML2Code.build/Debug-appletvos/LStXML2Code-t.build/LStXML2Code.modulemap
WriteAuxiliaryFile /Users/admin/builder/spi-builder-workspace/.derivedData/Build/Intermediates.noindex/LStXML2Code.build/Debug-appletvos/LStXML2Code-t.build/LStXML2Code.DependencyStaticMetadataFileList (in target 'LStXML2Code' from project 'LStXML2Code')
    cd /Users/admin/builder/spi-builder-workspace
    write-file /Users/admin/builder/spi-builder-workspace/.derivedData/Build/Intermediates.noindex/LStXML2Code.build/Debug-appletvos/LStXML2Code-t.build/LStXML2Code.DependencyStaticMetadataFileList
WriteAuxiliaryFile /Users/admin/builder/spi-builder-workspace/.derivedData/Build/Intermediates.noindex/LStXML2Code.build/Debug-appletvos/LStXML2Code-t.build/LStXML2Code.DependencyMetadataFileList (in target 'LStXML2Code' from project 'LStXML2Code')
    cd /Users/admin/builder/spi-builder-workspace
    write-file /Users/admin/builder/spi-builder-workspace/.derivedData/Build/Intermediates.noindex/LStXML2Code.build/Debug-appletvos/LStXML2Code-t.build/LStXML2Code.DependencyMetadataFileList
WriteAuxiliaryFile /Users/admin/builder/spi-builder-workspace/.derivedData/Build/Intermediates.noindex/LStXML2Code.build/Debug-appletvos/LStXML2Code-t.build/Objects-normal/arm64/LStXML2Code_const_extract_protocols.json (in target 'LStXML2Code' from project 'LStXML2Code')
    cd /Users/admin/builder/spi-builder-workspace
    write-file /Users/admin/builder/spi-builder-workspace/.derivedData/Build/Intermediates.noindex/LStXML2Code.build/Debug-appletvos/LStXML2Code-t.build/Objects-normal/arm64/LStXML2Code_const_extract_protocols.json
WriteAuxiliaryFile /Users/admin/builder/spi-builder-workspace/.derivedData/Build/Intermediates.noindex/LStXML2Code.build/Debug-appletvos/LStXML2Code-t.build/Objects-normal/arm64/LStXML2Code.LinkFileList (in target 'LStXML2Code' from project 'LStXML2Code')
    cd /Users/admin/builder/spi-builder-workspace
    write-file /Users/admin/builder/spi-builder-workspace/.derivedData/Build/Intermediates.noindex/LStXML2Code.build/Debug-appletvos/LStXML2Code-t.build/Objects-normal/arm64/LStXML2Code.LinkFileList
WriteAuxiliaryFile /Users/admin/builder/spi-builder-workspace/.derivedData/Build/Intermediates.noindex/LStXML2Code.build/Debug-appletvos/LStXML2Code-t.build/Objects-normal/arm64/LStXML2Code-OutputFileMap.json (in target 'LStXML2Code' from project 'LStXML2Code')
    cd /Users/admin/builder/spi-builder-workspace
    write-file /Users/admin/builder/spi-builder-workspace/.derivedData/Build/Intermediates.noindex/LStXML2Code.build/Debug-appletvos/LStXML2Code-t.build/Objects-normal/arm64/LStXML2Code-OutputFileMap.json
WriteAuxiliaryFile /Users/admin/builder/spi-builder-workspace/.derivedData/Build/Intermediates.noindex/LStXML2Code.build/Debug-appletvos/LStXML2Code-t.build/Objects-normal/arm64/LStXML2Code.SwiftFileList (in target 'LStXML2Code' from project 'LStXML2Code')
    cd /Users/admin/builder/spi-builder-workspace
    write-file /Users/admin/builder/spi-builder-workspace/.derivedData/Build/Intermediates.noindex/LStXML2Code.build/Debug-appletvos/LStXML2Code-t.build/Objects-normal/arm64/LStXML2Code.SwiftFileList
WriteAuxiliaryFile /Users/admin/builder/spi-builder-workspace/.derivedData/Build/Intermediates.noindex/LStXML2Code.build/Debug-appletvos/LStXML2Code-t.build/Objects-normal/arm64/LStXML2Code.SwiftConstValuesFileList (in target 'LStXML2Code' from project 'LStXML2Code')
    cd /Users/admin/builder/spi-builder-workspace
    write-file /Users/admin/builder/spi-builder-workspace/.derivedData/Build/Intermediates.noindex/LStXML2Code.build/Debug-appletvos/LStXML2Code-t.build/Objects-normal/arm64/LStXML2Code.SwiftConstValuesFileList
WriteAuxiliaryFile /Users/admin/builder/spi-builder-workspace/.derivedData/Build/Intermediates.noindex/LStXML2Code.build/Debug-appletvos/BMF2Code-p.build/Objects-normal/arm64/BMF2Code_const_extract_protocols.json (in target 'BMF2Code-product' from project 'LStXML2Code')
    cd /Users/admin/builder/spi-builder-workspace
    write-file /Users/admin/builder/spi-builder-workspace/.derivedData/Build/Intermediates.noindex/LStXML2Code.build/Debug-appletvos/BMF2Code-p.build/Objects-normal/arm64/BMF2Code_const_extract_protocols.json
WriteAuxiliaryFile /Users/admin/builder/spi-builder-workspace/.derivedData/Build/Intermediates.noindex/LStXML2Code.build/Debug-appletvos/BMF2Code-p.build/Objects-normal/arm64/BMF2Code.SwiftFileList (in target 'BMF2Code-product' from project 'LStXML2Code')
    cd /Users/admin/builder/spi-builder-workspace
    write-file /Users/admin/builder/spi-builder-workspace/.derivedData/Build/Intermediates.noindex/LStXML2Code.build/Debug-appletvos/BMF2Code-p.build/Objects-normal/arm64/BMF2Code.SwiftFileList
WriteAuxiliaryFile /Users/admin/builder/spi-builder-workspace/.derivedData/Build/Intermediates.noindex/LStXML2Code.build/Debug-appletvos/BMF2Code-p.build/Objects-normal/arm64/BMF2Code-OutputFileMap.json (in target 'BMF2Code-product' from project 'LStXML2Code')
    cd /Users/admin/builder/spi-builder-workspace
    write-file /Users/admin/builder/spi-builder-workspace/.derivedData/Build/Intermediates.noindex/LStXML2Code.build/Debug-appletvos/BMF2Code-p.build/Objects-normal/arm64/BMF2Code-OutputFileMap.json
WriteAuxiliaryFile /Users/admin/builder/spi-builder-workspace/.derivedData/Build/Intermediates.noindex/LStXML2Code.build/Debug-appletvos/BMF2Code-p.build/Objects-normal/arm64/BMF2Code.LinkFileList (in target 'BMF2Code-product' from project 'LStXML2Code')
    cd /Users/admin/builder/spi-builder-workspace
    write-file /Users/admin/builder/spi-builder-workspace/.derivedData/Build/Intermediates.noindex/LStXML2Code.build/Debug-appletvos/BMF2Code-p.build/Objects-normal/arm64/BMF2Code.LinkFileList
Copy /Users/admin/builder/spi-builder-workspace/.derivedData/Build/Intermediates.noindex/GeneratedModuleMaps-appletvos/LStXML2Code.modulemap /Users/admin/builder/spi-builder-workspace/.derivedData/Build/Intermediates.noindex/LStXML2Code.build/Debug-appletvos/LStXML2Code-t.build/LStXML2Code.modulemap (in target 'LStXML2Code' from project 'LStXML2Code')
    cd /Users/admin/builder/spi-builder-workspace
    builtin-copy -exclude .DS_Store -exclude CVS -exclude .svn -exclude .git -exclude .hg -resolve-src-symlinks /Users/admin/builder/spi-builder-workspace/.derivedData/Build/Intermediates.noindex/LStXML2Code.build/Debug-appletvos/LStXML2Code-t.build/LStXML2Code.modulemap /Users/admin/builder/spi-builder-workspace/.derivedData/Build/Intermediates.noindex/GeneratedModuleMaps-appletvos
WriteAuxiliaryFile /Users/admin/builder/spi-builder-workspace/.derivedData/Build/Intermediates.noindex/LStXML2Code.build/Debug-appletvos/BMF2Code-p.build/BMF2Code.DependencyStaticMetadataFileList (in target 'BMF2Code-product' from project 'LStXML2Code')
    cd /Users/admin/builder/spi-builder-workspace
    write-file /Users/admin/builder/spi-builder-workspace/.derivedData/Build/Intermediates.noindex/LStXML2Code.build/Debug-appletvos/BMF2Code-p.build/BMF2Code.DependencyStaticMetadataFileList
WriteAuxiliaryFile /Users/admin/builder/spi-builder-workspace/.derivedData/Build/Intermediates.noindex/LStXML2Code.build/Debug-appletvos/BMF2Code-p.build/BMF2Code.DependencyMetadataFileList (in target 'BMF2Code-product' from project 'LStXML2Code')
    cd /Users/admin/builder/spi-builder-workspace
    write-file /Users/admin/builder/spi-builder-workspace/.derivedData/Build/Intermediates.noindex/LStXML2Code.build/Debug-appletvos/BMF2Code-p.build/BMF2Code.DependencyMetadataFileList
SwiftDriver LStXML2Code normal arm64 com.apple.xcode.tools.swift.compiler (in target 'LStXML2Code' from project 'LStXML2Code')
    cd /Users/admin/builder/spi-builder-workspace/.swiftpm/xcode
    builtin-SwiftDriver -- /Applications/Xcode-27.0.0-Release.Candidate.app/Contents/Developer/Toolchains/XcodeDefault.xctoolchain/usr/bin/swiftc -parse-as-library -module-name LStXML2Code -Onone @/Users/admin/builder/spi-builder-workspace/.derivedData/Build/Intermediates.noindex/LStXML2Code.build/Debug-appletvos/LStXML2Code-t.build/Objects-normal/arm64/LStXML2Code.SwiftFileList -DSWIFT_PACKAGE -DDEBUG -DSWIFT_MODULE_RESOURCE_BUNDLE_UNAVAILABLE -DXcode -plugin-path /Applications/Xcode-27.0.0-Release.Candidate.app/Contents/Developer/Toolchains/XcodeDefault.xctoolchain/usr/lib/swift/host/plugins/testing -enable-experimental-feature DebugDescriptionMacro -sdk /Applications/Xcode-27.0.0-Release.Candidate.app/Contents/Developer/Platforms/AppleTVOS.platform/Developer/SDKs/AppleTVOS27.0.sdk -target arm64-apple-tvos15.0 -g -module-cache-path /Users/admin/builder/spi-builder-workspace/.derivedData/ModuleCache.noindex -Xfrontend -serialize-debugging-options -profile-coverage-mapping -profile-generate -enable-testing -index-store-path /Users/admin/builder/spi-builder-workspace/.derivedData/Index.noindex/DataStore -Xcc -D_LIBCPP_HARDENING_MODE\=_LIBCPP_HARDENING_MODE_DEBUG -swift-version 6 -I /Users/admin/builder/spi-builder-workspace/.derivedData/Build/Products/Debug-appletvos -Isystem /Applications/Xcode-27.0.0-Release.Candidate.app/Contents/Developer/Platforms/AppleTVOS.platform/Developer/usr/lib -F /Users/admin/builder/spi-builder-workspace/.derivedData/Build/Products/Debug-appletvos -F /Applications/Xcode-27.0.0-Release.Candidate.app/Contents/Developer/Platforms/AppleTVOS.platform/Developer/Library/Frameworks -F /Applications/Xcode-27.0.0-Release.Candidate.app/Contents/Developer/Platforms/AppleTVOS.platform/Developer/SDKs/AppleTVOS27.0.sdk/Developer/Library/Frameworks -c -j10 -enable-batch-mode -incremental -Xcc -ivfsstatcache -Xcc /Users/admin/builder/spi-builder-workspace/.derivedData/SDKStatCaches.noindex/appletvos27.0-24J360-e829b21a6f8c9b70876ba0858053c044b32bfd8d43560033f8d89884cdb90028.sdkstatcache -output-file-map /Users/admin/builder/spi-builder-workspace/.derivedData/Build/Intermediates.noindex/LStXML2Code.build/Debug-appletvos/LStXML2Code-t.build/Objects-normal/arm64/LStXML2Code-OutputFileMap.json -save-temps -no-color-diagnostics -explicit-module-build -module-cache-path /Users/admin/builder/spi-builder-workspace/.derivedData/Build/Intermediates.noindex/SwiftExplicitPrecompiledModules -clang-scanner-module-cache-path /Users/admin/builder/spi-builder-workspace/.derivedData/ModuleCache.noindex -sdk-module-cache-path /Users/admin/builder/spi-builder-workspace/.derivedData/SDKExplicitPrecompiledModules -emit-dependencies -emit-module -emit-module-path /Users/admin/builder/spi-builder-workspace/.derivedData/Build/Intermediates.noindex/LStXML2Code.build/Debug-appletvos/LStXML2Code-t.build/Objects-normal/arm64/LStXML2Code.swiftmodule -serialize-diagnostics -dependency-scan-serialize-diagnostics-path /Users/admin/builder/spi-builder-workspace/.derivedData/Build/Intermediates.noindex/LStXML2Code.build/Debug-appletvos/LStXML2Code-t.build/Objects-normal/arm64/LStXML2Code-dependency-scan.dia -validate-clang-modules-once -clang-build-session-file /Users/admin/builder/spi-builder-workspace/.derivedData/ModuleCache.noindex/Session.modulevalidation -Xcc -fmodules-prune-interval\=86400 -Xcc -fmodules-prune-after\=345600 -package-name spi_builder_workspace -emit-const-values -const-gather-protocols-list /Users/admin/builder/spi-builder-workspace/.derivedData/Build/Intermediates.noindex/LStXML2Code.build/Debug-appletvos/LStXML2Code-t.build/Objects-normal/arm64/LStXML2Code_const_extract_protocols.json -Xcc -I/Users/admin/builder/spi-builder-workspace/.derivedData/Build/Products/Debug-appletvos/include -Xcc -I/Users/admin/builder/spi-builder-workspace/.derivedData/Build/Intermediates.noindex/LStXML2Code.build/Debug-appletvos/LStXML2Code-t.build/DerivedSources-normal/arm64 -Xcc -I/Users/admin/builder/spi-builder-workspace/.derivedData/Build/Intermediates.noindex/LStXML2Code.build/Debug-appletvos/LStXML2Code-t.build/DerivedSources/arm64 -Xcc -I/Users/admin/builder/spi-builder-workspace/.derivedData/Build/Intermediates.noindex/LStXML2Code.build/Debug-appletvos/LStXML2Code-t.build/DerivedSources -Xcc -DSWIFT_PACKAGE -Xcc -DDEBUG\=1 -emit-objc-header -emit-objc-header-path /Users/admin/builder/spi-builder-workspace/.derivedData/Build/Intermediates.noindex/LStXML2Code.build/Debug-appletvos/LStXML2Code-t.build/Objects-normal/arm64/LStXML2Code-Swift.h -working-directory /Users/admin/builder/spi-builder-workspace/.swiftpm/xcode -experimental-emit-module-separately -disable-cmo
SwiftExplicitDependencyGeneratePcm arm64 /Users/admin/builder/spi-builder-workspace/.derivedData/SDKExplicitPrecompiledModules/_Builtin_stdbool-4UUPXTY52W6RPSB0N2WGGLTJT.pcm
SwiftExplicitDependencyGeneratePcm arm64 /Users/admin/builder/spi-builder-workspace/.derivedData/SDKExplicitPrecompiledModules/SwiftShims-73G9EXEO9PVWB6PL1BR4TAJ0B.pcm
SwiftExplicitDependencyGeneratePcm arm64 /Users/admin/builder/spi-builder-workspace/.derivedData/SDKExplicitPrecompiledModules/_Builtin_float-3RF4B70MBHPP952AX3GNZ8W3H.pcm
SwiftExplicitDependencyGeneratePcm arm64 /Users/admin/builder/spi-builder-workspace/.derivedData/SDKExplicitPrecompiledModules/_AvailabilityInternal-99L1JVU5TYE8S0FGGB7E09QQS.pcm
SwiftExplicitDependencyGeneratePcm arm64 /Users/admin/builder/spi-builder-workspace/.derivedData/SDKExplicitPrecompiledModules/_Builtin_stddef-1MAO6P3OSQFGZFQEPM31XXNSS.pcm
SwiftExplicitDependencyGeneratePcm arm64 /Users/admin/builder/spi-builder-workspace/.derivedData/SDKExplicitPrecompiledModules/ptrcheck-BA65H1NXYZJ0BLLWO9HZOAZ6Y.pcm
SwiftExplicitDependencyGeneratePcm arm64 /Users/admin/builder/spi-builder-workspace/.derivedData/SDKExplicitPrecompiledModules/_SwiftConcurrencyShims-3HZGHPZQL3GY71QUHDRB0P39S.pcm
SwiftExplicitDependencyGeneratePcm arm64 /Users/admin/builder/spi-builder-workspace/.derivedData/SDKExplicitPrecompiledModules/ptrauth-EMKXYE8GN9BK4M3ODSTVDUJU2.pcm
SwiftExplicitDependencyGeneratePcm arm64 /Users/admin/builder/spi-builder-workspace/.derivedData/SDKExplicitPrecompiledModules/_Builtin_stdarg-719DH4G2R3NRP3HRX5HE8WX08.pcm
SwiftExplicitDependencyGeneratePcm arm64 /Users/admin/builder/spi-builder-workspace/.derivedData/SDKExplicitPrecompiledModules/_DarwinFoundation1-90NUFDXQ765U5FR62173FT21A.pcm
SwiftExplicitDependencyGeneratePcm arm64 /Users/admin/builder/spi-builder-workspace/.derivedData/SDKExplicitPrecompiledModules/_DarwinFoundation2-EPKSYG5WMVE7WSPFQB4C0UC59.pcm
SwiftExplicitDependencyGeneratePcm arm64 /Users/admin/builder/spi-builder-workspace/.derivedData/SDKExplicitPrecompiledModules/_Builtin_limits-3JICJWOCEYXXXNXAMEJBF6UQN.pcm
SwiftExplicitDependencyGeneratePcm arm64 /Users/admin/builder/spi-builder-workspace/.derivedData/SDKExplicitPrecompiledModules/sys_types-CATSGLJDZ8UZUMKHO6M4I4PJT.pcm
SwiftExplicitDependencyGeneratePcm arm64 /Users/admin/builder/spi-builder-workspace/.derivedData/SDKExplicitPrecompiledModules/_Builtin_stdint-A8OKY0NXO26BZ4GWYKP79TKL9.pcm
SwiftExplicitDependencyGeneratePcm arm64 /Users/admin/builder/spi-builder-workspace/.derivedData/SDKExplicitPrecompiledModules/string_h-B6D36UOVIZC2Y0YE3KEZLZAP6.pcm
SwiftExplicitDependencyGeneratePcm arm64 /Users/admin/builder/spi-builder-workspace/.derivedData/SDKExplicitPrecompiledModules/_DarwinFoundation3-63L5I5VCGX6CLI6HI7OWUXJN6.pcm
SwiftExplicitDependencyGeneratePcm arm64 /Users/admin/builder/spi-builder-workspace/.derivedData/SDKExplicitPrecompiledModules/_Builtin_inttypes-80RS02PM2X81SP8N0Q7X05540.pcm
SwiftExplicitDependencyGeneratePcm arm64 /Users/admin/builder/spi-builder-workspace/.derivedData/SDKExplicitPrecompiledModules/Darwin-1VTILT8KA42CNDAUB0H1FM7MC.pcm
SwiftExplicitDependencyGeneratePcm arm64 /Users/admin/builder/spi-builder-workspace/.derivedData/SDKExplicitPrecompiledModules/ObjectiveC-CC0BYHG21IQMMT48PGDNSK7G6.pcm
SwiftExplicitDependencyGeneratePcm arm64 /Users/admin/builder/spi-builder-workspace/.derivedData/SDKExplicitPrecompiledModules/os_object-1TJLDNS7X3UT7Y5TM4QQ2RN6G.pcm
SwiftExplicitDependencyGeneratePcm arm64 /Users/admin/builder/spi-builder-workspace/.derivedData/SDKExplicitPrecompiledModules/os_workgroup-E61GF9E8FAHZGKXVOV9QHUD27.pcm
SwiftExplicitDependencyGeneratePcm arm64 /Users/admin/builder/spi-builder-workspace/.derivedData/SDKExplicitPrecompiledModules/Dispatch-F564M6B2H1RRD83XZ8EBWFSHE.pcm
SwiftExplicitDependencyGeneratePcm arm64 /Users/admin/builder/spi-builder-workspace/.derivedData/SDKExplicitPrecompiledModules/CoreFoundation-A4LOYEEJIFQKOPZRDOG9M3N2K.pcm
SwiftExplicitDependencyGeneratePcm arm64 /Users/admin/builder/spi-builder-workspace/.derivedData/SDKExplicitPrecompiledModules/XPC-2WVXL0UION0MYZOZAJZC6DUXD.pcm
SwiftExplicitDependencyGeneratePcm arm64 /Users/admin/builder/spi-builder-workspace/.derivedData/SDKExplicitPrecompiledModules/Security-6KU6X9W8QDIJW83JUF0DRES83.pcm
SwiftExplicitDependencyGeneratePcm arm64 /Users/admin/builder/spi-builder-workspace/.derivedData/SDKExplicitPrecompiledModules/CFNetwork-8S7XZ5SI3TWM2JOZPDZPRY8W9.pcm
SwiftExplicitDependencyGeneratePcm arm64 /Users/admin/builder/spi-builder-workspace/.derivedData/SDKExplicitPrecompiledModules/Foundation-1AS5K10MY6XENLLR2NDUCKYTM.pcm
SwiftEmitModule normal arm64 Emitting\ module\ for\ LStXML2Code (in target 'LStXML2Code' from project 'LStXML2Code')
SwiftCompile normal arm64 (in target 'LStXML2Code' from project 'LStXML2Code')
    cd /Users/admin/builder/spi-builder-workspace/.swiftpm/xcode

SwiftCompile normal arm64 Compiling\ ClosedRoundBracketNode.swift,\ ClosedSquareBracketNode.swift,\ DotNode.swift /Users/admin/builder/spi-builder-workspace/Sources/LStXML2Code/Nodes/ClosedRoundBracketNode.swift /Users/admin/builder/spi-builder-workspace/Sources/LStXML2Code/Nodes/ClosedSquareBracketNode.swift /Users/admin/builder/spi-builder-workspace/Sources/LStXML2Code/Nodes/DotNode.swift (in target 'LStXML2Code' from project 'LStXML2Code')
SwiftCompile normal arm64 /Users/admin/builder/spi-builder-workspace/Sources/LStXML2Code/Nodes/ClosedRoundBracketNode.swift (in target 'LStXML2Code' from project 'LStXML2Code')
    cd /Users/admin/builder/spi-builder-workspace/.swiftpm/xcode
    builtin-SwiftPerFileCompile ClosedRoundBracketNode.swift
SwiftCompile normal arm64 /Users/admin/builder/spi-builder-workspace/Sources/LStXML2Code/Nodes/ClosedSquareBracketNode.swift (in target 'LStXML2Code' from project 'LStXML2Code')
    cd /Users/admin/builder/spi-builder-workspace/.swiftpm/xcode
    builtin-SwiftPerFileCompile ClosedSquareBracketNode.swift
SwiftCompile normal arm64 /Users/admin/builder/spi-builder-workspace/Sources/LStXML2Code/Nodes/DotNode.swift (in target 'LStXML2Code' from project 'LStXML2Code')
    cd /Users/admin/builder/spi-builder-workspace/.swiftpm/xcode
    builtin-SwiftPerFileCompile DotNode.swift
SwiftCompile normal arm64 Compiling\ FloatNumberNode.swift,\ IdentiferNode.swift,\ IntNumberNode.swift /Users/admin/builder/spi-builder-workspace/Sources/LStXML2Code/Nodes/FloatNumberNode.swift /Users/admin/builder/spi-builder-workspace/Sources/LStXML2Code/Nodes/IdentiferNode.swift /Users/admin/builder/spi-builder-workspace/Sources/LStXML2Code/Nodes/IntNumberNode.swift (in target 'LStXML2Code' from project 'LStXML2Code')
SwiftCompile normal arm64 /Users/admin/builder/spi-builder-workspace/Sources/LStXML2Code/Nodes/FloatNumberNode.swift (in target 'LStXML2Code' from project 'LStXML2Code')
    cd /Users/admin/builder/spi-builder-workspace/.swiftpm/xcode
    builtin-SwiftPerFileCompile FloatNumberNode.swift
SwiftCompile normal arm64 /Users/admin/builder/spi-builder-workspace/Sources/LStXML2Code/Nodes/IdentiferNode.swift (in target 'LStXML2Code' from project 'LStXML2Code')
    cd /Users/admin/builder/spi-builder-workspace/.swiftpm/xcode
    builtin-SwiftPerFileCompile IdentiferNode.swift
SwiftCompile normal arm64 /Users/admin/builder/spi-builder-workspace/Sources/LStXML2Code/Nodes/IntNumberNode.swift (in target 'LStXML2Code' from project 'LStXML2Code')
    cd /Users/admin/builder/spi-builder-workspace/.swiftpm/xcode
    builtin-SwiftPerFileCompile IntNumberNode.swift
SwiftCompile normal arm64 Compiling\ Node.swift,\ AssignNode.swift,\ CharNode.swift /Users/admin/builder/spi-builder-workspace/Sources/LStXML2Code/Node.swift /Users/admin/builder/spi-builder-workspace/Sources/LStXML2Code/Nodes/AssignNode.swift /Users/admin/builder/spi-builder-workspace/Sources/LStXML2Code/Nodes/CharNode.swift (in target 'LStXML2Code' from project 'LStXML2Code')
SwiftCompile normal arm64 /Users/admin/builder/spi-builder-workspace/Sources/LStXML2Code/Node.swift (in target 'LStXML2Code' from project 'LStXML2Code')
    cd /Users/admin/builder/spi-builder-workspace/.swiftpm/xcode
    builtin-SwiftPerFileCompile Node.swift
SwiftCompile normal arm64 /Users/admin/builder/spi-builder-workspace/Sources/LStXML2Code/Nodes/AssignNode.swift (in target 'LStXML2Code' from project 'LStXML2Code')
    cd /Users/admin/builder/spi-builder-workspace/.swiftpm/xcode
    builtin-SwiftPerFileCompile AssignNode.swift
SwiftCompile normal arm64 /Users/admin/builder/spi-builder-workspace/Sources/LStXML2Code/Nodes/CharNode.swift (in target 'LStXML2Code' from project 'LStXML2Code')
    cd /Users/admin/builder/spi-builder-workspace/.swiftpm/xcode
    builtin-SwiftPerFileCompile CharNode.swift
SwiftCompile normal arm64 Compiling\ OpenSquareBracketNode.swift,\ SpaceNode.swift /Users/admin/builder/spi-builder-workspace/Sources/LStXML2Code/Nodes/OpenSquareBracketNode.swift /Users/admin/builder/spi-builder-workspace/Sources/LStXML2Code/Nodes/SpaceNode.swift (in target 'LStXML2Code' from project 'LStXML2Code')
SwiftCompile normal arm64 /Users/admin/builder/spi-builder-workspace/Sources/LStXML2Code/Nodes/OpenSquareBracketNode.swift (in target 'LStXML2Code' from project 'LStXML2Code')
    cd /Users/admin/builder/spi-builder-workspace/.swiftpm/xcode
    builtin-SwiftPerFileCompile OpenSquareBracketNode.swift
SwiftCompile normal arm64 /Users/admin/builder/spi-builder-workspace/Sources/LStXML2Code/Nodes/SpaceNode.swift (in target 'LStXML2Code' from project 'LStXML2Code')
    cd /Users/admin/builder/spi-builder-workspace/.swiftpm/xcode
    builtin-SwiftPerFileCompile SpaceNode.swift
SwiftCompile normal arm64 Compiling\ AbstractTree.swift,\ AbstractTreeEncoder.swift,\ AbstractTreeEncoding.swift /Users/admin/builder/spi-builder-workspace/Sources/LStXML2Code/AbstractTree.swift /Users/admin/builder/spi-builder-workspace/Sources/LStXML2Code/AbstractTreeEncoder.swift /Users/admin/builder/spi-builder-workspace/Sources/LStXML2Code/AbstractTreeEncoding.swift (in target 'LStXML2Code' from project 'LStXML2Code')
SwiftCompile normal arm64 /Users/admin/builder/spi-builder-workspace/Sources/LStXML2Code/AbstractTree.swift (in target 'LStXML2Code' from project 'LStXML2Code')
    cd /Users/admin/builder/spi-builder-workspace/.swiftpm/xcode
    builtin-SwiftPerFileCompile AbstractTree.swift
SwiftCompile normal arm64 /Users/admin/builder/spi-builder-workspace/Sources/LStXML2Code/AbstractTreeEncoder.swift (in target 'LStXML2Code' from project 'LStXML2Code')
    cd /Users/admin/builder/spi-builder-workspace/.swiftpm/xcode
    builtin-SwiftPerFileCompile AbstractTreeEncoder.swift
SwiftCompile normal arm64 /Users/admin/builder/spi-builder-workspace/Sources/LStXML2Code/AbstractTreeEncoding.swift (in target 'LStXML2Code' from project 'LStXML2Code')
    cd /Users/admin/builder/spi-builder-workspace/.swiftpm/xcode
    builtin-SwiftPerFileCompile AbstractTreeEncoding.swift
SwiftCompile normal arm64 Compiling\ NumericNode.swift,\ OpenRoundBracketNode.swift /Users/admin/builder/spi-builder-workspace/Sources/LStXML2Code/Nodes/NumericNode.swift /Users/admin/builder/spi-builder-workspace/Sources/LStXML2Code/Nodes/OpenRoundBracketNode.swift (in target 'LStXML2Code' from project 'LStXML2Code')
SwiftCompile normal arm64 /Users/admin/builder/spi-builder-workspace/Sources/LStXML2Code/Nodes/NumericNode.swift (in target 'LStXML2Code' from project 'LStXML2Code')
    cd /Users/admin/builder/spi-builder-workspace/.swiftpm/xcode
    builtin-SwiftPerFileCompile NumericNode.swift
SwiftCompile normal arm64 /Users/admin/builder/spi-builder-workspace/Sources/LStXML2Code/Nodes/OpenRoundBracketNode.swift (in target 'LStXML2Code' from project 'LStXML2Code')
    cd /Users/admin/builder/spi-builder-workspace/.swiftpm/xcode
    builtin-SwiftPerFileCompile OpenRoundBracketNode.swift
SwiftCompile normal arm64 Compiling\ TwoPartDecisionNode.swift,\ XmlPAP.swift /Users/admin/builder/spi-builder-workspace/Sources/LStXML2Code/TwoPartDecisionNode.swift /Users/admin/builder/spi-builder-workspace/Sources/LStXML2Code/XmlPAP.swift (in target 'LStXML2Code' from project 'LStXML2Code')
SwiftCompile normal arm64 /Users/admin/builder/spi-builder-workspace/Sources/LStXML2Code/TwoPartDecisionNode.swift (in target 'LStXML2Code' from project 'LStXML2Code')
    cd /Users/admin/builder/spi-builder-workspace/.swiftpm/xcode
    builtin-SwiftPerFileCompile TwoPartDecisionNode.swift
SwiftCompile normal arm64 /Users/admin/builder/spi-builder-workspace/Sources/LStXML2Code/XmlPAP.swift (in target 'LStXML2Code' from project 'LStXML2Code')
    cd /Users/admin/builder/spi-builder-workspace/.swiftpm/xcode
    builtin-SwiftPerFileCompile XmlPAP.swift
SwiftCompile normal arm64 Compiling\ ValueNode.swift,\ PAPTree.swift /Users/admin/builder/spi-builder-workspace/Sources/LStXML2Code/Nodes/ValueNode.swift /Users/admin/builder/spi-builder-workspace/Sources/LStXML2Code/PAPTree.swift (in target 'LStXML2Code' from project 'LStXML2Code')
SwiftCompile normal arm64 /Users/admin/builder/spi-builder-workspace/Sources/LStXML2Code/Nodes/ValueNode.swift (in target 'LStXML2Code' from project 'LStXML2Code')
    cd /Users/admin/builder/spi-builder-workspace/.swiftpm/xcode
    builtin-SwiftPerFileCompile ValueNode.swift
SwiftCompile normal arm64 /Users/admin/builder/spi-builder-workspace/Sources/LStXML2Code/PAPTree.swift (in target 'LStXML2Code' from project 'LStXML2Code')
    cd /Users/admin/builder/spi-builder-workspace/.swiftpm/xcode
    builtin-SwiftPerFileCompile PAPTree.swift
SwiftCompile normal arm64 Compiling\ PAPTreeEncodingImpl.swift,\ PAPXmlParser.swift /Users/admin/builder/spi-builder-workspace/Sources/LStXML2Code/PAPTreeEncodingImpl.swift /Users/admin/builder/spi-builder-workspace/Sources/LStXML2Code/PAPXmlParser.swift (in target 'LStXML2Code' from project 'LStXML2Code')
/Users/admin/builder/spi-builder-workspace/Sources/LStXML2Code/PAPTreeEncodingImpl.swift:747:32: warning: will never be executed
743 |               }
744 |               else {
745 |                 fatalError("unsupported content detected: \(detected)")
    |                 `- note: a call to a never-returning function
746 |
747 |                 callDetected = false
    |                                `- warning: will never be executed
748 |                 callNewInstanceDetected = false
749 |                 assignmentDetected = false
SwiftCompile normal arm64 /Users/admin/builder/spi-builder-workspace/Sources/LStXML2Code/PAPTreeEncodingImpl.swift (in target 'LStXML2Code' from project 'LStXML2Code')
    cd /Users/admin/builder/spi-builder-workspace/.swiftpm/xcode
    builtin-SwiftPerFileCompile PAPTreeEncodingImpl.swift
SwiftCompile normal arm64 /Users/admin/builder/spi-builder-workspace/Sources/LStXML2Code/PAPXmlParser.swift (in target 'LStXML2Code' from project 'LStXML2Code')
    cd /Users/admin/builder/spi-builder-workspace/.swiftpm/xcode
    builtin-SwiftPerFileCompile PAPXmlParser.swift
SwiftCompile normal arm64 Compiling\ PAPTreeEncoder.swift,\ PAPTreeEncoding.swift /Users/admin/builder/spi-builder-workspace/Sources/LStXML2Code/PAPTreeEncoder.swift /Users/admin/builder/spi-builder-workspace/Sources/LStXML2Code/PAPTreeEncoding.swift (in target 'LStXML2Code' from project 'LStXML2Code')
SwiftCompile normal arm64 /Users/admin/builder/spi-builder-workspace/Sources/LStXML2Code/PAPTreeEncoder.swift (in target 'LStXML2Code' from project 'LStXML2Code')
    cd /Users/admin/builder/spi-builder-workspace/.swiftpm/xcode
    builtin-SwiftPerFileCompile PAPTreeEncoder.swift
SwiftCompile normal arm64 /Users/admin/builder/spi-builder-workspace/Sources/LStXML2Code/PAPTreeEncoding.swift (in target 'LStXML2Code' from project 'LStXML2Code')
    cd /Users/admin/builder/spi-builder-workspace/.swiftpm/xcode
    builtin-SwiftPerFileCompile PAPTreeEncoding.swift
SwiftDriverJobDiscovery normal arm64 Emitting module for LStXML2Code (in target 'LStXML2Code' from project 'LStXML2Code')
SwiftDriver\ Compilation\ Requirements LStXML2Code normal arm64 com.apple.xcode.tools.swift.compiler (in target 'LStXML2Code' from project 'LStXML2Code')
    cd /Users/admin/builder/spi-builder-workspace/.swiftpm/xcode
    builtin-Swift-Compilation-Requirements -- /Applications/Xcode-27.0.0-Release.Candidate.app/Contents/Developer/Toolchains/XcodeDefault.xctoolchain/usr/bin/swiftc -parse-as-library -module-name LStXML2Code -Onone @/Users/admin/builder/spi-builder-workspace/.derivedData/Build/Intermediates.noindex/LStXML2Code.build/Debug-appletvos/LStXML2Code-t.build/Objects-normal/arm64/LStXML2Code.SwiftFileList -DSWIFT_PACKAGE -DDEBUG -DSWIFT_MODULE_RESOURCE_BUNDLE_UNAVAILABLE -DXcode -plugin-path /Applications/Xcode-27.0.0-Release.Candidate.app/Contents/Developer/Toolchains/XcodeDefault.xctoolchain/usr/lib/swift/host/plugins/testing -enable-experimental-feature DebugDescriptionMacro -sdk /Applications/Xcode-27.0.0-Release.Candidate.app/Contents/Developer/Platforms/AppleTVOS.platform/Developer/SDKs/AppleTVOS27.0.sdk -target arm64-apple-tvos15.0 -g -module-cache-path /Users/admin/builder/spi-builder-workspace/.derivedData/ModuleCache.noindex -Xfrontend -serialize-debugging-options -profile-coverage-mapping -profile-generate -enable-testing -index-store-path /Users/admin/builder/spi-builder-workspace/.derivedData/Index.noindex/DataStore -Xcc -D_LIBCPP_HARDENING_MODE\=_LIBCPP_HARDENING_MODE_DEBUG -swift-version 6 -I /Users/admin/builder/spi-builder-workspace/.derivedData/Build/Products/Debug-appletvos -Isystem /Applications/Xcode-27.0.0-Release.Candidate.app/Contents/Developer/Platforms/AppleTVOS.platform/Developer/usr/lib -F /Users/admin/builder/spi-builder-workspace/.derivedData/Build/Products/Debug-appletvos -F /Applications/Xcode-27.0.0-Release.Candidate.app/Contents/Developer/Platforms/AppleTVOS.platform/Developer/Library/Frameworks -F /Applications/Xcode-27.0.0-Release.Candidate.app/Contents/Developer/Platforms/AppleTVOS.platform/Developer/SDKs/AppleTVOS27.0.sdk/Developer/Library/Frameworks -c -j10 -enable-batch-mode -incremental -Xcc -ivfsstatcache -Xcc /Users/admin/builder/spi-builder-workspace/.derivedData/SDKStatCaches.noindex/appletvos27.0-24J360-e829b21a6f8c9b70876ba0858053c044b32bfd8d43560033f8d89884cdb90028.sdkstatcache -output-file-map /Users/admin/builder/spi-builder-workspace/.derivedData/Build/Intermediates.noindex/LStXML2Code.build/Debug-appletvos/LStXML2Code-t.build/Objects-normal/arm64/LStXML2Code-OutputFileMap.json -save-temps -no-color-diagnostics -explicit-module-build -module-cache-path /Users/admin/builder/spi-builder-workspace/.derivedData/Build/Intermediates.noindex/SwiftExplicitPrecompiledModules -clang-scanner-module-cache-path /Users/admin/builder/spi-builder-workspace/.derivedData/ModuleCache.noindex -sdk-module-cache-path /Users/admin/builder/spi-builder-workspace/.derivedData/SDKExplicitPrecompiledModules -emit-dependencies -emit-module -emit-module-path /Users/admin/builder/spi-builder-workspace/.derivedData/Build/Intermediates.noindex/LStXML2Code.build/Debug-appletvos/LStXML2Code-t.build/Objects-normal/arm64/LStXML2Code.swiftmodule -serialize-diagnostics -dependency-scan-serialize-diagnostics-path /Users/admin/builder/spi-builder-workspace/.derivedData/Build/Intermediates.noindex/LStXML2Code.build/Debug-appletvos/LStXML2Code-t.build/Objects-normal/arm64/LStXML2Code-dependency-scan.dia -validate-clang-modules-once -clang-build-session-file /Users/admin/builder/spi-builder-workspace/.derivedData/ModuleCache.noindex/Session.modulevalidation -Xcc -fmodules-prune-interval\=86400 -Xcc -fmodules-prune-after\=345600 -package-name spi_builder_workspace -emit-const-values -const-gather-protocols-list /Users/admin/builder/spi-builder-workspace/.derivedData/Build/Intermediates.noindex/LStXML2Code.build/Debug-appletvos/LStXML2Code-t.build/Objects-normal/arm64/LStXML2Code_const_extract_protocols.json -Xcc -I/Users/admin/builder/spi-builder-workspace/.derivedData/Build/Products/Debug-appletvos/include -Xcc -I/Users/admin/builder/spi-builder-workspace/.derivedData/Build/Intermediates.noindex/LStXML2Code.build/Debug-appletvos/LStXML2Code-t.build/DerivedSources-normal/arm64 -Xcc -I/Users/admin/builder/spi-builder-workspace/.derivedData/Build/Intermediates.noindex/LStXML2Code.build/Debug-appletvos/LStXML2Code-t.build/DerivedSources/arm64 -Xcc -I/Users/admin/builder/spi-builder-workspace/.derivedData/Build/Intermediates.noindex/LStXML2Code.build/Debug-appletvos/LStXML2Code-t.build/DerivedSources -Xcc -DSWIFT_PACKAGE -Xcc -DDEBUG\=1 -emit-objc-header -emit-objc-header-path /Users/admin/builder/spi-builder-workspace/.derivedData/Build/Intermediates.noindex/LStXML2Code.build/Debug-appletvos/LStXML2Code-t.build/Objects-normal/arm64/LStXML2Code-Swift.h -working-directory /Users/admin/builder/spi-builder-workspace/.swiftpm/xcode -experimental-emit-module-separately -disable-cmo
SwiftDriverJobDiscovery normal arm64 Compiling NumericNode.swift, OpenRoundBracketNode.swift (in target 'LStXML2Code' from project 'LStXML2Code')
SwiftMergeGeneratedHeaders /Users/admin/builder/spi-builder-workspace/.derivedData/Build/Intermediates.noindex/GeneratedModuleMaps-appletvos/LStXML2Code-Swift.h /Users/admin/builder/spi-builder-workspace/.derivedData/Build/Intermediates.noindex/LStXML2Code.build/Debug-appletvos/LStXML2Code-t.build/Objects-normal/arm64/LStXML2Code-Swift.h (in target 'LStXML2Code' from project 'LStXML2Code')
    cd /Users/admin/builder/spi-builder-workspace
    builtin-swiftHeaderTool -arch arm64 /Users/admin/builder/spi-builder-workspace/.derivedData/Build/Intermediates.noindex/LStXML2Code.build/Debug-appletvos/LStXML2Code-t.build/Objects-normal/arm64/LStXML2Code-Swift.h -o /Users/admin/builder/spi-builder-workspace/.derivedData/Build/Intermediates.noindex/GeneratedModuleMaps-appletvos/LStXML2Code-Swift.h
Copy /Users/admin/builder/spi-builder-workspace/.derivedData/Build/Products/Debug-appletvos/LStXML2Code.swiftmodule/arm64-apple-tvos.swiftmodule /Users/admin/builder/spi-builder-workspace/.derivedData/Build/Intermediates.noindex/LStXML2Code.build/Debug-appletvos/LStXML2Code-t.build/Objects-normal/arm64/LStXML2Code.swiftmodule (in target 'LStXML2Code' from project 'LStXML2Code')
    cd /Users/admin/builder/spi-builder-workspace
    builtin-copy -exclude .DS_Store -exclude CVS -exclude .svn -exclude .git -exclude .hg -resolve-src-symlinks -rename /Users/admin/builder/spi-builder-workspace/.derivedData/Build/Intermediates.noindex/LStXML2Code.build/Debug-appletvos/LStXML2Code-t.build/Objects-normal/arm64/LStXML2Code.swiftmodule /Users/admin/builder/spi-builder-workspace/.derivedData/Build/Products/Debug-appletvos/LStXML2Code.swiftmodule/arm64-apple-tvos.swiftmodule
Copy /Users/admin/builder/spi-builder-workspace/.derivedData/Build/Products/Debug-appletvos/LStXML2Code.swiftmodule/arm64-apple-tvos.swiftdoc /Users/admin/builder/spi-builder-workspace/.derivedData/Build/Intermediates.noindex/LStXML2Code.build/Debug-appletvos/LStXML2Code-t.build/Objects-normal/arm64/LStXML2Code.swiftdoc (in target 'LStXML2Code' from project 'LStXML2Code')
    cd /Users/admin/builder/spi-builder-workspace
    builtin-copy -exclude .DS_Store -exclude CVS -exclude .svn -exclude .git -exclude .hg -resolve-src-symlinks -rename /Users/admin/builder/spi-builder-workspace/.derivedData/Build/Intermediates.noindex/LStXML2Code.build/Debug-appletvos/LStXML2Code-t.build/Objects-normal/arm64/LStXML2Code.swiftdoc /Users/admin/builder/spi-builder-workspace/.derivedData/Build/Products/Debug-appletvos/LStXML2Code.swiftmodule/arm64-apple-tvos.swiftdoc
SwiftDriverJobDiscovery normal arm64 Compiling OpenSquareBracketNode.swift, SpaceNode.swift (in target 'LStXML2Code' from project 'LStXML2Code')
Copy /Users/admin/builder/spi-builder-workspace/.derivedData/Build/Products/Debug-appletvos/LStXML2Code.swiftmodule/arm64-apple-tvos.abi.json /Users/admin/builder/spi-builder-workspace/.derivedData/Build/Intermediates.noindex/LStXML2Code.build/Debug-appletvos/LStXML2Code-t.build/Objects-normal/arm64/LStXML2Code.abi.json (in target 'LStXML2Code' from project 'LStXML2Code')
    cd /Users/admin/builder/spi-builder-workspace
    builtin-copy -exclude .DS_Store -exclude CVS -exclude .svn -exclude .git -exclude .hg -resolve-src-symlinks -rename /Users/admin/builder/spi-builder-workspace/.derivedData/Build/Intermediates.noindex/LStXML2Code.build/Debug-appletvos/LStXML2Code-t.build/Objects-normal/arm64/LStXML2Code.abi.json /Users/admin/builder/spi-builder-workspace/.derivedData/Build/Products/Debug-appletvos/LStXML2Code.swiftmodule/arm64-apple-tvos.abi.json
Copy /Users/admin/builder/spi-builder-workspace/.derivedData/Build/Products/Debug-appletvos/LStXML2Code.swiftmodule/Project/arm64-apple-tvos.swiftsourceinfo /Users/admin/builder/spi-builder-workspace/.derivedData/Build/Intermediates.noindex/LStXML2Code.build/Debug-appletvos/LStXML2Code-t.build/Objects-normal/arm64/LStXML2Code.swiftsourceinfo (in target 'LStXML2Code' from project 'LStXML2Code')
    cd /Users/admin/builder/spi-builder-workspace
    builtin-copy -exclude .DS_Store -exclude CVS -exclude .svn -exclude .git -exclude .hg -resolve-src-symlinks -rename /Users/admin/builder/spi-builder-workspace/.derivedData/Build/Intermediates.noindex/LStXML2Code.build/Debug-appletvos/LStXML2Code-t.build/Objects-normal/arm64/LStXML2Code.swiftsourceinfo /Users/admin/builder/spi-builder-workspace/.derivedData/Build/Products/Debug-appletvos/LStXML2Code.swiftmodule/Project/arm64-apple-tvos.swiftsourceinfo
SwiftDriverJobDiscovery normal arm64 Compiling ClosedRoundBracketNode.swift, ClosedSquareBracketNode.swift, DotNode.swift (in target 'LStXML2Code' from project 'LStXML2Code')
SwiftDriver BMF2Code normal arm64 com.apple.xcode.tools.swift.compiler (in target 'BMF2Code-product' from project 'LStXML2Code')
    cd /Users/admin/builder/spi-builder-workspace/.swiftpm/xcode
    builtin-SwiftDriver -- /Applications/Xcode-27.0.0-Release.Candidate.app/Contents/Developer/Toolchains/XcodeDefault.xctoolchain/usr/bin/swiftc -parse-as-library -module-name BMF2Code -Onone @/Users/admin/builder/spi-builder-workspace/.derivedData/Build/Intermediates.noindex/LStXML2Code.build/Debug-appletvos/BMF2Code-p.build/Objects-normal/arm64/BMF2Code.SwiftFileList -DSWIFT_PACKAGE -DDEBUG -DXcode -plugin-path /Applications/Xcode-27.0.0-Release.Candidate.app/Contents/Developer/Toolchains/XcodeDefault.xctoolchain/usr/lib/swift/host/plugins/testing -enable-experimental-feature DebugDescriptionMacro -sdk /Applications/Xcode-27.0.0-Release.Candidate.app/Contents/Developer/Platforms/AppleTVOS.platform/Developer/SDKs/AppleTVOS27.0.sdk -target arm64-apple-tvos15.0 -g -module-cache-path /Users/admin/builder/spi-builder-workspace/.derivedData/ModuleCache.noindex -Xfrontend -serialize-debugging-options -profile-coverage-mapping -profile-generate -enable-testing -index-store-path /Users/admin/builder/spi-builder-workspace/.derivedData/Index.noindex/DataStore -Xcc -D_LIBCPP_HARDENING_MODE\=_LIBCPP_HARDENING_MODE_DEBUG -swift-version 6 -I /Users/admin/builder/spi-builder-workspace/.derivedData/Build/Products/Debug-appletvos -Isystem /Applications/Xcode-27.0.0-Release.Candidate.app/Contents/Developer/Platforms/AppleTVOS.platform/Developer/usr/lib -F /Users/admin/builder/spi-builder-workspace/.derivedData/Build/Products/Debug-appletvos/PackageFrameworks -F /Users/admin/builder/spi-builder-workspace/.derivedData/Build/Products/Debug-appletvos -F /Applications/Xcode-27.0.0-Release.Candidate.app/Contents/Developer/Platforms/AppleTVOS.platform/Developer/Library/Frameworks -F /Applications/Xcode-27.0.0-Release.Candidate.app/Contents/Developer/Platforms/AppleTVOS.platform/Developer/SDKs/AppleTVOS27.0.sdk/Developer/Library/Frameworks -c -j10 -enable-batch-mode -incremental -Xcc -ivfsstatcache -Xcc /Users/admin/builder/spi-builder-workspace/.derivedData/SDKStatCaches.noindex/appletvos27.0-24J360-e829b21a6f8c9b70876ba0858053c044b32bfd8d43560033f8d89884cdb90028.sdkstatcache -output-file-map /Users/admin/builder/spi-builder-workspace/.derivedData/Build/Intermediates.noindex/LStXML2Code.build/Debug-appletvos/BMF2Code-p.build/Objects-normal/arm64/BMF2Code-OutputFileMap.json -save-temps -no-color-diagnostics -explicit-module-build -module-cache-path /Users/admin/builder/spi-builder-workspace/.derivedData/Build/Intermediates.noindex/SwiftExplicitPrecompiledModules -clang-scanner-module-cache-path /Users/admin/builder/spi-builder-workspace/.derivedData/ModuleCache.noindex -sdk-module-cache-path /Users/admin/builder/spi-builder-workspace/.derivedData/SDKExplicitPrecompiledModules -emit-dependencies -emit-module -emit-module-path /Users/admin/builder/spi-builder-workspace/.derivedData/Build/Intermediates.noindex/LStXML2Code.build/Debug-appletvos/BMF2Code-p.build/Objects-normal/arm64/BMF2Code.swiftmodule -serialize-diagnostics -dependency-scan-serialize-diagnostics-path /Users/admin/builder/spi-builder-workspace/.derivedData/Build/Intermediates.noindex/LStXML2Code.build/Debug-appletvos/BMF2Code-p.build/Objects-normal/arm64/BMF2Code-dependency-scan.dia -validate-clang-modules-once -clang-build-session-file /Users/admin/builder/spi-builder-workspace/.derivedData/ModuleCache.noindex/Session.modulevalidation -Xcc -fmodules-prune-interval\=86400 -Xcc -fmodules-prune-after\=345600 -package-name spi_builder_workspace -emit-const-values -const-gather-protocols-list /Users/admin/builder/spi-builder-workspace/.derivedData/Build/Intermediates.noindex/LStXML2Code.build/Debug-appletvos/BMF2Code-p.build/Objects-normal/arm64/BMF2Code_const_extract_protocols.json -Xcc -I/Users/admin/builder/spi-builder-workspace/.derivedData/Build/Products/Debug-appletvos/include -Xcc -I/Users/admin/builder/spi-builder-workspace/.derivedData/Build/Intermediates.noindex/LStXML2Code.build/Debug-appletvos/BMF2Code-p.build/DerivedSources-normal/arm64 -Xcc -I/Users/admin/builder/spi-builder-workspace/.derivedData/Build/Intermediates.noindex/LStXML2Code.build/Debug-appletvos/BMF2Code-p.build/DerivedSources/arm64 -Xcc -I/Users/admin/builder/spi-builder-workspace/.derivedData/Build/Intermediates.noindex/LStXML2Code.build/Debug-appletvos/BMF2Code-p.build/DerivedSources -Xcc -DSWIFT_PACKAGE -Xcc -DDEBUG\=1 -working-directory /Users/admin/builder/spi-builder-workspace/.swiftpm/xcode -experimental-emit-module-separately -disable-cmo
SwiftDriverJobDiscovery normal arm64 Compiling ValueNode.swift, PAPTree.swift (in target 'LStXML2Code' from project 'LStXML2Code')
SwiftDriverJobDiscovery normal arm64 Compiling FloatNumberNode.swift, IdentiferNode.swift, IntNumberNode.swift (in target 'LStXML2Code' from project 'LStXML2Code')
SwiftDriverJobDiscovery normal arm64 Compiling Node.swift, AssignNode.swift, CharNode.swift (in target 'LStXML2Code' from project 'LStXML2Code')
SwiftEmitModule normal arm64 Emitting\ module\ for\ BMF2Code (in target 'BMF2Code-product' from project 'LStXML2Code')
SwiftCompile normal arm64 (in target 'BMF2Code-product' from project 'LStXML2Code')
    cd /Users/admin/builder/spi-builder-workspace/.swiftpm/xcode

SwiftCompile normal arm64 Compiling\ SwiftEncoding.swift /Users/admin/builder/spi-builder-workspace/Sources/BMF2Code/SwiftEncoding.swift (in target 'BMF2Code-product' from project 'LStXML2Code')
/Users/admin/builder/spi-builder-workspace/Sources/BMF2Code/SwiftEncoding.swift:104:45: error: 'split(separator:maxSplits:omittingEmptySubsequences:)' is only available in tvOS 16.0 or newer
 10 | ///
 11 | /// Basis sind die Java8 Anweisungen die das [ITZBund](https://www.itzbund.de) verwendet und durch die **JavApi⁴Swift** abgebildet werden.
 12 | open class SwiftEncoding : AbstractTreeEncoding {
    |            `- note: add '@available' attribute to enclosing class
 13 |   public func encode(_ value: AbstractTree) throws -> Data? {
 14 |
    :
 59 |
 60 |   var intend = 0
 61 |   open func traverse (node : Node) {
    |             `- note: add '@available' attribute to enclosing instance method
 62 |     var output = ""
 63 |     for _ in 0..<intend {
    :
102 |       var defaultValueAdding = nil != node.getAttribute(name: "default") ? " = \(node.getAttribute(name: "default")!)" : ""
103 |       if defaultValueAdding.starts(with: " = new ") {
104 |         let withoutNew = defaultValueAdding.split(separator: " = new ")[0]
    |                                             |- error: 'split(separator:maxSplits:omittingEmptySubsequences:)' is only available in tvOS 16.0 or newer
    |                                             `- note: add 'if #available' version check
105 |         defaultValueAdding = " = \(withoutNew)"
106 |       }
/Users/admin/builder/spi-builder-workspace/Sources/BMF2Code/SwiftEncoding.swift:155:45: error: 'split(separator:maxSplits:omittingEmptySubsequences:)' is only available in tvOS 16.0 or newer
 10 | ///
 11 | /// Basis sind die Java8 Anweisungen die das [ITZBund](https://www.itzbund.de) verwendet und durch die **JavApi⁴Swift** abgebildet werden.
 12 | open class SwiftEncoding : AbstractTreeEncoding {
    |            `- note: add '@available' attribute to enclosing class
 13 |   public func encode(_ value: AbstractTree) throws -> Data? {
 14 |
    :
 59 |
 60 |   var intend = 0
 61 |   open func traverse (node : Node) {
    |             `- note: add '@available' attribute to enclosing instance method
 62 |     var output = ""
 63 |     for _ in 0..<intend {
    :
153 |       var defaultValueAdding = nil != node.getAttribute(name: "default") ? " = \(node.getAttribute(name: "default")!)" : ""
154 |       if defaultValueAdding.starts(with: " = new ") {
155 |         let withoutNew = defaultValueAdding.split(separator: " = new ")[0]
    |                                             |- error: 'split(separator:maxSplits:omittingEmptySubsequences:)' is only available in tvOS 16.0 or newer
    |                                             `- note: add 'if #available' version check
156 |         defaultValueAdding = " = \(withoutNew)"
157 |       }
/Users/admin/builder/spi-builder-workspace/Sources/BMF2Code/SwiftEncoding.swift:180:45: error: 'split(separator:maxSplits:omittingEmptySubsequences:)' is only available in tvOS 16.0 or newer
 10 | ///
 11 | /// Basis sind die Java8 Anweisungen die das [ITZBund](https://www.itzbund.de) verwendet und durch die **JavApi⁴Swift** abgebildet werden.
 12 | open class SwiftEncoding : AbstractTreeEncoding {
    |            `- note: add '@available' attribute to enclosing class
 13 |   public func encode(_ value: AbstractTree) throws -> Data? {
 14 |
    :
 59 |
 60 |   var intend = 0
 61 |   open func traverse (node : Node) {
    |             `- note: add '@available' attribute to enclosing instance method
 62 |     var output = ""
 63 |     for _ in 0..<intend {
    :
178 |       var defaultValueAdding = nil != node.getAttribute(name: "value") ? " = \(node.getAttribute(name: "value")!)" : ""
179 |       if defaultValueAdding.starts(with: " = new ") {
180 |         let withoutNew = defaultValueAdding.split(separator: " = new ")[0]
    |                                             |- error: 'split(separator:maxSplits:omittingEmptySubsequences:)' is only available in tvOS 16.0 or newer
    |                                             `- note: add 'if #available' version check
181 |         defaultValueAdding = " = \(withoutNew)"
182 |       }
/Users/admin/builder/spi-builder-workspace/Sources/BMF2Code/SwiftEncoding.swift:240:20: error: 'split(separator:maxSplits:omittingEmptySubsequences:)' is only available in tvOS 16.0 or newer
 10 | ///
 11 | /// Basis sind die Java8 Anweisungen die das [ITZBund](https://www.itzbund.de) verwendet und durch die **JavApi⁴Swift** abgebildet werden.
 12 | open class SwiftEncoding : AbstractTreeEncoding {
    |            `- note: add '@available' attribute to enclosing class
 13 |   public func encode(_ value: AbstractTree) throws -> Data? {
 14 |
    :
 59 |
 60 |   var intend = 0
 61 |   open func traverse (node : Node) {
    |             `- note: add '@available' attribute to enclosing instance method
 62 |     var output = ""
 63 |     for _ in 0..<intend {
    :
238 |         }
239 |       }
240 |       parts = code.split(separator: "= new ")
    |                    |- error: 'split(separator:maxSplits:omittingEmptySubsequences:)' is only available in tvOS 16.0 or newer
    |                    `- note: add 'if #available' version check
241 |       code = ""
242 |       for (offset,part) in parts.enumerated() {
Failed frontend command:
/Applications/Xcode-27.0.0-Release.Candidate.app/Contents/Developer/Toolchains/XcodeDefault.xctoolchain/usr/bin/swift-frontend -frontend -c /Users/admin/builder/spi-builder-workspace/Sources/BMF2Code/BMF2Code.swift /Users/admin/builder/spi-builder-workspace/Sources/BMF2Code/JavaEncoding.swift -primary-file /Users/admin/builder/spi-builder-workspace/Sources/BMF2Code/SwiftEncoding.swift -emit-dependencies-path /Users/admin/builder/spi-builder-workspace/.derivedData/Build/Intermediates.noindex/LStXML2Code.build/Debug-appletvos/BMF2Code-p.build/Objects-normal/arm64/SwiftEncoding.d -emit-const-values-path /Users/admin/builder/spi-builder-workspace/.derivedData/Build/Intermediates.noindex/LStXML2Code.build/Debug-appletvos/BMF2Code-p.build/Objects-normal/arm64/SwiftEncoding.swiftconstvalues -emit-reference-dependencies-path /Users/admin/builder/spi-builder-workspace/.derivedData/Build/Intermediates.noindex/LStXML2Code.build/Debug-appletvos/BMF2Code-p.build/Objects-normal/arm64/SwiftEncoding.swiftdeps -serialize-diagnostics-path /Users/admin/builder/spi-builder-workspace/.derivedData/Build/Intermediates.noindex/LStXML2Code.build/Debug-appletvos/BMF2Code-p.build/Objects-normal/arm64/SwiftEncoding.dia -target arm64-apple-tvos15.0 -disable-cross-import-overlay-search -load-resolved-plugin /Applications/Xcode-27.0.0-Release.Candidate.app/Contents/Developer/Platforms/AppleTVOS.platform/Developer/usr/lib/swift/host/plugins/libFoundationMacros.dylib\#/Applications/Xcode-27.0.0-Release.Candidate.app/Contents/Developer/Platforms/AppleTVOS.platform/Developer/usr/bin/swift-plugin-server\#FoundationMacros -load-resolved-plugin /Applications/Xcode-27.0.0-Release.Candidate.app/Contents/Developer/Platforms/AppleTVOS.platform/Developer/usr/lib/swift/host/plugins/libObservationMacros.dylib\#/Applications/Xcode-27.0.0-Release.Candidate.app/Contents/Developer/Platforms/AppleTVOS.platform/Developer/usr/bin/swift-plugin-server\#ObservationMacros -load-resolved-plugin /Applications/Xcode-27.0.0-Release.Candidate.app/Contents/Developer/Platforms/AppleTVOS.platform/Developer/usr/lib/swift/host/plugins/libSwiftMacros.dylib\#/Applications/Xcode-27.0.0-Release.Candidate.app/Contents/Developer/Platforms/AppleTVOS.platform/Developer/usr/bin/swift-plugin-server\#SwiftMacros -disable-implicit-swift-modules -Xcc -fno-implicit-modules -Xcc -fno-implicit-module-maps -explicit-swift-module-map-file /Users/admin/builder/spi-builder-workspace/.derivedData/Build/Intermediates.noindex/LStXML2Code.build/Debug-appletvos/BMF2Code-p.build/Objects-normal/arm64/BMF2Code-dependencies-1.json -Xllvm -aarch64-use-tbi -enable-objc-interop -stack-check -sdk /Applications/Xcode-27.0.0-Release.Candidate.app/Contents/Developer/Platforms/AppleTVOS.platform/Developer/SDKs/AppleTVOS27.0.sdk -I /Users/admin/builder/spi-builder-workspace/.derivedData/Build/Products/Debug-appletvos -Isystem /Applications/Xcode-27.0.0-Release.Candidate.app/Contents/Developer/Platforms/AppleTVOS.platform/Developer/usr/lib -F /Users/admin/builder/spi-builder-workspace/.derivedData/Build/Products/Debug-appletvos/PackageFrameworks -F /Users/admin/builder/spi-builder-workspace/.derivedData/Build/Products/Debug-appletvos -F /Applications/Xcode-27.0.0-Release.Candidate.app/Contents/Developer/Platforms/AppleTVOS.platform/Developer/Library/Frameworks -F /Applications/Xcode-27.0.0-Release.Candidate.app/Contents/Developer/Platforms/AppleTVOS.platform/Developer/SDKs/AppleTVOS27.0.sdk/Developer/Library/Frameworks -module-cache-path /Users/admin/builder/spi-builder-workspace/.derivedData/Build/Intermediates.noindex/SwiftExplicitPrecompiledModules -no-color-diagnostics -Xcc -fno-color-diagnostics -enable-testing -g -debug-info-format\=dwarf -dwarf-version\=4 -profile-generate -profile-coverage-mapping -swift-version 6 -Onone -D SWIFT_PACKAGE -D DEBUG -D Xcode -serialize-debugging-options -enable-experimental-feature DebugDescriptionMacro -empty-abi-descriptor -validate-clang-modules-once -clang-build-session-file /Users/admin/builder/spi-builder-workspace/.derivedData/ModuleCache.noindex/Session.modulevalidation -Xcc -working-directory -Xcc /Users/admin/builder/spi-builder-workspace/.swiftpm/xcode -enable-anonymous-context-mangled-names -file-compilation-dir /Users/admin/builder/spi-builder-workspace/.swiftpm/xcode -Xcc -D_LIBCPP_HARDENING_MODE\=_LIBCPP_HARDENING_MODE_DEBUG -Xcc -ivfsstatcache -Xcc /Users/admin/builder/spi-builder-workspace/.derivedData/SDKStatCaches.noindex/appletvos27.0-24J360-e829b21a6f8c9b70876ba0858053c044b32bfd8d43560033f8d89884cdb90028.sdkstatcache -Xcc -fmodules-prune-interval\=86400 -Xcc -fmodules-prune-after\=345600 -Xcc -I/Users/admin/builder/spi-builder-workspace/.derivedData/Build/Products/Debug-appletvos/include -Xcc -I/Users/admin/builder/spi-builder-workspace/.derivedData/Build/Intermediates.noindex/LStXML2Code.build/Debug-appletvos/BMF2Code-p.build/DerivedSources-normal/arm64 -Xcc -I/Users/admin/builder/spi-builder-workspace/.derivedData/Build/Intermediates.noindex/LStXML2Code.build/Debug-appletvos/BMF2Code-p.build/DerivedSources/arm64 -Xcc -I/Users/admin/builder/spi-builder-workspace/.derivedData/Build/Intermediates.noindex/LStXML2Code.build/Debug-appletvos/BMF2Code-p.build/DerivedSources -Xcc -DSWIFT_PACKAGE -Xcc -DDEBUG\=1 -no-auto-bridging-header-chaining -module-name BMF2Code -package-name spi_builder_workspace -const-gather-protocols-file /Users/admin/builder/spi-builder-workspace/.derivedData/Build/Intermediates.noindex/LStXML2Code.build/Debug-appletvos/BMF2Code-p.build/Objects-normal/arm64/BMF2Code_const_extract_protocols.json -disable-clang-spi -clang-target arm64-apple-tvos27.0 -target-sdk-version 27.0 -target-sdk-name appletvos27.0 -in-process-plugin-server-path /Applications/Xcode-27.0.0-Release.Candidate.app/Contents/Developer/Toolchains/XcodeDefault.xctoolchain/usr/lib/swift/host/libSwiftInProcPluginServer.dylib -parse-as-library -o /Users/admin/builder/spi-builder-workspace/.derivedData/Build/Intermediates.noindex/LStXML2Code.build/Debug-appletvos/BMF2Code-p.build/Objects-normal/arm64/SwiftEncoding.o -debug-module-path /Users/admin/builder/spi-builder-workspace/.derivedData/Build/Intermediates.noindex/LStXML2Code.build/Debug-appletvos/BMF2Code-p.build/Objects-normal/arm64/BMF2Code.swiftmodule -index-unit-output-path /LStXML2Code.build/Debug-appletvos/BMF2Code-p.build/Objects-normal/arm64/SwiftEncoding.o -index-store-path /Users/admin/builder/spi-builder-workspace/.derivedData/Index.noindex/DataStore -index-system-modules
SwiftCompile normal arm64 /Users/admin/builder/spi-builder-workspace/Sources/BMF2Code/SwiftEncoding.swift (in target 'BMF2Code-product' from project 'LStXML2Code')
    cd /Users/admin/builder/spi-builder-workspace/.swiftpm/xcode
    builtin-SwiftPerFileCompile SwiftEncoding.swift
SwiftCompile normal arm64 Compiling\ JavaEncoding.swift /Users/admin/builder/spi-builder-workspace/Sources/BMF2Code/JavaEncoding.swift (in target 'BMF2Code-product' from project 'LStXML2Code')
SwiftCompile normal arm64 /Users/admin/builder/spi-builder-workspace/Sources/BMF2Code/JavaEncoding.swift (in target 'BMF2Code-product' from project 'LStXML2Code')
    cd /Users/admin/builder/spi-builder-workspace/.swiftpm/xcode
    builtin-SwiftPerFileCompile JavaEncoding.swift
SwiftCompile normal arm64 Compiling\ BMF2Code.swift /Users/admin/builder/spi-builder-workspace/Sources/BMF2Code/BMF2Code.swift (in target 'BMF2Code-product' from project 'LStXML2Code')
/Users/admin/builder/spi-builder-workspace/Sources/BMF2Code/BMF2Code.swift:23:97: error: 'path(percentEncoded:)' is only available in tvOS 16.0 or newer
  8 | @main
  9 | /// Quelletxtgenerator zur Nutzung des durch das BMF bereitgestellten Pseudo-Quelltext zur Berechnung der Lohnsteuerabzüge bei der Einkommensteuer.
 10 | public struct BMF2Code {
    |               `- note: add '@available' attribute to enclosing struct
 11 |   /// Interne Version
 12 |   public static let VERSION = "1.1.0"
    :
 15 |   // MARK: main entry point
 16 |   /// Einsprungspunkt der Kommandozeilenanwendung
 17 |   static func main () {
    |               `- note: add '@available' attribute to enclosing static method
 18 |     var cmdLineArgs = CommandLine.arguments
 19 | #if DEBUG
    :
 21 |     // if run in xcode use invocation instead of xcode edit scheme
 22 |     if let _ = ProcessInfo().environment["__XCODE_BUILT_PRODUCTS_DIR_PATHS"] {
 23 |       let documents = FileManager.default.urls(for: .documentDirectory, in: .userDomainMask)[0].path()
    |                                                                                                 |- error: 'path(percentEncoded:)' is only available in tvOS 16.0 or newer
    |                                                                                                 `- note: add 'if #available' version check
 24 |       let project = "workspace/LStXML2Code/"
 25 |       let xmls = "Tests/LStXML2CodeTests/xml/"
/Users/admin/builder/spi-builder-workspace/Sources/BMF2Code/BMF2Code.swift:43:86: error: 'init(filePath:directoryHint:relativeTo:)' is only available in tvOS 16.0 or newer
  8 | @main
  9 | /// Quelletxtgenerator zur Nutzung des durch das BMF bereitgestellten Pseudo-Quelltext zur Berechnung der Lohnsteuerabzüge bei der Einkommensteuer.
 10 | public struct BMF2Code {
    |               `- note: add '@available' attribute to enclosing struct
 11 |   /// Interne Version
 12 |   public static let VERSION = "1.1.0"
    :
 15 |   // MARK: main entry point
 16 |   /// Einsprungspunkt der Kommandozeilenanwendung
 17 |   static func main () {
    |               `- note: add '@available' attribute to enclosing static method
 18 |     var cmdLineArgs = CommandLine.arguments
 19 | #if DEBUG
    :
 41 |       let source = runtimeParameter["in"]!
 42 |
 43 |       let sourceURL : URL? = source.starts(with: "https://") ? URL(string: source) : URL(filePath: source)
    |                                                                                      |- error: 'init(filePath:directoryHint:relativeTo:)' is only available in tvOS 16.0 or newer
    |                                                                                      `- note: add 'if #available' version check
 44 |
 45 |       // TODO: checkResourceIsReachable with Swift 5.9 only implemented for file system - implement something for other protocols to support these
/Users/admin/builder/spi-builder-workspace/Sources/BMF2Code/BMF2Code.swift:64:39: error: 'init(filePath:directoryHint:relativeTo:)' is only available in tvOS 16.0 or newer
  8 | @main
  9 | /// Quelletxtgenerator zur Nutzung des durch das BMF bereitgestellten Pseudo-Quelltext zur Berechnung der Lohnsteuerabzüge bei der Einkommensteuer.
 10 | public struct BMF2Code {
    |               `- note: add '@available' attribute to enclosing struct
 11 |   /// Interne Version
 12 |   public static let VERSION = "1.1.0"
    :
 15 |   // MARK: main entry point
 16 |   /// Einsprungspunkt der Kommandozeilenanwendung
 17 |   static func main () {
    |               `- note: add '@available' attribute to enclosing static method
 18 |     var cmdLineArgs = CommandLine.arguments
 19 | #if DEBUG
    :
 62 |       if let encodedString = String (data: encodedData, encoding: .utf8) {
 63 |         if let outputFileName = runtimeParameter["out"] {
 64 |           try encodedString.write(to: URL(filePath: outputFileName), atomically: true, encoding: String.Encoding.utf8)
    |                                       |- error: 'init(filePath:directoryHint:relativeTo:)' is only available in tvOS 16.0 or newer
    |                                       `- note: add 'if #available' version check
 65 |         }
 66 |         else {
Failed frontend command:
/Applications/Xcode-27.0.0-Release.Candidate.app/Contents/Developer/Toolchains/XcodeDefault.xctoolchain/usr/bin/swift-frontend -frontend -c -primary-file /Users/admin/builder/spi-builder-workspace/Sources/BMF2Code/BMF2Code.swift /Users/admin/builder/spi-builder-workspace/Sources/BMF2Code/JavaEncoding.swift /Users/admin/builder/spi-builder-workspace/Sources/BMF2Code/SwiftEncoding.swift -emit-dependencies-path /Users/admin/builder/spi-builder-workspace/.derivedData/Build/Intermediates.noindex/LStXML2Code.build/Debug-appletvos/BMF2Code-p.build/Objects-normal/arm64/BMF2Code.d -emit-const-values-path /Users/admin/builder/spi-builder-workspace/.derivedData/Build/Intermediates.noindex/LStXML2Code.build/Debug-appletvos/BMF2Code-p.build/Objects-normal/arm64/BMF2Code.swiftconstvalues -emit-reference-dependencies-path /Users/admin/builder/spi-builder-workspace/.derivedData/Build/Intermediates.noindex/LStXML2Code.build/Debug-appletvos/BMF2Code-p.build/Objects-normal/arm64/BMF2Code.swiftdeps -serialize-diagnostics-path /Users/admin/builder/spi-builder-workspace/.derivedData/Build/Intermediates.noindex/LStXML2Code.build/Debug-appletvos/BMF2Code-p.build/Objects-normal/arm64/BMF2Code.dia -target arm64-apple-tvos15.0 -disable-cross-import-overlay-search -load-resolved-plugin /Applications/Xcode-27.0.0-Release.Candidate.app/Contents/Developer/Platforms/AppleTVOS.platform/Developer/usr/lib/swift/host/plugins/libFoundationMacros.dylib\#/Applications/Xcode-27.0.0-Release.Candidate.app/Contents/Developer/Platforms/AppleTVOS.platform/Developer/usr/bin/swift-plugin-server\#FoundationMacros -load-resolved-plugin /Applications/Xcode-27.0.0-Release.Candidate.app/Contents/Developer/Platforms/AppleTVOS.platform/Developer/usr/lib/swift/host/plugins/libObservationMacros.dylib\#/Applications/Xcode-27.0.0-Release.Candidate.app/Contents/Developer/Platforms/AppleTVOS.platform/Developer/usr/bin/swift-plugin-server\#ObservationMacros -load-resolved-plugin /Applications/Xcode-27.0.0-Release.Candidate.app/Contents/Developer/Platforms/AppleTVOS.platform/Developer/usr/lib/swift/host/plugins/libSwiftMacros.dylib\#/Applications/Xcode-27.0.0-Release.Candidate.app/Contents/Developer/Platforms/AppleTVOS.platform/Developer/usr/bin/swift-plugin-server\#SwiftMacros -disable-implicit-swift-modules -Xcc -fno-implicit-modules -Xcc -fno-implicit-module-maps -explicit-swift-module-map-file /Users/admin/builder/spi-builder-workspace/.derivedData/Build/Intermediates.noindex/LStXML2Code.build/Debug-appletvos/BMF2Code-p.build/Objects-normal/arm64/BMF2Code-dependencies-1.json -Xllvm -aarch64-use-tbi -enable-objc-interop -stack-check -sdk /Applications/Xcode-27.0.0-Release.Candidate.app/Contents/Developer/Platforms/AppleTVOS.platform/Developer/SDKs/AppleTVOS27.0.sdk -I /Users/admin/builder/spi-builder-workspace/.derivedData/Build/Products/Debug-appletvos -Isystem /Applications/Xcode-27.0.0-Release.Candidate.app/Contents/Developer/Platforms/AppleTVOS.platform/Developer/usr/lib -F /Users/admin/builder/spi-builder-workspace/.derivedData/Build/Products/Debug-appletvos/PackageFrameworks -F /Users/admin/builder/spi-builder-workspace/.derivedData/Build/Products/Debug-appletvos -F /Applications/Xcode-27.0.0-Release.Candidate.app/Contents/Developer/Platforms/AppleTVOS.platform/Developer/Library/Frameworks -F /Applications/Xcode-27.0.0-Release.Candidate.app/Contents/Developer/Platforms/AppleTVOS.platform/Developer/SDKs/AppleTVOS27.0.sdk/Developer/Library/Frameworks -module-cache-path /Users/admin/builder/spi-builder-workspace/.derivedData/Build/Intermediates.noindex/SwiftExplicitPrecompiledModules -no-color-diagnostics -Xcc -fno-color-diagnostics -enable-testing -g -debug-info-format\=dwarf -dwarf-version\=4 -profile-generate -profile-coverage-mapping -swift-version 6 -Onone -D SWIFT_PACKAGE -D DEBUG -D Xcode -serialize-debugging-options -enable-experimental-feature DebugDescriptionMacro -empty-abi-descriptor -validate-clang-modules-once -clang-build-session-file /Users/admin/builder/spi-builder-workspace/.derivedData/ModuleCache.noindex/Session.modulevalidation -Xcc -working-directory -Xcc /Users/admin/builder/spi-builder-workspace/.swiftpm/xcode -enable-anonymous-context-mangled-names -file-compilation-dir /Users/admin/builder/spi-builder-workspace/.swiftpm/xcode -Xcc -D_LIBCPP_HARDENING_MODE\=_LIBCPP_HARDENING_MODE_DEBUG -Xcc -ivfsstatcache -Xcc /Users/admin/builder/spi-builder-workspace/.derivedData/SDKStatCaches.noindex/appletvos27.0-24J360-e829b21a6f8c9b70876ba0858053c044b32bfd8d43560033f8d89884cdb90028.sdkstatcache -Xcc -fmodules-prune-interval\=86400 -Xcc -fmodules-prune-after\=345600 -Xcc -I/Users/admin/builder/spi-builder-workspace/.derivedData/Build/Products/Debug-appletvos/include -Xcc -I/Users/admin/builder/spi-builder-workspace/.derivedData/Build/Intermediates.noindex/LStXML2Code.build/Debug-appletvos/BMF2Code-p.build/DerivedSources-normal/arm64 -Xcc -I/Users/admin/builder/spi-builder-workspace/.derivedData/Build/Intermediates.noindex/LStXML2Code.build/Debug-appletvos/BMF2Code-p.build/DerivedSources/arm64 -Xcc -I/Users/admin/builder/spi-builder-workspace/.derivedData/Build/Intermediates.noindex/LStXML2Code.build/Debug-appletvos/BMF2Code-p.build/DerivedSources -Xcc -DSWIFT_PACKAGE -Xcc -DDEBUG\=1 -no-auto-bridging-header-chaining -module-name BMF2Code -package-name spi_builder_workspace -const-gather-protocols-file /Users/admin/builder/spi-builder-workspace/.derivedData/Build/Intermediates.noindex/LStXML2Code.build/Debug-appletvos/BMF2Code-p.build/Objects-normal/arm64/BMF2Code_const_extract_protocols.json -disable-clang-spi -clang-target arm64-apple-tvos27.0 -target-sdk-version 27.0 -target-sdk-name appletvos27.0 -in-process-plugin-server-path /Applications/Xcode-27.0.0-Release.Candidate.app/Contents/Developer/Toolchains/XcodeDefault.xctoolchain/usr/lib/swift/host/libSwiftInProcPluginServer.dylib -parse-as-library -o /Users/admin/builder/spi-builder-workspace/.derivedData/Build/Intermediates.noindex/LStXML2Code.build/Debug-appletvos/BMF2Code-p.build/Objects-normal/arm64/BMF2Code.o -debug-module-path /Users/admin/builder/spi-builder-workspace/.derivedData/Build/Intermediates.noindex/LStXML2Code.build/Debug-appletvos/BMF2Code-p.build/Objects-normal/arm64/BMF2Code.swiftmodule -index-unit-output-path /LStXML2Code.build/Debug-appletvos/BMF2Code-p.build/Objects-normal/arm64/BMF2Code.o -index-store-path /Users/admin/builder/spi-builder-workspace/.derivedData/Index.noindex/DataStore -index-system-modules
SwiftCompile normal arm64 /Users/admin/builder/spi-builder-workspace/Sources/BMF2Code/BMF2Code.swift (in target 'BMF2Code-product' from project 'LStXML2Code')
    cd /Users/admin/builder/spi-builder-workspace/.swiftpm/xcode
    builtin-SwiftPerFileCompile BMF2Code.swift
SwiftDriverJobDiscovery normal arm64 Emitting module for BMF2Code (in target 'BMF2Code-product' from project 'LStXML2Code')
SwiftDriver\ Compilation\ Requirements BMF2Code normal arm64 com.apple.xcode.tools.swift.compiler (in target 'BMF2Code-product' from project 'LStXML2Code')
    cd /Users/admin/builder/spi-builder-workspace/.swiftpm/xcode
    builtin-Swift-Compilation-Requirements -- /Applications/Xcode-27.0.0-Release.Candidate.app/Contents/Developer/Toolchains/XcodeDefault.xctoolchain/usr/bin/swiftc -parse-as-library -module-name BMF2Code -Onone @/Users/admin/builder/spi-builder-workspace/.derivedData/Build/Intermediates.noindex/LStXML2Code.build/Debug-appletvos/BMF2Code-p.build/Objects-normal/arm64/BMF2Code.SwiftFileList -DSWIFT_PACKAGE -DDEBUG -DXcode -plugin-path /Applications/Xcode-27.0.0-Release.Candidate.app/Contents/Developer/Toolchains/XcodeDefault.xctoolchain/usr/lib/swift/host/plugins/testing -enable-experimental-feature DebugDescriptionMacro -sdk /Applications/Xcode-27.0.0-Release.Candidate.app/Contents/Developer/Platforms/AppleTVOS.platform/Developer/SDKs/AppleTVOS27.0.sdk -target arm64-apple-tvos15.0 -g -module-cache-path /Users/admin/builder/spi-builder-workspace/.derivedData/ModuleCache.noindex -Xfrontend -serialize-debugging-options -profile-coverage-mapping -profile-generate -enable-testing -index-store-path /Users/admin/builder/spi-builder-workspace/.derivedData/Index.noindex/DataStore -Xcc -D_LIBCPP_HARDENING_MODE\=_LIBCPP_HARDENING_MODE_DEBUG -swift-version 6 -I /Users/admin/builder/spi-builder-workspace/.derivedData/Build/Products/Debug-appletvos -Isystem /Applications/Xcode-27.0.0-Release.Candidate.app/Contents/Developer/Platforms/AppleTVOS.platform/Developer/usr/lib -F /Users/admin/builder/spi-builder-workspace/.derivedData/Build/Products/Debug-appletvos/PackageFrameworks -F /Users/admin/builder/spi-builder-workspace/.derivedData/Build/Products/Debug-appletvos -F /Applications/Xcode-27.0.0-Release.Candidate.app/Contents/Developer/Platforms/AppleTVOS.platform/Developer/Library/Frameworks -F /Applications/Xcode-27.0.0-Release.Candidate.app/Contents/Developer/Platforms/AppleTVOS.platform/Developer/SDKs/AppleTVOS27.0.sdk/Developer/Library/Frameworks -c -j10 -enable-batch-mode -incremental -Xcc -ivfsstatcache -Xcc /Users/admin/builder/spi-builder-workspace/.derivedData/SDKStatCaches.noindex/appletvos27.0-24J360-e829b21a6f8c9b70876ba0858053c044b32bfd8d43560033f8d89884cdb90028.sdkstatcache -output-file-map /Users/admin/builder/spi-builder-workspace/.derivedData/Build/Intermediates.noindex/LStXML2Code.build/Debug-appletvos/BMF2Code-p.build/Objects-normal/arm64/BMF2Code-OutputFileMap.json -save-temps -no-color-diagnostics -explicit-module-build -module-cache-path /Users/admin/builder/spi-builder-workspace/.derivedData/Build/Intermediates.noindex/SwiftExplicitPrecompiledModules -clang-scanner-module-cache-path /Users/admin/builder/spi-builder-workspace/.derivedData/ModuleCache.noindex -sdk-module-cache-path /Users/admin/builder/spi-builder-workspace/.derivedData/SDKExplicitPrecompiledModules -emit-dependencies -emit-module -emit-module-path /Users/admin/builder/spi-builder-workspace/.derivedData/Build/Intermediates.noindex/LStXML2Code.build/Debug-appletvos/BMF2Code-p.build/Objects-normal/arm64/BMF2Code.swiftmodule -serialize-diagnostics -dependency-scan-serialize-diagnostics-path /Users/admin/builder/spi-builder-workspace/.derivedData/Build/Intermediates.noindex/LStXML2Code.build/Debug-appletvos/BMF2Code-p.build/Objects-normal/arm64/BMF2Code-dependency-scan.dia -validate-clang-modules-once -clang-build-session-file /Users/admin/builder/spi-builder-workspace/.derivedData/ModuleCache.noindex/Session.modulevalidation -Xcc -fmodules-prune-interval\=86400 -Xcc -fmodules-prune-after\=345600 -package-name spi_builder_workspace -emit-const-values -const-gather-protocols-list /Users/admin/builder/spi-builder-workspace/.derivedData/Build/Intermediates.noindex/LStXML2Code.build/Debug-appletvos/BMF2Code-p.build/Objects-normal/arm64/BMF2Code_const_extract_protocols.json -Xcc -I/Users/admin/builder/spi-builder-workspace/.derivedData/Build/Products/Debug-appletvos/include -Xcc -I/Users/admin/builder/spi-builder-workspace/.derivedData/Build/Intermediates.noindex/LStXML2Code.build/Debug-appletvos/BMF2Code-p.build/DerivedSources-normal/arm64 -Xcc -I/Users/admin/builder/spi-builder-workspace/.derivedData/Build/Intermediates.noindex/LStXML2Code.build/Debug-appletvos/BMF2Code-p.build/DerivedSources/arm64 -Xcc -I/Users/admin/builder/spi-builder-workspace/.derivedData/Build/Intermediates.noindex/LStXML2Code.build/Debug-appletvos/BMF2Code-p.build/DerivedSources -Xcc -DSWIFT_PACKAGE -Xcc -DDEBUG\=1 -working-directory /Users/admin/builder/spi-builder-workspace/.swiftpm/xcode -experimental-emit-module-separately -disable-cmo
PruneExplicitPrecompiledModules /Users/admin/builder/spi-builder-workspace/.derivedData/Build/Intermediates.noindex/SwiftExplicitPrecompiledModules
PruneExplicitPrecompiledModules /Users/admin/builder/spi-builder-workspace/.derivedData/SDKExplicitPrecompiledModules
PruneExplicitPrecompiledModules /Users/admin/builder/spi-builder-workspace/.derivedData/Build/Intermediates.noindex/ExplicitPrecompiledModules
2026-09-21 18:16:52.009 xcodebuild[685:4242] [MT] IDERunDestination: Supported platforms for the buildables in the current scheme is empty.
** BUILD FAILED **
The following build commands failed:
	SwiftCompile normal arm64 Compiling\ SwiftEncoding.swift /Users/admin/builder/spi-builder-workspace/Sources/BMF2Code/SwiftEncoding.swift (in target 'BMF2Code-product' from project 'LStXML2Code')
	SwiftCompile normal arm64 /Users/admin/builder/spi-builder-workspace/Sources/BMF2Code/SwiftEncoding.swift (in target 'BMF2Code-product' from project 'LStXML2Code')
	SwiftCompile normal arm64 Compiling\ BMF2Code.swift /Users/admin/builder/spi-builder-workspace/Sources/BMF2Code/BMF2Code.swift (in target 'BMF2Code-product' from project 'LStXML2Code')
	SwiftCompile normal arm64 /Users/admin/builder/spi-builder-workspace/Sources/BMF2Code/BMF2Code.swift (in target 'BMF2Code-product' from project 'LStXML2Code')
	Building workspace LStXML2Code with scheme LStXML2Code-Package
(5 failures)
Command line invocation:
    /Applications/Xcode-27.0.0-Release.Candidate.app/Contents/Developer/usr/bin/xcodebuild -IDEClonedSourcePackagesDirPathOverride=/Users/admin/builder/spi-builder-workspace/.dependencies -resolvePackageDependencies
Resolve Package Graph
Resolved source packages:
  LStXML2Code: /Users/admin/builder/spi-builder-workspace
  JavApi⁴Swift: https://github.com/bastie/JavApi4Swift.git @ 0.54.0
resolved source packages: LStXML2Code, JavApi⁴Swift
2026-09-21 18:16:59.828 xcodebuild[750:4627] [MT] IDERunDestination: Supported platforms for the buildables in the current scheme is empty.
{
  "dependencies" : [
    {
      "identity" : "javapi4swift",
      "requirement" : {
        "range" : [
          {
            "lower_bound" : "0.25.0",
            "upper_bound" : "1.0.0"
          }
        ]
      },
      "type" : "sourceControl",
      "url" : "https://github.com/bastie/JavApi4Swift.git"
    }
  ],
  "manifest_display_name" : "LStXML2Code",
  "name" : "LStXML2Code",
  "path" : "/Users/admin/builder/spi-builder-workspace",
  "platforms" : [
    {
      "name" : "macos",
      "version" : "15.0"
    }
  ],
  "products" : [
    {
      "name" : "LStXML2Code",
      "targets" : [
        "LStXML2Code"
      ],
      "type" : {
        "library" : [
          "automatic"
        ]
      }
    },
    {
      "name" : "BMF2Code",
      "targets" : [
        "BMF2Code"
      ],
      "type" : {
        "executable" : null
      }
    }
  ],
  "targets" : [
    {
      "c99name" : "LStXML2CodeTests",
      "module_type" : "SwiftTarget",
      "name" : "LStXML2CodeTests",
      "path" : "Tests/LStXML2CodeTests",
      "product_dependencies" : [
        "JavApi"
      ],
      "sources" : [
        "LStXML2CodeTests2023AbJuli.swift",
        "Lohnsteuer2023AbJuliBig.swift"
      ],
      "target_dependencies" : [
        "LStXML2Code"
      ],
      "type" : "test"
    },
    {
      "c99name" : "LStXML2Code",
      "module_type" : "SwiftTarget",
      "name" : "LStXML2Code",
      "path" : "Sources/LStXML2Code",
      "product_memberships" : [
        "LStXML2Code",
        "BMF2Code"
      ],
      "sources" : [
        "AbstractTree.swift",
        "AbstractTreeEncoder.swift",
        "AbstractTreeEncoding.swift",
        "Node.swift",
        "Nodes/AssignNode.swift",
        "Nodes/CharNode.swift",
        "Nodes/ClosedRoundBracketNode.swift",
        "Nodes/ClosedSquareBracketNode.swift",
        "Nodes/DotNode.swift",
        "Nodes/FloatNumberNode.swift",
        "Nodes/IdentiferNode.swift",
        "Nodes/IntNumberNode.swift",
        "Nodes/NumericNode.swift",
        "Nodes/OpenRoundBracketNode.swift",
        "Nodes/OpenSquareBracketNode.swift",
        "Nodes/SpaceNode.swift",
        "Nodes/ValueNode.swift",
        "PAPTree.swift",
        "PAPTreeEncoder.swift",
        "PAPTreeEncoding.swift",
        "PAPTreeEncodingImpl.swift",
        "PAPXmlParser.swift",
        "TwoPartDecisionNode.swift",
        "XmlPAP.swift"
      ],
      "type" : "library"
    },
    {
      "c99name" : "BMF2Code",
      "module_type" : "SwiftTarget",
      "name" : "BMF2Code",
      "path" : "Sources/BMF2Code",
      "product_memberships" : [
        "BMF2Code"
      ],
      "sources" : [
        "BMF2Code.swift",
        "JavaEncoding.swift",
        "SwiftEncoding.swift"
      ],
      "target_dependencies" : [
        "LStXML2Code"
      ],
      "type" : "executable"
    }
  ],
  "tools_version" : "6.0"
}
{
  "workspace" : {
    "name" : "LStXML2Code",
    "schemes" : [
      "BMF2Code",
      "LStXML2Code",
      "LStXML2Code-Package"
    ]
  }
}
2026-09-21 18:17:01.626 xcodebuild[758:4698] [MT] IDERunDestination: Supported platforms for the buildables in the current scheme is empty.
Running build ...
env DEVELOPER_DIR=/Applications/Xcode-27.0.0-Release.Candidate.app xcrun xcodebuild -IDEClonedSourcePackagesDirPathOverride=$PWD/.dependencies -skipMacroValidation -skipPackagePluginValidation -derivedDataPath $PWD/.derivedData build -scheme LStXML2Code-Package -destination generic/platform=tvOS
Command line invocation:
    /Applications/Xcode-27.0.0-Release.Candidate.app/Contents/Developer/usr/bin/xcodebuild -IDEClonedSourcePackagesDirPathOverride=/Users/admin/builder/spi-builder-workspace/.dependencies -skipMacroValidation -skipPackagePluginValidation -derivedDataPath /Users/admin/builder/spi-builder-workspace/.derivedData build -scheme LStXML2Code-Package -destination generic/platform=tvOS
Resolve Package Graph
Resolved source packages:
  LStXML2Code: /Users/admin/builder/spi-builder-workspace
  JavApi⁴Swift: https://github.com/bastie/JavApi4Swift.git @ 0.54.0
ComputePackagePrebuildTargetDependencyGraph
Prepare packages
CreateBuildRequest
SendProjectDescription
CreateBuildOperation
ComputeTargetDependencyGraph
note: Building targets in dependency order
note: Target dependency graph (3 targets)
    Target 'BMF2Code-product' in project 'LStXML2Code'
        ➜ Explicit dependency on target 'LStXML2Code' in project 'LStXML2Code'
    Target 'LStXML2Code-product' in project 'LStXML2Code'
        ➜ Explicit dependency on target 'LStXML2Code' in project 'LStXML2Code'
    Target 'LStXML2Code' in project 'LStXML2Code' (no dependencies)
GatherProvisioningInputs
CreateBuildDescription
ClangStatCache /Applications/Xcode-27.0.0-Release.Candidate.app/Contents/Developer/Toolchains/XcodeDefault.xctoolchain/usr/bin/clang-stat-cache /Applications/Xcode-27.0.0-Release.Candidate.app/Contents/Developer/Platforms/AppleTVOS.platform/Developer/SDKs/AppleTVOS27.0.sdk /Users/admin/builder/spi-builder-workspace/.derivedData/SDKStatCaches.noindex/appletvos27.0-24J360-e829b21a6f8c9b70876ba0858053c044b32bfd8d43560033f8d89884cdb90028.sdkstatcache
    cd /Users/admin/builder/spi-builder-workspace/.swiftpm/xcode
    /Applications/Xcode-27.0.0-Release.Candidate.app/Contents/Developer/Toolchains/XcodeDefault.xctoolchain/usr/bin/clang-stat-cache /Applications/Xcode-27.0.0-Release.Candidate.app/Contents/Developer/Platforms/AppleTVOS.platform/Developer/SDKs/AppleTVOS27.0.sdk -o /Users/admin/builder/spi-builder-workspace/.derivedData/SDKStatCaches.noindex/appletvos27.0-24J360-e829b21a6f8c9b70876ba0858053c044b32bfd8d43560033f8d89884cdb90028.sdkstatcache
SwiftDriver LStXML2Code normal arm64 com.apple.xcode.tools.swift.compiler (in target 'LStXML2Code' from project 'LStXML2Code')
    cd /Users/admin/builder/spi-builder-workspace/.swiftpm/xcode
    builtin-SwiftDriver -- /Applications/Xcode-27.0.0-Release.Candidate.app/Contents/Developer/Toolchains/XcodeDefault.xctoolchain/usr/bin/swiftc -parse-as-library -module-name LStXML2Code -Onone @/Users/admin/builder/spi-builder-workspace/.derivedData/Build/Intermediates.noindex/LStXML2Code.build/Debug-appletvos/LStXML2Code-t.build/Objects-normal/arm64/LStXML2Code.SwiftFileList -DSWIFT_PACKAGE -DDEBUG -DSWIFT_MODULE_RESOURCE_BUNDLE_UNAVAILABLE -DXcode -plugin-path /Applications/Xcode-27.0.0-Release.Candidate.app/Contents/Developer/Toolchains/XcodeDefault.xctoolchain/usr/lib/swift/host/plugins/testing -enable-experimental-feature DebugDescriptionMacro -sdk /Applications/Xcode-27.0.0-Release.Candidate.app/Contents/Developer/Platforms/AppleTVOS.platform/Developer/SDKs/AppleTVOS27.0.sdk -target arm64-apple-tvos15.0 -g -module-cache-path /Users/admin/builder/spi-builder-workspace/.derivedData/ModuleCache.noindex -Xfrontend -serialize-debugging-options -profile-coverage-mapping -profile-generate -enable-testing -index-store-path /Users/admin/builder/spi-builder-workspace/.derivedData/Index.noindex/DataStore -Xcc -D_LIBCPP_HARDENING_MODE\=_LIBCPP_HARDENING_MODE_DEBUG -swift-version 6 -I /Users/admin/builder/spi-builder-workspace/.derivedData/Build/Products/Debug-appletvos -Isystem /Applications/Xcode-27.0.0-Release.Candidate.app/Contents/Developer/Platforms/AppleTVOS.platform/Developer/usr/lib -F /Users/admin/builder/spi-builder-workspace/.derivedData/Build/Products/Debug-appletvos -F /Applications/Xcode-27.0.0-Release.Candidate.app/Contents/Developer/Platforms/AppleTVOS.platform/Developer/Library/Frameworks -F /Applications/Xcode-27.0.0-Release.Candidate.app/Contents/Developer/Platforms/AppleTVOS.platform/Developer/SDKs/AppleTVOS27.0.sdk/Developer/Library/Frameworks -c -j10 -enable-batch-mode -incremental -Xcc -ivfsstatcache -Xcc /Users/admin/builder/spi-builder-workspace/.derivedData/SDKStatCaches.noindex/appletvos27.0-24J360-e829b21a6f8c9b70876ba0858053c044b32bfd8d43560033f8d89884cdb90028.sdkstatcache -output-file-map /Users/admin/builder/spi-builder-workspace/.derivedData/Build/Intermediates.noindex/LStXML2Code.build/Debug-appletvos/LStXML2Code-t.build/Objects-normal/arm64/LStXML2Code-OutputFileMap.json -save-temps -no-color-diagnostics -explicit-module-build -module-cache-path /Users/admin/builder/spi-builder-workspace/.derivedData/Build/Intermediates.noindex/SwiftExplicitPrecompiledModules -clang-scanner-module-cache-path /Users/admin/builder/spi-builder-workspace/.derivedData/ModuleCache.noindex -sdk-module-cache-path /Users/admin/builder/spi-builder-workspace/.derivedData/SDKExplicitPrecompiledModules -emit-dependencies -emit-module -emit-module-path /Users/admin/builder/spi-builder-workspace/.derivedData/Build/Intermediates.noindex/LStXML2Code.build/Debug-appletvos/LStXML2Code-t.build/Objects-normal/arm64/LStXML2Code.swiftmodule -serialize-diagnostics -dependency-scan-serialize-diagnostics-path /Users/admin/builder/spi-builder-workspace/.derivedData/Build/Intermediates.noindex/LStXML2Code.build/Debug-appletvos/LStXML2Code-t.build/Objects-normal/arm64/LStXML2Code-dependency-scan.dia -validate-clang-modules-once -clang-build-session-file /Users/admin/builder/spi-builder-workspace/.derivedData/ModuleCache.noindex/Session.modulevalidation -Xcc -fmodules-prune-interval\=86400 -Xcc -fmodules-prune-after\=345600 -package-name spi_builder_workspace -emit-const-values -const-gather-protocols-list /Users/admin/builder/spi-builder-workspace/.derivedData/Build/Intermediates.noindex/LStXML2Code.build/Debug-appletvos/LStXML2Code-t.build/Objects-normal/arm64/LStXML2Code_const_extract_protocols.json -Xcc -I/Users/admin/builder/spi-builder-workspace/.derivedData/Build/Products/Debug-appletvos/include -Xcc -I/Users/admin/builder/spi-builder-workspace/.derivedData/Build/Intermediates.noindex/LStXML2Code.build/Debug-appletvos/LStXML2Code-t.build/DerivedSources-normal/arm64 -Xcc -I/Users/admin/builder/spi-builder-workspace/.derivedData/Build/Intermediates.noindex/LStXML2Code.build/Debug-appletvos/LStXML2Code-t.build/DerivedSources/arm64 -Xcc -I/Users/admin/builder/spi-builder-workspace/.derivedData/Build/Intermediates.noindex/LStXML2Code.build/Debug-appletvos/LStXML2Code-t.build/DerivedSources -Xcc -DSWIFT_PACKAGE -Xcc -DDEBUG\=1 -emit-objc-header -emit-objc-header-path /Users/admin/builder/spi-builder-workspace/.derivedData/Build/Intermediates.noindex/LStXML2Code.build/Debug-appletvos/LStXML2Code-t.build/Objects-normal/arm64/LStXML2Code-Swift.h -working-directory /Users/admin/builder/spi-builder-workspace/.swiftpm/xcode -experimental-emit-module-separately -disable-cmo
SwiftDriver BMF2Code normal arm64 com.apple.xcode.tools.swift.compiler (in target 'BMF2Code-product' from project 'LStXML2Code')
    cd /Users/admin/builder/spi-builder-workspace/.swiftpm/xcode
    builtin-SwiftDriver -- /Applications/Xcode-27.0.0-Release.Candidate.app/Contents/Developer/Toolchains/XcodeDefault.xctoolchain/usr/bin/swiftc -parse-as-library -module-name BMF2Code -Onone @/Users/admin/builder/spi-builder-workspace/.derivedData/Build/Intermediates.noindex/LStXML2Code.build/Debug-appletvos/BMF2Code-p.build/Objects-normal/arm64/BMF2Code.SwiftFileList -DSWIFT_PACKAGE -DDEBUG -DXcode -plugin-path /Applications/Xcode-27.0.0-Release.Candidate.app/Contents/Developer/Toolchains/XcodeDefault.xctoolchain/usr/lib/swift/host/plugins/testing -enable-experimental-feature DebugDescriptionMacro -sdk /Applications/Xcode-27.0.0-Release.Candidate.app/Contents/Developer/Platforms/AppleTVOS.platform/Developer/SDKs/AppleTVOS27.0.sdk -target arm64-apple-tvos15.0 -g -module-cache-path /Users/admin/builder/spi-builder-workspace/.derivedData/ModuleCache.noindex -Xfrontend -serialize-debugging-options -profile-coverage-mapping -profile-generate -enable-testing -index-store-path /Users/admin/builder/spi-builder-workspace/.derivedData/Index.noindex/DataStore -Xcc -D_LIBCPP_HARDENING_MODE\=_LIBCPP_HARDENING_MODE_DEBUG -swift-version 6 -I /Users/admin/builder/spi-builder-workspace/.derivedData/Build/Products/Debug-appletvos -Isystem /Applications/Xcode-27.0.0-Release.Candidate.app/Contents/Developer/Platforms/AppleTVOS.platform/Developer/usr/lib -F /Users/admin/builder/spi-builder-workspace/.derivedData/Build/Products/Debug-appletvos/PackageFrameworks -F /Users/admin/builder/spi-builder-workspace/.derivedData/Build/Products/Debug-appletvos -F /Applications/Xcode-27.0.0-Release.Candidate.app/Contents/Developer/Platforms/AppleTVOS.platform/Developer/Library/Frameworks -F /Applications/Xcode-27.0.0-Release.Candidate.app/Contents/Developer/Platforms/AppleTVOS.platform/Developer/SDKs/AppleTVOS27.0.sdk/Developer/Library/Frameworks -c -j10 -enable-batch-mode -incremental -Xcc -ivfsstatcache -Xcc /Users/admin/builder/spi-builder-workspace/.derivedData/SDKStatCaches.noindex/appletvos27.0-24J360-e829b21a6f8c9b70876ba0858053c044b32bfd8d43560033f8d89884cdb90028.sdkstatcache -output-file-map /Users/admin/builder/spi-builder-workspace/.derivedData/Build/Intermediates.noindex/LStXML2Code.build/Debug-appletvos/BMF2Code-p.build/Objects-normal/arm64/BMF2Code-OutputFileMap.json -save-temps -no-color-diagnostics -explicit-module-build -module-cache-path /Users/admin/builder/spi-builder-workspace/.derivedData/Build/Intermediates.noindex/SwiftExplicitPrecompiledModules -clang-scanner-module-cache-path /Users/admin/builder/spi-builder-workspace/.derivedData/ModuleCache.noindex -sdk-module-cache-path /Users/admin/builder/spi-builder-workspace/.derivedData/SDKExplicitPrecompiledModules -emit-dependencies -emit-module -emit-module-path /Users/admin/builder/spi-builder-workspace/.derivedData/Build/Intermediates.noindex/LStXML2Code.build/Debug-appletvos/BMF2Code-p.build/Objects-normal/arm64/BMF2Code.swiftmodule -serialize-diagnostics -dependency-scan-serialize-diagnostics-path /Users/admin/builder/spi-builder-workspace/.derivedData/Build/Intermediates.noindex/LStXML2Code.build/Debug-appletvos/BMF2Code-p.build/Objects-normal/arm64/BMF2Code-dependency-scan.dia -validate-clang-modules-once -clang-build-session-file /Users/admin/builder/spi-builder-workspace/.derivedData/ModuleCache.noindex/Session.modulevalidation -Xcc -fmodules-prune-interval\=86400 -Xcc -fmodules-prune-after\=345600 -package-name spi_builder_workspace -emit-const-values -const-gather-protocols-list /Users/admin/builder/spi-builder-workspace/.derivedData/Build/Intermediates.noindex/LStXML2Code.build/Debug-appletvos/BMF2Code-p.build/Objects-normal/arm64/BMF2Code_const_extract_protocols.json -Xcc -I/Users/admin/builder/spi-builder-workspace/.derivedData/Build/Products/Debug-appletvos/include -Xcc -I/Users/admin/builder/spi-builder-workspace/.derivedData/Build/Intermediates.noindex/LStXML2Code.build/Debug-appletvos/BMF2Code-p.build/DerivedSources-normal/arm64 -Xcc -I/Users/admin/builder/spi-builder-workspace/.derivedData/Build/Intermediates.noindex/LStXML2Code.build/Debug-appletvos/BMF2Code-p.build/DerivedSources/arm64 -Xcc -I/Users/admin/builder/spi-builder-workspace/.derivedData/Build/Intermediates.noindex/LStXML2Code.build/Debug-appletvos/BMF2Code-p.build/DerivedSources -Xcc -DSWIFT_PACKAGE -Xcc -DDEBUG\=1 -working-directory /Users/admin/builder/spi-builder-workspace/.swiftpm/xcode -experimental-emit-module-separately -disable-cmo
SwiftEmitModule normal arm64 Emitting\ module\ for\ BMF2Code (in target 'BMF2Code-product' from project 'LStXML2Code')
SwiftCompile normal arm64 (in target 'BMF2Code-product' from project 'LStXML2Code')
    cd /Users/admin/builder/spi-builder-workspace/.swiftpm/xcode

SwiftCompile normal arm64 Compiling\ JavaEncoding.swift /Users/admin/builder/spi-builder-workspace/Sources/BMF2Code/JavaEncoding.swift (in target 'BMF2Code-product' from project 'LStXML2Code')
SwiftCompile normal arm64 /Users/admin/builder/spi-builder-workspace/Sources/BMF2Code/JavaEncoding.swift (in target 'BMF2Code-product' from project 'LStXML2Code')
    cd /Users/admin/builder/spi-builder-workspace/.swiftpm/xcode
    builtin-SwiftPerFileCompile JavaEncoding.swift
SwiftCompile normal arm64 Compiling\ BMF2Code.swift /Users/admin/builder/spi-builder-workspace/Sources/BMF2Code/BMF2Code.swift (in target 'BMF2Code-product' from project 'LStXML2Code')
/Users/admin/builder/spi-builder-workspace/Sources/BMF2Code/BMF2Code.swift:23:97: error: 'path(percentEncoded:)' is only available in tvOS 16.0 or newer
  8 | @main
  9 | /// Quelletxtgenerator zur Nutzung des durch das BMF bereitgestellten Pseudo-Quelltext zur Berechnung der Lohnsteuerabzüge bei der Einkommensteuer.
 10 | public struct BMF2Code {
    |               `- note: add '@available' attribute to enclosing struct
 11 |   /// Interne Version
 12 |   public static let VERSION = "1.1.0"
    :
 15 |   // MARK: main entry point
 16 |   /// Einsprungspunkt der Kommandozeilenanwendung
 17 |   static func main () {
    |               `- note: add '@available' attribute to enclosing static method
 18 |     var cmdLineArgs = CommandLine.arguments
 19 | #if DEBUG
    :
 21 |     // if run in xcode use invocation instead of xcode edit scheme
 22 |     if let _ = ProcessInfo().environment["__XCODE_BUILT_PRODUCTS_DIR_PATHS"] {
 23 |       let documents = FileManager.default.urls(for: .documentDirectory, in: .userDomainMask)[0].path()
    |                                                                                                 |- error: 'path(percentEncoded:)' is only available in tvOS 16.0 or newer
    |                                                                                                 `- note: add 'if #available' version check
 24 |       let project = "workspace/LStXML2Code/"
 25 |       let xmls = "Tests/LStXML2CodeTests/xml/"
/Users/admin/builder/spi-builder-workspace/Sources/BMF2Code/BMF2Code.swift:43:86: error: 'init(filePath:directoryHint:relativeTo:)' is only available in tvOS 16.0 or newer
  8 | @main
  9 | /// Quelletxtgenerator zur Nutzung des durch das BMF bereitgestellten Pseudo-Quelltext zur Berechnung der Lohnsteuerabzüge bei der Einkommensteuer.
 10 | public struct BMF2Code {
    |               `- note: add '@available' attribute to enclosing struct
 11 |   /// Interne Version
 12 |   public static let VERSION = "1.1.0"
    :
 15 |   // MARK: main entry point
 16 |   /// Einsprungspunkt der Kommandozeilenanwendung
 17 |   static func main () {
    |               `- note: add '@available' attribute to enclosing static method
 18 |     var cmdLineArgs = CommandLine.arguments
 19 | #if DEBUG
    :
 41 |       let source = runtimeParameter["in"]!
 42 |
 43 |       let sourceURL : URL? = source.starts(with: "https://") ? URL(string: source) : URL(filePath: source)
    |                                                                                      |- error: 'init(filePath:directoryHint:relativeTo:)' is only available in tvOS 16.0 or newer
    |                                                                                      `- note: add 'if #available' version check
 44 |
 45 |       // TODO: checkResourceIsReachable with Swift 5.9 only implemented for file system - implement something for other protocols to support these
/Users/admin/builder/spi-builder-workspace/Sources/BMF2Code/BMF2Code.swift:64:39: error: 'init(filePath:directoryHint:relativeTo:)' is only available in tvOS 16.0 or newer
  8 | @main
  9 | /// Quelletxtgenerator zur Nutzung des durch das BMF bereitgestellten Pseudo-Quelltext zur Berechnung der Lohnsteuerabzüge bei der Einkommensteuer.
 10 | public struct BMF2Code {
    |               `- note: add '@available' attribute to enclosing struct
 11 |   /// Interne Version
 12 |   public static let VERSION = "1.1.0"
    :
 15 |   // MARK: main entry point
 16 |   /// Einsprungspunkt der Kommandozeilenanwendung
 17 |   static func main () {
    |               `- note: add '@available' attribute to enclosing static method
 18 |     var cmdLineArgs = CommandLine.arguments
 19 | #if DEBUG
    :
 62 |       if let encodedString = String (data: encodedData, encoding: .utf8) {
 63 |         if let outputFileName = runtimeParameter["out"] {
 64 |           try encodedString.write(to: URL(filePath: outputFileName), atomically: true, encoding: String.Encoding.utf8)
    |                                       |- error: 'init(filePath:directoryHint:relativeTo:)' is only available in tvOS 16.0 or newer
    |                                       `- note: add 'if #available' version check
 65 |         }
 66 |         else {
Failed frontend command:
/Applications/Xcode-27.0.0-Release.Candidate.app/Contents/Developer/Toolchains/XcodeDefault.xctoolchain/usr/bin/swift-frontend -frontend -c -primary-file /Users/admin/builder/spi-builder-workspace/Sources/BMF2Code/BMF2Code.swift /Users/admin/builder/spi-builder-workspace/Sources/BMF2Code/JavaEncoding.swift /Users/admin/builder/spi-builder-workspace/Sources/BMF2Code/SwiftEncoding.swift -emit-dependencies-path /Users/admin/builder/spi-builder-workspace/.derivedData/Build/Intermediates.noindex/LStXML2Code.build/Debug-appletvos/BMF2Code-p.build/Objects-normal/arm64/BMF2Code.d -emit-const-values-path /Users/admin/builder/spi-builder-workspace/.derivedData/Build/Intermediates.noindex/LStXML2Code.build/Debug-appletvos/BMF2Code-p.build/Objects-normal/arm64/BMF2Code.swiftconstvalues -emit-reference-dependencies-path /Users/admin/builder/spi-builder-workspace/.derivedData/Build/Intermediates.noindex/LStXML2Code.build/Debug-appletvos/BMF2Code-p.build/Objects-normal/arm64/BMF2Code.swiftdeps -serialize-diagnostics-path /Users/admin/builder/spi-builder-workspace/.derivedData/Build/Intermediates.noindex/LStXML2Code.build/Debug-appletvos/BMF2Code-p.build/Objects-normal/arm64/BMF2Code.dia -target arm64-apple-tvos15.0 -disable-cross-import-overlay-search -load-resolved-plugin /Applications/Xcode-27.0.0-Release.Candidate.app/Contents/Developer/Platforms/AppleTVOS.platform/Developer/usr/lib/swift/host/plugins/libFoundationMacros.dylib\#/Applications/Xcode-27.0.0-Release.Candidate.app/Contents/Developer/Platforms/AppleTVOS.platform/Developer/usr/bin/swift-plugin-server\#FoundationMacros -load-resolved-plugin /Applications/Xcode-27.0.0-Release.Candidate.app/Contents/Developer/Platforms/AppleTVOS.platform/Developer/usr/lib/swift/host/plugins/libObservationMacros.dylib\#/Applications/Xcode-27.0.0-Release.Candidate.app/Contents/Developer/Platforms/AppleTVOS.platform/Developer/usr/bin/swift-plugin-server\#ObservationMacros -load-resolved-plugin /Applications/Xcode-27.0.0-Release.Candidate.app/Contents/Developer/Platforms/AppleTVOS.platform/Developer/usr/lib/swift/host/plugins/libSwiftMacros.dylib\#/Applications/Xcode-27.0.0-Release.Candidate.app/Contents/Developer/Platforms/AppleTVOS.platform/Developer/usr/bin/swift-plugin-server\#SwiftMacros -disable-implicit-swift-modules -Xcc -fno-implicit-modules -Xcc -fno-implicit-module-maps -explicit-swift-module-map-file /Users/admin/builder/spi-builder-workspace/.derivedData/Build/Intermediates.noindex/LStXML2Code.build/Debug-appletvos/BMF2Code-p.build/Objects-normal/arm64/BMF2Code-dependencies-1.json -Xllvm -aarch64-use-tbi -enable-objc-interop -stack-check -sdk /Applications/Xcode-27.0.0-Release.Candidate.app/Contents/Developer/Platforms/AppleTVOS.platform/Developer/SDKs/AppleTVOS27.0.sdk -I /Users/admin/builder/spi-builder-workspace/.derivedData/Build/Products/Debug-appletvos -Isystem /Applications/Xcode-27.0.0-Release.Candidate.app/Contents/Developer/Platforms/AppleTVOS.platform/Developer/usr/lib -F /Users/admin/builder/spi-builder-workspace/.derivedData/Build/Products/Debug-appletvos/PackageFrameworks -F /Users/admin/builder/spi-builder-workspace/.derivedData/Build/Products/Debug-appletvos -F /Applications/Xcode-27.0.0-Release.Candidate.app/Contents/Developer/Platforms/AppleTVOS.platform/Developer/Library/Frameworks -F /Applications/Xcode-27.0.0-Release.Candidate.app/Contents/Developer/Platforms/AppleTVOS.platform/Developer/SDKs/AppleTVOS27.0.sdk/Developer/Library/Frameworks -module-cache-path /Users/admin/builder/spi-builder-workspace/.derivedData/Build/Intermediates.noindex/SwiftExplicitPrecompiledModules -no-color-diagnostics -Xcc -fno-color-diagnostics -enable-testing -g -debug-info-format\=dwarf -dwarf-version\=4 -profile-generate -profile-coverage-mapping -swift-version 6 -Onone -D SWIFT_PACKAGE -D DEBUG -D Xcode -serialize-debugging-options -enable-experimental-feature DebugDescriptionMacro -empty-abi-descriptor -validate-clang-modules-once -clang-build-session-file /Users/admin/builder/spi-builder-workspace/.derivedData/ModuleCache.noindex/Session.modulevalidation -Xcc -working-directory -Xcc /Users/admin/builder/spi-builder-workspace/.swiftpm/xcode -enable-anonymous-context-mangled-names -file-compilation-dir /Users/admin/builder/spi-builder-workspace/.swiftpm/xcode -Xcc -D_LIBCPP_HARDENING_MODE\=_LIBCPP_HARDENING_MODE_DEBUG -Xcc -ivfsstatcache -Xcc /Users/admin/builder/spi-builder-workspace/.derivedData/SDKStatCaches.noindex/appletvos27.0-24J360-e829b21a6f8c9b70876ba0858053c044b32bfd8d43560033f8d89884cdb90028.sdkstatcache -Xcc -fmodules-prune-interval\=86400 -Xcc -fmodules-prune-after\=345600 -Xcc -I/Users/admin/builder/spi-builder-workspace/.derivedData/Build/Products/Debug-appletvos/include -Xcc -I/Users/admin/builder/spi-builder-workspace/.derivedData/Build/Intermediates.noindex/LStXML2Code.build/Debug-appletvos/BMF2Code-p.build/DerivedSources-normal/arm64 -Xcc -I/Users/admin/builder/spi-builder-workspace/.derivedData/Build/Intermediates.noindex/LStXML2Code.build/Debug-appletvos/BMF2Code-p.build/DerivedSources/arm64 -Xcc -I/Users/admin/builder/spi-builder-workspace/.derivedData/Build/Intermediates.noindex/LStXML2Code.build/Debug-appletvos/BMF2Code-p.build/DerivedSources -Xcc -DSWIFT_PACKAGE -Xcc -DDEBUG\=1 -no-auto-bridging-header-chaining -module-name BMF2Code -package-name spi_builder_workspace -const-gather-protocols-file /Users/admin/builder/spi-builder-workspace/.derivedData/Build/Intermediates.noindex/LStXML2Code.build/Debug-appletvos/BMF2Code-p.build/Objects-normal/arm64/BMF2Code_const_extract_protocols.json -disable-clang-spi -clang-target arm64-apple-tvos27.0 -target-sdk-version 27.0 -target-sdk-name appletvos27.0 -in-process-plugin-server-path /Applications/Xcode-27.0.0-Release.Candidate.app/Contents/Developer/Toolchains/XcodeDefault.xctoolchain/usr/lib/swift/host/libSwiftInProcPluginServer.dylib -parse-as-library -o /Users/admin/builder/spi-builder-workspace/.derivedData/Build/Intermediates.noindex/LStXML2Code.build/Debug-appletvos/BMF2Code-p.build/Objects-normal/arm64/BMF2Code.o -debug-module-path /Users/admin/builder/spi-builder-workspace/.derivedData/Build/Intermediates.noindex/LStXML2Code.build/Debug-appletvos/BMF2Code-p.build/Objects-normal/arm64/BMF2Code.swiftmodule -index-unit-output-path /LStXML2Code.build/Debug-appletvos/BMF2Code-p.build/Objects-normal/arm64/BMF2Code.o -index-store-path /Users/admin/builder/spi-builder-workspace/.derivedData/Index.noindex/DataStore -index-system-modules
SwiftCompile normal arm64 /Users/admin/builder/spi-builder-workspace/Sources/BMF2Code/BMF2Code.swift (in target 'BMF2Code-product' from project 'LStXML2Code')
    cd /Users/admin/builder/spi-builder-workspace/.swiftpm/xcode
    builtin-SwiftPerFileCompile BMF2Code.swift
SwiftCompile normal arm64 Compiling\ SwiftEncoding.swift /Users/admin/builder/spi-builder-workspace/Sources/BMF2Code/SwiftEncoding.swift (in target 'BMF2Code-product' from project 'LStXML2Code')
/Users/admin/builder/spi-builder-workspace/Sources/BMF2Code/SwiftEncoding.swift:104:45: error: 'split(separator:maxSplits:omittingEmptySubsequences:)' is only available in tvOS 16.0 or newer
 10 | ///
 11 | /// Basis sind die Java8 Anweisungen die das [ITZBund](https://www.itzbund.de) verwendet und durch die **JavApi⁴Swift** abgebildet werden.
 12 | open class SwiftEncoding : AbstractTreeEncoding {
    |            `- note: add '@available' attribute to enclosing class
 13 |   public func encode(_ value: AbstractTree) throws -> Data? {
 14 |
    :
 59 |
 60 |   var intend = 0
 61 |   open func traverse (node : Node) {
    |             `- note: add '@available' attribute to enclosing instance method
 62 |     var output = ""
 63 |     for _ in 0..<intend {
    :
102 |       var defaultValueAdding = nil != node.getAttribute(name: "default") ? " = \(node.getAttribute(name: "default")!)" : ""
103 |       if defaultValueAdding.starts(with: " = new ") {
104 |         let withoutNew = defaultValueAdding.split(separator: " = new ")[0]
    |                                             |- error: 'split(separator:maxSplits:omittingEmptySubsequences:)' is only available in tvOS 16.0 or newer
    |                                             `- note: add 'if #available' version check
105 |         defaultValueAdding = " = \(withoutNew)"
106 |       }
/Users/admin/builder/spi-builder-workspace/Sources/BMF2Code/SwiftEncoding.swift:155:45: error: 'split(separator:maxSplits:omittingEmptySubsequences:)' is only available in tvOS 16.0 or newer
 10 | ///
 11 | /// Basis sind die Java8 Anweisungen die das [ITZBund](https://www.itzbund.de) verwendet und durch die **JavApi⁴Swift** abgebildet werden.
 12 | open class SwiftEncoding : AbstractTreeEncoding {
    |            `- note: add '@available' attribute to enclosing class
 13 |   public func encode(_ value: AbstractTree) throws -> Data? {
 14 |
    :
 59 |
 60 |   var intend = 0
 61 |   open func traverse (node : Node) {
    |             `- note: add '@available' attribute to enclosing instance method
 62 |     var output = ""
 63 |     for _ in 0..<intend {
    :
153 |       var defaultValueAdding = nil != node.getAttribute(name: "default") ? " = \(node.getAttribute(name: "default")!)" : ""
154 |       if defaultValueAdding.starts(with: " = new ") {
155 |         let withoutNew = defaultValueAdding.split(separator: " = new ")[0]
    |                                             |- error: 'split(separator:maxSplits:omittingEmptySubsequences:)' is only available in tvOS 16.0 or newer
    |                                             `- note: add 'if #available' version check
156 |         defaultValueAdding = " = \(withoutNew)"
157 |       }
SwiftCompile normal arm64 /Users/admin/builder/spi-builder-workspace/Sources/BMF2Code/SwiftEncoding.swift (in target 'BMF2Code-product' from project 'LStXML2Code')
    cd /Users/admin/builder/spi-builder-workspace/.swiftpm/xcode
    builtin-SwiftPerFileCompile SwiftEncoding.swift
SwiftCompile normal arm64 Compiling\ AbstractTreeEncoder.swift /Users/admin/builder/spi-builder-workspace/Sources/LStXML2Code/AbstractTreeEncoder.swift (in target 'LStXML2Code' from project 'LStXML2Code')
SwiftCompile normal arm64 /Users/admin/builder/spi-builder-workspace/Sources/LStXML2Code/AbstractTreeEncoder.swift (in target 'LStXML2Code' from project 'LStXML2Code')
    cd /Users/admin/builder/spi-builder-workspace/.swiftpm/xcode
    builtin-SwiftPerFileCompile AbstractTreeEncoder.swift
SwiftEmitModule normal arm64 Emitting\ module\ for\ LStXML2Code (in target 'LStXML2Code' from project 'LStXML2Code')
SwiftCompile normal arm64 (in target 'LStXML2Code' from project 'LStXML2Code')
    cd /Users/admin/builder/spi-builder-workspace/.swiftpm/xcode

SwiftCompile normal arm64 Compiling\ PAPTreeEncoding.swift /Users/admin/builder/spi-builder-workspace/Sources/LStXML2Code/PAPTreeEncoding.swift (in target 'LStXML2Code' from project 'LStXML2Code')
SwiftCompile normal arm64 /Users/admin/builder/spi-builder-workspace/Sources/LStXML2Code/PAPTreeEncoding.swift (in target 'LStXML2Code' from project 'LStXML2Code')
    cd /Users/admin/builder/spi-builder-workspace/.swiftpm/xcode
    builtin-SwiftPerFileCompile PAPTreeEncoding.swift
SwiftCompile normal arm64 Compiling\ PAPXmlParser.swift /Users/admin/builder/spi-builder-workspace/Sources/LStXML2Code/PAPXmlParser.swift (in target 'LStXML2Code' from project 'LStXML2Code')
SwiftCompile normal arm64 /Users/admin/builder/spi-builder-workspace/Sources/LStXML2Code/PAPXmlParser.swift (in target 'LStXML2Code' from project 'LStXML2Code')
    cd /Users/admin/builder/spi-builder-workspace/.swiftpm/xcode
    builtin-SwiftPerFileCompile PAPXmlParser.swift
SwiftCompile normal arm64 Compiling\ PAPTreeEncoder.swift /Users/admin/builder/spi-builder-workspace/Sources/LStXML2Code/PAPTreeEncoder.swift (in target 'LStXML2Code' from project 'LStXML2Code')
SwiftCompile normal arm64 /Users/admin/builder/spi-builder-workspace/Sources/LStXML2Code/PAPTreeEncoder.swift (in target 'LStXML2Code' from project 'LStXML2Code')
    cd /Users/admin/builder/spi-builder-workspace/.swiftpm/xcode
    builtin-SwiftPerFileCompile PAPTreeEncoder.swift
SwiftCompile normal arm64 Compiling\ TwoPartDecisionNode.swift /Users/admin/builder/spi-builder-workspace/Sources/LStXML2Code/TwoPartDecisionNode.swift (in target 'LStXML2Code' from project 'LStXML2Code')
SwiftCompile normal arm64 /Users/admin/builder/spi-builder-workspace/Sources/LStXML2Code/TwoPartDecisionNode.swift (in target 'LStXML2Code' from project 'LStXML2Code')
    cd /Users/admin/builder/spi-builder-workspace/.swiftpm/xcode
    builtin-SwiftPerFileCompile TwoPartDecisionNode.swift
SwiftCompile normal arm64 Compiling\ XmlPAP.swift /Users/admin/builder/spi-builder-workspace/Sources/LStXML2Code/XmlPAP.swift (in target 'LStXML2Code' from project 'LStXML2Code')
SwiftCompile normal arm64 /Users/admin/builder/spi-builder-workspace/Sources/LStXML2Code/XmlPAP.swift (in target 'LStXML2Code' from project 'LStXML2Code')
    cd /Users/admin/builder/spi-builder-workspace/.swiftpm/xcode
    builtin-SwiftPerFileCompile XmlPAP.swift
SwiftDriverJobDiscovery normal arm64 Compiling PAPTreeEncoding.swift (in target 'LStXML2Code' from project 'LStXML2Code')
SwiftCompile normal arm64 Compiling\ PAPTreeEncodingImpl.swift /Users/admin/builder/spi-builder-workspace/Sources/LStXML2Code/PAPTreeEncodingImpl.swift (in target 'LStXML2Code' from project 'LStXML2Code')
SwiftCompile normal arm64 /Users/admin/builder/spi-builder-workspace/Sources/LStXML2Code/PAPTreeEncodingImpl.swift (in target 'LStXML2Code' from project 'LStXML2Code')
    cd /Users/admin/builder/spi-builder-workspace/.swiftpm/xcode
    builtin-SwiftPerFileCompile PAPTreeEncodingImpl.swift
SwiftCompile normal arm64 Compiling\ AbstractTreeEncoding.swift /Users/admin/builder/spi-builder-workspace/Sources/LStXML2Code/AbstractTreeEncoding.swift (in target 'LStXML2Code' from project 'LStXML2Code')
SwiftCompile normal arm64 /Users/admin/builder/spi-builder-workspace/Sources/LStXML2Code/AbstractTreeEncoding.swift (in target 'LStXML2Code' from project 'LStXML2Code')
    cd /Users/admin/builder/spi-builder-workspace/.swiftpm/xcode
    builtin-SwiftPerFileCompile AbstractTreeEncoding.swift
SwiftDriverJobDiscovery normal arm64 Compiling TwoPartDecisionNode.swift (in target 'LStXML2Code' from project 'LStXML2Code')
SwiftCompile normal arm64 Compiling\ AbstractTree.swift /Users/admin/builder/spi-builder-workspace/Sources/LStXML2Code/AbstractTree.swift (in target 'LStXML2Code' from project 'LStXML2Code')
SwiftCompile normal arm64 /Users/admin/builder/spi-builder-workspace/Sources/LStXML2Code/AbstractTree.swift (in target 'LStXML2Code' from project 'LStXML2Code')
    cd /Users/admin/builder/spi-builder-workspace/.swiftpm/xcode
    builtin-SwiftPerFileCompile AbstractTree.swift
SwiftDriverJobDiscovery normal arm64 Compiling PAPXmlParser.swift (in target 'LStXML2Code' from project 'LStXML2Code')
PruneExplicitPrecompiledModules /Users/admin/builder/spi-builder-workspace/.derivedData/SDKExplicitPrecompiledModules
PruneExplicitPrecompiledModules /Users/admin/builder/spi-builder-workspace/.derivedData/Build/Intermediates.noindex/SwiftExplicitPrecompiledModules
PruneExplicitPrecompiledModules /Users/admin/builder/spi-builder-workspace/.derivedData/Build/Intermediates.noindex/ExplicitPrecompiledModules
2026-09-21 18:17:03.061 xcodebuild[759:4724] [MT] IDERunDestination: Supported platforms for the buildables in the current scheme is empty.
** BUILD FAILED **
The following build commands failed:
	SwiftCompile normal arm64 Compiling\ BMF2Code.swift /Users/admin/builder/spi-builder-workspace/Sources/BMF2Code/BMF2Code.swift (in target 'BMF2Code-product' from project 'LStXML2Code')
	SwiftCompile normal arm64 /Users/admin/builder/spi-builder-workspace/Sources/BMF2Code/BMF2Code.swift (in target 'BMF2Code-product' from project 'LStXML2Code')
	Building workspace LStXML2Code with scheme LStXML2Code-Package
(3 failures)
BUILD FAILURE 6.4 tvOS