Build Information
Failed to build PaintKit, reference v0.23.0 (52a2c7), with Swift 6.2 for watchOS using Xcode 26.3 on 30 Sep 2026 00:49:56 UTC.
Build Command
env DEVELOPER_DIR=/Applications/Xcode-26.3.0.app xcrun xcodebuild -IDEClonedSourcePackagesDirPathOverride=$PWD/.dependencies -skipMacroValidation -skipPackagePluginValidation -derivedDataPath $PWD/.derivedData build -scheme PaintKit-Package -destination generic/platform=watchOSBuild Log
========================================
RunAll
========================================
Builder version: 5.1.0
Interrupt handler set up.
========================================
Checkout
========================================
Clone URL: https://github.com/joshlin2201/itspaint.git
Reference: v0.23.0
Initialized empty Git repository in /Users/admin/builder/spi-builder-workspace/.git/
From https://github.com/joshlin2201/itspaint
* tag v0.23.0 -> FETCH_HEAD
HEAD is now at 52a2c71 Release 0.23.0 (#51)
Cloned https://github.com/joshlin2201/itspaint.git
Revision (git rev-parse @):
52a2c712f72e4c593596475f6d4e9b909564c64a
SPI manifest file found: $PWD/.spi.yml
SUCCESS checkout https://github.com/joshlin2201/itspaint.git at v0.23.0
========================================
Build
========================================
Selected platform: watchOS
Swift version: 6.2
Building package at path: $PWD
https://github.com/joshlin2201/itspaint.git
Command line invocation:
/Applications/Xcode-26.3.0.app/Contents/Developer/usr/bin/xcodebuild -IDEClonedSourcePackagesDirPathOverride=/Users/admin/builder/spi-builder-workspace/.dependencies -resolvePackageDependencies
Resolve Package Graph
Resolved source packages:
PaintKit: /Users/admin/builder/spi-builder-workspace/Packages/PaintKit
resolved source packages: PaintKit
{
"dependencies" : [
],
"manifest_display_name" : "PaintKit",
"name" : "PaintKit",
"path" : "/Users/admin/builder/spi-builder-workspace",
"platforms" : [
{
"name" : "macos",
"version" : "12.0"
}
],
"products" : [
{
"name" : "PaintKit",
"targets" : [
"PaintKit"
],
"type" : {
"library" : [
"automatic"
]
}
},
{
"name" : "paint-demo",
"targets" : [
"PaintDemo"
],
"type" : {
"executable" : null
}
}
],
"targets" : [
{
"c99name" : "PaintKitTests",
"module_type" : "SwiftTarget",
"name" : "PaintKitTests",
"path" : "Packages/PaintKit/Tests/PaintKitTests",
"sources" : [
"CloneTests.swift",
"CodecTests.swift",
"FloatingSelectionTests.swift",
"InkExtractorTests.swift",
"LassoCropTrimTests.swift",
"PDFCodecTests.swift",
"PaintEngineTests.swift",
"PerformanceTests.swift",
"PixelTests.swift",
"RasterTests.swift",
"TextRendererTests.swift",
"ToolSettingsTests.swift",
"TransparentPaintTests.swift"
],
"target_dependencies" : [
"PaintKit"
],
"type" : "test"
},
{
"c99name" : "PaintKit",
"module_type" : "SwiftTarget",
"name" : "PaintKit",
"path" : "Packages/PaintKit/Sources/PaintKit",
"product_memberships" : [
"PaintKit",
"paint-demo"
],
"sources" : [
"Codec/CoreGraphicsBridge.swift",
"Codec/FileStaging.swift",
"Codec/ImageCodec.swift",
"Codec/ImageTransform.swift",
"Codec/InkExtractor.swift",
"Codec/PDFCodec.swift",
"Codec/TextRenderer.swift",
"Colour/PaintColour.swift",
"Colour/Palette.swift",
"Pixels/Bitmap.swift",
"Pixels/Brush.swift",
"Pixels/Geometry.swift",
"Pixels/RGBA8.swift",
"Pixels/Raster.swift",
"Tools/PaintEngine.swift",
"Tools/Selection.swift",
"Tools/SelectionMask.swift",
"Tools/ToolKind.swift",
"Tools/ToolSettings.swift",
"Undo/RectPatch.swift",
"Undo/UndoStack.swift"
],
"type" : "library"
},
{
"c99name" : "PaintDemoTests",
"module_type" : "SwiftTarget",
"name" : "PaintDemoTests",
"path" : "Packages/PaintKit/Tests/PaintDemoTests",
"sources" : [
"DemoSceneTests.swift"
],
"target_dependencies" : [
"PaintDemo"
],
"type" : "test"
},
{
"c99name" : "PaintDemo",
"module_type" : "SwiftTarget",
"name" : "PaintDemo",
"path" : "Packages/PaintKit/Sources/PaintDemo",
"product_memberships" : [
"paint-demo"
],
"sources" : [
"AppStoreScreenshots.swift",
"Benchmark.swift",
"ChameleonScene.swift",
"ClipboardMarkupScene.swift",
"DemoCanvas.swift",
"DemoScene.swift",
"Icon.swift",
"PaintDemoCommand.swift",
"QuickSketchScene.swift",
"ReadmeBanner.swift",
"SocialPreview.swift",
"TransparencyScene.swift"
],
"target_dependencies" : [
"PaintKit"
],
"type" : "executable"
}
],
"tools_version" : "6.0"
}
{
"project" : {
"configurations" : [
"Debug",
"Release"
],
"name" : "ItsPaint",
"schemes" : [
"ItsPaint",
"paint-demo",
"PaintDemoTests",
"PaintKit"
],
"targets" : [
"ItsPaint",
"ItsPaintTests"
]
}
}
{
"workspace" : {
"name" : "spi-builder-workspace",
"schemes" : [
"paint-demo",
"PaintKit",
"PaintKit-Package"
]
}
}
2026-09-29 20:49:45.570 xcodebuild[705:4428] [MT] IDERunDestination: Supported platforms for the buildables in the current scheme is empty.
Running build ...
env DEVELOPER_DIR=/Applications/Xcode-26.3.0.app xcrun xcodebuild -IDEClonedSourcePackagesDirPathOverride=$PWD/.dependencies -skipMacroValidation -skipPackagePluginValidation -derivedDataPath $PWD/.derivedData build -scheme PaintKit-Package -destination generic/platform=watchOS
Command line invocation:
/Applications/Xcode-26.3.0.app/Contents/Developer/usr/bin/xcodebuild -IDEClonedSourcePackagesDirPathOverride=/Users/admin/builder/spi-builder-workspace/.dependencies -skipMacroValidation -skipPackagePluginValidation -derivedDataPath /Users/admin/builder/spi-builder-workspace/.derivedData build -scheme PaintKit-Package -destination generic/platform=watchOS
Resolve Package Graph
Resolved source packages:
PaintKit: /Users/admin/builder/spi-builder-workspace
ComputePackagePrebuildTargetDependencyGraph
Prepare packages
CreateBuildRequest
SendProjectDescription
CreateBuildOperation
ComputeTargetDependencyGraph
note: Building targets in dependency order
note: Target dependency graph (3 targets)
Target 'paint-demo' in project 'PaintKit'
➜ Explicit dependency on target 'PaintKit' in project 'PaintKit'
Target 'PaintKit' in project 'PaintKit'
➜ Explicit dependency on target 'PaintKit' in project 'PaintKit'
Target 'PaintKit' in project 'PaintKit' (no dependencies)
GatherProvisioningInputs
CreateBuildDescription
ExecuteExternalTool /Applications/Xcode-26.3.0.app/Contents/Developer/Toolchains/XcodeDefault.xctoolchain/usr/bin/clang -v -E -dM -isysroot /Applications/Xcode-26.3.0.app/Contents/Developer/Platforms/WatchOS.platform/Developer/SDKs/WatchOS26.2.sdk -x c -c /dev/null
ExecuteExternalTool /Applications/Xcode-26.3.0.app/Contents/Developer/Toolchains/XcodeDefault.xctoolchain/usr/bin/swiftc --version
ExecuteExternalTool /Applications/Xcode-26.3.0.app/Contents/Developer/Toolchains/XcodeDefault.xctoolchain/usr/bin/ld -version_details
Build description signature: 0f07e63f9d70b5181c80dde3b33ee20b
Build description path: /Users/admin/builder/spi-builder-workspace/.derivedData/Build/Intermediates.noindex/XCBuildData/0f07e63f9d70b5181c80dde3b33ee20b.xcbuilddata
CreateBuildDirectory /Users/admin/builder/spi-builder-workspace/.derivedData/Build/Products
cd /Users/admin/builder/spi-builder-workspace/.swiftpm/xcode
builtin-create-build-directory /Users/admin/builder/spi-builder-workspace/.derivedData/Build/Products
CreateBuildDirectory /Users/admin/builder/spi-builder-workspace/.derivedData/Build/Intermediates.noindex
cd /Users/admin/builder/spi-builder-workspace/.swiftpm/xcode
builtin-create-build-directory /Users/admin/builder/spi-builder-workspace/.derivedData/Build/Intermediates.noindex
ClangStatCache /Applications/Xcode-26.3.0.app/Contents/Developer/Toolchains/XcodeDefault.xctoolchain/usr/bin/clang-stat-cache /Applications/Xcode-26.3.0.app/Contents/Developer/Platforms/WatchOS.platform/Developer/SDKs/WatchOS26.2.sdk /Users/admin/builder/spi-builder-workspace/.derivedData/SDKStatCaches.noindex/watchos26.2-23S303-dc75598d0054f22ec865fa860f139d721753b489057de6bda919edfa1c59a62b.sdkstatcache
cd /Users/admin/builder/spi-builder-workspace/.swiftpm/xcode
/Applications/Xcode-26.3.0.app/Contents/Developer/Toolchains/XcodeDefault.xctoolchain/usr/bin/clang-stat-cache /Applications/Xcode-26.3.0.app/Contents/Developer/Platforms/WatchOS.platform/Developer/SDKs/WatchOS26.2.sdk -o /Users/admin/builder/spi-builder-workspace/.derivedData/SDKStatCaches.noindex/watchos26.2-23S303-dc75598d0054f22ec865fa860f139d721753b489057de6bda919edfa1c59a62b.sdkstatcache
CreateBuildDirectory /Users/admin/builder/spi-builder-workspace/.derivedData/Build/Products/Debug-watchos
cd /Users/admin/builder/spi-builder-workspace/.swiftpm/xcode
builtin-create-build-directory /Users/admin/builder/spi-builder-workspace/.derivedData/Build/Products/Debug-watchos
CreateBuildDirectory /Users/admin/builder/spi-builder-workspace/.derivedData/Build/Intermediates.noindex/SwiftExplicitPrecompiledModules
cd /Users/admin/builder/spi-builder-workspace/.swiftpm/xcode
builtin-create-build-directory /Users/admin/builder/spi-builder-workspace/.derivedData/Build/Intermediates.noindex/SwiftExplicitPrecompiledModules
CreateBuildDirectory /Users/admin/builder/spi-builder-workspace/.derivedData/Build/Intermediates.noindex/ExplicitPrecompiledModules
cd /Users/admin/builder/spi-builder-workspace/.swiftpm/xcode
builtin-create-build-directory /Users/admin/builder/spi-builder-workspace/.derivedData/Build/Intermediates.noindex/ExplicitPrecompiledModules
CreateBuildDirectory /Users/admin/builder/spi-builder-workspace/.derivedData/Build/Intermediates.noindex/EagerLinkingTBDs/Debug-watchos
cd /Users/admin/builder/spi-builder-workspace/.swiftpm/xcode
builtin-create-build-directory /Users/admin/builder/spi-builder-workspace/.derivedData/Build/Intermediates.noindex/EagerLinkingTBDs/Debug-watchos
CreateBuildDirectory /Users/admin/builder/spi-builder-workspace/.derivedData/Build/Products/Debug-watchos/PackageFrameworks
cd /Users/admin/builder/spi-builder-workspace/.swiftpm/xcode
builtin-create-build-directory /Users/admin/builder/spi-builder-workspace/.derivedData/Build/Products/Debug-watchos/PackageFrameworks
WriteAuxiliaryFile /Users/admin/builder/spi-builder-workspace/.derivedData/Build/Intermediates.noindex/PaintKit.build/Debug-watchos/paint-demo.build/paint-demo.DependencyStaticMetadataFileList (in target 'paint-demo' from project 'PaintKit')
cd /Users/admin/builder/spi-builder-workspace
write-file /Users/admin/builder/spi-builder-workspace/.derivedData/Build/Intermediates.noindex/PaintKit.build/Debug-watchos/paint-demo.build/paint-demo.DependencyStaticMetadataFileList
WriteAuxiliaryFile /Users/admin/builder/spi-builder-workspace/.derivedData/Build/Intermediates.noindex/PaintKit.build/Debug-watchos/paint-demo.build/paint-demo.DependencyMetadataFileList (in target 'paint-demo' from project 'PaintKit')
cd /Users/admin/builder/spi-builder-workspace
write-file /Users/admin/builder/spi-builder-workspace/.derivedData/Build/Intermediates.noindex/PaintKit.build/Debug-watchos/paint-demo.build/paint-demo.DependencyMetadataFileList
WriteAuxiliaryFile /Users/admin/builder/spi-builder-workspace/.derivedData/Build/Intermediates.noindex/PaintKit.build/Debug-watchos/paint-demo.build/Objects-normal/armv7k/paint-demo.LinkFileList (in target 'paint-demo' from project 'PaintKit')
cd /Users/admin/builder/spi-builder-workspace
write-file /Users/admin/builder/spi-builder-workspace/.derivedData/Build/Intermediates.noindex/PaintKit.build/Debug-watchos/paint-demo.build/Objects-normal/armv7k/paint-demo.LinkFileList
WriteAuxiliaryFile /Users/admin/builder/spi-builder-workspace/.derivedData/Build/Intermediates.noindex/PaintKit.build/Debug-watchos/paint-demo.build/Objects-normal/arm64_32/paint-demo_const_extract_protocols.json (in target 'paint-demo' from project 'PaintKit')
cd /Users/admin/builder/spi-builder-workspace
write-file /Users/admin/builder/spi-builder-workspace/.derivedData/Build/Intermediates.noindex/PaintKit.build/Debug-watchos/paint-demo.build/Objects-normal/arm64_32/paint-demo_const_extract_protocols.json
WriteAuxiliaryFile /Users/admin/builder/spi-builder-workspace/.derivedData/Build/Intermediates.noindex/PaintKit.build/Debug-watchos/paint-demo.build/Objects-normal/armv7k/paint-demo_const_extract_protocols.json (in target 'paint-demo' from project 'PaintKit')
cd /Users/admin/builder/spi-builder-workspace
write-file /Users/admin/builder/spi-builder-workspace/.derivedData/Build/Intermediates.noindex/PaintKit.build/Debug-watchos/paint-demo.build/Objects-normal/armv7k/paint-demo_const_extract_protocols.json
WriteAuxiliaryFile /Users/admin/builder/spi-builder-workspace/.derivedData/Build/Intermediates.noindex/PaintKit.build/Debug-watchos/paint-demo.build/Objects-normal/armv7k/paint-demo.SwiftFileList (in target 'paint-demo' from project 'PaintKit')
cd /Users/admin/builder/spi-builder-workspace
write-file /Users/admin/builder/spi-builder-workspace/.derivedData/Build/Intermediates.noindex/PaintKit.build/Debug-watchos/paint-demo.build/Objects-normal/armv7k/paint-demo.SwiftFileList
WriteAuxiliaryFile /Users/admin/builder/spi-builder-workspace/.derivedData/Build/Intermediates.noindex/PaintKit.build/Debug-watchos/paint-demo.build/Objects-normal/arm64_32/paint-demo.SwiftFileList (in target 'paint-demo' from project 'PaintKit')
cd /Users/admin/builder/spi-builder-workspace
write-file /Users/admin/builder/spi-builder-workspace/.derivedData/Build/Intermediates.noindex/PaintKit.build/Debug-watchos/paint-demo.build/Objects-normal/arm64_32/paint-demo.SwiftFileList
WriteAuxiliaryFile /Users/admin/builder/spi-builder-workspace/.derivedData/Build/Intermediates.noindex/PaintKit.build/Debug-watchos/paint-demo.build/Objects-normal/arm64_32/paint-demo.LinkFileList (in target 'paint-demo' from project 'PaintKit')
cd /Users/admin/builder/spi-builder-workspace
write-file /Users/admin/builder/spi-builder-workspace/.derivedData/Build/Intermediates.noindex/PaintKit.build/Debug-watchos/paint-demo.build/Objects-normal/arm64_32/paint-demo.LinkFileList
WriteAuxiliaryFile /Users/admin/builder/spi-builder-workspace/.derivedData/Build/Intermediates.noindex/PaintKit.build/Debug-watchos/paint-demo.build/Objects-normal/armv7k/paint-demo-OutputFileMap.json (in target 'paint-demo' from project 'PaintKit')
cd /Users/admin/builder/spi-builder-workspace
write-file /Users/admin/builder/spi-builder-workspace/.derivedData/Build/Intermediates.noindex/PaintKit.build/Debug-watchos/paint-demo.build/Objects-normal/armv7k/paint-demo-OutputFileMap.json
WriteAuxiliaryFile /Users/admin/builder/spi-builder-workspace/.derivedData/Build/Intermediates.noindex/PaintKit.build/Debug-watchos/paint-demo.build/Objects-normal/arm64_32/paint-demo-OutputFileMap.json (in target 'paint-demo' from project 'PaintKit')
cd /Users/admin/builder/spi-builder-workspace
write-file /Users/admin/builder/spi-builder-workspace/.derivedData/Build/Intermediates.noindex/PaintKit.build/Debug-watchos/paint-demo.build/Objects-normal/arm64_32/paint-demo-OutputFileMap.json
WriteAuxiliaryFile /Users/admin/builder/spi-builder-workspace/.derivedData/Build/Intermediates.noindex/PaintKit.build/Debug-watchos/paint-demo.build/Objects-normal/arm64/paint-demo.SwiftFileList (in target 'paint-demo' from project 'PaintKit')
cd /Users/admin/builder/spi-builder-workspace
write-file /Users/admin/builder/spi-builder-workspace/.derivedData/Build/Intermediates.noindex/PaintKit.build/Debug-watchos/paint-demo.build/Objects-normal/arm64/paint-demo.SwiftFileList
WriteAuxiliaryFile /Users/admin/builder/spi-builder-workspace/.derivedData/Build/Intermediates.noindex/PaintKit.build/Debug-watchos/paint-demo.build/Objects-normal/arm64/paint-demo_const_extract_protocols.json (in target 'paint-demo' from project 'PaintKit')
cd /Users/admin/builder/spi-builder-workspace
write-file /Users/admin/builder/spi-builder-workspace/.derivedData/Build/Intermediates.noindex/PaintKit.build/Debug-watchos/paint-demo.build/Objects-normal/arm64/paint-demo_const_extract_protocols.json
WriteAuxiliaryFile /Users/admin/builder/spi-builder-workspace/.derivedData/Build/Intermediates.noindex/PaintKit.build/Debug-watchos/paint-demo.build/Objects-normal/arm64/paint-demo.LinkFileList (in target 'paint-demo' from project 'PaintKit')
cd /Users/admin/builder/spi-builder-workspace
write-file /Users/admin/builder/spi-builder-workspace/.derivedData/Build/Intermediates.noindex/PaintKit.build/Debug-watchos/paint-demo.build/Objects-normal/arm64/paint-demo.LinkFileList
WriteAuxiliaryFile /Users/admin/builder/spi-builder-workspace/.derivedData/Build/Intermediates.noindex/PaintKit.build/Debug-watchos/paint-demo.build/Objects-normal/arm64/paint-demo-OutputFileMap.json (in target 'paint-demo' from project 'PaintKit')
cd /Users/admin/builder/spi-builder-workspace
write-file /Users/admin/builder/spi-builder-workspace/.derivedData/Build/Intermediates.noindex/PaintKit.build/Debug-watchos/paint-demo.build/Objects-normal/arm64/paint-demo-OutputFileMap.json
WriteAuxiliaryFile /Users/admin/builder/spi-builder-workspace/.derivedData/Build/Intermediates.noindex/PaintKit.build/Debug-watchos/PaintKit.build/PaintKit.DependencyMetadataFileList (in target 'PaintKit' from project 'PaintKit')
cd /Users/admin/builder/spi-builder-workspace
write-file /Users/admin/builder/spi-builder-workspace/.derivedData/Build/Intermediates.noindex/PaintKit.build/Debug-watchos/PaintKit.build/PaintKit.DependencyMetadataFileList
WriteAuxiliaryFile /Users/admin/builder/spi-builder-workspace/.derivedData/Build/Intermediates.noindex/PaintKit.build/Debug-watchos/PaintKit.build/PaintKit.DependencyStaticMetadataFileList (in target 'PaintKit' from project 'PaintKit')
cd /Users/admin/builder/spi-builder-workspace
write-file /Users/admin/builder/spi-builder-workspace/.derivedData/Build/Intermediates.noindex/PaintKit.build/Debug-watchos/PaintKit.build/PaintKit.DependencyStaticMetadataFileList
WriteAuxiliaryFile /Users/admin/builder/spi-builder-workspace/.derivedData/Build/Intermediates.noindex/PaintKit.build/Debug-watchos/PaintKit.build/PaintKit.modulemap (in target 'PaintKit' from project 'PaintKit')
cd /Users/admin/builder/spi-builder-workspace
write-file /Users/admin/builder/spi-builder-workspace/.derivedData/Build/Intermediates.noindex/PaintKit.build/Debug-watchos/PaintKit.build/PaintKit.modulemap
WriteAuxiliaryFile /Users/admin/builder/spi-builder-workspace/.derivedData/Build/Intermediates.noindex/PaintKit.build/Debug-watchos/PaintKit.build/Objects-normal/armv7k/PaintKit.SwiftConstValuesFileList (in target 'PaintKit' from project 'PaintKit')
cd /Users/admin/builder/spi-builder-workspace
write-file /Users/admin/builder/spi-builder-workspace/.derivedData/Build/Intermediates.noindex/PaintKit.build/Debug-watchos/PaintKit.build/Objects-normal/armv7k/PaintKit.SwiftConstValuesFileList
WriteAuxiliaryFile /Users/admin/builder/spi-builder-workspace/.derivedData/Build/Intermediates.noindex/PaintKit.build/Debug-watchos/PaintKit.build/Objects-normal/armv7k/PaintKit.SwiftFileList (in target 'PaintKit' from project 'PaintKit')
cd /Users/admin/builder/spi-builder-workspace
write-file /Users/admin/builder/spi-builder-workspace/.derivedData/Build/Intermediates.noindex/PaintKit.build/Debug-watchos/PaintKit.build/Objects-normal/armv7k/PaintKit.SwiftFileList
WriteAuxiliaryFile /Users/admin/builder/spi-builder-workspace/.derivedData/Build/Intermediates.noindex/PaintKit.build/Debug-watchos/PaintKit.build/Objects-normal/armv7k/PaintKit_const_extract_protocols.json (in target 'PaintKit' from project 'PaintKit')
cd /Users/admin/builder/spi-builder-workspace
write-file /Users/admin/builder/spi-builder-workspace/.derivedData/Build/Intermediates.noindex/PaintKit.build/Debug-watchos/PaintKit.build/Objects-normal/armv7k/PaintKit_const_extract_protocols.json
WriteAuxiliaryFile /Users/admin/builder/spi-builder-workspace/.derivedData/Build/Intermediates.noindex/PaintKit.build/Debug-watchos/PaintKit.build/Objects-normal/armv7k/PaintKit.LinkFileList (in target 'PaintKit' from project 'PaintKit')
cd /Users/admin/builder/spi-builder-workspace
write-file /Users/admin/builder/spi-builder-workspace/.derivedData/Build/Intermediates.noindex/PaintKit.build/Debug-watchos/PaintKit.build/Objects-normal/armv7k/PaintKit.LinkFileList
WriteAuxiliaryFile /Users/admin/builder/spi-builder-workspace/.derivedData/Build/Intermediates.noindex/PaintKit.build/Debug-watchos/PaintKit.build/Objects-normal/armv7k/PaintKit-OutputFileMap.json (in target 'PaintKit' from project 'PaintKit')
cd /Users/admin/builder/spi-builder-workspace
write-file /Users/admin/builder/spi-builder-workspace/.derivedData/Build/Intermediates.noindex/PaintKit.build/Debug-watchos/PaintKit.build/Objects-normal/armv7k/PaintKit-OutputFileMap.json
WriteAuxiliaryFile /Users/admin/builder/spi-builder-workspace/.derivedData/Build/Intermediates.noindex/PaintKit.build/Debug-watchos/PaintKit.build/Objects-normal/arm64_32/PaintKit_const_extract_protocols.json (in target 'PaintKit' from project 'PaintKit')
cd /Users/admin/builder/spi-builder-workspace
write-file /Users/admin/builder/spi-builder-workspace/.derivedData/Build/Intermediates.noindex/PaintKit.build/Debug-watchos/PaintKit.build/Objects-normal/arm64_32/PaintKit_const_extract_protocols.json
WriteAuxiliaryFile /Users/admin/builder/spi-builder-workspace/.derivedData/Build/Intermediates.noindex/PaintKit.build/Debug-watchos/PaintKit.build/Objects-normal/arm64_32/PaintKit.SwiftFileList (in target 'PaintKit' from project 'PaintKit')
cd /Users/admin/builder/spi-builder-workspace
write-file /Users/admin/builder/spi-builder-workspace/.derivedData/Build/Intermediates.noindex/PaintKit.build/Debug-watchos/PaintKit.build/Objects-normal/arm64_32/PaintKit.SwiftFileList
WriteAuxiliaryFile /Users/admin/builder/spi-builder-workspace/.derivedData/Build/Intermediates.noindex/PaintKit.build/Debug-watchos/PaintKit.build/Objects-normal/arm64_32/PaintKit.SwiftConstValuesFileList (in target 'PaintKit' from project 'PaintKit')
cd /Users/admin/builder/spi-builder-workspace
write-file /Users/admin/builder/spi-builder-workspace/.derivedData/Build/Intermediates.noindex/PaintKit.build/Debug-watchos/PaintKit.build/Objects-normal/arm64_32/PaintKit.SwiftConstValuesFileList
WriteAuxiliaryFile /Users/admin/builder/spi-builder-workspace/.derivedData/Build/Intermediates.noindex/PaintKit.build/Debug-watchos/PaintKit.build/Objects-normal/arm64_32/PaintKit.LinkFileList (in target 'PaintKit' from project 'PaintKit')
cd /Users/admin/builder/spi-builder-workspace
write-file /Users/admin/builder/spi-builder-workspace/.derivedData/Build/Intermediates.noindex/PaintKit.build/Debug-watchos/PaintKit.build/Objects-normal/arm64_32/PaintKit.LinkFileList
WriteAuxiliaryFile /Users/admin/builder/spi-builder-workspace/.derivedData/Build/Intermediates.noindex/PaintKit.build/Debug-watchos/PaintKit.build/Objects-normal/arm64_32/PaintKit-OutputFileMap.json (in target 'PaintKit' from project 'PaintKit')
cd /Users/admin/builder/spi-builder-workspace
write-file /Users/admin/builder/spi-builder-workspace/.derivedData/Build/Intermediates.noindex/PaintKit.build/Debug-watchos/PaintKit.build/Objects-normal/arm64_32/PaintKit-OutputFileMap.json
WriteAuxiliaryFile /Users/admin/builder/spi-builder-workspace/.derivedData/Build/Intermediates.noindex/PaintKit.build/Debug-watchos/PaintKit.build/Objects-normal/arm64/PaintKit.SwiftFileList (in target 'PaintKit' from project 'PaintKit')
cd /Users/admin/builder/spi-builder-workspace
write-file /Users/admin/builder/spi-builder-workspace/.derivedData/Build/Intermediates.noindex/PaintKit.build/Debug-watchos/PaintKit.build/Objects-normal/arm64/PaintKit.SwiftFileList
WriteAuxiliaryFile /Users/admin/builder/spi-builder-workspace/.derivedData/Build/Intermediates.noindex/PaintKit.build/Debug-watchos/PaintKit.build/Objects-normal/arm64/PaintKit_const_extract_protocols.json (in target 'PaintKit' from project 'PaintKit')
cd /Users/admin/builder/spi-builder-workspace
write-file /Users/admin/builder/spi-builder-workspace/.derivedData/Build/Intermediates.noindex/PaintKit.build/Debug-watchos/PaintKit.build/Objects-normal/arm64/PaintKit_const_extract_protocols.json
WriteAuxiliaryFile /Users/admin/builder/spi-builder-workspace/.derivedData/Build/Intermediates.noindex/PaintKit.build/Debug-watchos/PaintKit.build/Objects-normal/arm64/PaintKit.SwiftConstValuesFileList (in target 'PaintKit' from project 'PaintKit')
cd /Users/admin/builder/spi-builder-workspace
write-file /Users/admin/builder/spi-builder-workspace/.derivedData/Build/Intermediates.noindex/PaintKit.build/Debug-watchos/PaintKit.build/Objects-normal/arm64/PaintKit.SwiftConstValuesFileList
WriteAuxiliaryFile /Users/admin/builder/spi-builder-workspace/.derivedData/Build/Intermediates.noindex/PaintKit.build/Debug-watchos/PaintKit.build/Objects-normal/arm64/PaintKit.LinkFileList (in target 'PaintKit' from project 'PaintKit')
cd /Users/admin/builder/spi-builder-workspace
write-file /Users/admin/builder/spi-builder-workspace/.derivedData/Build/Intermediates.noindex/PaintKit.build/Debug-watchos/PaintKit.build/Objects-normal/arm64/PaintKit.LinkFileList
WriteAuxiliaryFile /Users/admin/builder/spi-builder-workspace/.derivedData/Build/Intermediates.noindex/PaintKit.build/Debug-watchos/PaintKit.build/Objects-normal/arm64/PaintKit-OutputFileMap.json (in target 'PaintKit' from project 'PaintKit')
cd /Users/admin/builder/spi-builder-workspace
write-file /Users/admin/builder/spi-builder-workspace/.derivedData/Build/Intermediates.noindex/PaintKit.build/Debug-watchos/PaintKit.build/Objects-normal/arm64/PaintKit-OutputFileMap.json
Copy /Users/admin/builder/spi-builder-workspace/.derivedData/Build/Intermediates.noindex/GeneratedModuleMaps-watchos/PaintKit.modulemap /Users/admin/builder/spi-builder-workspace/.derivedData/Build/Intermediates.noindex/PaintKit.build/Debug-watchos/PaintKit.build/PaintKit.modulemap (in target 'PaintKit' from project 'PaintKit')
cd /Users/admin/builder/spi-builder-workspace
builtin-copy -exclude .DS_Store -exclude CVS -exclude .svn -exclude .git -exclude .hg -resolve-src-symlinks /Users/admin/builder/spi-builder-workspace/.derivedData/Build/Intermediates.noindex/PaintKit.build/Debug-watchos/PaintKit.build/PaintKit.modulemap /Users/admin/builder/spi-builder-workspace/.derivedData/Build/Intermediates.noindex/GeneratedModuleMaps-watchos
SwiftDriver PaintKit normal arm64_32 com.apple.xcode.tools.swift.compiler (in target 'PaintKit' from project 'PaintKit')
cd /Users/admin/builder/spi-builder-workspace/.swiftpm/xcode
builtin-SwiftDriver -- /Applications/Xcode-26.3.0.app/Contents/Developer/Toolchains/XcodeDefault.xctoolchain/usr/bin/swiftc -module-name PaintKit -Onone -enforce-exclusivity\=checked @/Users/admin/builder/spi-builder-workspace/.derivedData/Build/Intermediates.noindex/PaintKit.build/Debug-watchos/PaintKit.build/Objects-normal/arm64_32/PaintKit.SwiftFileList -DSWIFT_PACKAGE -DDEBUG -DSWIFT_MODULE_RESOURCE_BUNDLE_UNAVAILABLE -DXcode -plugin-path /Applications/Xcode-26.3.0.app/Contents/Developer/Toolchains/XcodeDefault.xctoolchain/usr/lib/swift/host/plugins/testing -enable-experimental-feature DebugDescriptionMacro -sdk /Applications/Xcode-26.3.0.app/Contents/Developer/Platforms/WatchOS.platform/Developer/SDKs/WatchOS26.2.sdk -target arm64_32-apple-watchos5.0 -g -module-cache-path /Users/admin/builder/spi-builder-workspace/.derivedData/ModuleCache.noindex -Xfrontend -serialize-debugging-options -profile-coverage-mapping -profile-generate -enable-testing -index-store-path /Users/admin/builder/spi-builder-workspace/.derivedData/Index.noindex/DataStore -Xcc -D_LIBCPP_HARDENING_MODE\=_LIBCPP_HARDENING_MODE_DEBUG -swift-version 6 -I /Users/admin/builder/spi-builder-workspace/.derivedData/Build/Products/Debug-watchos -Isystem /Applications/Xcode-26.3.0.app/Contents/Developer/Platforms/WatchOS.platform/Developer/usr/lib -F /Users/admin/builder/spi-builder-workspace/.derivedData/Build/Products/Debug-watchos -F /Applications/Xcode-26.3.0.app/Contents/Developer/Platforms/WatchOS.platform/Developer/Library/Frameworks -F /Applications/Xcode-26.3.0.app/Contents/Developer/Platforms/WatchOS.platform/Developer/SDKs/WatchOS26.2.sdk/Developer/Library/Frameworks -c -j10 -enable-batch-mode -incremental -Xcc -ivfsstatcache -Xcc /Users/admin/builder/spi-builder-workspace/.derivedData/SDKStatCaches.noindex/watchos26.2-23S303-dc75598d0054f22ec865fa860f139d721753b489057de6bda919edfa1c59a62b.sdkstatcache -output-file-map /Users/admin/builder/spi-builder-workspace/.derivedData/Build/Intermediates.noindex/PaintKit.build/Debug-watchos/PaintKit.build/Objects-normal/arm64_32/PaintKit-OutputFileMap.json -use-frontend-parseable-output -save-temps -no-color-diagnostics -explicit-module-build -module-cache-path /Users/admin/builder/spi-builder-workspace/.derivedData/Build/Intermediates.noindex/SwiftExplicitPrecompiledModules -clang-scanner-module-cache-path /Users/admin/builder/spi-builder-workspace/.derivedData/ModuleCache.noindex -sdk-module-cache-path /Users/admin/builder/spi-builder-workspace/.derivedData/ModuleCache.noindex -serialize-diagnostics -emit-dependencies -emit-module -emit-module-path /Users/admin/builder/spi-builder-workspace/.derivedData/Build/Intermediates.noindex/PaintKit.build/Debug-watchos/PaintKit.build/Objects-normal/arm64_32/PaintKit.swiftmodule -validate-clang-modules-once -clang-build-session-file /Users/admin/builder/spi-builder-workspace/.derivedData/ModuleCache.noindex/Session.modulevalidation -package-name spi_builder_workspace -Xcc -I/Users/admin/builder/spi-builder-workspace/.derivedData/Build/Intermediates.noindex/PaintKit.build/Debug-watchos/PaintKit.build/swift-overrides.hmap -emit-const-values -Xfrontend -const-gather-protocols-file -Xfrontend /Users/admin/builder/spi-builder-workspace/.derivedData/Build/Intermediates.noindex/PaintKit.build/Debug-watchos/PaintKit.build/Objects-normal/arm64_32/PaintKit_const_extract_protocols.json -Xcc -I/Users/admin/builder/spi-builder-workspace/.derivedData/Build/Products/Debug-watchos/include -Xcc -I/Users/admin/builder/spi-builder-workspace/.derivedData/Build/Intermediates.noindex/PaintKit.build/Debug-watchos/PaintKit.build/DerivedSources-normal/arm64_32 -Xcc -I/Users/admin/builder/spi-builder-workspace/.derivedData/Build/Intermediates.noindex/PaintKit.build/Debug-watchos/PaintKit.build/DerivedSources/arm64_32 -Xcc -I/Users/admin/builder/spi-builder-workspace/.derivedData/Build/Intermediates.noindex/PaintKit.build/Debug-watchos/PaintKit.build/DerivedSources -Xcc -DSWIFT_PACKAGE -Xcc -DDEBUG\=1 -emit-objc-header -emit-objc-header-path /Users/admin/builder/spi-builder-workspace/.derivedData/Build/Intermediates.noindex/PaintKit.build/Debug-watchos/PaintKit.build/Objects-normal/arm64_32/PaintKit-Swift.h -working-directory /Users/admin/builder/spi-builder-workspace/.swiftpm/xcode -experimental-emit-module-separately -disable-cmo
SwiftDriver PaintKit normal armv7k com.apple.xcode.tools.swift.compiler (in target 'PaintKit' from project 'PaintKit')
cd /Users/admin/builder/spi-builder-workspace/.swiftpm/xcode
builtin-SwiftDriver -- /Applications/Xcode-26.3.0.app/Contents/Developer/Toolchains/XcodeDefault.xctoolchain/usr/bin/swiftc -module-name PaintKit -Onone -enforce-exclusivity\=checked @/Users/admin/builder/spi-builder-workspace/.derivedData/Build/Intermediates.noindex/PaintKit.build/Debug-watchos/PaintKit.build/Objects-normal/armv7k/PaintKit.SwiftFileList -DSWIFT_PACKAGE -DDEBUG -DSWIFT_MODULE_RESOURCE_BUNDLE_UNAVAILABLE -DXcode -plugin-path /Applications/Xcode-26.3.0.app/Contents/Developer/Toolchains/XcodeDefault.xctoolchain/usr/lib/swift/host/plugins/testing -enable-experimental-feature DebugDescriptionMacro -sdk /Applications/Xcode-26.3.0.app/Contents/Developer/Platforms/WatchOS.platform/Developer/SDKs/WatchOS26.2.sdk -target armv7k-apple-watchos5.0 -g -module-cache-path /Users/admin/builder/spi-builder-workspace/.derivedData/ModuleCache.noindex -Xfrontend -serialize-debugging-options -profile-coverage-mapping -profile-generate -enable-testing -index-store-path /Users/admin/builder/spi-builder-workspace/.derivedData/Index.noindex/DataStore -Xcc -D_LIBCPP_HARDENING_MODE\=_LIBCPP_HARDENING_MODE_DEBUG -swift-version 6 -I /Users/admin/builder/spi-builder-workspace/.derivedData/Build/Products/Debug-watchos -Isystem /Applications/Xcode-26.3.0.app/Contents/Developer/Platforms/WatchOS.platform/Developer/usr/lib -F /Users/admin/builder/spi-builder-workspace/.derivedData/Build/Products/Debug-watchos -F /Applications/Xcode-26.3.0.app/Contents/Developer/Platforms/WatchOS.platform/Developer/Library/Frameworks -F /Applications/Xcode-26.3.0.app/Contents/Developer/Platforms/WatchOS.platform/Developer/SDKs/WatchOS26.2.sdk/Developer/Library/Frameworks -c -j10 -enable-batch-mode -incremental -Xcc -ivfsstatcache -Xcc /Users/admin/builder/spi-builder-workspace/.derivedData/SDKStatCaches.noindex/watchos26.2-23S303-dc75598d0054f22ec865fa860f139d721753b489057de6bda919edfa1c59a62b.sdkstatcache -output-file-map /Users/admin/builder/spi-builder-workspace/.derivedData/Build/Intermediates.noindex/PaintKit.build/Debug-watchos/PaintKit.build/Objects-normal/armv7k/PaintKit-OutputFileMap.json -use-frontend-parseable-output -save-temps -no-color-diagnostics -explicit-module-build -module-cache-path /Users/admin/builder/spi-builder-workspace/.derivedData/Build/Intermediates.noindex/SwiftExplicitPrecompiledModules -clang-scanner-module-cache-path /Users/admin/builder/spi-builder-workspace/.derivedData/ModuleCache.noindex -sdk-module-cache-path /Users/admin/builder/spi-builder-workspace/.derivedData/ModuleCache.noindex -serialize-diagnostics -emit-dependencies -emit-module -emit-module-path /Users/admin/builder/spi-builder-workspace/.derivedData/Build/Intermediates.noindex/PaintKit.build/Debug-watchos/PaintKit.build/Objects-normal/armv7k/PaintKit.swiftmodule -validate-clang-modules-once -clang-build-session-file /Users/admin/builder/spi-builder-workspace/.derivedData/ModuleCache.noindex/Session.modulevalidation -package-name spi_builder_workspace -Xcc -I/Users/admin/builder/spi-builder-workspace/.derivedData/Build/Intermediates.noindex/PaintKit.build/Debug-watchos/PaintKit.build/swift-overrides.hmap -emit-const-values -Xfrontend -const-gather-protocols-file -Xfrontend /Users/admin/builder/spi-builder-workspace/.derivedData/Build/Intermediates.noindex/PaintKit.build/Debug-watchos/PaintKit.build/Objects-normal/armv7k/PaintKit_const_extract_protocols.json -Xcc -I/Users/admin/builder/spi-builder-workspace/.derivedData/Build/Products/Debug-watchos/include -Xcc -I/Users/admin/builder/spi-builder-workspace/.derivedData/Build/Intermediates.noindex/PaintKit.build/Debug-watchos/PaintKit.build/DerivedSources-normal/armv7k -Xcc -I/Users/admin/builder/spi-builder-workspace/.derivedData/Build/Intermediates.noindex/PaintKit.build/Debug-watchos/PaintKit.build/DerivedSources/armv7k -Xcc -I/Users/admin/builder/spi-builder-workspace/.derivedData/Build/Intermediates.noindex/PaintKit.build/Debug-watchos/PaintKit.build/DerivedSources -Xcc -DSWIFT_PACKAGE -Xcc -DDEBUG\=1 -emit-objc-header -emit-objc-header-path /Users/admin/builder/spi-builder-workspace/.derivedData/Build/Intermediates.noindex/PaintKit.build/Debug-watchos/PaintKit.build/Objects-normal/armv7k/PaintKit-Swift.h -working-directory /Users/admin/builder/spi-builder-workspace/.swiftpm/xcode -experimental-emit-module-separately -disable-cmo
SwiftDriver PaintKit normal arm64 com.apple.xcode.tools.swift.compiler (in target 'PaintKit' from project 'PaintKit')
cd /Users/admin/builder/spi-builder-workspace/.swiftpm/xcode
builtin-SwiftDriver -- /Applications/Xcode-26.3.0.app/Contents/Developer/Toolchains/XcodeDefault.xctoolchain/usr/bin/swiftc -module-name PaintKit -Onone -enforce-exclusivity\=checked @/Users/admin/builder/spi-builder-workspace/.derivedData/Build/Intermediates.noindex/PaintKit.build/Debug-watchos/PaintKit.build/Objects-normal/arm64/PaintKit.SwiftFileList -DSWIFT_PACKAGE -DDEBUG -DSWIFT_MODULE_RESOURCE_BUNDLE_UNAVAILABLE -DXcode -plugin-path /Applications/Xcode-26.3.0.app/Contents/Developer/Toolchains/XcodeDefault.xctoolchain/usr/lib/swift/host/plugins/testing -enable-experimental-feature DebugDescriptionMacro -sdk /Applications/Xcode-26.3.0.app/Contents/Developer/Platforms/WatchOS.platform/Developer/SDKs/WatchOS26.2.sdk -target arm64-apple-watchos5.0 -g -module-cache-path /Users/admin/builder/spi-builder-workspace/.derivedData/ModuleCache.noindex -Xfrontend -serialize-debugging-options -profile-coverage-mapping -profile-generate -enable-testing -index-store-path /Users/admin/builder/spi-builder-workspace/.derivedData/Index.noindex/DataStore -Xcc -D_LIBCPP_HARDENING_MODE\=_LIBCPP_HARDENING_MODE_DEBUG -swift-version 6 -I /Users/admin/builder/spi-builder-workspace/.derivedData/Build/Products/Debug-watchos -Isystem /Applications/Xcode-26.3.0.app/Contents/Developer/Platforms/WatchOS.platform/Developer/usr/lib -F /Users/admin/builder/spi-builder-workspace/.derivedData/Build/Products/Debug-watchos -F /Applications/Xcode-26.3.0.app/Contents/Developer/Platforms/WatchOS.platform/Developer/Library/Frameworks -F /Applications/Xcode-26.3.0.app/Contents/Developer/Platforms/WatchOS.platform/Developer/SDKs/WatchOS26.2.sdk/Developer/Library/Frameworks -c -j10 -enable-batch-mode -incremental -Xcc -ivfsstatcache -Xcc /Users/admin/builder/spi-builder-workspace/.derivedData/SDKStatCaches.noindex/watchos26.2-23S303-dc75598d0054f22ec865fa860f139d721753b489057de6bda919edfa1c59a62b.sdkstatcache -output-file-map /Users/admin/builder/spi-builder-workspace/.derivedData/Build/Intermediates.noindex/PaintKit.build/Debug-watchos/PaintKit.build/Objects-normal/arm64/PaintKit-OutputFileMap.json -use-frontend-parseable-output -save-temps -no-color-diagnostics -explicit-module-build -module-cache-path /Users/admin/builder/spi-builder-workspace/.derivedData/Build/Intermediates.noindex/SwiftExplicitPrecompiledModules -clang-scanner-module-cache-path /Users/admin/builder/spi-builder-workspace/.derivedData/ModuleCache.noindex -sdk-module-cache-path /Users/admin/builder/spi-builder-workspace/.derivedData/ModuleCache.noindex -serialize-diagnostics -emit-dependencies -emit-module -emit-module-path /Users/admin/builder/spi-builder-workspace/.derivedData/Build/Intermediates.noindex/PaintKit.build/Debug-watchos/PaintKit.build/Objects-normal/arm64/PaintKit.swiftmodule -validate-clang-modules-once -clang-build-session-file /Users/admin/builder/spi-builder-workspace/.derivedData/ModuleCache.noindex/Session.modulevalidation -package-name spi_builder_workspace -Xcc -I/Users/admin/builder/spi-builder-workspace/.derivedData/Build/Intermediates.noindex/PaintKit.build/Debug-watchos/PaintKit.build/swift-overrides.hmap -emit-const-values -Xfrontend -const-gather-protocols-file -Xfrontend /Users/admin/builder/spi-builder-workspace/.derivedData/Build/Intermediates.noindex/PaintKit.build/Debug-watchos/PaintKit.build/Objects-normal/arm64/PaintKit_const_extract_protocols.json -Xcc -I/Users/admin/builder/spi-builder-workspace/.derivedData/Build/Products/Debug-watchos/include -Xcc -I/Users/admin/builder/spi-builder-workspace/.derivedData/Build/Intermediates.noindex/PaintKit.build/Debug-watchos/PaintKit.build/DerivedSources-normal/arm64 -Xcc -I/Users/admin/builder/spi-builder-workspace/.derivedData/Build/Intermediates.noindex/PaintKit.build/Debug-watchos/PaintKit.build/DerivedSources/arm64 -Xcc -I/Users/admin/builder/spi-builder-workspace/.derivedData/Build/Intermediates.noindex/PaintKit.build/Debug-watchos/PaintKit.build/DerivedSources -Xcc -DSWIFT_PACKAGE -Xcc -DDEBUG\=1 -emit-objc-header -emit-objc-header-path /Users/admin/builder/spi-builder-workspace/.derivedData/Build/Intermediates.noindex/PaintKit.build/Debug-watchos/PaintKit.build/Objects-normal/arm64/PaintKit-Swift.h -working-directory /Users/admin/builder/spi-builder-workspace/.swiftpm/xcode -experimental-emit-module-separately -disable-cmo
SwiftExplicitDependencyGeneratePcm arm64 /Users/admin/builder/spi-builder-workspace/.derivedData/ModuleCache.noindex/_Builtin_stddef-85JH2ZGWLM4WGGJWD7P19JNV6.pcm
SwiftExplicitDependencyGeneratePcm arm64 /Users/admin/builder/spi-builder-workspace/.derivedData/ModuleCache.noindex/_Builtin_stdarg-RZPX1L7HC0FE24QDJB88HMGH.pcm
SwiftExplicitDependencyGeneratePcm arm64 /Users/admin/builder/spi-builder-workspace/.derivedData/ModuleCache.noindex/ptrauth-23V973HP08H1G8HHZ6OAJWG6Z.pcm
SwiftExplicitDependencyGeneratePcm arm64 /Users/admin/builder/spi-builder-workspace/.derivedData/ModuleCache.noindex/_AvailabilityInternal-2O3RFBUGA1RPVNII2XIZ3QNC3.pcm
SwiftExplicitDependencyGeneratePcm arm64 /Users/admin/builder/spi-builder-workspace/.derivedData/ModuleCache.noindex/_SwiftConcurrencyShims-6I3LH2ITNOZQ7GZSIWV3YFHI2.pcm
SwiftExplicitDependencyGeneratePcm arm64 /Users/admin/builder/spi-builder-workspace/.derivedData/ModuleCache.noindex/_Builtin_float-5QRDZB35Y522CLCFL7NT2LPUF.pcm
SwiftExplicitDependencyGeneratePcm arm64 /Users/admin/builder/spi-builder-workspace/.derivedData/ModuleCache.noindex/SwiftShims-7I20DMCTK17Q8T32LA04FWAMX.pcm
SwiftExplicitDependencyGeneratePcm arm64 /Users/admin/builder/spi-builder-workspace/.derivedData/ModuleCache.noindex/_Builtin_stdbool-6XT6P5XUZWCFLZBIHXXS8S9EV.pcm
SwiftExplicitDependencyGeneratePcm arm64 /Users/admin/builder/spi-builder-workspace/.derivedData/ModuleCache.noindex/ptrcheck-4YU0IIP3FXMEGKRFTVKLD8FLA.pcm
SwiftExplicitDependencyGeneratePcm arm64_32 /Users/admin/builder/spi-builder-workspace/.derivedData/ModuleCache.noindex/_Builtin_stddef-CVMDFD2LRC6J8Y1G2VDJIK5XT.pcm
SwiftExplicitDependencyGeneratePcm armv7k /Users/admin/builder/spi-builder-workspace/.derivedData/ModuleCache.noindex/ptrauth-7MU8I6LYCX6DS0BM6VQWB61QK.pcm
SwiftExplicitDependencyGeneratePcm arm64_32 /Users/admin/builder/spi-builder-workspace/.derivedData/ModuleCache.noindex/_SwiftConcurrencyShims-BE6OCM46C4HZFNWL8BR101QWH.pcm
SwiftExplicitDependencyGeneratePcm arm64_32 /Users/admin/builder/spi-builder-workspace/.derivedData/ModuleCache.noindex/_Builtin_stdarg-D40VS4Q2KALO38V4FLA1GBDYO.pcm
SwiftExplicitDependencyGeneratePcm armv7k /Users/admin/builder/spi-builder-workspace/.derivedData/ModuleCache.noindex/_Builtin_stddef-ASXQGX4KRKJUJ254CBG2Q4QKU.pcm
SwiftExplicitDependencyGeneratePcm armv7k /Users/admin/builder/spi-builder-workspace/.derivedData/ModuleCache.noindex/_SwiftConcurrencyShims-D59HA2377K7NIHYDPWEQNNSGA.pcm
SwiftExplicitDependencyGeneratePcm arm64_32 /Users/admin/builder/spi-builder-workspace/.derivedData/ModuleCache.noindex/SwiftShims-1KDDRF0T4GF3KEVBC8BQQ0CZ5.pcm
SwiftExplicitDependencyGeneratePcm armv7k /Users/admin/builder/spi-builder-workspace/.derivedData/ModuleCache.noindex/_Builtin_stdarg-4MJ6H5HQOFMFBOLMH3S73T33Z.pcm
SwiftExplicitDependencyGeneratePcm arm64_32 /Users/admin/builder/spi-builder-workspace/.derivedData/ModuleCache.noindex/ptrauth-625I4K1NIQYS1FZEGD4TBZD97.pcm
SwiftExplicitDependencyGeneratePcm arm64 /Users/admin/builder/spi-builder-workspace/.derivedData/ModuleCache.noindex/_DarwinFoundation1-9CHGZVG6Q11ZVI9VKIOS0DH8R.pcm
SwiftExplicitDependencyGeneratePcm armv7k /Users/admin/builder/spi-builder-workspace/.derivedData/ModuleCache.noindex/SwiftShims-611RDAXOTFU5KRIC5DOC9GTGD.pcm
SwiftExplicitDependencyGeneratePcm armv7k /Users/admin/builder/spi-builder-workspace/.derivedData/ModuleCache.noindex/_Builtin_float-2BHPKKW0FQMYF431GLJ1850BD.pcm
SwiftExplicitDependencyGeneratePcm arm64_32 /Users/admin/builder/spi-builder-workspace/.derivedData/ModuleCache.noindex/ptrcheck-9AZUY5IS5PCZJH0IGF6KZ1CS4.pcm
SwiftExplicitDependencyGeneratePcm armv7k /Users/admin/builder/spi-builder-workspace/.derivedData/ModuleCache.noindex/ptrcheck-CULRGIKD1ZM2RCD4ZIFL67KIW.pcm
SwiftExplicitDependencyGeneratePcm armv7k /Users/admin/builder/spi-builder-workspace/.derivedData/ModuleCache.noindex/_Builtin_stdbool-9VD2M4BTLIJY98N0LN8FWE4LY.pcm
SwiftExplicitDependencyGeneratePcm arm64_32 /Users/admin/builder/spi-builder-workspace/.derivedData/ModuleCache.noindex/_Builtin_stdbool-5P7XRQ5AQ02CJZQOFJGPCI3TD.pcm
SwiftExplicitDependencyGeneratePcm arm64_32 /Users/admin/builder/spi-builder-workspace/.derivedData/ModuleCache.noindex/_AvailabilityInternal-2P7I2A0IHHWZTWSQ7YWZKAXBX.pcm
SwiftExplicitDependencyGeneratePcm armv7k /Users/admin/builder/spi-builder-workspace/.derivedData/ModuleCache.noindex/_AvailabilityInternal-83RE8IZZCM0LEI18OBRCG6MQA.pcm
SwiftExplicitDependencyGeneratePcm arm64_32 /Users/admin/builder/spi-builder-workspace/.derivedData/ModuleCache.noindex/_Builtin_float-57NF6Z0LMY2BSAMQJ9NJ49CVA.pcm
SwiftExplicitDependencyGeneratePcm arm64 /Users/admin/builder/spi-builder-workspace/.derivedData/ModuleCache.noindex/_Builtin_limits-DDBVG65V69EW9COVSML9AW08G.pcm
SwiftExplicitDependencyGeneratePcm arm64 /Users/admin/builder/spi-builder-workspace/.derivedData/ModuleCache.noindex/_DarwinFoundation2-91AUNY1B00JVZZS04EHZ5P78E.pcm
SwiftExplicitDependencyGeneratePcm arm64_32 /Users/admin/builder/spi-builder-workspace/.derivedData/ModuleCache.noindex/_DarwinFoundation1-B5IP3NLVAB98PUH6026E7IU3Z.pcm
SwiftExplicitDependencyGeneratePcm armv7k /Users/admin/builder/spi-builder-workspace/.derivedData/ModuleCache.noindex/_DarwinFoundation1-JSBDA50WKR2C9RJB07QWI42B.pcm
SwiftExplicitDependencyGeneratePcm arm64 /Users/admin/builder/spi-builder-workspace/.derivedData/ModuleCache.noindex/sys_types-3UK4M66LJG7B93KMPGCYXJLGJ.pcm
SwiftExplicitDependencyGeneratePcm arm64 /Users/admin/builder/spi-builder-workspace/.derivedData/ModuleCache.noindex/_Builtin_stdint-BFTPAV7DTJR0UZMVITWJ89G3Z.pcm
SwiftExplicitDependencyGeneratePcm armv7k /Users/admin/builder/spi-builder-workspace/.derivedData/ModuleCache.noindex/_Builtin_limits-XPKP09P1F6KF9ETBIU03GJWN.pcm
SwiftExplicitDependencyGeneratePcm armv7k /Users/admin/builder/spi-builder-workspace/.derivedData/ModuleCache.noindex/_DarwinFoundation2-E23B9LA0LZRKKI4M3H0N6KKNS.pcm
SwiftExplicitDependencyGeneratePcm arm64_32 /Users/admin/builder/spi-builder-workspace/.derivedData/ModuleCache.noindex/_Builtin_limits-85C3GEXRWK1KZJSJYR1SLAHJZ.pcm
SwiftExplicitDependencyGeneratePcm arm64_32 /Users/admin/builder/spi-builder-workspace/.derivedData/ModuleCache.noindex/_DarwinFoundation2-BE53KZ13PGS3ADMTR162NWOT8.pcm
SwiftExplicitDependencyGeneratePcm arm64 /Users/admin/builder/spi-builder-workspace/.derivedData/ModuleCache.noindex/_DarwinFoundation3-5VMZVD9RI030DGKFFW74MIHMQ.pcm
SwiftExplicitDependencyGeneratePcm armv7k /Users/admin/builder/spi-builder-workspace/.derivedData/ModuleCache.noindex/sys_types-3GFPKPXLY1P6X1P0NITR0P4C4.pcm
SwiftExplicitDependencyGeneratePcm armv7k /Users/admin/builder/spi-builder-workspace/.derivedData/ModuleCache.noindex/_Builtin_stdint-6N6B8EKB7NHM6T7WWL1PDEA92.pcm
SwiftExplicitDependencyGeneratePcm arm64_32 /Users/admin/builder/spi-builder-workspace/.derivedData/ModuleCache.noindex/_Builtin_stdint-DHK9W4154W1VADFICW26EF51A.pcm
SwiftExplicitDependencyGeneratePcm arm64_32 /Users/admin/builder/spi-builder-workspace/.derivedData/ModuleCache.noindex/sys_types-5220JAOP6QAKP1ZZSQXQIGT3N.pcm
SwiftExplicitDependencyGeneratePcm arm64 /Users/admin/builder/spi-builder-workspace/.derivedData/ModuleCache.noindex/_Builtin_inttypes-EAYG1OYRDQ7HO6J9WI6WA5Y2M.pcm
SwiftExplicitDependencyGeneratePcm armv7k /Users/admin/builder/spi-builder-workspace/.derivedData/ModuleCache.noindex/_DarwinFoundation3-60ZZ0LKXFK73H5B3FVK2CIR1Q.pcm
SwiftExplicitDependencyGeneratePcm arm64_32 /Users/admin/builder/spi-builder-workspace/.derivedData/ModuleCache.noindex/_DarwinFoundation3-ECPZQXPEKKE17FVBYD1POXRMU.pcm
SwiftExplicitDependencyGeneratePcm arm64 /Users/admin/builder/spi-builder-workspace/.derivedData/ModuleCache.noindex/Darwin-E1ZCMHXYOAUQKSA4QO0SMGPXA.pcm
SwiftExplicitDependencyGeneratePcm armv7k /Users/admin/builder/spi-builder-workspace/.derivedData/ModuleCache.noindex/_Builtin_inttypes-3JDG6ZXZGG8E2RCJLIRCCAV3E.pcm
SwiftExplicitDependencyGeneratePcm arm64_32 /Users/admin/builder/spi-builder-workspace/.derivedData/ModuleCache.noindex/_Builtin_inttypes-DVW4DAGN9X56OUK4E1BD9DBZ7.pcm
SwiftExplicitDependencyGeneratePcm armv7k /Users/admin/builder/spi-builder-workspace/.derivedData/ModuleCache.noindex/Darwin-C5UUQBFEDAP6QHSMO866342FZ.pcm
SwiftExplicitDependencyGeneratePcm arm64_32 /Users/admin/builder/spi-builder-workspace/.derivedData/ModuleCache.noindex/Darwin-C8WYVRDE1BASWGOHXGC15GM9F.pcm
SwiftExplicitDependencyGeneratePcm arm64 /Users/admin/builder/spi-builder-workspace/.derivedData/ModuleCache.noindex/ObjectiveC-2PU9OT47G6RBOHSXQR2STMWWR.pcm
SwiftExplicitDependencyGeneratePcm arm64 /Users/admin/builder/spi-builder-workspace/.derivedData/ModuleCache.noindex/os_object-CIUJ5N1V1HWSGEK024IV96R1M.pcm
SwiftExplicitDependencyGeneratePcm armv7k /Users/admin/builder/spi-builder-workspace/.derivedData/ModuleCache.noindex/ObjectiveC-ACM927XFRCK5MLNYU4TDJPUI9.pcm
SwiftExplicitDependencyGeneratePcm arm64_32 /Users/admin/builder/spi-builder-workspace/.derivedData/ModuleCache.noindex/ObjectiveC-AVYBQYXS0QCLOEQGWXNFUFJ0V.pcm
SwiftExplicitDependencyGeneratePcm arm64 /Users/admin/builder/spi-builder-workspace/.derivedData/ModuleCache.noindex/os_workgroup-5S02ISLSMHO6BA5HLY5UNJ6A3.pcm
SwiftExplicitDependencyGeneratePcm armv7k /Users/admin/builder/spi-builder-workspace/.derivedData/ModuleCache.noindex/os_object-CTAU3YFP52X3B3RQNJKXAB0S2.pcm
SwiftExplicitDependencyGeneratePcm arm64_32 /Users/admin/builder/spi-builder-workspace/.derivedData/ModuleCache.noindex/os_object-8N6RR4J5VVS62U9VXHR1297AW.pcm
SwiftExplicitDependencyGeneratePcm arm64 /Users/admin/builder/spi-builder-workspace/.derivedData/ModuleCache.noindex/Dispatch-4KQN7RRX0L9C07MGTWHYRJGYM.pcm
SwiftExplicitDependencyGeneratePcm armv7k /Users/admin/builder/spi-builder-workspace/.derivedData/ModuleCache.noindex/os_workgroup-5XIFNOMVKG500RY054IJSXA0A.pcm
SwiftExplicitDependencyGeneratePcm arm64_32 /Users/admin/builder/spi-builder-workspace/.derivedData/ModuleCache.noindex/os_workgroup-EGGSTWNSSUGG124AQRBUF2J85.pcm
SwiftExplicitDependencyGeneratePcm arm64 /Users/admin/builder/spi-builder-workspace/.derivedData/ModuleCache.noindex/CoreFoundation-C0JIKJUNM7J0IFUIZ8S5RWP5A.pcm
SwiftExplicitDependencyGeneratePcm armv7k /Users/admin/builder/spi-builder-workspace/.derivedData/ModuleCache.noindex/Dispatch-CDWEQAFJBASNR6ZVDOK5OXT4V.pcm
SwiftExplicitDependencyGeneratePcm arm64_32 /Users/admin/builder/spi-builder-workspace/.derivedData/ModuleCache.noindex/Dispatch-DV1SP0JEXVJ6MTIWZ3XCJTXSW.pcm
SwiftExplicitDependencyGeneratePcm armv7k /Users/admin/builder/spi-builder-workspace/.derivedData/ModuleCache.noindex/CoreFoundation-RUCL80CI9TRWFFLKE600Z06O.pcm
SwiftExplicitDependencyGeneratePcm arm64_32 /Users/admin/builder/spi-builder-workspace/.derivedData/ModuleCache.noindex/CoreFoundation-EN8GNA4ERP0UOK1XPZ1YRZKGF.pcm
SwiftExplicitDependencyGeneratePcm arm64 /Users/admin/builder/spi-builder-workspace/.derivedData/ModuleCache.noindex/Security-8WXKZYCC8N3IYZ7GEEYK1LTTC.pcm
SwiftExplicitDependencyGeneratePcm arm64 /Users/admin/builder/spi-builder-workspace/.derivedData/ModuleCache.noindex/CoreGraphics-2FMIK8L6NJMCE0PUQH3KNMGI3.pcm
SwiftExplicitDependencyGeneratePcm armv7k /Users/admin/builder/spi-builder-workspace/.derivedData/ModuleCache.noindex/CoreGraphics-A230YT8VVJ0UP5GJNZGB054RH.pcm
SwiftExplicitDependencyGeneratePcm armv7k /Users/admin/builder/spi-builder-workspace/.derivedData/ModuleCache.noindex/Security-C9A0B26R2UIADBXLVBKU1FJV1.pcm
SwiftExplicitDependencyGeneratePcm arm64 /Users/admin/builder/spi-builder-workspace/.derivedData/ModuleCache.noindex/Foundation-188QGUU7PNEMS0JL2JNA4L9D.pcm
SwiftExplicitDependencyGeneratePcm arm64_32 /Users/admin/builder/spi-builder-workspace/.derivedData/ModuleCache.noindex/Security-8KJEGVX0ECINJU374GLCNITFA.pcm
SwiftExplicitDependencyGeneratePcm arm64_32 /Users/admin/builder/spi-builder-workspace/.derivedData/ModuleCache.noindex/CoreGraphics-54WAF0IQ8H82D87XJZCFRIVTY.pcm
SwiftExplicitDependencyGeneratePcm arm64 /Users/admin/builder/spi-builder-workspace/.derivedData/ModuleCache.noindex/ImageIO-B4KRE3QX7DYNU7H3OVQ3OEN9I.pcm
SwiftExplicitDependencyGeneratePcm arm64 /Users/admin/builder/spi-builder-workspace/.derivedData/ModuleCache.noindex/CoreText-2GN9EZ4ZQV3RJTZAUM2RAP0C5.pcm
SwiftExplicitDependencyGeneratePcm armv7k /Users/admin/builder/spi-builder-workspace/.derivedData/ModuleCache.noindex/Foundation-BFCHXYDNJGNDW2FA1JATYZ9KO.pcm
SwiftExplicitDependencyGeneratePcm armv7k /Users/admin/builder/spi-builder-workspace/.derivedData/ModuleCache.noindex/CoreText-DCPN7X6HQXY78VOK12DIFINRJ.pcm
SwiftExplicitDependencyGeneratePcm armv7k /Users/admin/builder/spi-builder-workspace/.derivedData/ModuleCache.noindex/ImageIO-9D4IHYEDUKVQZ92UG36F17YFD.pcm
SwiftExplicitDependencyGeneratePcm arm64_32 /Users/admin/builder/spi-builder-workspace/.derivedData/ModuleCache.noindex/Foundation-1ZQJQ54U4TUPUQFY2U9YK0983.pcm
SwiftExplicitDependencyGeneratePcm arm64_32 /Users/admin/builder/spi-builder-workspace/.derivedData/ModuleCache.noindex/CoreText-69WFEC62YDTCXQEGLBFA7KKF1.pcm
SwiftExplicitDependencyGeneratePcm arm64_32 /Users/admin/builder/spi-builder-workspace/.derivedData/ModuleCache.noindex/ImageIO-4VN4M9ZHDW4M4KRHYLO7706L6.pcm
SwiftExplicitDependencyGeneratePcm arm64 /Users/admin/builder/spi-builder-workspace/.derivedData/ModuleCache.noindex/UniformTypeIdentifiers-458KAXK374TXBBN52PBPJYRSJ.pcm
SwiftEmitModule normal arm64 Emitting\ module\ for\ PaintKit (in target 'PaintKit' from project 'PaintKit')
EmitSwiftModule normal arm64 (in target 'PaintKit' from project 'PaintKit')
cd /Users/admin/builder/spi-builder-workspace/.swiftpm/xcode
/Users/admin/builder/spi-builder-workspace/Packages/PaintKit/Sources/PaintKit/Codec/ImageCodec.swift:31:28: error: 'UTType' is only available in watchOS 7.0 or newer
public var utType: UTType {
^
/Users/admin/builder/spi-builder-workspace/Packages/PaintKit/Sources/PaintKit/Codec/ImageCodec.swift:31:20: note: add '@available' attribute to enclosing property
public var utType: UTType {
^
/Users/admin/builder/spi-builder-workspace/Packages/PaintKit/Sources/PaintKit/Codec/ImageCodec.swift:14:17: note: add '@available' attribute to enclosing enum
public enum Format: String, CaseIterable, Sendable, Identifiable {
^
/Users/admin/builder/spi-builder-workspace/Packages/PaintKit/Sources/PaintKit/Codec/ImageCodec.swift:415:46: error: 'UTType' is only available in watchOS 7.0 or newer
public static var readableContentTypes: [UTType] {
^
/Users/admin/builder/spi-builder-workspace/Packages/PaintKit/Sources/PaintKit/Codec/ImageCodec.swift:415:23: note: add '@available' attribute to enclosing static property
public static var readableContentTypes: [UTType] {
^
/Users/admin/builder/spi-builder-workspace/Packages/PaintKit/Sources/PaintKit/Codec/ImageCodec.swift:12:13: note: add '@available' attribute to enclosing enum
public enum ImageCodec {
^
Failed frontend command:
/Applications/Xcode-26.3.0.app/Contents/Developer/Toolchains/XcodeDefault.xctoolchain/usr/bin/swift-frontend -frontend -emit-module -experimental-skip-non-inlinable-function-bodies-without-types /Users/admin/builder/spi-builder-workspace/Packages/PaintKit/Sources/PaintKit/Codec/CoreGraphicsBridge.swift /Users/admin/builder/spi-builder-workspace/Packages/PaintKit/Sources/PaintKit/Codec/FileStaging.swift /Users/admin/builder/spi-builder-workspace/Packages/PaintKit/Sources/PaintKit/Codec/ImageCodec.swift /Users/admin/builder/spi-builder-workspace/Packages/PaintKit/Sources/PaintKit/Codec/ImageTransform.swift /Users/admin/builder/spi-builder-workspace/Packages/PaintKit/Sources/PaintKit/Codec/InkExtractor.swift /Users/admin/builder/spi-builder-workspace/Packages/PaintKit/Sources/PaintKit/Codec/PDFCodec.swift /Users/admin/builder/spi-builder-workspace/Packages/PaintKit/Sources/PaintKit/Codec/TextRenderer.swift /Users/admin/builder/spi-builder-workspace/Packages/PaintKit/Sources/PaintKit/Colour/PaintColour.swift /Users/admin/builder/spi-builder-workspace/Packages/PaintKit/Sources/PaintKit/Colour/Palette.swift /Users/admin/builder/spi-builder-workspace/Packages/PaintKit/Sources/PaintKit/Pixels/Bitmap.swift /Users/admin/builder/spi-builder-workspace/Packages/PaintKit/Sources/PaintKit/Pixels/Brush.swift /Users/admin/builder/spi-builder-workspace/Packages/PaintKit/Sources/PaintKit/Pixels/Geometry.swift /Users/admin/builder/spi-builder-workspace/Packages/PaintKit/Sources/PaintKit/Pixels/RGBA8.swift /Users/admin/builder/spi-builder-workspace/Packages/PaintKit/Sources/PaintKit/Pixels/Raster.swift /Users/admin/builder/spi-builder-workspace/Packages/PaintKit/Sources/PaintKit/Tools/PaintEngine.swift /Users/admin/builder/spi-builder-workspace/Packages/PaintKit/Sources/PaintKit/Tools/Selection.swift /Users/admin/builder/spi-builder-workspace/Packages/PaintKit/Sources/PaintKit/Tools/SelectionMask.swift /Users/admin/builder/spi-builder-workspace/Packages/PaintKit/Sources/PaintKit/Tools/ToolKind.swift /Users/admin/builder/spi-builder-workspace/Packages/PaintKit/Sources/PaintKit/Tools/ToolSettings.swift /Users/admin/builder/spi-builder-workspace/Packages/PaintKit/Sources/PaintKit/Undo/RectPatch.swift /Users/admin/builder/spi-builder-workspace/Packages/PaintKit/Sources/PaintKit/Undo/UndoStack.swift -target arm64-apple-watchos5.0 -load-resolved-plugin /Applications/Xcode-26.3.0.app/Contents/Developer/Platforms/WatchOS.platform/Developer/usr/lib/swift/host/plugins/libFoundationMacros.dylib\#/Applications/Xcode-26.3.0.app/Contents/Developer/Platforms/WatchOS.platform/Developer/usr/bin/swift-plugin-server\#FoundationMacros -load-resolved-plugin /Applications/Xcode-26.3.0.app/Contents/Developer/Platforms/WatchOS.platform/Developer/usr/lib/swift/host/plugins/libObservationMacros.dylib\#/Applications/Xcode-26.3.0.app/Contents/Developer/Platforms/WatchOS.platform/Developer/usr/bin/swift-plugin-server\#ObservationMacros -load-resolved-plugin /Applications/Xcode-26.3.0.app/Contents/Developer/Platforms/WatchOS.platform/Developer/usr/lib/swift/host/plugins/libSwiftMacros.dylib\#/Applications/Xcode-26.3.0.app/Contents/Developer/Platforms/WatchOS.platform/Developer/usr/bin/swift-plugin-server\#SwiftMacros -disable-implicit-swift-modules -Xcc -fno-implicit-modules -Xcc -fno-implicit-module-maps -explicit-swift-module-map-file /Users/admin/builder/spi-builder-workspace/.derivedData/Build/Intermediates.noindex/PaintKit.build/Debug-watchos/PaintKit.build/Objects-normal/arm64/PaintKit-dependencies-3.json -Xllvm -aarch64-use-tbi -enable-objc-interop -sdk /Applications/Xcode-26.3.0.app/Contents/Developer/Platforms/WatchOS.platform/Developer/SDKs/WatchOS26.2.sdk -I /Users/admin/builder/spi-builder-workspace/.derivedData/Build/Products/Debug-watchos -Isystem /Applications/Xcode-26.3.0.app/Contents/Developer/Platforms/WatchOS.platform/Developer/usr/lib -F /Users/admin/builder/spi-builder-workspace/.derivedData/Build/Products/Debug-watchos -F /Applications/Xcode-26.3.0.app/Contents/Developer/Platforms/WatchOS.platform/Developer/Library/Frameworks -F /Applications/Xcode-26.3.0.app/Contents/Developer/Platforms/WatchOS.platform/Developer/SDKs/WatchOS26.2.sdk/Developer/Library/Frameworks -no-color-diagnostics -Xcc -fno-color-diagnostics -enable-testing -g -debug-info-format\=dwarf -dwarf-version\=4 -module-cache-path /Users/admin/builder/spi-builder-workspace/.derivedData/Build/Intermediates.noindex/SwiftExplicitPrecompiledModules -profile-generate -profile-coverage-mapping -swift-version 6 -enforce-exclusivity\=checked -Onone -D SWIFT_PACKAGE -D DEBUG -D SWIFT_MODULE_RESOURCE_BUNDLE_UNAVAILABLE -D Xcode -serialize-debugging-options -const-gather-protocols-file /Users/admin/builder/spi-builder-workspace/.derivedData/Build/Intermediates.noindex/PaintKit.build/Debug-watchos/PaintKit.build/Objects-normal/arm64/PaintKit_const_extract_protocols.json -enable-experimental-feature DebugDescriptionMacro -empty-abi-descriptor -validate-clang-modules-once -clang-build-session-file /Users/admin/builder/spi-builder-workspace/.derivedData/ModuleCache.noindex/Session.modulevalidation -Xcc -working-directory -Xcc /Users/admin/builder/spi-builder-workspace/.swiftpm/xcode -enable-anonymous-context-mangled-names -file-compilation-dir /Users/admin/builder/spi-builder-workspace/.swiftpm/xcode -Xcc -D_LIBCPP_HARDENING_MODE\=_LIBCPP_HARDENING_MODE_DEBUG -Xcc -ivfsstatcache -Xcc /Users/admin/builder/spi-builder-workspace/.derivedData/SDKStatCaches.noindex/watchos26.2-23S303-dc75598d0054f22ec865fa860f139d721753b489057de6bda919edfa1c59a62b.sdkstatcache -Xcc -I/Users/admin/builder/spi-builder-workspace/.derivedData/Build/Intermediates.noindex/PaintKit.build/Debug-watchos/PaintKit.build/swift-overrides.hmap -Xcc -I/Users/admin/builder/spi-builder-workspace/.derivedData/Build/Products/Debug-watchos/include -Xcc -I/Users/admin/builder/spi-builder-workspace/.derivedData/Build/Intermediates.noindex/PaintKit.build/Debug-watchos/PaintKit.build/DerivedSources-normal/arm64 -Xcc -I/Users/admin/builder/spi-builder-workspace/.derivedData/Build/Intermediates.noindex/PaintKit.build/Debug-watchos/PaintKit.build/DerivedSources/arm64 -Xcc -I/Users/admin/builder/spi-builder-workspace/.derivedData/Build/Intermediates.noindex/PaintKit.build/Debug-watchos/PaintKit.build/DerivedSources -Xcc -DSWIFT_PACKAGE -Xcc -DDEBUG\=1 -no-auto-bridging-header-chaining -module-name PaintKit -package-name spi_builder_workspace -frontend-parseable-output -disable-clang-spi -target-sdk-version 26.2 -target-sdk-name watchos26.2 -clang-target arm64-apple-watchos26.2 -in-process-plugin-server-path /Applications/Xcode-26.3.0.app/Contents/Developer/Toolchains/XcodeDefault.xctoolchain/usr/lib/swift/host/libSwiftInProcPluginServer.dylib -emit-module-doc-path /Users/admin/builder/spi-builder-workspace/.derivedData/Build/Intermediates.noindex/PaintKit.build/Debug-watchos/PaintKit.build/Objects-normal/arm64/PaintKit.swiftdoc -emit-module-source-info-path /Users/admin/builder/spi-builder-workspace/.derivedData/Build/Intermediates.noindex/PaintKit.build/Debug-watchos/PaintKit.build/Objects-normal/arm64/PaintKit.swiftsourceinfo -emit-objc-header-path /Users/admin/builder/spi-builder-workspace/.derivedData/Build/Intermediates.noindex/PaintKit.build/Debug-watchos/PaintKit.build/Objects-normal/arm64/PaintKit-Swift.h -serialize-diagnostics-path /Users/admin/builder/spi-builder-workspace/.derivedData/Build/Intermediates.noindex/PaintKit.build/Debug-watchos/PaintKit.build/Objects-normal/arm64/PaintKit-primary-emit-module.dia -emit-dependencies-path /Users/admin/builder/spi-builder-workspace/.derivedData/Build/Intermediates.noindex/PaintKit.build/Debug-watchos/PaintKit.build/Objects-normal/arm64/PaintKit-primary-emit-module.d -o /Users/admin/builder/spi-builder-workspace/.derivedData/Build/Intermediates.noindex/PaintKit.build/Debug-watchos/PaintKit.build/Objects-normal/arm64/PaintKit.swiftmodule -emit-abi-descriptor-path /Users/admin/builder/spi-builder-workspace/.derivedData/Build/Intermediates.noindex/PaintKit.build/Debug-watchos/PaintKit.build/Objects-normal/arm64/PaintKit.abi.json
SwiftCompile normal arm64 Compiling\ Raster.swift,\ PaintEngine.swift /Users/admin/builder/spi-builder-workspace/Packages/PaintKit/Sources/PaintKit/Pixels/Raster.swift /Users/admin/builder/spi-builder-workspace/Packages/PaintKit/Sources/PaintKit/Tools/PaintEngine.swift (in target 'PaintKit' from project 'PaintKit')
SwiftCompile normal arm64 /Users/admin/builder/spi-builder-workspace/Packages/PaintKit/Sources/PaintKit/Pixels/Raster.swift (in target 'PaintKit' from project 'PaintKit')
cd /Users/admin/builder/spi-builder-workspace/.swiftpm/xcode
SwiftCompile normal arm64 /Users/admin/builder/spi-builder-workspace/Packages/PaintKit/Sources/PaintKit/Tools/PaintEngine.swift (in target 'PaintKit' from project 'PaintKit')
cd /Users/admin/builder/spi-builder-workspace/.swiftpm/xcode
SwiftCompile normal arm64 Compiling\ Geometry.swift,\ RGBA8.swift /Users/admin/builder/spi-builder-workspace/Packages/PaintKit/Sources/PaintKit/Pixels/Geometry.swift /Users/admin/builder/spi-builder-workspace/Packages/PaintKit/Sources/PaintKit/Pixels/RGBA8.swift (in target 'PaintKit' from project 'PaintKit')
SwiftCompile normal arm64 /Users/admin/builder/spi-builder-workspace/Packages/PaintKit/Sources/PaintKit/Pixels/Geometry.swift (in target 'PaintKit' from project 'PaintKit')
cd /Users/admin/builder/spi-builder-workspace/.swiftpm/xcode
SwiftCompile normal arm64 /Users/admin/builder/spi-builder-workspace/Packages/PaintKit/Sources/PaintKit/Pixels/RGBA8.swift (in target 'PaintKit' from project 'PaintKit')
cd /Users/admin/builder/spi-builder-workspace/.swiftpm/xcode
SwiftCompile normal arm64 Compiling\ Bitmap.swift,\ Brush.swift /Users/admin/builder/spi-builder-workspace/Packages/PaintKit/Sources/PaintKit/Pixels/Bitmap.swift /Users/admin/builder/spi-builder-workspace/Packages/PaintKit/Sources/PaintKit/Pixels/Brush.swift (in target 'PaintKit' from project 'PaintKit')
SwiftCompile normal arm64 /Users/admin/builder/spi-builder-workspace/Packages/PaintKit/Sources/PaintKit/Pixels/Bitmap.swift (in target 'PaintKit' from project 'PaintKit')
cd /Users/admin/builder/spi-builder-workspace/.swiftpm/xcode
SwiftCompile normal arm64 /Users/admin/builder/spi-builder-workspace/Packages/PaintKit/Sources/PaintKit/Pixels/Brush.swift (in target 'PaintKit' from project 'PaintKit')
cd /Users/admin/builder/spi-builder-workspace/.swiftpm/xcode
SwiftCompile normal arm64 Compiling\ Selection.swift,\ SelectionMask.swift /Users/admin/builder/spi-builder-workspace/Packages/PaintKit/Sources/PaintKit/Tools/Selection.swift /Users/admin/builder/spi-builder-workspace/Packages/PaintKit/Sources/PaintKit/Tools/SelectionMask.swift (in target 'PaintKit' from project 'PaintKit')
SwiftCompile normal arm64 /Users/admin/builder/spi-builder-workspace/Packages/PaintKit/Sources/PaintKit/Tools/Selection.swift (in target 'PaintKit' from project 'PaintKit')
cd /Users/admin/builder/spi-builder-workspace/.swiftpm/xcode
SwiftCompile normal arm64 /Users/admin/builder/spi-builder-workspace/Packages/PaintKit/Sources/PaintKit/Tools/SelectionMask.swift (in target 'PaintKit' from project 'PaintKit')
cd /Users/admin/builder/spi-builder-workspace/.swiftpm/xcode
SwiftCompile normal arm64 Compiling\ PaintColour.swift,\ Palette.swift /Users/admin/builder/spi-builder-workspace/Packages/PaintKit/Sources/PaintKit/Colour/PaintColour.swift /Users/admin/builder/spi-builder-workspace/Packages/PaintKit/Sources/PaintKit/Colour/Palette.swift (in target 'PaintKit' from project 'PaintKit')
SwiftCompile normal arm64 /Users/admin/builder/spi-builder-workspace/Packages/PaintKit/Sources/PaintKit/Colour/PaintColour.swift (in target 'PaintKit' from project 'PaintKit')
cd /Users/admin/builder/spi-builder-workspace/.swiftpm/xcode
SwiftCompile normal arm64 /Users/admin/builder/spi-builder-workspace/Packages/PaintKit/Sources/PaintKit/Colour/Palette.swift (in target 'PaintKit' from project 'PaintKit')
cd /Users/admin/builder/spi-builder-workspace/.swiftpm/xcode
SwiftCompile normal arm64 Compiling\ RectPatch.swift,\ UndoStack.swift /Users/admin/builder/spi-builder-workspace/Packages/PaintKit/Sources/PaintKit/Undo/RectPatch.swift /Users/admin/builder/spi-builder-workspace/Packages/PaintKit/Sources/PaintKit/Undo/UndoStack.swift (in target 'PaintKit' from project 'PaintKit')
SwiftCompile normal arm64 /Users/admin/builder/spi-builder-workspace/Packages/PaintKit/Sources/PaintKit/Undo/RectPatch.swift (in target 'PaintKit' from project 'PaintKit')
cd /Users/admin/builder/spi-builder-workspace/.swiftpm/xcode
SwiftCompile normal arm64 /Users/admin/builder/spi-builder-workspace/Packages/PaintKit/Sources/PaintKit/Undo/UndoStack.swift (in target 'PaintKit' from project 'PaintKit')
cd /Users/admin/builder/spi-builder-workspace/.swiftpm/xcode
SwiftCompile normal arm64 Compiling\ ToolKind.swift,\ ToolSettings.swift /Users/admin/builder/spi-builder-workspace/Packages/PaintKit/Sources/PaintKit/Tools/ToolKind.swift /Users/admin/builder/spi-builder-workspace/Packages/PaintKit/Sources/PaintKit/Tools/ToolSettings.swift (in target 'PaintKit' from project 'PaintKit')
SwiftCompile normal arm64 /Users/admin/builder/spi-builder-workspace/Packages/PaintKit/Sources/PaintKit/Tools/ToolKind.swift (in target 'PaintKit' from project 'PaintKit')
cd /Users/admin/builder/spi-builder-workspace/.swiftpm/xcode
SwiftCompile normal arm64 /Users/admin/builder/spi-builder-workspace/Packages/PaintKit/Sources/PaintKit/Tools/ToolSettings.swift (in target 'PaintKit' from project 'PaintKit')
cd /Users/admin/builder/spi-builder-workspace/.swiftpm/xcode
SwiftCompile normal arm64 Compiling\ ImageTransform.swift,\ InkExtractor.swift /Users/admin/builder/spi-builder-workspace/Packages/PaintKit/Sources/PaintKit/Codec/ImageTransform.swift /Users/admin/builder/spi-builder-workspace/Packages/PaintKit/Sources/PaintKit/Codec/InkExtractor.swift (in target 'PaintKit' from project 'PaintKit')
SwiftCompile normal arm64 /Users/admin/builder/spi-builder-workspace/Packages/PaintKit/Sources/PaintKit/Codec/ImageTransform.swift (in target 'PaintKit' from project 'PaintKit')
cd /Users/admin/builder/spi-builder-workspace/.swiftpm/xcode
SwiftCompile normal arm64 /Users/admin/builder/spi-builder-workspace/Packages/PaintKit/Sources/PaintKit/Codec/InkExtractor.swift (in target 'PaintKit' from project 'PaintKit')
cd /Users/admin/builder/spi-builder-workspace/.swiftpm/xcode
SwiftExplicitDependencyGeneratePcm armv7k /Users/admin/builder/spi-builder-workspace/.derivedData/ModuleCache.noindex/UniformTypeIdentifiers-574XQDS9Z0VG0613D2YZQXOZ5.pcm
SwiftExplicitDependencyGeneratePcm arm64_32 /Users/admin/builder/spi-builder-workspace/.derivedData/ModuleCache.noindex/UniformTypeIdentifiers-6VZH7JUQRBGXCIXRY267O4LKC.pcm
SwiftEmitModule normal armv7k Emitting\ module\ for\ PaintKit (in target 'PaintKit' from project 'PaintKit')
EmitSwiftModule normal armv7k (in target 'PaintKit' from project 'PaintKit')
cd /Users/admin/builder/spi-builder-workspace/.swiftpm/xcode
SwiftEmitModule normal arm64_32 Emitting\ module\ for\ PaintKit (in target 'PaintKit' from project 'PaintKit')
2026-09-29 20:49:47.060 xcodebuild[715:4498] [MT] IDERunDestination: Supported platforms for the buildables in the current scheme is empty.
** BUILD FAILED **
The following build commands failed:
EmitSwiftModule normal arm64 (in target 'PaintKit' from project 'PaintKit')
SwiftEmitModule normal arm64 Emitting\ module\ for\ PaintKit (in target 'PaintKit' from project 'PaintKit')
Building workspace spi-builder-workspace with scheme PaintKit-Package
(3 failures)
Command line invocation:
/Applications/Xcode-26.3.0.app/Contents/Developer/usr/bin/xcodebuild -IDEClonedSourcePackagesDirPathOverride=/Users/admin/builder/spi-builder-workspace/.dependencies -resolvePackageDependencies
Resolve Package Graph
Resolved source packages:
PaintKit: /Users/admin/builder/spi-builder-workspace
resolved source packages: PaintKit
2026-09-29 20:49:53.098 xcodebuild[825:4941] [MT] IDERunDestination: Supported platforms for the buildables in the current scheme is empty.
{
"dependencies" : [
],
"manifest_display_name" : "PaintKit",
"name" : "PaintKit",
"path" : "/Users/admin/builder/spi-builder-workspace",
"platforms" : [
{
"name" : "macos",
"version" : "12.0"
}
],
"products" : [
{
"name" : "PaintKit",
"targets" : [
"PaintKit"
],
"type" : {
"library" : [
"automatic"
]
}
},
{
"name" : "paint-demo",
"targets" : [
"PaintDemo"
],
"type" : {
"executable" : null
}
}
],
"targets" : [
{
"c99name" : "PaintKitTests",
"module_type" : "SwiftTarget",
"name" : "PaintKitTests",
"path" : "Packages/PaintKit/Tests/PaintKitTests",
"sources" : [
"CloneTests.swift",
"CodecTests.swift",
"FloatingSelectionTests.swift",
"InkExtractorTests.swift",
"LassoCropTrimTests.swift",
"PDFCodecTests.swift",
"PaintEngineTests.swift",
"PerformanceTests.swift",
"PixelTests.swift",
"RasterTests.swift",
"TextRendererTests.swift",
"ToolSettingsTests.swift",
"TransparentPaintTests.swift"
],
"target_dependencies" : [
"PaintKit"
],
"type" : "test"
},
{
"c99name" : "PaintKit",
"module_type" : "SwiftTarget",
"name" : "PaintKit",
"path" : "Packages/PaintKit/Sources/PaintKit",
"product_memberships" : [
"PaintKit",
"paint-demo"
],
"sources" : [
"Codec/CoreGraphicsBridge.swift",
"Codec/FileStaging.swift",
"Codec/ImageCodec.swift",
"Codec/ImageTransform.swift",
"Codec/InkExtractor.swift",
"Codec/PDFCodec.swift",
"Codec/TextRenderer.swift",
"Colour/PaintColour.swift",
"Colour/Palette.swift",
"Pixels/Bitmap.swift",
"Pixels/Brush.swift",
"Pixels/Geometry.swift",
"Pixels/RGBA8.swift",
"Pixels/Raster.swift",
"Tools/PaintEngine.swift",
"Tools/Selection.swift",
"Tools/SelectionMask.swift",
"Tools/ToolKind.swift",
"Tools/ToolSettings.swift",
"Undo/RectPatch.swift",
"Undo/UndoStack.swift"
],
"type" : "library"
},
{
"c99name" : "PaintDemoTests",
"module_type" : "SwiftTarget",
"name" : "PaintDemoTests",
"path" : "Packages/PaintKit/Tests/PaintDemoTests",
"sources" : [
"DemoSceneTests.swift"
],
"target_dependencies" : [
"PaintDemo"
],
"type" : "test"
},
{
"c99name" : "PaintDemo",
"module_type" : "SwiftTarget",
"name" : "PaintDemo",
"path" : "Packages/PaintKit/Sources/PaintDemo",
"product_memberships" : [
"paint-demo"
],
"sources" : [
"AppStoreScreenshots.swift",
"Benchmark.swift",
"ChameleonScene.swift",
"ClipboardMarkupScene.swift",
"DemoCanvas.swift",
"DemoScene.swift",
"Icon.swift",
"PaintDemoCommand.swift",
"QuickSketchScene.swift",
"ReadmeBanner.swift",
"SocialPreview.swift",
"TransparencyScene.swift"
],
"target_dependencies" : [
"PaintKit"
],
"type" : "executable"
}
],
"tools_version" : "6.0"
}
{
"workspace" : {
"name" : "spi-builder-workspace",
"schemes" : [
"paint-demo",
"PaintKit",
"PaintKit-Package"
]
}
}
2026-09-29 20:49:54.198 xcodebuild[833:5014] [MT] IDERunDestination: Supported platforms for the buildables in the current scheme is empty.
Running build ...
env DEVELOPER_DIR=/Applications/Xcode-26.3.0.app xcrun xcodebuild -IDEClonedSourcePackagesDirPathOverride=$PWD/.dependencies -skipMacroValidation -skipPackagePluginValidation -derivedDataPath $PWD/.derivedData build -scheme PaintKit-Package -destination generic/platform=watchOS
Command line invocation:
/Applications/Xcode-26.3.0.app/Contents/Developer/usr/bin/xcodebuild -IDEClonedSourcePackagesDirPathOverride=/Users/admin/builder/spi-builder-workspace/.dependencies -skipMacroValidation -skipPackagePluginValidation -derivedDataPath /Users/admin/builder/spi-builder-workspace/.derivedData build -scheme PaintKit-Package -destination generic/platform=watchOS
Resolve Package Graph
Resolved source packages:
PaintKit: /Users/admin/builder/spi-builder-workspace
ComputePackagePrebuildTargetDependencyGraph
Prepare packages
CreateBuildRequest
SendProjectDescription
CreateBuildOperation
ComputeTargetDependencyGraph
note: Building targets in dependency order
note: Target dependency graph (3 targets)
Target 'paint-demo' in project 'PaintKit'
➜ Explicit dependency on target 'PaintKit' in project 'PaintKit'
Target 'PaintKit' in project 'PaintKit'
➜ Explicit dependency on target 'PaintKit' in project 'PaintKit'
Target 'PaintKit' in project 'PaintKit' (no dependencies)
GatherProvisioningInputs
CreateBuildDescription
ClangStatCache /Applications/Xcode-26.3.0.app/Contents/Developer/Toolchains/XcodeDefault.xctoolchain/usr/bin/clang-stat-cache /Applications/Xcode-26.3.0.app/Contents/Developer/Platforms/WatchOS.platform/Developer/SDKs/WatchOS26.2.sdk /Users/admin/builder/spi-builder-workspace/.derivedData/SDKStatCaches.noindex/watchos26.2-23S303-dc75598d0054f22ec865fa860f139d721753b489057de6bda919edfa1c59a62b.sdkstatcache
cd /Users/admin/builder/spi-builder-workspace/.swiftpm/xcode
/Applications/Xcode-26.3.0.app/Contents/Developer/Toolchains/XcodeDefault.xctoolchain/usr/bin/clang-stat-cache /Applications/Xcode-26.3.0.app/Contents/Developer/Platforms/WatchOS.platform/Developer/SDKs/WatchOS26.2.sdk -o /Users/admin/builder/spi-builder-workspace/.derivedData/SDKStatCaches.noindex/watchos26.2-23S303-dc75598d0054f22ec865fa860f139d721753b489057de6bda919edfa1c59a62b.sdkstatcache
SwiftDriver PaintKit normal arm64 com.apple.xcode.tools.swift.compiler (in target 'PaintKit' from project 'PaintKit')
cd /Users/admin/builder/spi-builder-workspace/.swiftpm/xcode
builtin-SwiftDriver -- /Applications/Xcode-26.3.0.app/Contents/Developer/Toolchains/XcodeDefault.xctoolchain/usr/bin/swiftc -module-name PaintKit -Onone -enforce-exclusivity\=checked @/Users/admin/builder/spi-builder-workspace/.derivedData/Build/Intermediates.noindex/PaintKit.build/Debug-watchos/PaintKit.build/Objects-normal/arm64/PaintKit.SwiftFileList -DSWIFT_PACKAGE -DDEBUG -DSWIFT_MODULE_RESOURCE_BUNDLE_UNAVAILABLE -DXcode -plugin-path /Applications/Xcode-26.3.0.app/Contents/Developer/Toolchains/XcodeDefault.xctoolchain/usr/lib/swift/host/plugins/testing -enable-experimental-feature DebugDescriptionMacro -sdk /Applications/Xcode-26.3.0.app/Contents/Developer/Platforms/WatchOS.platform/Developer/SDKs/WatchOS26.2.sdk -target arm64-apple-watchos5.0 -g -module-cache-path /Users/admin/builder/spi-builder-workspace/.derivedData/ModuleCache.noindex -Xfrontend -serialize-debugging-options -profile-coverage-mapping -profile-generate -enable-testing -index-store-path /Users/admin/builder/spi-builder-workspace/.derivedData/Index.noindex/DataStore -Xcc -D_LIBCPP_HARDENING_MODE\=_LIBCPP_HARDENING_MODE_DEBUG -swift-version 6 -I /Users/admin/builder/spi-builder-workspace/.derivedData/Build/Products/Debug-watchos -Isystem /Applications/Xcode-26.3.0.app/Contents/Developer/Platforms/WatchOS.platform/Developer/usr/lib -F /Users/admin/builder/spi-builder-workspace/.derivedData/Build/Products/Debug-watchos -F /Applications/Xcode-26.3.0.app/Contents/Developer/Platforms/WatchOS.platform/Developer/Library/Frameworks -F /Applications/Xcode-26.3.0.app/Contents/Developer/Platforms/WatchOS.platform/Developer/SDKs/WatchOS26.2.sdk/Developer/Library/Frameworks -c -j10 -enable-batch-mode -incremental -Xcc -ivfsstatcache -Xcc /Users/admin/builder/spi-builder-workspace/.derivedData/SDKStatCaches.noindex/watchos26.2-23S303-dc75598d0054f22ec865fa860f139d721753b489057de6bda919edfa1c59a62b.sdkstatcache -output-file-map /Users/admin/builder/spi-builder-workspace/.derivedData/Build/Intermediates.noindex/PaintKit.build/Debug-watchos/PaintKit.build/Objects-normal/arm64/PaintKit-OutputFileMap.json -use-frontend-parseable-output -save-temps -no-color-diagnostics -explicit-module-build -module-cache-path /Users/admin/builder/spi-builder-workspace/.derivedData/Build/Intermediates.noindex/SwiftExplicitPrecompiledModules -clang-scanner-module-cache-path /Users/admin/builder/spi-builder-workspace/.derivedData/ModuleCache.noindex -sdk-module-cache-path /Users/admin/builder/spi-builder-workspace/.derivedData/ModuleCache.noindex -serialize-diagnostics -emit-dependencies -emit-module -emit-module-path /Users/admin/builder/spi-builder-workspace/.derivedData/Build/Intermediates.noindex/PaintKit.build/Debug-watchos/PaintKit.build/Objects-normal/arm64/PaintKit.swiftmodule -validate-clang-modules-once -clang-build-session-file /Users/admin/builder/spi-builder-workspace/.derivedData/ModuleCache.noindex/Session.modulevalidation -package-name spi_builder_workspace -Xcc -I/Users/admin/builder/spi-builder-workspace/.derivedData/Build/Intermediates.noindex/PaintKit.build/Debug-watchos/PaintKit.build/swift-overrides.hmap -emit-const-values -Xfrontend -const-gather-protocols-file -Xfrontend /Users/admin/builder/spi-builder-workspace/.derivedData/Build/Intermediates.noindex/PaintKit.build/Debug-watchos/PaintKit.build/Objects-normal/arm64/PaintKit_const_extract_protocols.json -Xcc -I/Users/admin/builder/spi-builder-workspace/.derivedData/Build/Products/Debug-watchos/include -Xcc -I/Users/admin/builder/spi-builder-workspace/.derivedData/Build/Intermediates.noindex/PaintKit.build/Debug-watchos/PaintKit.build/DerivedSources-normal/arm64 -Xcc -I/Users/admin/builder/spi-builder-workspace/.derivedData/Build/Intermediates.noindex/PaintKit.build/Debug-watchos/PaintKit.build/DerivedSources/arm64 -Xcc -I/Users/admin/builder/spi-builder-workspace/.derivedData/Build/Intermediates.noindex/PaintKit.build/Debug-watchos/PaintKit.build/DerivedSources -Xcc -DSWIFT_PACKAGE -Xcc -DDEBUG\=1 -emit-objc-header -emit-objc-header-path /Users/admin/builder/spi-builder-workspace/.derivedData/Build/Intermediates.noindex/PaintKit.build/Debug-watchos/PaintKit.build/Objects-normal/arm64/PaintKit-Swift.h -working-directory /Users/admin/builder/spi-builder-workspace/.swiftpm/xcode -experimental-emit-module-separately -disable-cmo
SwiftDriver PaintKit normal armv7k com.apple.xcode.tools.swift.compiler (in target 'PaintKit' from project 'PaintKit')
cd /Users/admin/builder/spi-builder-workspace/.swiftpm/xcode
builtin-SwiftDriver -- /Applications/Xcode-26.3.0.app/Contents/Developer/Toolchains/XcodeDefault.xctoolchain/usr/bin/swiftc -module-name PaintKit -Onone -enforce-exclusivity\=checked @/Users/admin/builder/spi-builder-workspace/.derivedData/Build/Intermediates.noindex/PaintKit.build/Debug-watchos/PaintKit.build/Objects-normal/armv7k/PaintKit.SwiftFileList -DSWIFT_PACKAGE -DDEBUG -DSWIFT_MODULE_RESOURCE_BUNDLE_UNAVAILABLE -DXcode -plugin-path /Applications/Xcode-26.3.0.app/Contents/Developer/Toolchains/XcodeDefault.xctoolchain/usr/lib/swift/host/plugins/testing -enable-experimental-feature DebugDescriptionMacro -sdk /Applications/Xcode-26.3.0.app/Contents/Developer/Platforms/WatchOS.platform/Developer/SDKs/WatchOS26.2.sdk -target armv7k-apple-watchos5.0 -g -module-cache-path /Users/admin/builder/spi-builder-workspace/.derivedData/ModuleCache.noindex -Xfrontend -serialize-debugging-options -profile-coverage-mapping -profile-generate -enable-testing -index-store-path /Users/admin/builder/spi-builder-workspace/.derivedData/Index.noindex/DataStore -Xcc -D_LIBCPP_HARDENING_MODE\=_LIBCPP_HARDENING_MODE_DEBUG -swift-version 6 -I /Users/admin/builder/spi-builder-workspace/.derivedData/Build/Products/Debug-watchos -Isystem /Applications/Xcode-26.3.0.app/Contents/Developer/Platforms/WatchOS.platform/Developer/usr/lib -F /Users/admin/builder/spi-builder-workspace/.derivedData/Build/Products/Debug-watchos -F /Applications/Xcode-26.3.0.app/Contents/Developer/Platforms/WatchOS.platform/Developer/Library/Frameworks -F /Applications/Xcode-26.3.0.app/Contents/Developer/Platforms/WatchOS.platform/Developer/SDKs/WatchOS26.2.sdk/Developer/Library/Frameworks -c -j10 -enable-batch-mode -incremental -Xcc -ivfsstatcache -Xcc /Users/admin/builder/spi-builder-workspace/.derivedData/SDKStatCaches.noindex/watchos26.2-23S303-dc75598d0054f22ec865fa860f139d721753b489057de6bda919edfa1c59a62b.sdkstatcache -output-file-map /Users/admin/builder/spi-builder-workspace/.derivedData/Build/Intermediates.noindex/PaintKit.build/Debug-watchos/PaintKit.build/Objects-normal/armv7k/PaintKit-OutputFileMap.json -use-frontend-parseable-output -save-temps -no-color-diagnostics -explicit-module-build -module-cache-path /Users/admin/builder/spi-builder-workspace/.derivedData/Build/Intermediates.noindex/SwiftExplicitPrecompiledModules -clang-scanner-module-cache-path /Users/admin/builder/spi-builder-workspace/.derivedData/ModuleCache.noindex -sdk-module-cache-path /Users/admin/builder/spi-builder-workspace/.derivedData/ModuleCache.noindex -serialize-diagnostics -emit-dependencies -emit-module -emit-module-path /Users/admin/builder/spi-builder-workspace/.derivedData/Build/Intermediates.noindex/PaintKit.build/Debug-watchos/PaintKit.build/Objects-normal/armv7k/PaintKit.swiftmodule -validate-clang-modules-once -clang-build-session-file /Users/admin/builder/spi-builder-workspace/.derivedData/ModuleCache.noindex/Session.modulevalidation -package-name spi_builder_workspace -Xcc -I/Users/admin/builder/spi-builder-workspace/.derivedData/Build/Intermediates.noindex/PaintKit.build/Debug-watchos/PaintKit.build/swift-overrides.hmap -emit-const-values -Xfrontend -const-gather-protocols-file -Xfrontend /Users/admin/builder/spi-builder-workspace/.derivedData/Build/Intermediates.noindex/PaintKit.build/Debug-watchos/PaintKit.build/Objects-normal/armv7k/PaintKit_const_extract_protocols.json -Xcc -I/Users/admin/builder/spi-builder-workspace/.derivedData/Build/Products/Debug-watchos/include -Xcc -I/Users/admin/builder/spi-builder-workspace/.derivedData/Build/Intermediates.noindex/PaintKit.build/Debug-watchos/PaintKit.build/DerivedSources-normal/armv7k -Xcc -I/Users/admin/builder/spi-builder-workspace/.derivedData/Build/Intermediates.noindex/PaintKit.build/Debug-watchos/PaintKit.build/DerivedSources/armv7k -Xcc -I/Users/admin/builder/spi-builder-workspace/.derivedData/Build/Intermediates.noindex/PaintKit.build/Debug-watchos/PaintKit.build/DerivedSources -Xcc -DSWIFT_PACKAGE -Xcc -DDEBUG\=1 -emit-objc-header -emit-objc-header-path /Users/admin/builder/spi-builder-workspace/.derivedData/Build/Intermediates.noindex/PaintKit.build/Debug-watchos/PaintKit.build/Objects-normal/armv7k/PaintKit-Swift.h -working-directory /Users/admin/builder/spi-builder-workspace/.swiftpm/xcode -experimental-emit-module-separately -disable-cmo
SwiftDriver PaintKit normal arm64_32 com.apple.xcode.tools.swift.compiler (in target 'PaintKit' from project 'PaintKit')
cd /Users/admin/builder/spi-builder-workspace/.swiftpm/xcode
builtin-SwiftDriver -- /Applications/Xcode-26.3.0.app/Contents/Developer/Toolchains/XcodeDefault.xctoolchain/usr/bin/swiftc -module-name PaintKit -Onone -enforce-exclusivity\=checked @/Users/admin/builder/spi-builder-workspace/.derivedData/Build/Intermediates.noindex/PaintKit.build/Debug-watchos/PaintKit.build/Objects-normal/arm64_32/PaintKit.SwiftFileList -DSWIFT_PACKAGE -DDEBUG -DSWIFT_MODULE_RESOURCE_BUNDLE_UNAVAILABLE -DXcode -plugin-path /Applications/Xcode-26.3.0.app/Contents/Developer/Toolchains/XcodeDefault.xctoolchain/usr/lib/swift/host/plugins/testing -enable-experimental-feature DebugDescriptionMacro -sdk /Applications/Xcode-26.3.0.app/Contents/Developer/Platforms/WatchOS.platform/Developer/SDKs/WatchOS26.2.sdk -target arm64_32-apple-watchos5.0 -g -module-cache-path /Users/admin/builder/spi-builder-workspace/.derivedData/ModuleCache.noindex -Xfrontend -serialize-debugging-options -profile-coverage-mapping -profile-generate -enable-testing -index-store-path /Users/admin/builder/spi-builder-workspace/.derivedData/Index.noindex/DataStore -Xcc -D_LIBCPP_HARDENING_MODE\=_LIBCPP_HARDENING_MODE_DEBUG -swift-version 6 -I /Users/admin/builder/spi-builder-workspace/.derivedData/Build/Products/Debug-watchos -Isystem /Applications/Xcode-26.3.0.app/Contents/Developer/Platforms/WatchOS.platform/Developer/usr/lib -F /Users/admin/builder/spi-builder-workspace/.derivedData/Build/Products/Debug-watchos -F /Applications/Xcode-26.3.0.app/Contents/Developer/Platforms/WatchOS.platform/Developer/Library/Frameworks -F /Applications/Xcode-26.3.0.app/Contents/Developer/Platforms/WatchOS.platform/Developer/SDKs/WatchOS26.2.sdk/Developer/Library/Frameworks -c -j10 -enable-batch-mode -incremental -Xcc -ivfsstatcache -Xcc /Users/admin/builder/spi-builder-workspace/.derivedData/SDKStatCaches.noindex/watchos26.2-23S303-dc75598d0054f22ec865fa860f139d721753b489057de6bda919edfa1c59a62b.sdkstatcache -output-file-map /Users/admin/builder/spi-builder-workspace/.derivedData/Build/Intermediates.noindex/PaintKit.build/Debug-watchos/PaintKit.build/Objects-normal/arm64_32/PaintKit-OutputFileMap.json -use-frontend-parseable-output -save-temps -no-color-diagnostics -explicit-module-build -module-cache-path /Users/admin/builder/spi-builder-workspace/.derivedData/Build/Intermediates.noindex/SwiftExplicitPrecompiledModules -clang-scanner-module-cache-path /Users/admin/builder/spi-builder-workspace/.derivedData/ModuleCache.noindex -sdk-module-cache-path /Users/admin/builder/spi-builder-workspace/.derivedData/ModuleCache.noindex -serialize-diagnostics -emit-dependencies -emit-module -emit-module-path /Users/admin/builder/spi-builder-workspace/.derivedData/Build/Intermediates.noindex/PaintKit.build/Debug-watchos/PaintKit.build/Objects-normal/arm64_32/PaintKit.swiftmodule -validate-clang-modules-once -clang-build-session-file /Users/admin/builder/spi-builder-workspace/.derivedData/ModuleCache.noindex/Session.modulevalidation -package-name spi_builder_workspace -Xcc -I/Users/admin/builder/spi-builder-workspace/.derivedData/Build/Intermediates.noindex/PaintKit.build/Debug-watchos/PaintKit.build/swift-overrides.hmap -emit-const-values -Xfrontend -const-gather-protocols-file -Xfrontend /Users/admin/builder/spi-builder-workspace/.derivedData/Build/Intermediates.noindex/PaintKit.build/Debug-watchos/PaintKit.build/Objects-normal/arm64_32/PaintKit_const_extract_protocols.json -Xcc -I/Users/admin/builder/spi-builder-workspace/.derivedData/Build/Products/Debug-watchos/include -Xcc -I/Users/admin/builder/spi-builder-workspace/.derivedData/Build/Intermediates.noindex/PaintKit.build/Debug-watchos/PaintKit.build/DerivedSources-normal/arm64_32 -Xcc -I/Users/admin/builder/spi-builder-workspace/.derivedData/Build/Intermediates.noindex/PaintKit.build/Debug-watchos/PaintKit.build/DerivedSources/arm64_32 -Xcc -I/Users/admin/builder/spi-builder-workspace/.derivedData/Build/Intermediates.noindex/PaintKit.build/Debug-watchos/PaintKit.build/DerivedSources -Xcc -DSWIFT_PACKAGE -Xcc -DDEBUG\=1 -emit-objc-header -emit-objc-header-path /Users/admin/builder/spi-builder-workspace/.derivedData/Build/Intermediates.noindex/PaintKit.build/Debug-watchos/PaintKit.build/Objects-normal/arm64_32/PaintKit-Swift.h -working-directory /Users/admin/builder/spi-builder-workspace/.swiftpm/xcode -experimental-emit-module-separately -disable-cmo
SwiftEmitModule normal arm64_32 Emitting\ module\ for\ PaintKit (in target 'PaintKit' from project 'PaintKit')
EmitSwiftModule normal arm64_32 (in target 'PaintKit' from project 'PaintKit')
cd /Users/admin/builder/spi-builder-workspace/.swiftpm/xcode
/Users/admin/builder/spi-builder-workspace/Packages/PaintKit/Sources/PaintKit/Codec/ImageCodec.swift:31:28: error: 'UTType' is only available in watchOS 7.0 or newer
public var utType: UTType {
^
/Users/admin/builder/spi-builder-workspace/Packages/PaintKit/Sources/PaintKit/Codec/ImageCodec.swift:31:20: note: add '@available' attribute to enclosing property
public var utType: UTType {
^
/Users/admin/builder/spi-builder-workspace/Packages/PaintKit/Sources/PaintKit/Codec/ImageCodec.swift:14:17: note: add '@available' attribute to enclosing enum
public enum Format: String, CaseIterable, Sendable, Identifiable {
^
/Users/admin/builder/spi-builder-workspace/Packages/PaintKit/Sources/PaintKit/Codec/ImageCodec.swift:415:46: error: 'UTType' is only available in watchOS 7.0 or newer
public static var readableContentTypes: [UTType] {
^
/Users/admin/builder/spi-builder-workspace/Packages/PaintKit/Sources/PaintKit/Codec/ImageCodec.swift:415:23: note: add '@available' attribute to enclosing static property
public static var readableContentTypes: [UTType] {
^
/Users/admin/builder/spi-builder-workspace/Packages/PaintKit/Sources/PaintKit/Codec/ImageCodec.swift:12:13: note: add '@available' attribute to enclosing enum
public enum ImageCodec {
^
Failed frontend command:
/Applications/Xcode-26.3.0.app/Contents/Developer/Toolchains/XcodeDefault.xctoolchain/usr/bin/swift-frontend -frontend -emit-module -experimental-skip-non-inlinable-function-bodies-without-types /Users/admin/builder/spi-builder-workspace/Packages/PaintKit/Sources/PaintKit/Codec/CoreGraphicsBridge.swift /Users/admin/builder/spi-builder-workspace/Packages/PaintKit/Sources/PaintKit/Codec/FileStaging.swift /Users/admin/builder/spi-builder-workspace/Packages/PaintKit/Sources/PaintKit/Codec/ImageCodec.swift /Users/admin/builder/spi-builder-workspace/Packages/PaintKit/Sources/PaintKit/Codec/ImageTransform.swift /Users/admin/builder/spi-builder-workspace/Packages/PaintKit/Sources/PaintKit/Codec/InkExtractor.swift /Users/admin/builder/spi-builder-workspace/Packages/PaintKit/Sources/PaintKit/Codec/PDFCodec.swift /Users/admin/builder/spi-builder-workspace/Packages/PaintKit/Sources/PaintKit/Codec/TextRenderer.swift /Users/admin/builder/spi-builder-workspace/Packages/PaintKit/Sources/PaintKit/Colour/PaintColour.swift /Users/admin/builder/spi-builder-workspace/Packages/PaintKit/Sources/PaintKit/Colour/Palette.swift /Users/admin/builder/spi-builder-workspace/Packages/PaintKit/Sources/PaintKit/Pixels/Bitmap.swift /Users/admin/builder/spi-builder-workspace/Packages/PaintKit/Sources/PaintKit/Pixels/Brush.swift /Users/admin/builder/spi-builder-workspace/Packages/PaintKit/Sources/PaintKit/Pixels/Geometry.swift /Users/admin/builder/spi-builder-workspace/Packages/PaintKit/Sources/PaintKit/Pixels/RGBA8.swift /Users/admin/builder/spi-builder-workspace/Packages/PaintKit/Sources/PaintKit/Pixels/Raster.swift /Users/admin/builder/spi-builder-workspace/Packages/PaintKit/Sources/PaintKit/Tools/PaintEngine.swift /Users/admin/builder/spi-builder-workspace/Packages/PaintKit/Sources/PaintKit/Tools/Selection.swift /Users/admin/builder/spi-builder-workspace/Packages/PaintKit/Sources/PaintKit/Tools/SelectionMask.swift /Users/admin/builder/spi-builder-workspace/Packages/PaintKit/Sources/PaintKit/Tools/ToolKind.swift /Users/admin/builder/spi-builder-workspace/Packages/PaintKit/Sources/PaintKit/Tools/ToolSettings.swift /Users/admin/builder/spi-builder-workspace/Packages/PaintKit/Sources/PaintKit/Undo/RectPatch.swift /Users/admin/builder/spi-builder-workspace/Packages/PaintKit/Sources/PaintKit/Undo/UndoStack.swift -target arm64_32-apple-watchos5.0 -load-resolved-plugin /Applications/Xcode-26.3.0.app/Contents/Developer/Platforms/WatchOS.platform/Developer/usr/lib/swift/host/plugins/libFoundationMacros.dylib\#/Applications/Xcode-26.3.0.app/Contents/Developer/Platforms/WatchOS.platform/Developer/usr/bin/swift-plugin-server\#FoundationMacros -load-resolved-plugin /Applications/Xcode-26.3.0.app/Contents/Developer/Platforms/WatchOS.platform/Developer/usr/lib/swift/host/plugins/libObservationMacros.dylib\#/Applications/Xcode-26.3.0.app/Contents/Developer/Platforms/WatchOS.platform/Developer/usr/bin/swift-plugin-server\#ObservationMacros -load-resolved-plugin /Applications/Xcode-26.3.0.app/Contents/Developer/Platforms/WatchOS.platform/Developer/usr/lib/swift/host/plugins/libSwiftMacros.dylib\#/Applications/Xcode-26.3.0.app/Contents/Developer/Platforms/WatchOS.platform/Developer/usr/bin/swift-plugin-server\#SwiftMacros -disable-implicit-swift-modules -Xcc -fno-implicit-modules -Xcc -fno-implicit-module-maps -explicit-swift-module-map-file /Users/admin/builder/spi-builder-workspace/.derivedData/Build/Intermediates.noindex/PaintKit.build/Debug-watchos/PaintKit.build/Objects-normal/arm64_32/PaintKit-dependencies-3.json -enable-objc-interop -sdk /Applications/Xcode-26.3.0.app/Contents/Developer/Platforms/WatchOS.platform/Developer/SDKs/WatchOS26.2.sdk -I /Users/admin/builder/spi-builder-workspace/.derivedData/Build/Products/Debug-watchos -Isystem /Applications/Xcode-26.3.0.app/Contents/Developer/Platforms/WatchOS.platform/Developer/usr/lib -F /Users/admin/builder/spi-builder-workspace/.derivedData/Build/Products/Debug-watchos -F /Applications/Xcode-26.3.0.app/Contents/Developer/Platforms/WatchOS.platform/Developer/Library/Frameworks -F /Applications/Xcode-26.3.0.app/Contents/Developer/Platforms/WatchOS.platform/Developer/SDKs/WatchOS26.2.sdk/Developer/Library/Frameworks -no-color-diagnostics -Xcc -fno-color-diagnostics -enable-testing -g -debug-info-format\=dwarf -dwarf-version\=4 -module-cache-path /Users/admin/builder/spi-builder-workspace/.derivedData/Build/Intermediates.noindex/SwiftExplicitPrecompiledModules -profile-generate -profile-coverage-mapping -swift-version 6 -enforce-exclusivity\=checked -Onone -D SWIFT_PACKAGE -D DEBUG -D SWIFT_MODULE_RESOURCE_BUNDLE_UNAVAILABLE -D Xcode -serialize-debugging-options -const-gather-protocols-file /Users/admin/builder/spi-builder-workspace/.derivedData/Build/Intermediates.noindex/PaintKit.build/Debug-watchos/PaintKit.build/Objects-normal/arm64_32/PaintKit_const_extract_protocols.json -enable-experimental-feature DebugDescriptionMacro -empty-abi-descriptor -validate-clang-modules-once -clang-build-session-file /Users/admin/builder/spi-builder-workspace/.derivedData/ModuleCache.noindex/Session.modulevalidation -Xcc -working-directory -Xcc /Users/admin/builder/spi-builder-workspace/.swiftpm/xcode -enable-anonymous-context-mangled-names -file-compilation-dir /Users/admin/builder/spi-builder-workspace/.swiftpm/xcode -Xcc -D_LIBCPP_HARDENING_MODE\=_LIBCPP_HARDENING_MODE_DEBUG -Xcc -ivfsstatcache -Xcc /Users/admin/builder/spi-builder-workspace/.derivedData/SDKStatCaches.noindex/watchos26.2-23S303-dc75598d0054f22ec865fa860f139d721753b489057de6bda919edfa1c59a62b.sdkstatcache -Xcc -I/Users/admin/builder/spi-builder-workspace/.derivedData/Build/Intermediates.noindex/PaintKit.build/Debug-watchos/PaintKit.build/swift-overrides.hmap -Xcc -I/Users/admin/builder/spi-builder-workspace/.derivedData/Build/Products/Debug-watchos/include -Xcc -I/Users/admin/builder/spi-builder-workspace/.derivedData/Build/Intermediates.noindex/PaintKit.build/Debug-watchos/PaintKit.build/DerivedSources-normal/arm64_32 -Xcc -I/Users/admin/builder/spi-builder-workspace/.derivedData/Build/Intermediates.noindex/PaintKit.build/Debug-watchos/PaintKit.build/DerivedSources/arm64_32 -Xcc -I/Users/admin/builder/spi-builder-workspace/.derivedData/Build/Intermediates.noindex/PaintKit.build/Debug-watchos/PaintKit.build/DerivedSources -Xcc -DSWIFT_PACKAGE -Xcc -DDEBUG\=1 -no-auto-bridging-header-chaining -module-name PaintKit -package-name spi_builder_workspace -frontend-parseable-output -disable-clang-spi -target-sdk-version 26.2 -target-sdk-name watchos26.2 -clang-target arm64_32-apple-watchos26.2 -in-process-plugin-server-path /Applications/Xcode-26.3.0.app/Contents/Developer/Toolchains/XcodeDefault.xctoolchain/usr/lib/swift/host/libSwiftInProcPluginServer.dylib -emit-module-doc-path /Users/admin/builder/spi-builder-workspace/.derivedData/Build/Intermediates.noindex/PaintKit.build/Debug-watchos/PaintKit.build/Objects-normal/arm64_32/PaintKit.swiftdoc -emit-module-source-info-path /Users/admin/builder/spi-builder-workspace/.derivedData/Build/Intermediates.noindex/PaintKit.build/Debug-watchos/PaintKit.build/Objects-normal/arm64_32/PaintKit.swiftsourceinfo -emit-objc-header-path /Users/admin/builder/spi-builder-workspace/.derivedData/Build/Intermediates.noindex/PaintKit.build/Debug-watchos/PaintKit.build/Objects-normal/arm64_32/PaintKit-Swift.h -serialize-diagnostics-path /Users/admin/builder/spi-builder-workspace/.derivedData/Build/Intermediates.noindex/PaintKit.build/Debug-watchos/PaintKit.build/Objects-normal/arm64_32/PaintKit-primary-emit-module.dia -emit-dependencies-path /Users/admin/builder/spi-builder-workspace/.derivedData/Build/Intermediates.noindex/PaintKit.build/Debug-watchos/PaintKit.build/Objects-normal/arm64_32/PaintKit-primary-emit-module.d -o /Users/admin/builder/spi-builder-workspace/.derivedData/Build/Intermediates.noindex/PaintKit.build/Debug-watchos/PaintKit.build/Objects-normal/arm64_32/PaintKit.swiftmodule -emit-abi-descriptor-path /Users/admin/builder/spi-builder-workspace/.derivedData/Build/Intermediates.noindex/PaintKit.build/Debug-watchos/PaintKit.build/Objects-normal/arm64_32/PaintKit.abi.json
SwiftCompile normal arm64_32 Compiling\ CoreGraphicsBridge.swift,\ FileStaging.swift,\ ImageCodec.swift /Users/admin/builder/spi-builder-workspace/Packages/PaintKit/Sources/PaintKit/Codec/CoreGraphicsBridge.swift /Users/admin/builder/spi-builder-workspace/Packages/PaintKit/Sources/PaintKit/Codec/FileStaging.swift /Users/admin/builder/spi-builder-workspace/Packages/PaintKit/Sources/PaintKit/Codec/ImageCodec.swift (in target 'PaintKit' from project 'PaintKit')
SwiftCompile normal arm64_32 /Users/admin/builder/spi-builder-workspace/Packages/PaintKit/Sources/PaintKit/Codec/CoreGraphicsBridge.swift (in target 'PaintKit' from project 'PaintKit')
cd /Users/admin/builder/spi-builder-workspace/.swiftpm/xcode
SwiftCompile normal arm64_32 /Users/admin/builder/spi-builder-workspace/Packages/PaintKit/Sources/PaintKit/Codec/FileStaging.swift (in target 'PaintKit' from project 'PaintKit')
cd /Users/admin/builder/spi-builder-workspace/.swiftpm/xcode
SwiftCompile normal arm64_32 /Users/admin/builder/spi-builder-workspace/Packages/PaintKit/Sources/PaintKit/Codec/ImageCodec.swift (in target 'PaintKit' from project 'PaintKit')
cd /Users/admin/builder/spi-builder-workspace/.swiftpm/xcode
SwiftCompile normal arm64_32 Compiling\ PDFCodec.swift,\ TextRenderer.swift /Users/admin/builder/spi-builder-workspace/Packages/PaintKit/Sources/PaintKit/Codec/PDFCodec.swift /Users/admin/builder/spi-builder-workspace/Packages/PaintKit/Sources/PaintKit/Codec/TextRenderer.swift (in target 'PaintKit' from project 'PaintKit')
SwiftCompile normal arm64_32 /Users/admin/builder/spi-builder-workspace/Packages/PaintKit/Sources/PaintKit/Codec/PDFCodec.swift (in target 'PaintKit' from project 'PaintKit')
cd /Users/admin/builder/spi-builder-workspace/.swiftpm/xcode
SwiftCompile normal arm64_32 /Users/admin/builder/spi-builder-workspace/Packages/PaintKit/Sources/PaintKit/Codec/TextRenderer.swift (in target 'PaintKit' from project 'PaintKit')
cd /Users/admin/builder/spi-builder-workspace/.swiftpm/xcode
SwiftCompile normal arm64_32 Compiling\ Bitmap.swift,\ Brush.swift /Users/admin/builder/spi-builder-workspace/Packages/PaintKit/Sources/PaintKit/Pixels/Bitmap.swift /Users/admin/builder/spi-builder-workspace/Packages/PaintKit/Sources/PaintKit/Pixels/Brush.swift (in target 'PaintKit' from project 'PaintKit')
SwiftCompile normal arm64_32 /Users/admin/builder/spi-builder-workspace/Packages/PaintKit/Sources/PaintKit/Pixels/Bitmap.swift (in target 'PaintKit' from project 'PaintKit')
cd /Users/admin/builder/spi-builder-workspace/.swiftpm/xcode
SwiftCompile normal arm64_32 /Users/admin/builder/spi-builder-workspace/Packages/PaintKit/Sources/PaintKit/Pixels/Brush.swift (in target 'PaintKit' from project 'PaintKit')
cd /Users/admin/builder/spi-builder-workspace/.swiftpm/xcode
SwiftCompile normal arm64_32 Compiling\ PaintColour.swift,\ Palette.swift /Users/admin/builder/spi-builder-workspace/Packages/PaintKit/Sources/PaintKit/Colour/PaintColour.swift /Users/admin/builder/spi-builder-workspace/Packages/PaintKit/Sources/PaintKit/Colour/Palette.swift (in target 'PaintKit' from project 'PaintKit')
SwiftCompile normal arm64_32 /Users/admin/builder/spi-builder-workspace/Packages/PaintKit/Sources/PaintKit/Colour/PaintColour.swift (in target 'PaintKit' from project 'PaintKit')
cd /Users/admin/builder/spi-builder-workspace/.swiftpm/xcode
SwiftCompile normal arm64_32 /Users/admin/builder/spi-builder-workspace/Packages/PaintKit/Sources/PaintKit/Colour/Palette.swift (in target 'PaintKit' from project 'PaintKit')
cd /Users/admin/builder/spi-builder-workspace/.swiftpm/xcode
SwiftCompile normal arm64_32 Compiling\ Geometry.swift,\ RGBA8.swift /Users/admin/builder/spi-builder-workspace/Packages/PaintKit/Sources/PaintKit/Pixels/Geometry.swift /Users/admin/builder/spi-builder-workspace/Packages/PaintKit/Sources/PaintKit/Pixels/RGBA8.swift (in target 'PaintKit' from project 'PaintKit')
SwiftCompile normal arm64_32 /Users/admin/builder/spi-builder-workspace/Packages/PaintKit/Sources/PaintKit/Pixels/Geometry.swift (in target 'PaintKit' from project 'PaintKit')
cd /Users/admin/builder/spi-builder-workspace/.swiftpm/xcode
SwiftCompile normal arm64_32 /Users/admin/builder/spi-builder-workspace/Packages/PaintKit/Sources/PaintKit/Pixels/RGBA8.swift (in target 'PaintKit' from project 'PaintKit')
cd /Users/admin/builder/spi-builder-workspace/.swiftpm/xcode
SwiftCompile normal arm64_32 Compiling\ ImageTransform.swift,\ InkExtractor.swift /Users/admin/builder/spi-builder-workspace/Packages/PaintKit/Sources/PaintKit/Codec/ImageTransform.swift /Users/admin/builder/spi-builder-workspace/Packages/PaintKit/Sources/PaintKit/Codec/InkExtractor.swift (in target 'PaintKit' from project 'PaintKit')
SwiftCompile normal arm64_32 /Users/admin/builder/spi-builder-workspace/Packages/PaintKit/Sources/PaintKit/Codec/ImageTransform.swift (in target 'PaintKit' from project 'PaintKit')
cd /Users/admin/builder/spi-builder-workspace/.swiftpm/xcode
SwiftCompile normal arm64_32 /Users/admin/builder/spi-builder-workspace/Packages/PaintKit/Sources/PaintKit/Codec/InkExtractor.swift (in target 'PaintKit' from project 'PaintKit')
cd /Users/admin/builder/spi-builder-workspace/.swiftpm/xcode
SwiftCompile normal arm64_32 Compiling\ Selection.swift,\ SelectionMask.swift /Users/admin/builder/spi-builder-workspace/Packages/PaintKit/Sources/PaintKit/Tools/Selection.swift /Users/admin/builder/spi-builder-workspace/Packages/PaintKit/Sources/PaintKit/Tools/SelectionMask.swift (in target 'PaintKit' from project 'PaintKit')
SwiftCompile normal arm64_32 /Users/admin/builder/spi-builder-workspace/Packages/PaintKit/Sources/PaintKit/Tools/Selection.swift (in target 'PaintKit' from project 'PaintKit')
cd /Users/admin/builder/spi-builder-workspace/.swiftpm/xcode
SwiftCompile normal arm64_32 /Users/admin/builder/spi-builder-workspace/Packages/PaintKit/Sources/PaintKit/Tools/SelectionMask.swift (in target 'PaintKit' from project 'PaintKit')
cd /Users/admin/builder/spi-builder-workspace/.swiftpm/xcode
SwiftCompile normal arm64_32 Compiling\ ToolKind.swift,\ ToolSettings.swift /Users/admin/builder/spi-builder-workspace/Packages/PaintKit/Sources/PaintKit/Tools/ToolKind.swift /Users/admin/builder/spi-builder-workspace/Packages/PaintKit/Sources/PaintKit/Tools/ToolSettings.swift (in target 'PaintKit' from project 'PaintKit')
SwiftCompile normal arm64_32 /Users/admin/builder/spi-builder-workspace/Packages/PaintKit/Sources/PaintKit/Tools/ToolKind.swift (in target 'PaintKit' from project 'PaintKit')
cd /Users/admin/builder/spi-builder-workspace/.swiftpm/xcode
SwiftCompile normal arm64_32 /Users/admin/builder/spi-builder-workspace/Packages/PaintKit/Sources/PaintKit/Tools/ToolSettings.swift (in target 'PaintKit' from project 'PaintKit')
cd /Users/admin/builder/spi-builder-workspace/.swiftpm/xcode
SwiftCompile normal arm64_32 Compiling\ Raster.swift,\ PaintEngine.swift /Users/admin/builder/spi-builder-workspace/Packages/PaintKit/Sources/PaintKit/Pixels/Raster.swift /Users/admin/builder/spi-builder-workspace/Packages/PaintKit/Sources/PaintKit/Tools/PaintEngine.swift (in target 'PaintKit' from project 'PaintKit')
SwiftCompile normal arm64_32 /Users/admin/builder/spi-builder-workspace/Packages/PaintKit/Sources/PaintKit/Pixels/Raster.swift (in target 'PaintKit' from project 'PaintKit')
cd /Users/admin/builder/spi-builder-workspace/.swiftpm/xcode
SwiftCompile normal arm64_32 /Users/admin/builder/spi-builder-workspace/Packages/PaintKit/Sources/PaintKit/Tools/PaintEngine.swift (in target 'PaintKit' from project 'PaintKit')
cd /Users/admin/builder/spi-builder-workspace/.swiftpm/xcode
SwiftEmitModule normal armv7k Emitting\ module\ for\ PaintKit (in target 'PaintKit' from project 'PaintKit')
2026-09-29 20:49:55.103 xcodebuild[835:5045] [MT] IDERunDestination: Supported platforms for the buildables in the current scheme is empty.
** BUILD FAILED **
The following build commands failed:
EmitSwiftModule normal arm64_32 (in target 'PaintKit' from project 'PaintKit')
SwiftEmitModule normal arm64_32 Emitting\ module\ for\ PaintKit (in target 'PaintKit' from project 'PaintKit')
Building workspace spi-builder-workspace with scheme PaintKit-Package
(3 failures)
BUILD FAILURE 6.2 watchOS