Build Information
Failed to build PopupKit, reference v1.0.0 (b405ba), with Swift 6.2 for tvOS using Xcode 26.3 on 3 Sep 2026 17:58:11 UTC.
Build Command
env DEVELOPER_DIR=/Applications/Xcode-26.3.0.app xcrun xcodebuild -IDEClonedSourcePackagesDirPathOverride=$PWD/.dependencies -skipMacroValidation -skipPackagePluginValidation -derivedDataPath $PWD/.derivedData build -scheme PopupKit -destination generic/platform=tvOSBuild Log
========================================
RunAll
========================================
Builder version: 5.0.2
Interrupt handler set up.
========================================
Checkout
========================================
Clone URL: https://github.com/sbrelesky/popupkit.git
Reference: v1.0.0
Initialized empty Git repository in /Users/admin/builder/spi-builder-workspace/.git/
From https://github.com/sbrelesky/popupkit
* tag v1.0.0 -> FETCH_HEAD
HEAD is now at b405ba5 Fill in the real package URL
Cloned https://github.com/sbrelesky/popupkit.git
Revision (git rev-parse @):
b405ba53b7b5c5326037e2148e0b04cf209a65ea
SUCCESS checkout https://github.com/sbrelesky/popupkit.git at v1.0.0
========================================
Build
========================================
Selected platform: tvOS
Swift version: 6.2
Building package at path: $PWD
https://github.com/sbrelesky/popupkit.git
Command line invocation:
/Applications/Xcode-26.3.0.app/Contents/Developer/usr/bin/xcodebuild -IDEClonedSourcePackagesDirPathOverride=/Users/admin/builder/spi-builder-workspace/.dependencies -resolvePackageDependencies
Resolve Package Graph
Resolve Package Graph
Resolved source packages:
PopupKit: /Users/admin/builder/spi-builder-workspace
resolved source packages: PopupKit
2026-09-03 13:57:39.088 xcodebuild[538:3119] [MT] IDERunDestination: Supported platforms for the buildables in the current scheme is empty.
{
"dependencies" : [
],
"manifest_display_name" : "PopupKit",
"name" : "PopupKit",
"path" : "/Users/admin/builder/spi-builder-workspace",
"platforms" : [
{
"name" : "ios",
"version" : "16.0"
},
{
"name" : "macos",
"version" : "13.0"
}
],
"products" : [
{
"name" : "PopupKit",
"targets" : [
"PopupKit"
],
"type" : {
"library" : [
"automatic"
]
}
}
],
"targets" : [
{
"c99name" : "PopupKitTests",
"module_type" : "SwiftTarget",
"name" : "PopupKitTests",
"path" : "Tests/PopupKitTests",
"sources" : [
"PopupContentTests.swift",
"PopupPositionTests.swift",
"PopupThemeTests.swift"
],
"target_dependencies" : [
"PopupKit"
],
"type" : "test"
},
{
"c99name" : "PopupKit",
"module_type" : "SwiftTarget",
"name" : "PopupKit",
"path" : "Sources/PopupKit",
"product_memberships" : [
"PopupKit"
],
"sources" : [
"PopupContainerView.swift",
"PopupContent.swift",
"PopupKitModifier.swift",
"PopupPosition.swift",
"PopupTheme.swift",
"Views/ErrorPopupView.swift",
"Views/GenericPopupView.swift",
"Views/LoadingPopupView.swift",
"Views/PopupBannerView.swift",
"Views/SuccessPopupView.swift"
],
"type" : "library"
}
],
"tools_version" : "5.9"
}
{
"workspace" : {
"name" : "spi-builder-workspace",
"schemes" : [
"PopupKit"
]
}
}
2026-09-03 13:57:57.310 xcodebuild[677:4231] [MT] IDERunDestination: Supported platforms for the buildables in the current scheme is empty.
Running build ...
env DEVELOPER_DIR=/Applications/Xcode-26.3.0.app xcrun xcodebuild -IDEClonedSourcePackagesDirPathOverride=$PWD/.dependencies -skipMacroValidation -skipPackagePluginValidation -derivedDataPath $PWD/.derivedData build -scheme PopupKit -destination generic/platform=tvOS
Command line invocation:
/Applications/Xcode-26.3.0.app/Contents/Developer/usr/bin/xcodebuild -IDEClonedSourcePackagesDirPathOverride=/Users/admin/builder/spi-builder-workspace/.dependencies -skipMacroValidation -skipPackagePluginValidation -derivedDataPath /Users/admin/builder/spi-builder-workspace/.derivedData build -scheme PopupKit -destination generic/platform=tvOS
Resolve Package Graph
Resolved source packages:
PopupKit: /Users/admin/builder/spi-builder-workspace
ComputePackagePrebuildTargetDependencyGraph
Prepare packages
CreateBuildRequest
SendProjectDescription
CreateBuildOperation
ComputeTargetDependencyGraph
note: Building targets in dependency order
note: Target dependency graph (2 targets)
Target 'PopupKit' in project 'PopupKit'
➜ Explicit dependency on target 'PopupKit' in project 'PopupKit'
Target 'PopupKit' in project 'PopupKit' (no dependencies)
GatherProvisioningInputs
CreateBuildDescription
ExecuteExternalTool /Applications/Xcode-26.3.0.app/Contents/Developer/Toolchains/XcodeDefault.xctoolchain/usr/bin/clang -v -E -dM -isysroot /Applications/Xcode-26.3.0.app/Contents/Developer/Platforms/AppleTVOS.platform/Developer/SDKs/AppleTVOS26.2.sdk -x c -c /dev/null
ExecuteExternalTool /Applications/Xcode-26.3.0.app/Contents/Developer/Toolchains/XcodeDefault.xctoolchain/usr/bin/swiftc --version
ExecuteExternalTool /Applications/Xcode-26.3.0.app/Contents/Developer/Toolchains/XcodeDefault.xctoolchain/usr/bin/ld -version_details
Build description signature: f4b9b548fba91e0783e350bed5c6ac9b
Build description path: /Users/admin/builder/spi-builder-workspace/.derivedData/Build/Intermediates.noindex/XCBuildData/f4b9b548fba91e0783e350bed5c6ac9b.xcbuilddata
CreateBuildDirectory /Users/admin/builder/spi-builder-workspace/.derivedData/Build/Products
cd /Users/admin/builder/spi-builder-workspace/.swiftpm/xcode
builtin-create-build-directory /Users/admin/builder/spi-builder-workspace/.derivedData/Build/Products
CreateBuildDirectory /Users/admin/builder/spi-builder-workspace/.derivedData/Build/Intermediates.noindex
cd /Users/admin/builder/spi-builder-workspace/.swiftpm/xcode
builtin-create-build-directory /Users/admin/builder/spi-builder-workspace/.derivedData/Build/Intermediates.noindex
ClangStatCache /Applications/Xcode-26.3.0.app/Contents/Developer/Toolchains/XcodeDefault.xctoolchain/usr/bin/clang-stat-cache /Applications/Xcode-26.3.0.app/Contents/Developer/Platforms/AppleTVOS.platform/Developer/SDKs/AppleTVOS26.2.sdk /Users/admin/builder/spi-builder-workspace/.derivedData/SDKStatCaches.noindex/appletvos26.2-23K50-dc75598d0054f22ec865fa860f139d72c1feacec85df2e04b9fa10f95e757c08.sdkstatcache
cd /Users/admin/builder/spi-builder-workspace/.swiftpm/xcode
/Applications/Xcode-26.3.0.app/Contents/Developer/Toolchains/XcodeDefault.xctoolchain/usr/bin/clang-stat-cache /Applications/Xcode-26.3.0.app/Contents/Developer/Platforms/AppleTVOS.platform/Developer/SDKs/AppleTVOS26.2.sdk -o /Users/admin/builder/spi-builder-workspace/.derivedData/SDKStatCaches.noindex/appletvos26.2-23K50-dc75598d0054f22ec865fa860f139d72c1feacec85df2e04b9fa10f95e757c08.sdkstatcache
CreateBuildDirectory /Users/admin/builder/spi-builder-workspace/.derivedData/Build/Intermediates.noindex/SwiftExplicitPrecompiledModules
cd /Users/admin/builder/spi-builder-workspace/.swiftpm/xcode
builtin-create-build-directory /Users/admin/builder/spi-builder-workspace/.derivedData/Build/Intermediates.noindex/SwiftExplicitPrecompiledModules
CreateBuildDirectory /Users/admin/builder/spi-builder-workspace/.derivedData/Build/Intermediates.noindex/ExplicitPrecompiledModules
cd /Users/admin/builder/spi-builder-workspace/.swiftpm/xcode
builtin-create-build-directory /Users/admin/builder/spi-builder-workspace/.derivedData/Build/Intermediates.noindex/ExplicitPrecompiledModules
CreateBuildDirectory /Users/admin/builder/spi-builder-workspace/.derivedData/Build/Intermediates.noindex/EagerLinkingTBDs/Debug-appletvos
cd /Users/admin/builder/spi-builder-workspace/.swiftpm/xcode
builtin-create-build-directory /Users/admin/builder/spi-builder-workspace/.derivedData/Build/Intermediates.noindex/EagerLinkingTBDs/Debug-appletvos
CreateBuildDirectory /Users/admin/builder/spi-builder-workspace/.derivedData/Build/Products/Debug-appletvos
cd /Users/admin/builder/spi-builder-workspace/.swiftpm/xcode
builtin-create-build-directory /Users/admin/builder/spi-builder-workspace/.derivedData/Build/Products/Debug-appletvos
CreateBuildDirectory /Users/admin/builder/spi-builder-workspace/.derivedData/Build/Products/Debug-appletvos/PackageFrameworks
cd /Users/admin/builder/spi-builder-workspace/.swiftpm/xcode
builtin-create-build-directory /Users/admin/builder/spi-builder-workspace/.derivedData/Build/Products/Debug-appletvos/PackageFrameworks
WriteAuxiliaryFile /Users/admin/builder/spi-builder-workspace/.derivedData/Build/Intermediates.noindex/PopupKit.build/Debug-appletvos/PopupKit.build/PopupKit.DependencyMetadataFileList (in target 'PopupKit' from project 'PopupKit')
cd /Users/admin/builder/spi-builder-workspace
write-file /Users/admin/builder/spi-builder-workspace/.derivedData/Build/Intermediates.noindex/PopupKit.build/Debug-appletvos/PopupKit.build/PopupKit.DependencyMetadataFileList
WriteAuxiliaryFile /Users/admin/builder/spi-builder-workspace/.derivedData/Build/Intermediates.noindex/PopupKit.build/Debug-appletvos/PopupKit.build/PopupKit.DependencyStaticMetadataFileList (in target 'PopupKit' from project 'PopupKit')
cd /Users/admin/builder/spi-builder-workspace
write-file /Users/admin/builder/spi-builder-workspace/.derivedData/Build/Intermediates.noindex/PopupKit.build/Debug-appletvos/PopupKit.build/PopupKit.DependencyStaticMetadataFileList
WriteAuxiliaryFile /Users/admin/builder/spi-builder-workspace/.derivedData/Build/Intermediates.noindex/PopupKit.build/Debug-appletvos/PopupKit.build/PopupKit.modulemap (in target 'PopupKit' from project 'PopupKit')
cd /Users/admin/builder/spi-builder-workspace
write-file /Users/admin/builder/spi-builder-workspace/.derivedData/Build/Intermediates.noindex/PopupKit.build/Debug-appletvos/PopupKit.build/PopupKit.modulemap
WriteAuxiliaryFile /Users/admin/builder/spi-builder-workspace/.derivedData/Build/Intermediates.noindex/PopupKit.build/Debug-appletvos/PopupKit.build/Objects-normal/arm64/PopupKit.SwiftFileList (in target 'PopupKit' from project 'PopupKit')
cd /Users/admin/builder/spi-builder-workspace
write-file /Users/admin/builder/spi-builder-workspace/.derivedData/Build/Intermediates.noindex/PopupKit.build/Debug-appletvos/PopupKit.build/Objects-normal/arm64/PopupKit.SwiftFileList
WriteAuxiliaryFile /Users/admin/builder/spi-builder-workspace/.derivedData/Build/Intermediates.noindex/PopupKit.build/Debug-appletvos/PopupKit.build/Objects-normal/arm64/PopupKit-OutputFileMap.json (in target 'PopupKit' from project 'PopupKit')
cd /Users/admin/builder/spi-builder-workspace
write-file /Users/admin/builder/spi-builder-workspace/.derivedData/Build/Intermediates.noindex/PopupKit.build/Debug-appletvos/PopupKit.build/Objects-normal/arm64/PopupKit-OutputFileMap.json
WriteAuxiliaryFile /Users/admin/builder/spi-builder-workspace/.derivedData/Build/Intermediates.noindex/PopupKit.build/Debug-appletvos/PopupKit.build/Objects-normal/arm64/PopupKit.SwiftConstValuesFileList (in target 'PopupKit' from project 'PopupKit')
cd /Users/admin/builder/spi-builder-workspace
write-file /Users/admin/builder/spi-builder-workspace/.derivedData/Build/Intermediates.noindex/PopupKit.build/Debug-appletvos/PopupKit.build/Objects-normal/arm64/PopupKit.SwiftConstValuesFileList
WriteAuxiliaryFile /Users/admin/builder/spi-builder-workspace/.derivedData/Build/Intermediates.noindex/PopupKit.build/Debug-appletvos/PopupKit.build/Objects-normal/arm64/PopupKit.LinkFileList (in target 'PopupKit' from project 'PopupKit')
cd /Users/admin/builder/spi-builder-workspace
write-file /Users/admin/builder/spi-builder-workspace/.derivedData/Build/Intermediates.noindex/PopupKit.build/Debug-appletvos/PopupKit.build/Objects-normal/arm64/PopupKit.LinkFileList
WriteAuxiliaryFile /Users/admin/builder/spi-builder-workspace/.derivedData/Build/Intermediates.noindex/PopupKit.build/Debug-appletvos/PopupKit.build/Objects-normal/arm64/PopupKit_const_extract_protocols.json (in target 'PopupKit' from project 'PopupKit')
cd /Users/admin/builder/spi-builder-workspace
write-file /Users/admin/builder/spi-builder-workspace/.derivedData/Build/Intermediates.noindex/PopupKit.build/Debug-appletvos/PopupKit.build/Objects-normal/arm64/PopupKit_const_extract_protocols.json
Copy /Users/admin/builder/spi-builder-workspace/.derivedData/Build/Intermediates.noindex/GeneratedModuleMaps-appletvos/PopupKit.modulemap /Users/admin/builder/spi-builder-workspace/.derivedData/Build/Intermediates.noindex/PopupKit.build/Debug-appletvos/PopupKit.build/PopupKit.modulemap (in target 'PopupKit' from project 'PopupKit')
cd /Users/admin/builder/spi-builder-workspace
builtin-copy -exclude .DS_Store -exclude CVS -exclude .svn -exclude .git -exclude .hg -resolve-src-symlinks /Users/admin/builder/spi-builder-workspace/.derivedData/Build/Intermediates.noindex/PopupKit.build/Debug-appletvos/PopupKit.build/PopupKit.modulemap /Users/admin/builder/spi-builder-workspace/.derivedData/Build/Intermediates.noindex/GeneratedModuleMaps-appletvos
SwiftDriver PopupKit normal arm64 com.apple.xcode.tools.swift.compiler (in target 'PopupKit' from project 'PopupKit')
cd /Users/admin/builder/spi-builder-workspace/.swiftpm/xcode
builtin-SwiftDriver -- /Applications/Xcode-26.3.0.app/Contents/Developer/Toolchains/XcodeDefault.xctoolchain/usr/bin/swiftc -module-name PopupKit -Onone -enforce-exclusivity\=checked @/Users/admin/builder/spi-builder-workspace/.derivedData/Build/Intermediates.noindex/PopupKit.build/Debug-appletvos/PopupKit.build/Objects-normal/arm64/PopupKit.SwiftFileList -DSWIFT_PACKAGE -DDEBUG -DSWIFT_MODULE_RESOURCE_BUNDLE_UNAVAILABLE -DXcode -plugin-path /Applications/Xcode-26.3.0.app/Contents/Developer/Toolchains/XcodeDefault.xctoolchain/usr/lib/swift/host/plugins/testing -enable-experimental-feature DebugDescriptionMacro -sdk /Applications/Xcode-26.3.0.app/Contents/Developer/Platforms/AppleTVOS.platform/Developer/SDKs/AppleTVOS26.2.sdk -target arm64-apple-tvos16.0 -g -module-cache-path /Users/admin/builder/spi-builder-workspace/.derivedData/ModuleCache.noindex -Xfrontend -serialize-debugging-options -profile-coverage-mapping -profile-generate -enable-testing -index-store-path /Users/admin/builder/spi-builder-workspace/.derivedData/Index.noindex/DataStore -Xcc -D_LIBCPP_HARDENING_MODE\=_LIBCPP_HARDENING_MODE_DEBUG -swift-version 5 -I /Users/admin/builder/spi-builder-workspace/.derivedData/Build/Products/Debug-appletvos -Isystem /Applications/Xcode-26.3.0.app/Contents/Developer/Platforms/AppleTVOS.platform/Developer/usr/lib -F /Users/admin/builder/spi-builder-workspace/.derivedData/Build/Products/Debug-appletvos -F /Applications/Xcode-26.3.0.app/Contents/Developer/Platforms/AppleTVOS.platform/Developer/Library/Frameworks -F /Applications/Xcode-26.3.0.app/Contents/Developer/Platforms/AppleTVOS.platform/Developer/SDKs/AppleTVOS26.2.sdk/Developer/Library/Frameworks -c -j10 -enable-batch-mode -incremental -Xcc -ivfsstatcache -Xcc /Users/admin/builder/spi-builder-workspace/.derivedData/SDKStatCaches.noindex/appletvos26.2-23K50-dc75598d0054f22ec865fa860f139d72c1feacec85df2e04b9fa10f95e757c08.sdkstatcache -output-file-map /Users/admin/builder/spi-builder-workspace/.derivedData/Build/Intermediates.noindex/PopupKit.build/Debug-appletvos/PopupKit.build/Objects-normal/arm64/PopupKit-OutputFileMap.json -use-frontend-parseable-output -save-temps -no-color-diagnostics -explicit-module-build -module-cache-path /Users/admin/builder/spi-builder-workspace/.derivedData/Build/Intermediates.noindex/SwiftExplicitPrecompiledModules -clang-scanner-module-cache-path /Users/admin/builder/spi-builder-workspace/.derivedData/ModuleCache.noindex -sdk-module-cache-path /Users/admin/builder/spi-builder-workspace/.derivedData/ModuleCache.noindex -serialize-diagnostics -emit-dependencies -emit-module -emit-module-path /Users/admin/builder/spi-builder-workspace/.derivedData/Build/Intermediates.noindex/PopupKit.build/Debug-appletvos/PopupKit.build/Objects-normal/arm64/PopupKit.swiftmodule -validate-clang-modules-once -clang-build-session-file /Users/admin/builder/spi-builder-workspace/.derivedData/ModuleCache.noindex/Session.modulevalidation -package-name spi_builder_workspace -Xcc -I/Users/admin/builder/spi-builder-workspace/.derivedData/Build/Intermediates.noindex/PopupKit.build/Debug-appletvos/PopupKit.build/swift-overrides.hmap -emit-const-values -Xfrontend -const-gather-protocols-file -Xfrontend /Users/admin/builder/spi-builder-workspace/.derivedData/Build/Intermediates.noindex/PopupKit.build/Debug-appletvos/PopupKit.build/Objects-normal/arm64/PopupKit_const_extract_protocols.json -Xcc -I/Users/admin/builder/spi-builder-workspace/.derivedData/Build/Products/Debug-appletvos/include -Xcc -I/Users/admin/builder/spi-builder-workspace/.derivedData/Build/Intermediates.noindex/PopupKit.build/Debug-appletvos/PopupKit.build/DerivedSources-normal/arm64 -Xcc -I/Users/admin/builder/spi-builder-workspace/.derivedData/Build/Intermediates.noindex/PopupKit.build/Debug-appletvos/PopupKit.build/DerivedSources/arm64 -Xcc -I/Users/admin/builder/spi-builder-workspace/.derivedData/Build/Intermediates.noindex/PopupKit.build/Debug-appletvos/PopupKit.build/DerivedSources -Xcc -DSWIFT_PACKAGE -Xcc -DDEBUG\=1 -emit-objc-header -emit-objc-header-path /Users/admin/builder/spi-builder-workspace/.derivedData/Build/Intermediates.noindex/PopupKit.build/Debug-appletvos/PopupKit.build/Objects-normal/arm64/PopupKit-Swift.h -working-directory /Users/admin/builder/spi-builder-workspace/.swiftpm/xcode -experimental-emit-module-separately -disable-cmo
SwiftExplicitDependencyGeneratePcm arm64 /Users/admin/builder/spi-builder-workspace/.derivedData/ModuleCache.noindex/_Builtin_float-ET5C1L7ONVBB23WGY8RHPACZN.pcm
SwiftExplicitDependencyGeneratePcm arm64 /Users/admin/builder/spi-builder-workspace/.derivedData/ModuleCache.noindex/DeveloperToolsSupport-7S7Y6TWS8MKVO81XUZNGQTJ7I.pcm
SwiftExplicitDependencyGeneratePcm arm64 /Users/admin/builder/spi-builder-workspace/.derivedData/ModuleCache.noindex/ptrcheck-A262UIO72NZ44KOOUHYVTVD34.pcm
SwiftExplicitDependencyGeneratePcm arm64 /Users/admin/builder/spi-builder-workspace/.derivedData/ModuleCache.noindex/SwiftShims-CUB1TEDTB8JJWCJBYK0EW7HWD.pcm
SwiftExplicitDependencyGeneratePcm arm64 /Users/admin/builder/spi-builder-workspace/.derivedData/ModuleCache.noindex/_Builtin_stddef-A57D84N7A2Q4CVJV245Y9GGPK.pcm
SwiftExplicitDependencyGeneratePcm arm64 /Users/admin/builder/spi-builder-workspace/.derivedData/ModuleCache.noindex/ptrauth-C7ZNRUUC7QC8O8GNT7R7A8QTZ.pcm
SwiftExplicitDependencyGeneratePcm arm64 /Users/admin/builder/spi-builder-workspace/.derivedData/ModuleCache.noindex/_AvailabilityInternal-7Z5BXIW8MVEC0EU944AVMJ6RG.pcm
SwiftExplicitDependencyGeneratePcm arm64 /Users/admin/builder/spi-builder-workspace/.derivedData/ModuleCache.noindex/_SwiftConcurrencyShims-3NXAGF6DBLF3LKTFUNVFWKWNL.pcm
SwiftExplicitDependencyGeneratePcm arm64 /Users/admin/builder/spi-builder-workspace/.derivedData/ModuleCache.noindex/_Builtin_stdarg-A18228RMTOUB0VOFXESBRN21U.pcm
SwiftExplicitDependencyGeneratePcm arm64 /Users/admin/builder/spi-builder-workspace/.derivedData/ModuleCache.noindex/_Builtin_stdbool-EAYCD616FQ0RDYYOEFYO1BMV1.pcm
SwiftExplicitDependencyGeneratePcm arm64 /Users/admin/builder/spi-builder-workspace/.derivedData/ModuleCache.noindex/_DarwinFoundation1-E448SFMHAYNCYJ90LFJKGGUMT.pcm
SwiftExplicitDependencyGeneratePcm arm64 /Users/admin/builder/spi-builder-workspace/.derivedData/ModuleCache.noindex/_DarwinFoundation2-7MGFTKQ0OUDR1C72INHLA4BE.pcm
SwiftExplicitDependencyGeneratePcm arm64 /Users/admin/builder/spi-builder-workspace/.derivedData/ModuleCache.noindex/_Builtin_limits-BN0867716FZWZWJB23IHOUFY5.pcm
SwiftExplicitDependencyGeneratePcm arm64 /Users/admin/builder/spi-builder-workspace/.derivedData/ModuleCache.noindex/_Builtin_tgmath-994KYS31XDUTZ3HR3UA98HUW2.pcm
SwiftExplicitDependencyGeneratePcm arm64 /Users/admin/builder/spi-builder-workspace/.derivedData/ModuleCache.noindex/sys_types-1XFO68C1O9POTJSZ7ROIU30GG.pcm
SwiftExplicitDependencyGeneratePcm arm64 /Users/admin/builder/spi-builder-workspace/.derivedData/ModuleCache.noindex/_Builtin_stdint-7DORIFH0ZITTV4JODPMB69RV5.pcm
SwiftExplicitDependencyGeneratePcm arm64 /Users/admin/builder/spi-builder-workspace/.derivedData/ModuleCache.noindex/_DarwinFoundation3-4HXAW79ZF68GE3HPQ3JFIKEN1.pcm
SwiftExplicitDependencyGeneratePcm arm64 /Users/admin/builder/spi-builder-workspace/.derivedData/ModuleCache.noindex/_Builtin_stdatomic-6DZ2WMW945L9XSGIWXTJWX3HS.pcm
SwiftExplicitDependencyGeneratePcm arm64 /Users/admin/builder/spi-builder-workspace/.derivedData/ModuleCache.noindex/_Builtin_intrinsics-8YKWWMPSLBBP8EITKGIR6RE0C.pcm
SwiftExplicitDependencyGeneratePcm arm64 /Users/admin/builder/spi-builder-workspace/.derivedData/ModuleCache.noindex/_Builtin_inttypes-R227UYNR87N7HXSJ0SI7N4S2.pcm
SwiftExplicitDependencyGeneratePcm arm64 /Users/admin/builder/spi-builder-workspace/.derivedData/ModuleCache.noindex/Darwin-A13RNMYMYUMU4Q8WZT7O0VTD0.pcm
SwiftExplicitDependencyGeneratePcm arm64 /Users/admin/builder/spi-builder-workspace/.derivedData/ModuleCache.noindex/simd-3M1QRKWNT2QJGOPQSVQF0WJMO.pcm
SwiftExplicitDependencyGeneratePcm arm64 /Users/admin/builder/spi-builder-workspace/.derivedData/ModuleCache.noindex/ObjectiveC-364JM390UZ0K2LTG52PF6POJQ.pcm
SwiftExplicitDependencyGeneratePcm arm64 /Users/admin/builder/spi-builder-workspace/.derivedData/ModuleCache.noindex/MachO-1ROGJHQM1MOZGORHQKTX7NPY6.pcm
SwiftExplicitDependencyGeneratePcm arm64 /Users/admin/builder/spi-builder-workspace/.derivedData/ModuleCache.noindex/os_object-4K7P301X1OJT48ALUBN64GT9C.pcm
SwiftExplicitDependencyGeneratePcm arm64 /Users/admin/builder/spi-builder-workspace/.derivedData/ModuleCache.noindex/os_workgroup-6PLG1EA9WQAOU683M7F7AY01O.pcm
SwiftExplicitDependencyGeneratePcm arm64 /Users/admin/builder/spi-builder-workspace/.derivedData/ModuleCache.noindex/Spatial-4EZ3BI8OTHLKQMCGKKG3Z9B8N.pcm
SwiftExplicitDependencyGeneratePcm arm64 /Users/admin/builder/spi-builder-workspace/.derivedData/ModuleCache.noindex/os-28VOG7ZKU3TSTGIALN7PNAQ78.pcm
SwiftExplicitDependencyGeneratePcm arm64 /Users/admin/builder/spi-builder-workspace/.derivedData/ModuleCache.noindex/Dispatch-E0BNAXPW36UE3MS5CDDD6KDH2.pcm
SwiftExplicitDependencyGeneratePcm arm64 /Users/admin/builder/spi-builder-workspace/.derivedData/ModuleCache.noindex/CoreFoundation-5J4SIZCW68BHIY7F5M1KSQ9HB.pcm
SwiftExplicitDependencyGeneratePcm arm64 /Users/admin/builder/spi-builder-workspace/.derivedData/ModuleCache.noindex/Security-BQZXUCN4ENBGM0IVTT1TCS5E4.pcm
SwiftExplicitDependencyGeneratePcm arm64 /Users/admin/builder/spi-builder-workspace/.derivedData/ModuleCache.noindex/CFNetwork-6L1G3F5CHOB23JDHSD9JLQRKP.pcm
SwiftExplicitDependencyGeneratePcm arm64 /Users/admin/builder/spi-builder-workspace/.derivedData/ModuleCache.noindex/CoreGraphics-8RZYZ14EJUOJEK73ADJJRS6DX.pcm
SwiftExplicitDependencyGeneratePcm arm64 /Users/admin/builder/spi-builder-workspace/.derivedData/ModuleCache.noindex/Foundation-36RNFA2UNUZB7F30GQWLJSFJV.pcm
SwiftExplicitDependencyGeneratePcm arm64 /Users/admin/builder/spi-builder-workspace/.derivedData/ModuleCache.noindex/ImageIO-A3CKLYSCI32AR9BDC6NV87I0A.pcm
SwiftExplicitDependencyGeneratePcm arm64 /Users/admin/builder/spi-builder-workspace/.derivedData/ModuleCache.noindex/CoreText-EGLU1QOCPELAA7NEG1M4MP4U8.pcm
SwiftExplicitDependencyGeneratePcm arm64 /Users/admin/builder/spi-builder-workspace/.derivedData/ModuleCache.noindex/CoreTransferable-6UPKZDRWQWVWHEDQXPGWY6DZT.pcm
SwiftExplicitDependencyGeneratePcm arm64 /Users/admin/builder/spi-builder-workspace/.derivedData/ModuleCache.noindex/UniformTypeIdentifiers-9XP8MS3TZUHKHA3VADHSYV65O.pcm
SwiftExplicitDependencyGeneratePcm arm64 /Users/admin/builder/spi-builder-workspace/.derivedData/ModuleCache.noindex/Symbols-6JVEASJ8LURMOE25AOLI1KG8G.pcm
SwiftExplicitDependencyGeneratePcm arm64 /Users/admin/builder/spi-builder-workspace/.derivedData/ModuleCache.noindex/OSLog-7T1O16P0TF4EZ1ZOPUQEMLF82.pcm
SwiftExplicitDependencyGeneratePcm arm64 /Users/admin/builder/spi-builder-workspace/.derivedData/ModuleCache.noindex/CoreData-3RY7JV0H8ZK7I8Z3UJ0ORNH8F.pcm
SwiftExplicitDependencyGeneratePcm arm64 /Users/admin/builder/spi-builder-workspace/.derivedData/ModuleCache.noindex/UserNotifications-9PA346RKUFMU9JNTJJARZ3RFU.pcm
SwiftExplicitDependencyGeneratePcm arm64 /Users/admin/builder/spi-builder-workspace/.derivedData/ModuleCache.noindex/DataDetection-DGSDYI53HD9TMUHUYDR6N6IP8.pcm
SwiftExplicitDependencyGeneratePcm arm64 /Users/admin/builder/spi-builder-workspace/.derivedData/ModuleCache.noindex/UIUtilities-1HE19I6SB0LI1I2ZCRN8EO0YB.pcm
SwiftExplicitDependencyGeneratePcm arm64 /Users/admin/builder/spi-builder-workspace/.derivedData/ModuleCache.noindex/IOSurface-7GZ5FQX1921AN6X1ARR3HF1E1.pcm
SwiftExplicitDependencyGeneratePcm arm64 /Users/admin/builder/spi-builder-workspace/.derivedData/ModuleCache.noindex/Accessibility-6W5YIO2EEYVMYEXBAWV4E27DZ.pcm
SwiftExplicitDependencyGeneratePcm arm64 /Users/admin/builder/spi-builder-workspace/.derivedData/ModuleCache.noindex/Metal-7TR96KD4GOD4V3QZQ8BDMVPH8.pcm
SwiftExplicitDependencyGeneratePcm arm64 /Users/admin/builder/spi-builder-workspace/.derivedData/ModuleCache.noindex/OpenGLES-53JXIQKMLCA5A4FOIWIPQRJ4I.pcm
SwiftExplicitDependencyGeneratePcm arm64 /Users/admin/builder/spi-builder-workspace/.derivedData/ModuleCache.noindex/CoreVideo-AEOINNXTXZT4VUIKM8RGPVRSB.pcm
SwiftExplicitDependencyGeneratePcm arm64 /Users/admin/builder/spi-builder-workspace/.derivedData/ModuleCache.noindex/QuartzCore-6CRH2SZ84NIGBF1SGQD80VVI8.pcm
SwiftExplicitDependencyGeneratePcm arm64 /Users/admin/builder/spi-builder-workspace/.derivedData/ModuleCache.noindex/CoreImage-BG9PCQTTR2L4GFHRBT0UQE1BA.pcm
SwiftExplicitDependencyGeneratePcm arm64 /Users/admin/builder/spi-builder-workspace/.derivedData/ModuleCache.noindex/SwiftUICore-5WJZ09VX27B8CCKLW7WE24KQ7.pcm
SwiftExplicitDependencyGeneratePcm arm64 /Users/admin/builder/spi-builder-workspace/.derivedData/ModuleCache.noindex/UIKit-EJHQG03KVLX2ABNJ5BMY3XFY5.pcm
SwiftExplicitDependencyGeneratePcm arm64 /Users/admin/builder/spi-builder-workspace/.derivedData/ModuleCache.noindex/SwiftUI-14AK91TPBM895SSA56XI6TG2Q.pcm
SwiftEmitModule normal arm64 Emitting\ module\ for\ PopupKit (in target 'PopupKit' from project 'PopupKit')
EmitSwiftModule normal arm64 (in target 'PopupKit' from project 'PopupKit')
cd /Users/admin/builder/spi-builder-workspace/.swiftpm/xcode
SwiftCompile normal arm64 Compiling\ ErrorPopupView.swift /Users/admin/builder/spi-builder-workspace/Sources/PopupKit/Views/ErrorPopupView.swift (in target 'PopupKit' from project 'PopupKit')
SwiftCompile normal arm64 /Users/admin/builder/spi-builder-workspace/Sources/PopupKit/Views/ErrorPopupView.swift (in target 'PopupKit' from project 'PopupKit')
cd /Users/admin/builder/spi-builder-workspace/.swiftpm/xcode
SwiftCompile normal arm64 Compiling\ GenericPopupView.swift /Users/admin/builder/spi-builder-workspace/Sources/PopupKit/Views/GenericPopupView.swift (in target 'PopupKit' from project 'PopupKit')
SwiftCompile normal arm64 /Users/admin/builder/spi-builder-workspace/Sources/PopupKit/Views/GenericPopupView.swift (in target 'PopupKit' from project 'PopupKit')
cd /Users/admin/builder/spi-builder-workspace/.swiftpm/xcode
SwiftCompile normal arm64 Compiling\ PopupPosition.swift /Users/admin/builder/spi-builder-workspace/Sources/PopupKit/PopupPosition.swift (in target 'PopupKit' from project 'PopupKit')
SwiftCompile normal arm64 /Users/admin/builder/spi-builder-workspace/Sources/PopupKit/PopupPosition.swift (in target 'PopupKit' from project 'PopupKit')
cd /Users/admin/builder/spi-builder-workspace/.swiftpm/xcode
SwiftCompile normal arm64 Compiling\ SuccessPopupView.swift /Users/admin/builder/spi-builder-workspace/Sources/PopupKit/Views/SuccessPopupView.swift (in target 'PopupKit' from project 'PopupKit')
SwiftCompile normal arm64 /Users/admin/builder/spi-builder-workspace/Sources/PopupKit/Views/SuccessPopupView.swift (in target 'PopupKit' from project 'PopupKit')
cd /Users/admin/builder/spi-builder-workspace/.swiftpm/xcode
SwiftCompile normal arm64 Compiling\ LoadingPopupView.swift /Users/admin/builder/spi-builder-workspace/Sources/PopupKit/Views/LoadingPopupView.swift (in target 'PopupKit' from project 'PopupKit')
SwiftCompile normal arm64 /Users/admin/builder/spi-builder-workspace/Sources/PopupKit/Views/LoadingPopupView.swift (in target 'PopupKit' from project 'PopupKit')
cd /Users/admin/builder/spi-builder-workspace/.swiftpm/xcode
SwiftCompile normal arm64 Compiling\ PopupKitModifier.swift /Users/admin/builder/spi-builder-workspace/Sources/PopupKit/PopupKitModifier.swift (in target 'PopupKit' from project 'PopupKit')
SwiftCompile normal arm64 /Users/admin/builder/spi-builder-workspace/Sources/PopupKit/PopupKitModifier.swift (in target 'PopupKit' from project 'PopupKit')
cd /Users/admin/builder/spi-builder-workspace/.swiftpm/xcode
SwiftCompile normal arm64 Compiling\ PopupTheme.swift /Users/admin/builder/spi-builder-workspace/Sources/PopupKit/PopupTheme.swift (in target 'PopupKit' from project 'PopupKit')
Failed frontend command:
/Applications/Xcode-26.3.0.app/Contents/Developer/Toolchains/XcodeDefault.xctoolchain/usr/bin/swift-frontend -frontend -c /Users/admin/builder/spi-builder-workspace/Sources/PopupKit/PopupContainerView.swift /Users/admin/builder/spi-builder-workspace/Sources/PopupKit/PopupContent.swift /Users/admin/builder/spi-builder-workspace/Sources/PopupKit/PopupKitModifier.swift /Users/admin/builder/spi-builder-workspace/Sources/PopupKit/PopupPosition.swift -primary-file /Users/admin/builder/spi-builder-workspace/Sources/PopupKit/PopupTheme.swift /Users/admin/builder/spi-builder-workspace/Sources/PopupKit/Views/ErrorPopupView.swift /Users/admin/builder/spi-builder-workspace/Sources/PopupKit/Views/GenericPopupView.swift /Users/admin/builder/spi-builder-workspace/Sources/PopupKit/Views/LoadingPopupView.swift /Users/admin/builder/spi-builder-workspace/Sources/PopupKit/Views/PopupBannerView.swift /Users/admin/builder/spi-builder-workspace/Sources/PopupKit/Views/SuccessPopupView.swift -emit-dependencies-path /Users/admin/builder/spi-builder-workspace/.derivedData/Build/Intermediates.noindex/PopupKit.build/Debug-appletvos/PopupKit.build/Objects-normal/arm64/PopupTheme.d -emit-const-values-path /Users/admin/builder/spi-builder-workspace/.derivedData/Build/Intermediates.noindex/PopupKit.build/Debug-appletvos/PopupKit.build/Objects-normal/arm64/PopupTheme.swiftconstvalues -emit-reference-dependencies-path /Users/admin/builder/spi-builder-workspace/.derivedData/Build/Intermediates.noindex/PopupKit.build/Debug-appletvos/PopupKit.build/Objects-normal/arm64/PopupTheme.swiftdeps -serialize-diagnostics-path /Users/admin/builder/spi-builder-workspace/.derivedData/Build/Intermediates.noindex/PopupKit.build/Debug-appletvos/PopupKit.build/Objects-normal/arm64/PopupTheme.dia -target arm64-apple-tvos16.0 -module-can-import-version UIKit 9126.2.4.1 9126.2.4 -load-resolved-plugin /Applications/Xcode-26.3.0.app/Contents/Developer/Platforms/AppleTVOS.platform/Developer/usr/lib/swift/host/plugins/libFoundationMacros.dylib\#/Applications/Xcode-26.3.0.app/Contents/Developer/Platforms/AppleTVOS.platform/Developer/usr/bin/swift-plugin-server\#FoundationMacros -load-resolved-plugin /Applications/Xcode-26.3.0.app/Contents/Developer/Platforms/AppleTVOS.platform/Developer/usr/lib/swift/host/plugins/libObservationMacros.dylib\#/Applications/Xcode-26.3.0.app/Contents/Developer/Platforms/AppleTVOS.platform/Developer/usr/bin/swift-plugin-server\#ObservationMacros -load-resolved-plugin /Applications/Xcode-26.3.0.app/Contents/Developer/Platforms/AppleTVOS.platform/Developer/usr/lib/swift/host/plugins/libPreviewsMacros.dylib\#/Applications/Xcode-26.3.0.app/Contents/Developer/Platforms/AppleTVOS.platform/Developer/usr/bin/swift-plugin-server\#PreviewsMacros -load-resolved-plugin /Applications/Xcode-26.3.0.app/Contents/Developer/Platforms/AppleTVOS.platform/Developer/usr/lib/swift/host/plugins/libSwiftMacros.dylib\#/Applications/Xcode-26.3.0.app/Contents/Developer/Platforms/AppleTVOS.platform/Developer/usr/bin/swift-plugin-server\#SwiftMacros -load-resolved-plugin /Applications/Xcode-26.3.0.app/Contents/Developer/Platforms/AppleTVOS.platform/Developer/usr/lib/swift/host/plugins/libSwiftUIMacros.dylib\#/Applications/Xcode-26.3.0.app/Contents/Developer/Platforms/AppleTVOS.platform/Developer/usr/bin/swift-plugin-server\#SwiftUIMacros -disable-implicit-swift-modules -Xcc -fno-implicit-modules -Xcc -fno-implicit-module-maps -explicit-swift-module-map-file /Users/admin/builder/spi-builder-workspace/.derivedData/Build/Intermediates.noindex/PopupKit.build/Debug-appletvos/PopupKit.build/Objects-normal/arm64/PopupKit-dependencies-1.json -Xllvm -aarch64-use-tbi -enable-objc-interop -stack-check -sdk /Applications/Xcode-26.3.0.app/Contents/Developer/Platforms/AppleTVOS.platform/Developer/SDKs/AppleTVOS26.2.sdk -I /Users/admin/builder/spi-builder-workspace/.derivedData/Build/Products/Debug-appletvos -Isystem /Applications/Xcode-26.3.0.app/Contents/Developer/Platforms/AppleTVOS.platform/Developer/usr/lib -F /Users/admin/builder/spi-builder-workspace/.derivedData/Build/Products/Debug-appletvos -F /Applications/Xcode-26.3.0.app/Contents/Developer/Platforms/AppleTVOS.platform/Developer/Library/Frameworks -F /Applications/Xcode-26.3.0.app/Contents/Developer/Platforms/AppleTVOS.platform/Developer/SDKs/AppleTVOS26.2.sdk/Developer/Library/Frameworks -no-color-diagnostics -Xcc -fno-color-diagnostics -enable-testing -g -debug-info-format\=dwarf -dwarf-version\=4 -module-cache-path /Users/admin/builder/spi-builder-workspace/.derivedData/Build/Intermediates.noindex/SwiftExplicitPrecompiledModules -profile-generate -profile-coverage-mapping -swift-version 5 -enforce-exclusivity\=checked -Onone -D SWIFT_PACKAGE -D DEBUG -D SWIFT_MODULE_RESOURCE_BUNDLE_UNAVAILABLE -D Xcode -serialize-debugging-options -const-gather-protocols-file /Users/admin/builder/spi-builder-workspace/.derivedData/Build/Intermediates.noindex/PopupKit.build/Debug-appletvos/PopupKit.build/Objects-normal/arm64/PopupKit_const_extract_protocols.json -enable-experimental-feature DebugDescriptionMacro -empty-abi-descriptor -validate-clang-modules-once -clang-build-session-file /Users/admin/builder/spi-builder-workspace/.derivedData/ModuleCache.noindex/Session.modulevalidation -Xcc -working-directory -Xcc /Users/admin/builder/spi-builder-workspace/.swiftpm/xcode -enable-anonymous-context-mangled-names -file-compilation-dir /Users/admin/builder/spi-builder-workspace/.swiftpm/xcode -Xcc -D_LIBCPP_HARDENING_MODE\=_LIBCPP_HARDENING_MODE_DEBUG -Xcc -ivfsstatcache -Xcc /Users/admin/builder/spi-builder-workspace/.derivedData/SDKStatCaches.noindex/appletvos26.2-23K50-dc75598d0054f22ec865fa860f139d72c1feacec85df2e04b9fa10f95e757c08.sdkstatcache -Xcc -I/Users/admin/builder/spi-builder-workspace/.derivedData/Build/Intermediates.noindex/PopupKit.build/Debug-appletvos/PopupKit.build/swift-overrides.hmap -Xcc -I/Users/admin/builder/spi-builder-workspace/.derivedData/Build/Products/Debug-appletvos/include -Xcc -I/Users/admin/builder/spi-builder-workspace/.derivedData/Build/Intermediates.noindex/PopupKit.build/Debug-appletvos/PopupKit.build/DerivedSources-normal/arm64 -Xcc -I/Users/admin/builder/spi-builder-workspace/.derivedData/Build/Intermediates.noindex/PopupKit.build/Debug-appletvos/PopupKit.build/DerivedSources/arm64 -Xcc -I/Users/admin/builder/spi-builder-workspace/.derivedData/Build/Intermediates.noindex/PopupKit.build/Debug-appletvos/PopupKit.build/DerivedSources -Xcc -DSWIFT_PACKAGE -Xcc -DDEBUG\=1 -no-auto-bridging-header-chaining -module-name PopupKit -package-name spi_builder_workspace -frontend-parseable-output -disable-clang-spi -target-sdk-version 26.2 -target-sdk-name appletvos26.2 -clang-target arm64-apple-tvos26.2 -in-process-plugin-server-path /Applications/Xcode-26.3.0.app/Contents/Developer/Toolchains/XcodeDefault.xctoolchain/usr/lib/swift/host/libSwiftInProcPluginServer.dylib -o /Users/admin/builder/spi-builder-workspace/.derivedData/Build/Intermediates.noindex/PopupKit.build/Debug-appletvos/PopupKit.build/Objects-normal/arm64/PopupTheme.o -index-unit-output-path /PopupKit.build/Debug-appletvos/PopupKit.build/Objects-normal/arm64/PopupTheme.o -index-store-path /Users/admin/builder/spi-builder-workspace/.derivedData/Index.noindex/DataStore -index-system-modules
SwiftCompile normal arm64 /Users/admin/builder/spi-builder-workspace/Sources/PopupKit/PopupTheme.swift (in target 'PopupKit' from project 'PopupKit')
cd /Users/admin/builder/spi-builder-workspace/.swiftpm/xcode
/Users/admin/builder/spi-builder-workspace/Sources/PopupKit/PopupTheme.swift:40:25: error: 'secondarySystemBackground' is unavailable in tvOS
Color(uiColor: .secondarySystemBackground)
^~~~~~~~~~~~~~~~~~~~~~~~~
/Applications/Xcode-26.3.0.app/Contents/Developer/Platforms/AppleTVOS.platform/Developer/SDKs/AppleTVOS26.2.sdk/System/Library/Frameworks/UIKit.framework/Headers/UIInterface.h:209:49: note: 'secondarySystemBackground' has been explicitly marked unavailable here
@property (class, nonatomic, readonly) UIColor *secondarySystemBackgroundColor API_AVAILABLE(ios(13.0)) API_UNAVAILABLE(tvos, watchos);
^
SwiftCompile normal arm64 Compiling\ PopupContent.swift /Users/admin/builder/spi-builder-workspace/Sources/PopupKit/PopupContent.swift (in target 'PopupKit' from project 'PopupKit')
SwiftCompile normal arm64 /Users/admin/builder/spi-builder-workspace/Sources/PopupKit/PopupContent.swift (in target 'PopupKit' from project 'PopupKit')
cd /Users/admin/builder/spi-builder-workspace/.swiftpm/xcode
SwiftCompile normal arm64 Compiling\ PopupContainerView.swift /Users/admin/builder/spi-builder-workspace/Sources/PopupKit/PopupContainerView.swift (in target 'PopupKit' from project 'PopupKit')
Failed frontend command:
/Applications/Xcode-26.3.0.app/Contents/Developer/Toolchains/XcodeDefault.xctoolchain/usr/bin/swift-frontend -frontend -c -primary-file /Users/admin/builder/spi-builder-workspace/Sources/PopupKit/PopupContainerView.swift /Users/admin/builder/spi-builder-workspace/Sources/PopupKit/PopupContent.swift /Users/admin/builder/spi-builder-workspace/Sources/PopupKit/PopupKitModifier.swift /Users/admin/builder/spi-builder-workspace/Sources/PopupKit/PopupPosition.swift /Users/admin/builder/spi-builder-workspace/Sources/PopupKit/PopupTheme.swift /Users/admin/builder/spi-builder-workspace/Sources/PopupKit/Views/ErrorPopupView.swift /Users/admin/builder/spi-builder-workspace/Sources/PopupKit/Views/GenericPopupView.swift /Users/admin/builder/spi-builder-workspace/Sources/PopupKit/Views/LoadingPopupView.swift /Users/admin/builder/spi-builder-workspace/Sources/PopupKit/Views/PopupBannerView.swift /Users/admin/builder/spi-builder-workspace/Sources/PopupKit/Views/SuccessPopupView.swift -emit-dependencies-path /Users/admin/builder/spi-builder-workspace/.derivedData/Build/Intermediates.noindex/PopupKit.build/Debug-appletvos/PopupKit.build/Objects-normal/arm64/PopupContainerView.d -emit-const-values-path /Users/admin/builder/spi-builder-workspace/.derivedData/Build/Intermediates.noindex/PopupKit.build/Debug-appletvos/PopupKit.build/Objects-normal/arm64/PopupContainerView.swiftconstvalues -emit-reference-dependencies-path /Users/admin/builder/spi-builder-workspace/.derivedData/Build/Intermediates.noindex/PopupKit.build/Debug-appletvos/PopupKit.build/Objects-normal/arm64/PopupContainerView.swiftdeps -serialize-diagnostics-path /Users/admin/builder/spi-builder-workspace/.derivedData/Build/Intermediates.noindex/PopupKit.build/Debug-appletvos/PopupKit.build/Objects-normal/arm64/PopupContainerView.dia -target arm64-apple-tvos16.0 -module-can-import-version UIKit 9126.2.4.1 9126.2.4 -load-resolved-plugin /Applications/Xcode-26.3.0.app/Contents/Developer/Platforms/AppleTVOS.platform/Developer/usr/lib/swift/host/plugins/libFoundationMacros.dylib\#/Applications/Xcode-26.3.0.app/Contents/Developer/Platforms/AppleTVOS.platform/Developer/usr/bin/swift-plugin-server\#FoundationMacros -load-resolved-plugin /Applications/Xcode-26.3.0.app/Contents/Developer/Platforms/AppleTVOS.platform/Developer/usr/lib/swift/host/plugins/libObservationMacros.dylib\#/Applications/Xcode-26.3.0.app/Contents/Developer/Platforms/AppleTVOS.platform/Developer/usr/bin/swift-plugin-server\#ObservationMacros -load-resolved-plugin /Applications/Xcode-26.3.0.app/Contents/Developer/Platforms/AppleTVOS.platform/Developer/usr/lib/swift/host/plugins/libPreviewsMacros.dylib\#/Applications/Xcode-26.3.0.app/Contents/Developer/Platforms/AppleTVOS.platform/Developer/usr/bin/swift-plugin-server\#PreviewsMacros -load-resolved-plugin /Applications/Xcode-26.3.0.app/Contents/Developer/Platforms/AppleTVOS.platform/Developer/usr/lib/swift/host/plugins/libSwiftMacros.dylib\#/Applications/Xcode-26.3.0.app/Contents/Developer/Platforms/AppleTVOS.platform/Developer/usr/bin/swift-plugin-server\#SwiftMacros -load-resolved-plugin /Applications/Xcode-26.3.0.app/Contents/Developer/Platforms/AppleTVOS.platform/Developer/usr/lib/swift/host/plugins/libSwiftUIMacros.dylib\#/Applications/Xcode-26.3.0.app/Contents/Developer/Platforms/AppleTVOS.platform/Developer/usr/bin/swift-plugin-server\#SwiftUIMacros -disable-implicit-swift-modules -Xcc -fno-implicit-modules -Xcc -fno-implicit-module-maps -explicit-swift-module-map-file /Users/admin/builder/spi-builder-workspace/.derivedData/Build/Intermediates.noindex/PopupKit.build/Debug-appletvos/PopupKit.build/Objects-normal/arm64/PopupKit-dependencies-1.json -Xllvm -aarch64-use-tbi -enable-objc-interop -stack-check -sdk /Applications/Xcode-26.3.0.app/Contents/Developer/Platforms/AppleTVOS.platform/Developer/SDKs/AppleTVOS26.2.sdk -I /Users/admin/builder/spi-builder-workspace/.derivedData/Build/Products/Debug-appletvos -Isystem /Applications/Xcode-26.3.0.app/Contents/Developer/Platforms/AppleTVOS.platform/Developer/usr/lib -F /Users/admin/builder/spi-builder-workspace/.derivedData/Build/Products/Debug-appletvos -F /Applications/Xcode-26.3.0.app/Contents/Developer/Platforms/AppleTVOS.platform/Developer/Library/Frameworks -F /Applications/Xcode-26.3.0.app/Contents/Developer/Platforms/AppleTVOS.platform/Developer/SDKs/AppleTVOS26.2.sdk/Developer/Library/Frameworks -no-color-diagnostics -Xcc -fno-color-diagnostics -enable-testing -g -debug-info-format\=dwarf -dwarf-version\=4 -module-cache-path /Users/admin/builder/spi-builder-workspace/.derivedData/Build/Intermediates.noindex/SwiftExplicitPrecompiledModules -profile-generate -profile-coverage-mapping -swift-version 5 -enforce-exclusivity\=checked -Onone -D SWIFT_PACKAGE -D DEBUG -D SWIFT_MODULE_RESOURCE_BUNDLE_UNAVAILABLE -D Xcode -serialize-debugging-options -const-gather-protocols-file /Users/admin/builder/spi-builder-workspace/.derivedData/Build/Intermediates.noindex/PopupKit.build/Debug-appletvos/PopupKit.build/Objects-normal/arm64/PopupKit_const_extract_protocols.json -enable-experimental-feature DebugDescriptionMacro -empty-abi-descriptor -validate-clang-modules-once -clang-build-session-file /Users/admin/builder/spi-builder-workspace/.derivedData/ModuleCache.noindex/Session.modulevalidation -Xcc -working-directory -Xcc /Users/admin/builder/spi-builder-workspace/.swiftpm/xcode -enable-anonymous-context-mangled-names -file-compilation-dir /Users/admin/builder/spi-builder-workspace/.swiftpm/xcode -Xcc -D_LIBCPP_HARDENING_MODE\=_LIBCPP_HARDENING_MODE_DEBUG -Xcc -ivfsstatcache -Xcc /Users/admin/builder/spi-builder-workspace/.derivedData/SDKStatCaches.noindex/appletvos26.2-23K50-dc75598d0054f22ec865fa860f139d72c1feacec85df2e04b9fa10f95e757c08.sdkstatcache -Xcc -I/Users/admin/builder/spi-builder-workspace/.derivedData/Build/Intermediates.noindex/PopupKit.build/Debug-appletvos/PopupKit.build/swift-overrides.hmap -Xcc -I/Users/admin/builder/spi-builder-workspace/.derivedData/Build/Products/Debug-appletvos/include -Xcc -I/Users/admin/builder/spi-builder-workspace/.derivedData/Build/Intermediates.noindex/PopupKit.build/Debug-appletvos/PopupKit.build/DerivedSources-normal/arm64 -Xcc -I/Users/admin/builder/spi-builder-workspace/.derivedData/Build/Intermediates.noindex/PopupKit.build/Debug-appletvos/PopupKit.build/DerivedSources/arm64 -Xcc -I/Users/admin/builder/spi-builder-workspace/.derivedData/Build/Intermediates.noindex/PopupKit.build/Debug-appletvos/PopupKit.build/DerivedSources -Xcc -DSWIFT_PACKAGE -Xcc -DDEBUG\=1 -no-auto-bridging-header-chaining -module-name PopupKit -package-name spi_builder_workspace -frontend-parseable-output -disable-clang-spi -target-sdk-version 26.2 -target-sdk-name appletvos26.2 -clang-target arm64-apple-tvos26.2 -in-process-plugin-server-path /Applications/Xcode-26.3.0.app/Contents/Developer/Toolchains/XcodeDefault.xctoolchain/usr/lib/swift/host/libSwiftInProcPluginServer.dylib -o /Users/admin/builder/spi-builder-workspace/.derivedData/Build/Intermediates.noindex/PopupKit.build/Debug-appletvos/PopupKit.build/Objects-normal/arm64/PopupContainerView.o -index-unit-output-path /PopupKit.build/Debug-appletvos/PopupKit.build/Objects-normal/arm64/PopupContainerView.o -index-store-path /Users/admin/builder/spi-builder-workspace/.derivedData/Index.noindex/DataStore -index-system-modules
SwiftCompile normal arm64 /Users/admin/builder/spi-builder-workspace/Sources/PopupKit/PopupContainerView.swift (in target 'PopupKit' from project 'PopupKit')
cd /Users/admin/builder/spi-builder-workspace/.swiftpm/xcode
/Users/admin/builder/spi-builder-workspace/Sources/PopupKit/PopupContainerView.swift:49:9: error: 'DragGesture' is unavailable in tvOS
DragGesture()
^~~~~~~~~~~
SwiftUI.DragGesture:3:15: note: 'DragGesture' has been explicitly marked unavailable here
public struct DragGesture : Gesture {
^
/Users/admin/builder/spi-builder-workspace/Sources/PopupKit/PopupContainerView.swift:49:9: error: 'init(minimumDistance:coordinateSpace:)' is unavailable in tvOS
DragGesture()
^~~~~~~~~~~
SwiftUI.DragGesture.init:4:10: note: 'init(minimumDistance:coordinateSpace:)' has been explicitly marked unavailable here
public init(minimumDistance: CGFloat = 10, coordinateSpace: some CoordinateSpaceProtocol = .local)}
^
SwiftCompile normal arm64 Compiling\ PopupBannerView.swift /Users/admin/builder/spi-builder-workspace/Sources/PopupKit/Views/PopupBannerView.swift (in target 'PopupKit' from project 'PopupKit')
SwiftCompile normal arm64 /Users/admin/builder/spi-builder-workspace/Sources/PopupKit/Views/PopupBannerView.swift (in target 'PopupKit' from project 'PopupKit')
cd /Users/admin/builder/spi-builder-workspace/.swiftpm/xcode
SwiftDriverJobDiscovery normal arm64 Compiling PopupPosition.swift (in target 'PopupKit' from project 'PopupKit')
SwiftDriverJobDiscovery normal arm64 Emitting module for PopupKit (in target 'PopupKit' from project 'PopupKit')
SwiftDriver\ Compilation\ Requirements PopupKit normal arm64 com.apple.xcode.tools.swift.compiler (in target 'PopupKit' from project 'PopupKit')
cd /Users/admin/builder/spi-builder-workspace/.swiftpm/xcode
builtin-Swift-Compilation-Requirements -- /Applications/Xcode-26.3.0.app/Contents/Developer/Toolchains/XcodeDefault.xctoolchain/usr/bin/swiftc -module-name PopupKit -Onone -enforce-exclusivity\=checked @/Users/admin/builder/spi-builder-workspace/.derivedData/Build/Intermediates.noindex/PopupKit.build/Debug-appletvos/PopupKit.build/Objects-normal/arm64/PopupKit.SwiftFileList -DSWIFT_PACKAGE -DDEBUG -DSWIFT_MODULE_RESOURCE_BUNDLE_UNAVAILABLE -DXcode -plugin-path /Applications/Xcode-26.3.0.app/Contents/Developer/Toolchains/XcodeDefault.xctoolchain/usr/lib/swift/host/plugins/testing -enable-experimental-feature DebugDescriptionMacro -sdk /Applications/Xcode-26.3.0.app/Contents/Developer/Platforms/AppleTVOS.platform/Developer/SDKs/AppleTVOS26.2.sdk -target arm64-apple-tvos16.0 -g -module-cache-path /Users/admin/builder/spi-builder-workspace/.derivedData/ModuleCache.noindex -Xfrontend -serialize-debugging-options -profile-coverage-mapping -profile-generate -enable-testing -index-store-path /Users/admin/builder/spi-builder-workspace/.derivedData/Index.noindex/DataStore -Xcc -D_LIBCPP_HARDENING_MODE\=_LIBCPP_HARDENING_MODE_DEBUG -swift-version 5 -I /Users/admin/builder/spi-builder-workspace/.derivedData/Build/Products/Debug-appletvos -Isystem /Applications/Xcode-26.3.0.app/Contents/Developer/Platforms/AppleTVOS.platform/Developer/usr/lib -F /Users/admin/builder/spi-builder-workspace/.derivedData/Build/Products/Debug-appletvos -F /Applications/Xcode-26.3.0.app/Contents/Developer/Platforms/AppleTVOS.platform/Developer/Library/Frameworks -F /Applications/Xcode-26.3.0.app/Contents/Developer/Platforms/AppleTVOS.platform/Developer/SDKs/AppleTVOS26.2.sdk/Developer/Library/Frameworks -c -j10 -enable-batch-mode -incremental -Xcc -ivfsstatcache -Xcc /Users/admin/builder/spi-builder-workspace/.derivedData/SDKStatCaches.noindex/appletvos26.2-23K50-dc75598d0054f22ec865fa860f139d72c1feacec85df2e04b9fa10f95e757c08.sdkstatcache -output-file-map /Users/admin/builder/spi-builder-workspace/.derivedData/Build/Intermediates.noindex/PopupKit.build/Debug-appletvos/PopupKit.build/Objects-normal/arm64/PopupKit-OutputFileMap.json -use-frontend-parseable-output -save-temps -no-color-diagnostics -explicit-module-build -module-cache-path /Users/admin/builder/spi-builder-workspace/.derivedData/Build/Intermediates.noindex/SwiftExplicitPrecompiledModules -clang-scanner-module-cache-path /Users/admin/builder/spi-builder-workspace/.derivedData/ModuleCache.noindex -sdk-module-cache-path /Users/admin/builder/spi-builder-workspace/.derivedData/ModuleCache.noindex -serialize-diagnostics -emit-dependencies -emit-module -emit-module-path /Users/admin/builder/spi-builder-workspace/.derivedData/Build/Intermediates.noindex/PopupKit.build/Debug-appletvos/PopupKit.build/Objects-normal/arm64/PopupKit.swiftmodule -validate-clang-modules-once -clang-build-session-file /Users/admin/builder/spi-builder-workspace/.derivedData/ModuleCache.noindex/Session.modulevalidation -package-name spi_builder_workspace -Xcc -I/Users/admin/builder/spi-builder-workspace/.derivedData/Build/Intermediates.noindex/PopupKit.build/Debug-appletvos/PopupKit.build/swift-overrides.hmap -emit-const-values -Xfrontend -const-gather-protocols-file -Xfrontend /Users/admin/builder/spi-builder-workspace/.derivedData/Build/Intermediates.noindex/PopupKit.build/Debug-appletvos/PopupKit.build/Objects-normal/arm64/PopupKit_const_extract_protocols.json -Xcc -I/Users/admin/builder/spi-builder-workspace/.derivedData/Build/Products/Debug-appletvos/include -Xcc -I/Users/admin/builder/spi-builder-workspace/.derivedData/Build/Intermediates.noindex/PopupKit.build/Debug-appletvos/PopupKit.build/DerivedSources-normal/arm64 -Xcc -I/Users/admin/builder/spi-builder-workspace/.derivedData/Build/Intermediates.noindex/PopupKit.build/Debug-appletvos/PopupKit.build/DerivedSources/arm64 -Xcc -I/Users/admin/builder/spi-builder-workspace/.derivedData/Build/Intermediates.noindex/PopupKit.build/Debug-appletvos/PopupKit.build/DerivedSources -Xcc -DSWIFT_PACKAGE -Xcc -DDEBUG\=1 -emit-objc-header -emit-objc-header-path /Users/admin/builder/spi-builder-workspace/.derivedData/Build/Intermediates.noindex/PopupKit.build/Debug-appletvos/PopupKit.build/Objects-normal/arm64/PopupKit-Swift.h -working-directory /Users/admin/builder/spi-builder-workspace/.swiftpm/xcode -experimental-emit-module-separately -disable-cmo
SwiftMergeGeneratedHeaders /Users/admin/builder/spi-builder-workspace/.derivedData/Build/Intermediates.noindex/GeneratedModuleMaps-appletvos/PopupKit-Swift.h /Users/admin/builder/spi-builder-workspace/.derivedData/Build/Intermediates.noindex/PopupKit.build/Debug-appletvos/PopupKit.build/Objects-normal/arm64/PopupKit-Swift.h (in target 'PopupKit' from project 'PopupKit')
cd /Users/admin/builder/spi-builder-workspace
builtin-swiftHeaderTool -arch arm64 /Users/admin/builder/spi-builder-workspace/.derivedData/Build/Intermediates.noindex/PopupKit.build/Debug-appletvos/PopupKit.build/Objects-normal/arm64/PopupKit-Swift.h -o /Users/admin/builder/spi-builder-workspace/.derivedData/Build/Intermediates.noindex/GeneratedModuleMaps-appletvos/PopupKit-Swift.h
Copy /Users/admin/builder/spi-builder-workspace/.derivedData/Build/Products/Debug-appletvos/PopupKit.swiftmodule/arm64-apple-tvos.swiftmodule /Users/admin/builder/spi-builder-workspace/.derivedData/Build/Intermediates.noindex/PopupKit.build/Debug-appletvos/PopupKit.build/Objects-normal/arm64/PopupKit.swiftmodule (in target 'PopupKit' from project 'PopupKit')
cd /Users/admin/builder/spi-builder-workspace
builtin-copy -exclude .DS_Store -exclude CVS -exclude .svn -exclude .git -exclude .hg -resolve-src-symlinks -rename /Users/admin/builder/spi-builder-workspace/.derivedData/Build/Intermediates.noindex/PopupKit.build/Debug-appletvos/PopupKit.build/Objects-normal/arm64/PopupKit.swiftmodule /Users/admin/builder/spi-builder-workspace/.derivedData/Build/Products/Debug-appletvos/PopupKit.swiftmodule/arm64-apple-tvos.swiftmodule
Copy /Users/admin/builder/spi-builder-workspace/.derivedData/Build/Products/Debug-appletvos/PopupKit.swiftmodule/arm64-apple-tvos.swiftdoc /Users/admin/builder/spi-builder-workspace/.derivedData/Build/Intermediates.noindex/PopupKit.build/Debug-appletvos/PopupKit.build/Objects-normal/arm64/PopupKit.swiftdoc (in target 'PopupKit' from project 'PopupKit')
cd /Users/admin/builder/spi-builder-workspace
builtin-copy -exclude .DS_Store -exclude CVS -exclude .svn -exclude .git -exclude .hg -resolve-src-symlinks -rename /Users/admin/builder/spi-builder-workspace/.derivedData/Build/Intermediates.noindex/PopupKit.build/Debug-appletvos/PopupKit.build/Objects-normal/arm64/PopupKit.swiftdoc /Users/admin/builder/spi-builder-workspace/.derivedData/Build/Products/Debug-appletvos/PopupKit.swiftmodule/arm64-apple-tvos.swiftdoc
Copy /Users/admin/builder/spi-builder-workspace/.derivedData/Build/Products/Debug-appletvos/PopupKit.swiftmodule/arm64-apple-tvos.abi.json /Users/admin/builder/spi-builder-workspace/.derivedData/Build/Intermediates.noindex/PopupKit.build/Debug-appletvos/PopupKit.build/Objects-normal/arm64/PopupKit.abi.json (in target 'PopupKit' from project 'PopupKit')
cd /Users/admin/builder/spi-builder-workspace
builtin-copy -exclude .DS_Store -exclude CVS -exclude .svn -exclude .git -exclude .hg -resolve-src-symlinks -rename /Users/admin/builder/spi-builder-workspace/.derivedData/Build/Intermediates.noindex/PopupKit.build/Debug-appletvos/PopupKit.build/Objects-normal/arm64/PopupKit.abi.json /Users/admin/builder/spi-builder-workspace/.derivedData/Build/Products/Debug-appletvos/PopupKit.swiftmodule/arm64-apple-tvos.abi.json
Copy /Users/admin/builder/spi-builder-workspace/.derivedData/Build/Products/Debug-appletvos/PopupKit.swiftmodule/Project/arm64-apple-tvos.swiftsourceinfo /Users/admin/builder/spi-builder-workspace/.derivedData/Build/Intermediates.noindex/PopupKit.build/Debug-appletvos/PopupKit.build/Objects-normal/arm64/PopupKit.swiftsourceinfo (in target 'PopupKit' from project 'PopupKit')
cd /Users/admin/builder/spi-builder-workspace
builtin-copy -exclude .DS_Store -exclude CVS -exclude .svn -exclude .git -exclude .hg -resolve-src-symlinks -rename /Users/admin/builder/spi-builder-workspace/.derivedData/Build/Intermediates.noindex/PopupKit.build/Debug-appletvos/PopupKit.build/Objects-normal/arm64/PopupKit.swiftsourceinfo /Users/admin/builder/spi-builder-workspace/.derivedData/Build/Products/Debug-appletvos/PopupKit.swiftmodule/Project/arm64-apple-tvos.swiftsourceinfo
SwiftDriverJobDiscovery normal arm64 Compiling PopupContent.swift (in target 'PopupKit' from project 'PopupKit')
2026-09-03 13:57:58.695 xcodebuild[679:4285] [MT] IDERunDestination: Supported platforms for the buildables in the current scheme is empty.
** BUILD FAILED **
The following build commands failed:
SwiftCompile normal arm64 Compiling\ PopupTheme.swift /Users/admin/builder/spi-builder-workspace/Sources/PopupKit/PopupTheme.swift (in target 'PopupKit' from project 'PopupKit')
SwiftCompile normal arm64 /Users/admin/builder/spi-builder-workspace/Sources/PopupKit/PopupTheme.swift (in target 'PopupKit' from project 'PopupKit')
SwiftCompile normal arm64 Compiling\ PopupContainerView.swift /Users/admin/builder/spi-builder-workspace/Sources/PopupKit/PopupContainerView.swift (in target 'PopupKit' from project 'PopupKit')
SwiftCompile normal arm64 /Users/admin/builder/spi-builder-workspace/Sources/PopupKit/PopupContainerView.swift (in target 'PopupKit' from project 'PopupKit')
Building workspace spi-builder-workspace with scheme PopupKit
(5 failures)
Command line invocation:
/Applications/Xcode-26.3.0.app/Contents/Developer/usr/bin/xcodebuild -IDEClonedSourcePackagesDirPathOverride=/Users/admin/builder/spi-builder-workspace/.dependencies -resolvePackageDependencies
Resolve Package Graph
Resolved source packages:
PopupKit: /Users/admin/builder/spi-builder-workspace
resolved source packages: PopupKit
2026-09-03 13:58:08.868 xcodebuild[766:4657] [MT] IDERunDestination: Supported platforms for the buildables in the current scheme is empty.
{
"dependencies" : [
],
"manifest_display_name" : "PopupKit",
"name" : "PopupKit",
"path" : "/Users/admin/builder/spi-builder-workspace",
"platforms" : [
{
"name" : "ios",
"version" : "16.0"
},
{
"name" : "macos",
"version" : "13.0"
}
],
"products" : [
{
"name" : "PopupKit",
"targets" : [
"PopupKit"
],
"type" : {
"library" : [
"automatic"
]
}
}
],
"targets" : [
{
"c99name" : "PopupKitTests",
"module_type" : "SwiftTarget",
"name" : "PopupKitTests",
"path" : "Tests/PopupKitTests",
"sources" : [
"PopupContentTests.swift",
"PopupPositionTests.swift",
"PopupThemeTests.swift"
],
"target_dependencies" : [
"PopupKit"
],
"type" : "test"
},
{
"c99name" : "PopupKit",
"module_type" : "SwiftTarget",
"name" : "PopupKit",
"path" : "Sources/PopupKit",
"product_memberships" : [
"PopupKit"
],
"sources" : [
"PopupContainerView.swift",
"PopupContent.swift",
"PopupKitModifier.swift",
"PopupPosition.swift",
"PopupTheme.swift",
"Views/ErrorPopupView.swift",
"Views/GenericPopupView.swift",
"Views/LoadingPopupView.swift",
"Views/PopupBannerView.swift",
"Views/SuccessPopupView.swift"
],
"type" : "library"
}
],
"tools_version" : "5.9"
}
{
"workspace" : {
"name" : "spi-builder-workspace",
"schemes" : [
"PopupKit"
]
}
}
2026-09-03 13:58:10.062 xcodebuild[774:4739] [MT] IDERunDestination: Supported platforms for the buildables in the current scheme is empty.
Running build ...
env DEVELOPER_DIR=/Applications/Xcode-26.3.0.app xcrun xcodebuild -IDEClonedSourcePackagesDirPathOverride=$PWD/.dependencies -skipMacroValidation -skipPackagePluginValidation -derivedDataPath $PWD/.derivedData build -scheme PopupKit -destination generic/platform=tvOS
Command line invocation:
/Applications/Xcode-26.3.0.app/Contents/Developer/usr/bin/xcodebuild -IDEClonedSourcePackagesDirPathOverride=/Users/admin/builder/spi-builder-workspace/.dependencies -skipMacroValidation -skipPackagePluginValidation -derivedDataPath /Users/admin/builder/spi-builder-workspace/.derivedData build -scheme PopupKit -destination generic/platform=tvOS
Resolve Package Graph
Resolved source packages:
PopupKit: /Users/admin/builder/spi-builder-workspace
ComputePackagePrebuildTargetDependencyGraph
Prepare packages
CreateBuildRequest
SendProjectDescription
CreateBuildOperation
ComputeTargetDependencyGraph
note: Building targets in dependency order
note: Target dependency graph (2 targets)
Target 'PopupKit' in project 'PopupKit'
➜ Explicit dependency on target 'PopupKit' in project 'PopupKit'
Target 'PopupKit' in project 'PopupKit' (no dependencies)
GatherProvisioningInputs
CreateBuildDescription
ClangStatCache /Applications/Xcode-26.3.0.app/Contents/Developer/Toolchains/XcodeDefault.xctoolchain/usr/bin/clang-stat-cache /Applications/Xcode-26.3.0.app/Contents/Developer/Platforms/AppleTVOS.platform/Developer/SDKs/AppleTVOS26.2.sdk /Users/admin/builder/spi-builder-workspace/.derivedData/SDKStatCaches.noindex/appletvos26.2-23K50-dc75598d0054f22ec865fa860f139d72c1feacec85df2e04b9fa10f95e757c08.sdkstatcache
cd /Users/admin/builder/spi-builder-workspace/.swiftpm/xcode
/Applications/Xcode-26.3.0.app/Contents/Developer/Toolchains/XcodeDefault.xctoolchain/usr/bin/clang-stat-cache /Applications/Xcode-26.3.0.app/Contents/Developer/Platforms/AppleTVOS.platform/Developer/SDKs/AppleTVOS26.2.sdk -o /Users/admin/builder/spi-builder-workspace/.derivedData/SDKStatCaches.noindex/appletvos26.2-23K50-dc75598d0054f22ec865fa860f139d72c1feacec85df2e04b9fa10f95e757c08.sdkstatcache
SwiftDriver PopupKit normal arm64 com.apple.xcode.tools.swift.compiler (in target 'PopupKit' from project 'PopupKit')
cd /Users/admin/builder/spi-builder-workspace/.swiftpm/xcode
builtin-SwiftDriver -- /Applications/Xcode-26.3.0.app/Contents/Developer/Toolchains/XcodeDefault.xctoolchain/usr/bin/swiftc -module-name PopupKit -Onone -enforce-exclusivity\=checked @/Users/admin/builder/spi-builder-workspace/.derivedData/Build/Intermediates.noindex/PopupKit.build/Debug-appletvos/PopupKit.build/Objects-normal/arm64/PopupKit.SwiftFileList -DSWIFT_PACKAGE -DDEBUG -DSWIFT_MODULE_RESOURCE_BUNDLE_UNAVAILABLE -DXcode -plugin-path /Applications/Xcode-26.3.0.app/Contents/Developer/Toolchains/XcodeDefault.xctoolchain/usr/lib/swift/host/plugins/testing -enable-experimental-feature DebugDescriptionMacro -sdk /Applications/Xcode-26.3.0.app/Contents/Developer/Platforms/AppleTVOS.platform/Developer/SDKs/AppleTVOS26.2.sdk -target arm64-apple-tvos16.0 -g -module-cache-path /Users/admin/builder/spi-builder-workspace/.derivedData/ModuleCache.noindex -Xfrontend -serialize-debugging-options -profile-coverage-mapping -profile-generate -enable-testing -index-store-path /Users/admin/builder/spi-builder-workspace/.derivedData/Index.noindex/DataStore -Xcc -D_LIBCPP_HARDENING_MODE\=_LIBCPP_HARDENING_MODE_DEBUG -swift-version 5 -I /Users/admin/builder/spi-builder-workspace/.derivedData/Build/Products/Debug-appletvos -Isystem /Applications/Xcode-26.3.0.app/Contents/Developer/Platforms/AppleTVOS.platform/Developer/usr/lib -F /Users/admin/builder/spi-builder-workspace/.derivedData/Build/Products/Debug-appletvos -F /Applications/Xcode-26.3.0.app/Contents/Developer/Platforms/AppleTVOS.platform/Developer/Library/Frameworks -F /Applications/Xcode-26.3.0.app/Contents/Developer/Platforms/AppleTVOS.platform/Developer/SDKs/AppleTVOS26.2.sdk/Developer/Library/Frameworks -c -j10 -enable-batch-mode -incremental -Xcc -ivfsstatcache -Xcc /Users/admin/builder/spi-builder-workspace/.derivedData/SDKStatCaches.noindex/appletvos26.2-23K50-dc75598d0054f22ec865fa860f139d72c1feacec85df2e04b9fa10f95e757c08.sdkstatcache -output-file-map /Users/admin/builder/spi-builder-workspace/.derivedData/Build/Intermediates.noindex/PopupKit.build/Debug-appletvos/PopupKit.build/Objects-normal/arm64/PopupKit-OutputFileMap.json -use-frontend-parseable-output -save-temps -no-color-diagnostics -explicit-module-build -module-cache-path /Users/admin/builder/spi-builder-workspace/.derivedData/Build/Intermediates.noindex/SwiftExplicitPrecompiledModules -clang-scanner-module-cache-path /Users/admin/builder/spi-builder-workspace/.derivedData/ModuleCache.noindex -sdk-module-cache-path /Users/admin/builder/spi-builder-workspace/.derivedData/ModuleCache.noindex -serialize-diagnostics -emit-dependencies -emit-module -emit-module-path /Users/admin/builder/spi-builder-workspace/.derivedData/Build/Intermediates.noindex/PopupKit.build/Debug-appletvos/PopupKit.build/Objects-normal/arm64/PopupKit.swiftmodule -validate-clang-modules-once -clang-build-session-file /Users/admin/builder/spi-builder-workspace/.derivedData/ModuleCache.noindex/Session.modulevalidation -package-name spi_builder_workspace -Xcc -I/Users/admin/builder/spi-builder-workspace/.derivedData/Build/Intermediates.noindex/PopupKit.build/Debug-appletvos/PopupKit.build/swift-overrides.hmap -emit-const-values -Xfrontend -const-gather-protocols-file -Xfrontend /Users/admin/builder/spi-builder-workspace/.derivedData/Build/Intermediates.noindex/PopupKit.build/Debug-appletvos/PopupKit.build/Objects-normal/arm64/PopupKit_const_extract_protocols.json -Xcc -I/Users/admin/builder/spi-builder-workspace/.derivedData/Build/Products/Debug-appletvos/include -Xcc -I/Users/admin/builder/spi-builder-workspace/.derivedData/Build/Intermediates.noindex/PopupKit.build/Debug-appletvos/PopupKit.build/DerivedSources-normal/arm64 -Xcc -I/Users/admin/builder/spi-builder-workspace/.derivedData/Build/Intermediates.noindex/PopupKit.build/Debug-appletvos/PopupKit.build/DerivedSources/arm64 -Xcc -I/Users/admin/builder/spi-builder-workspace/.derivedData/Build/Intermediates.noindex/PopupKit.build/Debug-appletvos/PopupKit.build/DerivedSources -Xcc -DSWIFT_PACKAGE -Xcc -DDEBUG\=1 -emit-objc-header -emit-objc-header-path /Users/admin/builder/spi-builder-workspace/.derivedData/Build/Intermediates.noindex/PopupKit.build/Debug-appletvos/PopupKit.build/Objects-normal/arm64/PopupKit-Swift.h -working-directory /Users/admin/builder/spi-builder-workspace/.swiftpm/xcode -experimental-emit-module-separately -disable-cmo
SwiftCompile normal arm64 Compiling\ PopupTheme.swift /Users/admin/builder/spi-builder-workspace/Sources/PopupKit/PopupTheme.swift (in target 'PopupKit' from project 'PopupKit')
SwiftCompile normal arm64 /Users/admin/builder/spi-builder-workspace/Sources/PopupKit/PopupTheme.swift (in target 'PopupKit' from project 'PopupKit')
cd /Users/admin/builder/spi-builder-workspace/.swiftpm/xcode
/Users/admin/builder/spi-builder-workspace/Sources/PopupKit/PopupTheme.swift:40:25: error: 'secondarySystemBackground' is unavailable in tvOS
Color(uiColor: .secondarySystemBackground)
^~~~~~~~~~~~~~~~~~~~~~~~~
/Applications/Xcode-26.3.0.app/Contents/Developer/Platforms/AppleTVOS.platform/Developer/SDKs/AppleTVOS26.2.sdk/System/Library/Frameworks/UIKit.framework/Headers/UIInterface.h:209:49: note: 'secondarySystemBackground' has been explicitly marked unavailable here
@property (class, nonatomic, readonly) UIColor *secondarySystemBackgroundColor API_AVAILABLE(ios(13.0)) API_UNAVAILABLE(tvos, watchos);
^
Failed frontend command:
/Applications/Xcode-26.3.0.app/Contents/Developer/Toolchains/XcodeDefault.xctoolchain/usr/bin/swift-frontend -frontend -c /Users/admin/builder/spi-builder-workspace/Sources/PopupKit/PopupContainerView.swift /Users/admin/builder/spi-builder-workspace/Sources/PopupKit/PopupContent.swift /Users/admin/builder/spi-builder-workspace/Sources/PopupKit/PopupKitModifier.swift /Users/admin/builder/spi-builder-workspace/Sources/PopupKit/PopupPosition.swift -primary-file /Users/admin/builder/spi-builder-workspace/Sources/PopupKit/PopupTheme.swift /Users/admin/builder/spi-builder-workspace/Sources/PopupKit/Views/ErrorPopupView.swift /Users/admin/builder/spi-builder-workspace/Sources/PopupKit/Views/GenericPopupView.swift /Users/admin/builder/spi-builder-workspace/Sources/PopupKit/Views/LoadingPopupView.swift /Users/admin/builder/spi-builder-workspace/Sources/PopupKit/Views/PopupBannerView.swift /Users/admin/builder/spi-builder-workspace/Sources/PopupKit/Views/SuccessPopupView.swift -emit-dependencies-path /Users/admin/builder/spi-builder-workspace/.derivedData/Build/Intermediates.noindex/PopupKit.build/Debug-appletvos/PopupKit.build/Objects-normal/arm64/PopupTheme.d -emit-const-values-path /Users/admin/builder/spi-builder-workspace/.derivedData/Build/Intermediates.noindex/PopupKit.build/Debug-appletvos/PopupKit.build/Objects-normal/arm64/PopupTheme.swiftconstvalues -emit-reference-dependencies-path /Users/admin/builder/spi-builder-workspace/.derivedData/Build/Intermediates.noindex/PopupKit.build/Debug-appletvos/PopupKit.build/Objects-normal/arm64/PopupTheme.swiftdeps -serialize-diagnostics-path /Users/admin/builder/spi-builder-workspace/.derivedData/Build/Intermediates.noindex/PopupKit.build/Debug-appletvos/PopupKit.build/Objects-normal/arm64/PopupTheme.dia -target arm64-apple-tvos16.0 -module-can-import-version UIKit 9126.2.4.1 9126.2.4 -load-resolved-plugin /Applications/Xcode-26.3.0.app/Contents/Developer/Platforms/AppleTVOS.platform/Developer/usr/lib/swift/host/plugins/libFoundationMacros.dylib\#/Applications/Xcode-26.3.0.app/Contents/Developer/Platforms/AppleTVOS.platform/Developer/usr/bin/swift-plugin-server\#FoundationMacros -load-resolved-plugin /Applications/Xcode-26.3.0.app/Contents/Developer/Platforms/AppleTVOS.platform/Developer/usr/lib/swift/host/plugins/libObservationMacros.dylib\#/Applications/Xcode-26.3.0.app/Contents/Developer/Platforms/AppleTVOS.platform/Developer/usr/bin/swift-plugin-server\#ObservationMacros -load-resolved-plugin /Applications/Xcode-26.3.0.app/Contents/Developer/Platforms/AppleTVOS.platform/Developer/usr/lib/swift/host/plugins/libPreviewsMacros.dylib\#/Applications/Xcode-26.3.0.app/Contents/Developer/Platforms/AppleTVOS.platform/Developer/usr/bin/swift-plugin-server\#PreviewsMacros -load-resolved-plugin /Applications/Xcode-26.3.0.app/Contents/Developer/Platforms/AppleTVOS.platform/Developer/usr/lib/swift/host/plugins/libSwiftMacros.dylib\#/Applications/Xcode-26.3.0.app/Contents/Developer/Platforms/AppleTVOS.platform/Developer/usr/bin/swift-plugin-server\#SwiftMacros -load-resolved-plugin /Applications/Xcode-26.3.0.app/Contents/Developer/Platforms/AppleTVOS.platform/Developer/usr/lib/swift/host/plugins/libSwiftUIMacros.dylib\#/Applications/Xcode-26.3.0.app/Contents/Developer/Platforms/AppleTVOS.platform/Developer/usr/bin/swift-plugin-server\#SwiftUIMacros -disable-implicit-swift-modules -Xcc -fno-implicit-modules -Xcc -fno-implicit-module-maps -explicit-swift-module-map-file /Users/admin/builder/spi-builder-workspace/.derivedData/Build/Intermediates.noindex/PopupKit.build/Debug-appletvos/PopupKit.build/Objects-normal/arm64/PopupKit-dependencies-1.json -Xllvm -aarch64-use-tbi -enable-objc-interop -stack-check -sdk /Applications/Xcode-26.3.0.app/Contents/Developer/Platforms/AppleTVOS.platform/Developer/SDKs/AppleTVOS26.2.sdk -I /Users/admin/builder/spi-builder-workspace/.derivedData/Build/Products/Debug-appletvos -Isystem /Applications/Xcode-26.3.0.app/Contents/Developer/Platforms/AppleTVOS.platform/Developer/usr/lib -F /Users/admin/builder/spi-builder-workspace/.derivedData/Build/Products/Debug-appletvos -F /Applications/Xcode-26.3.0.app/Contents/Developer/Platforms/AppleTVOS.platform/Developer/Library/Frameworks -F /Applications/Xcode-26.3.0.app/Contents/Developer/Platforms/AppleTVOS.platform/Developer/SDKs/AppleTVOS26.2.sdk/Developer/Library/Frameworks -no-color-diagnostics -Xcc -fno-color-diagnostics -enable-testing -g -debug-info-format\=dwarf -dwarf-version\=4 -module-cache-path /Users/admin/builder/spi-builder-workspace/.derivedData/Build/Intermediates.noindex/SwiftExplicitPrecompiledModules -profile-generate -profile-coverage-mapping -swift-version 5 -enforce-exclusivity\=checked -Onone -D SWIFT_PACKAGE -D DEBUG -D SWIFT_MODULE_RESOURCE_BUNDLE_UNAVAILABLE -D Xcode -serialize-debugging-options -const-gather-protocols-file /Users/admin/builder/spi-builder-workspace/.derivedData/Build/Intermediates.noindex/PopupKit.build/Debug-appletvos/PopupKit.build/Objects-normal/arm64/PopupKit_const_extract_protocols.json -enable-experimental-feature DebugDescriptionMacro -empty-abi-descriptor -validate-clang-modules-once -clang-build-session-file /Users/admin/builder/spi-builder-workspace/.derivedData/ModuleCache.noindex/Session.modulevalidation -Xcc -working-directory -Xcc /Users/admin/builder/spi-builder-workspace/.swiftpm/xcode -enable-anonymous-context-mangled-names -file-compilation-dir /Users/admin/builder/spi-builder-workspace/.swiftpm/xcode -Xcc -D_LIBCPP_HARDENING_MODE\=_LIBCPP_HARDENING_MODE_DEBUG -Xcc -ivfsstatcache -Xcc /Users/admin/builder/spi-builder-workspace/.derivedData/SDKStatCaches.noindex/appletvos26.2-23K50-dc75598d0054f22ec865fa860f139d72c1feacec85df2e04b9fa10f95e757c08.sdkstatcache -Xcc -I/Users/admin/builder/spi-builder-workspace/.derivedData/Build/Intermediates.noindex/PopupKit.build/Debug-appletvos/PopupKit.build/swift-overrides.hmap -Xcc -I/Users/admin/builder/spi-builder-workspace/.derivedData/Build/Products/Debug-appletvos/include -Xcc -I/Users/admin/builder/spi-builder-workspace/.derivedData/Build/Intermediates.noindex/PopupKit.build/Debug-appletvos/PopupKit.build/DerivedSources-normal/arm64 -Xcc -I/Users/admin/builder/spi-builder-workspace/.derivedData/Build/Intermediates.noindex/PopupKit.build/Debug-appletvos/PopupKit.build/DerivedSources/arm64 -Xcc -I/Users/admin/builder/spi-builder-workspace/.derivedData/Build/Intermediates.noindex/PopupKit.build/Debug-appletvos/PopupKit.build/DerivedSources -Xcc -DSWIFT_PACKAGE -Xcc -DDEBUG\=1 -no-auto-bridging-header-chaining -module-name PopupKit -package-name spi_builder_workspace -frontend-parseable-output -disable-clang-spi -target-sdk-version 26.2 -target-sdk-name appletvos26.2 -clang-target arm64-apple-tvos26.2 -in-process-plugin-server-path /Applications/Xcode-26.3.0.app/Contents/Developer/Toolchains/XcodeDefault.xctoolchain/usr/lib/swift/host/libSwiftInProcPluginServer.dylib -o /Users/admin/builder/spi-builder-workspace/.derivedData/Build/Intermediates.noindex/PopupKit.build/Debug-appletvos/PopupKit.build/Objects-normal/arm64/PopupTheme.o -index-unit-output-path /PopupKit.build/Debug-appletvos/PopupKit.build/Objects-normal/arm64/PopupTheme.o -index-store-path /Users/admin/builder/spi-builder-workspace/.derivedData/Index.noindex/DataStore -index-system-modules
SwiftCompile normal arm64 Compiling\ PopupContainerView.swift /Users/admin/builder/spi-builder-workspace/Sources/PopupKit/PopupContainerView.swift (in target 'PopupKit' from project 'PopupKit')
SwiftCompile normal arm64 /Users/admin/builder/spi-builder-workspace/Sources/PopupKit/PopupContainerView.swift (in target 'PopupKit' from project 'PopupKit')
cd /Users/admin/builder/spi-builder-workspace/.swiftpm/xcode
SwiftCompile normal arm64 Compiling\ LoadingPopupView.swift /Users/admin/builder/spi-builder-workspace/Sources/PopupKit/Views/LoadingPopupView.swift (in target 'PopupKit' from project 'PopupKit')
SwiftCompile normal arm64 /Users/admin/builder/spi-builder-workspace/Sources/PopupKit/Views/LoadingPopupView.swift (in target 'PopupKit' from project 'PopupKit')
cd /Users/admin/builder/spi-builder-workspace/.swiftpm/xcode
SwiftCompile normal arm64 Compiling\ SuccessPopupView.swift /Users/admin/builder/spi-builder-workspace/Sources/PopupKit/Views/SuccessPopupView.swift (in target 'PopupKit' from project 'PopupKit')
SwiftCompile normal arm64 /Users/admin/builder/spi-builder-workspace/Sources/PopupKit/Views/SuccessPopupView.swift (in target 'PopupKit' from project 'PopupKit')
cd /Users/admin/builder/spi-builder-workspace/.swiftpm/xcode
SwiftEmitModule normal arm64 Emitting\ module\ for\ PopupKit (in target 'PopupKit' from project 'PopupKit')
EmitSwiftModule normal arm64 (in target 'PopupKit' from project 'PopupKit')
cd /Users/admin/builder/spi-builder-workspace/.swiftpm/xcode
SwiftCompile normal arm64 Compiling\ PopupKitModifier.swift /Users/admin/builder/spi-builder-workspace/Sources/PopupKit/PopupKitModifier.swift (in target 'PopupKit' from project 'PopupKit')
SwiftCompile normal arm64 /Users/admin/builder/spi-builder-workspace/Sources/PopupKit/PopupKitModifier.swift (in target 'PopupKit' from project 'PopupKit')
cd /Users/admin/builder/spi-builder-workspace/.swiftpm/xcode
SwiftCompile normal arm64 Compiling\ GenericPopupView.swift /Users/admin/builder/spi-builder-workspace/Sources/PopupKit/Views/GenericPopupView.swift (in target 'PopupKit' from project 'PopupKit')
SwiftCompile normal arm64 /Users/admin/builder/spi-builder-workspace/Sources/PopupKit/Views/GenericPopupView.swift (in target 'PopupKit' from project 'PopupKit')
cd /Users/admin/builder/spi-builder-workspace/.swiftpm/xcode
SwiftCompile normal arm64 Compiling\ ErrorPopupView.swift /Users/admin/builder/spi-builder-workspace/Sources/PopupKit/Views/ErrorPopupView.swift (in target 'PopupKit' from project 'PopupKit')
SwiftCompile normal arm64 /Users/admin/builder/spi-builder-workspace/Sources/PopupKit/Views/ErrorPopupView.swift (in target 'PopupKit' from project 'PopupKit')
cd /Users/admin/builder/spi-builder-workspace/.swiftpm/xcode
SwiftCompile normal arm64 Compiling\ PopupBannerView.swift /Users/admin/builder/spi-builder-workspace/Sources/PopupKit/Views/PopupBannerView.swift (in target 'PopupKit' from project 'PopupKit')
SwiftCompile normal arm64 /Users/admin/builder/spi-builder-workspace/Sources/PopupKit/Views/PopupBannerView.swift (in target 'PopupKit' from project 'PopupKit')
cd /Users/admin/builder/spi-builder-workspace/.swiftpm/xcode
2026-09-03 13:58:10.977 xcodebuild[776:4772] [MT] IDERunDestination: Supported platforms for the buildables in the current scheme is empty.
** BUILD FAILED **
The following build commands failed:
SwiftCompile normal arm64 /Users/admin/builder/spi-builder-workspace/Sources/PopupKit/PopupTheme.swift (in target 'PopupKit' from project 'PopupKit')
SwiftCompile normal arm64 Compiling\ PopupTheme.swift /Users/admin/builder/spi-builder-workspace/Sources/PopupKit/PopupTheme.swift (in target 'PopupKit' from project 'PopupKit')
Building workspace spi-builder-workspace with scheme PopupKit
(3 failures)
BUILD FAILURE 6.2 tvOS