The Swift Package Index logo.Swift Package Index

Build Information

Failed to build metaBrain, reference main (5d1418), with Swift 6.3 for watchOS using Xcode 26.4 on 28 Jun 2026 14:34:43 UTC.

Build Command

No build command. This typically means the build failed at an early stage where we determine the build command.

Build Log

========================================
RunAll
========================================
Builder version: undefined version: run 'make version' to update
Interrupt handler set up.
========================================
Checkout
========================================
Clone URL: https://github.com/OpenCow42/metaBrain.git
Reference: main
Initialized empty Git repository in /Users/admin/builder/spi-builder-workspace/.git/
From https://github.com/OpenCow42/metaBrain
 * branch            main       -> FETCH_HEAD
 * [new branch]      main       -> origin/main
HEAD is now at 5d14186 Merge pull request #14 from OpenCow42/docs/windows-daemon-persistence
Cloned https://github.com/OpenCow42/metaBrain.git
Revision (git rev-parse @):
5d1418640222f45f2bf97550012b4b25a22077d3
SUCCESS checkout https://github.com/OpenCow42/metaBrain.git at main
========================================
Build
========================================
Selected platform:         watchOS
Swift version:             6.3
Building package at path:  $PWD
https://github.com/OpenCow42/metaBrain.git
Command line invocation:
    /Applications/Xcode-26.4.0.app/Contents/Developer/usr/bin/xcodebuild -IDEClonedSourcePackagesDirPathOverride=/Users/admin/builder/spi-builder-workspace/.dependencies -resolvePackageDependencies
Resolve Package Graph
Fetching from git@github.com:OpenCow42/swift-leveldb.git
skipping cache due to an error: Failed to clone repository git@github.com:OpenCow42/swift-leveldb.git:
    Cloning into bare repository '/Users/admin/Library/Caches/org.swift.swiftpm/repositories/swift-leveldb-91f65bcd'...
    Warning: Permanently added 'github.com' (ED25519) to the list of known hosts.
git@github.com: Permission denied (publickey).
fatal: Could not read from remote repository.
    Please make sure you have the correct access rights
    and the repository exists.
Resolve Package Graph
Resolved source packages:
  spi-builder-workspace: (null)
2026-06-28 10:34:40.551 xcodebuild[541:3123] Writing error result bundle to /var/folders/xq/y_g06wb113726d38xsyx71_h0000gn/T/ResultBundle_2026-28-06_10-34-0040.xcresult
xcodebuild: error: Could not resolve package dependencies:
  Failed to clone repository git@github.com:OpenCow42/swift-leveldb.git:
    Cloning into bare repository '/Users/admin/builder/spi-builder-workspace/.dependencies/repositories/swift-leveldb-91f65bcd'...
    git@github.com: Permission denied (publickey).
fatal: Could not read from remote repository.
    Please make sure you have the correct access rights
    and the repository exists.
Command line invocation:
    /Applications/Xcode-26.4.0.app/Contents/Developer/usr/bin/xcodebuild -IDEClonedSourcePackagesDirPathOverride=/Users/admin/builder/spi-builder-workspace/.dependencies -resolvePackageDependencies
Resolve Package Graph
Fetching from git@github.com:OpenCow42/swift-leveldb.git
skipping cache due to an error: Failed to clone repository git@github.com:OpenCow42/swift-leveldb.git:
    Cloning into bare repository '/Users/admin/Library/Caches/org.swift.swiftpm/repositories/swift-leveldb-91f65bcd'...
    git@github.com: Permission denied (publickey).
fatal: Could not read from remote repository.
    Please make sure you have the correct access rights
    and the repository exists.
Resolve Package Graph
Resolved source packages:
  spi-builder-workspace: (null)
2026-06-28 10:34:43.534 xcodebuild[638:3943] Writing error result bundle to /var/folders/xq/y_g06wb113726d38xsyx71_h0000gn/T/ResultBundle_2026-28-06_10-34-0043.xcresult
xcodebuild: error: Could not resolve package dependencies:
  Failed to clone repository git@github.com:OpenCow42/swift-leveldb.git:
    Cloning into bare repository '/Users/admin/builder/spi-builder-workspace/.dependencies/repositories/swift-leveldb-91f65bcd'...
    git@github.com: Permission denied (publickey).
fatal: Could not read from remote repository.
    Please make sure you have the correct access rights
    and the repository exists.
BUILD FAILURE 6.3 watchOS