Build Information
Failed to build ShapelyParentalGate, reference main (b7a070), with Swift 6.4 for tvOS using Xcode 27.0 on 24 Sep 2026 18:10:02 UTC.
Build Command
env DEVELOPER_DIR=/Applications/Xcode-27.0.0-Release.Candidate.app xcrun xcodebuild -IDEClonedSourcePackagesDirPathOverride=$PWD/.dependencies -skipMacroValidation -skipPackagePluginValidation -derivedDataPath $PWD/.derivedData build -scheme ShapelyParentalGate -destination generic/platform=tvOSBuild Log
========================================
RunAll
========================================
Builder version: 5.1.0
Interrupt handler set up.
========================================
Checkout
========================================
Clone URL: https://github.com/hotngui/ShapelyParentalGate.git
Reference: main
Initialized empty Git repository in /Users/admin/builder/spi-builder-workspace/.git/
From https://github.com/hotngui/ShapelyParentalGate
* branch main -> FETCH_HEAD
* [new branch] main -> origin/main
HEAD is now at b7a070a Update version
Cloned https://github.com/hotngui/ShapelyParentalGate.git
Revision (git rev-parse @):
b7a070a2c68dfe2c2dd30df1b339f8dfc82560a6
SUCCESS checkout https://github.com/hotngui/ShapelyParentalGate.git at main
========================================
Build
========================================
Selected platform: tvOS
Swift version: 6.4
Building package at path: $PWD
https://github.com/hotngui/ShapelyParentalGate.git
Command line invocation:
/Applications/Xcode-27.0.0-Release.Candidate.app/Contents/Developer/usr/bin/xcodebuild -IDEClonedSourcePackagesDirPathOverride=/Users/admin/builder/spi-builder-workspace/.dependencies -resolvePackageDependencies
Resolve Package Graph
Resolve Package Graph
Resolved source packages:
ShapelyParentalGate: /Users/admin/builder/spi-builder-workspace
resolved source packages: ShapelyParentalGate
2026-09-24 14:09:12.528 xcodebuild[529:3032] [MT] IDERunDestination: Supported platforms for the buildables in the current scheme is empty.
2026-09-24 14:09:12.678 xcodebuild[529:3032] [MT] IDERunDestination: Supported platforms for the buildables in the current scheme is empty.
2026-09-24 14:09:14.287 xcodebuild[529:3032] [MT] IDERunDestination: Supported platforms for the buildables in the current scheme is empty.
{
"default_localization" : "en",
"dependencies" : [
],
"manifest_display_name" : "ShapelyParentalGate",
"name" : "ShapelyParentalGate",
"path" : "/Users/admin/builder/spi-builder-workspace",
"platforms" : [
{
"name" : "ios",
"version" : "26.0"
}
],
"products" : [
{
"name" : "ShapelyParentalGate",
"targets" : [
"ShapelyParentalGate"
],
"type" : {
"library" : [
"automatic"
]
}
}
],
"targets" : [
{
"c99name" : "ShapelyParentalGateTests",
"module_type" : "SwiftTarget",
"name" : "ShapelyParentalGateTests",
"path" : "Tests/ShapelyParentalGateTests",
"resources" : [
{
"path" : "/Users/admin/builder/spi-builder-workspace/Tests/ShapelyParentalGateTests/Resources/OverrideLocalizedStrings.plist",
"rule" : {
"process" : {
}
}
}
],
"sources" : [
"LocalizedStringTests.swift",
"StaticConfigurationTests.swift"
],
"target_dependencies" : [
"ShapelyParentalGate"
],
"type" : "test"
},
{
"c99name" : "ShapelyParentalGate",
"module_type" : "SwiftTarget",
"name" : "ShapelyParentalGate",
"path" : "Sources/ShapelyParentalGate",
"product_memberships" : [
"ShapelyParentalGate"
],
"resources" : [
{
"path" : "/Users/admin/builder/spi-builder-workspace/Sources/ShapelyParentalGate/Resources/en.lproj/DefaultLocalizedStrings.plist",
"rule" : {
"process" : {
"localization" : "en"
}
}
},
{
"path" : "/Users/admin/builder/spi-builder-workspace/Sources/ShapelyParentalGate/Resources/es.lproj/DefaultLocalizedStrings.plist",
"rule" : {
"process" : {
"localization" : "es"
}
}
}
],
"sources" : [
"Localizer.swift",
"ShapelyParentalGateModifier.swift",
"ShapelyParentalGateStaticConfiguration.swift",
"ShapelyParentalGateView.swift",
"ShapelyParentalGateViewModel.swift",
"ShapleyScene.swift"
],
"type" : "library"
}
],
"tools_version" : "6.2"
}
{
"workspace" : {
"name" : "ShapelyParentalGate",
"schemes" : [
"ShapelyParentalGate"
]
}
}
2026-09-24 14:09:48.048 xcodebuild[626:3847] [MT] IDERunDestination: Supported platforms for the buildables in the current scheme is empty.
2026-09-24 14:09:48.186 xcodebuild[626:3847] [MT] IDERunDestination: Supported platforms for the buildables in the current scheme is empty.
Running build ...
env DEVELOPER_DIR=/Applications/Xcode-27.0.0-Release.Candidate.app xcrun xcodebuild -IDEClonedSourcePackagesDirPathOverride=$PWD/.dependencies -skipMacroValidation -skipPackagePluginValidation -derivedDataPath $PWD/.derivedData build -scheme ShapelyParentalGate -destination generic/platform=tvOS
Command line invocation:
/Applications/Xcode-27.0.0-Release.Candidate.app/Contents/Developer/usr/bin/xcodebuild -IDEClonedSourcePackagesDirPathOverride=/Users/admin/builder/spi-builder-workspace/.dependencies -skipMacroValidation -skipPackagePluginValidation -derivedDataPath /Users/admin/builder/spi-builder-workspace/.derivedData build -scheme ShapelyParentalGate -destination generic/platform=tvOS
Resolve Package Graph
Resolved source packages:
ShapelyParentalGate: /Users/admin/builder/spi-builder-workspace
ComputePackagePrebuildTargetDependencyGraph
Prepare packages
CreateBuildRequest
SendProjectDescription
CreateBuildOperation
ComputeTargetDependencyGraph
note: Building targets in dependency order
note: Target dependency graph (5 targets)
Target 'ShapelyParentalGateTests-product' in project 'ShapelyParentalGate'
➜ Explicit dependency on target 'ShapelyParentalGate_ShapelyParentalGateTests' in project 'ShapelyParentalGate'
➜ Explicit dependency on target 'ShapelyParentalGate' in project 'ShapelyParentalGate'
Target 'ShapelyParentalGate-product' in project 'ShapelyParentalGate'
➜ Explicit dependency on target 'ShapelyParentalGate' in project 'ShapelyParentalGate'
➜ Explicit dependency on target 'ShapelyParentalGate_ShapelyParentalGate' in project 'ShapelyParentalGate'
Target 'ShapelyParentalGate' in project 'ShapelyParentalGate'
➜ Explicit dependency on target 'ShapelyParentalGate_ShapelyParentalGate' in project 'ShapelyParentalGate'
Target 'ShapelyParentalGate_ShapelyParentalGateTests' in project 'ShapelyParentalGate' (no dependencies)
Target 'ShapelyParentalGate_ShapelyParentalGate' in project 'ShapelyParentalGate' (no dependencies)
GatherProvisioningInputs
CreateBuildDescription
ExecuteExternalTool /Applications/Xcode-27.0.0-Release.Candidate.app/Contents/Developer/Toolchains/XcodeDefault.xctoolchain/usr/bin/clang -v -E -dM -isysroot /Applications/Xcode-27.0.0-Release.Candidate.app/Contents/Developer/Platforms/AppleTVOS.platform/Developer/SDKs/AppleTVOS27.0.sdk -x c -c /dev/null
ExecuteExternalTool /Applications/Xcode-27.0.0-Release.Candidate.app/Contents/Developer/Toolchains/XcodeDefault.xctoolchain/usr/bin/swiftc --version
ExecuteExternalTool /Applications/Xcode-27.0.0-Release.Candidate.app/Contents/Developer/Toolchains/XcodeDefault.xctoolchain/usr/bin/ld -version_details
Build description signature: 5cc23fa1a584aaf5861a4e1d39844276
Build description path: /Users/admin/builder/spi-builder-workspace/.derivedData/Build/Intermediates.noindex/XCBuildData/5cc23fa1a584aaf5861a4e1d39844276.xcbuilddata
CreateBuildDirectory /Users/admin/builder/spi-builder-workspace/.derivedData/SDKExplicitPrecompiledModules
cd /Users/admin/builder/spi-builder-workspace/.swiftpm/xcode
builtin-create-build-directory /Users/admin/builder/spi-builder-workspace/.derivedData/SDKExplicitPrecompiledModules
CreateBuildDirectory /Users/admin/builder/spi-builder-workspace/.derivedData/ModuleCache.noindex
cd /Users/admin/builder/spi-builder-workspace/.swiftpm/xcode
builtin-create-build-directory /Users/admin/builder/spi-builder-workspace/.derivedData/ModuleCache.noindex
CreateBuildDirectory /Users/admin/builder/spi-builder-workspace/.derivedData/Build/Intermediates.noindex
cd /Users/admin/builder/spi-builder-workspace/.swiftpm/xcode
builtin-create-build-directory /Users/admin/builder/spi-builder-workspace/.derivedData/Build/Intermediates.noindex
CreateBuildDirectory /Users/admin/builder/spi-builder-workspace/.derivedData/Build/Products
cd /Users/admin/builder/spi-builder-workspace/.swiftpm/xcode
builtin-create-build-directory /Users/admin/builder/spi-builder-workspace/.derivedData/Build/Products
CreateBuildDirectory /Users/admin/builder/spi-builder-workspace/.derivedData/CompilationCache.noindex
cd /Users/admin/builder/spi-builder-workspace/.swiftpm/xcode
builtin-create-build-directory /Users/admin/builder/spi-builder-workspace/.derivedData/CompilationCache.noindex
ClangStatCache /Applications/Xcode-27.0.0-Release.Candidate.app/Contents/Developer/Toolchains/XcodeDefault.xctoolchain/usr/bin/clang-stat-cache /Applications/Xcode-27.0.0-Release.Candidate.app/Contents/Developer/Platforms/AppleTVOS.platform/Developer/SDKs/AppleTVOS27.0.sdk /Users/admin/builder/spi-builder-workspace/.derivedData/SDKStatCaches.noindex/appletvos27.0-24J360-e829b21a6f8c9b70876ba0858053c044b32bfd8d43560033f8d89884cdb90028.sdkstatcache
cd /Users/admin/builder/spi-builder-workspace/.swiftpm/xcode
/Applications/Xcode-27.0.0-Release.Candidate.app/Contents/Developer/Toolchains/XcodeDefault.xctoolchain/usr/bin/clang-stat-cache /Applications/Xcode-27.0.0-Release.Candidate.app/Contents/Developer/Platforms/AppleTVOS.platform/Developer/SDKs/AppleTVOS27.0.sdk -o /Users/admin/builder/spi-builder-workspace/.derivedData/SDKStatCaches.noindex/appletvos27.0-24J360-e829b21a6f8c9b70876ba0858053c044b32bfd8d43560033f8d89884cdb90028.sdkstatcache
CreateBuildDirectory /Users/admin/builder/spi-builder-workspace/.derivedData/Build/Intermediates.noindex/SwiftExplicitPrecompiledModules
cd /Users/admin/builder/spi-builder-workspace/.swiftpm/xcode
builtin-create-build-directory /Users/admin/builder/spi-builder-workspace/.derivedData/Build/Intermediates.noindex/SwiftExplicitPrecompiledModules
CreateBuildDirectory /Users/admin/builder/spi-builder-workspace/.derivedData/Build/Intermediates.noindex/PrecompiledHeaders
cd /Users/admin/builder/spi-builder-workspace/.swiftpm/xcode
builtin-create-build-directory /Users/admin/builder/spi-builder-workspace/.derivedData/Build/Intermediates.noindex/PrecompiledHeaders
CreateBuildDirectory /Users/admin/builder/spi-builder-workspace/.derivedData/Build/Intermediates.noindex/ExplicitPrecompiledModules
cd /Users/admin/builder/spi-builder-workspace/.swiftpm/xcode
builtin-create-build-directory /Users/admin/builder/spi-builder-workspace/.derivedData/Build/Intermediates.noindex/ExplicitPrecompiledModules
CreateBuildDirectory /Users/admin/builder/spi-builder-workspace/.derivedData/Build/Intermediates.noindex/EagerLinkingTBDs/Debug-appletvos
cd /Users/admin/builder/spi-builder-workspace/.swiftpm/xcode
builtin-create-build-directory /Users/admin/builder/spi-builder-workspace/.derivedData/Build/Intermediates.noindex/EagerLinkingTBDs/Debug-appletvos
CreateBuildDirectory /Users/admin/builder/spi-builder-workspace/.derivedData/Build/Products/Debug-appletvos
cd /Users/admin/builder/spi-builder-workspace/.swiftpm/xcode
builtin-create-build-directory /Users/admin/builder/spi-builder-workspace/.derivedData/Build/Products/Debug-appletvos
CreateBuildDirectory /Users/admin/builder/spi-builder-workspace/.derivedData/Build/Products/Debug-appletvos/PackageFrameworks
cd /Users/admin/builder/spi-builder-workspace/.swiftpm/xcode
builtin-create-build-directory /Users/admin/builder/spi-builder-workspace/.derivedData/Build/Products/Debug-appletvos/PackageFrameworks
MkDir /Users/admin/builder/spi-builder-workspace/.derivedData/Build/Products/Debug-appletvos/ShapelyParentalGate_ShapelyParentalGateTests.bundle (in target 'ShapelyParentalGate_ShapelyParentalGateTests' from project 'ShapelyParentalGate')
cd /Users/admin/builder/spi-builder-workspace
/bin/mkdir -p /Users/admin/builder/spi-builder-workspace/.derivedData/Build/Products/Debug-appletvos/ShapelyParentalGate_ShapelyParentalGateTests.bundle
WriteAuxiliaryFile /Users/admin/builder/spi-builder-workspace/.derivedData/Build/Intermediates.noindex/ShapelyParentalGate.build/Debug-appletvos/ShapelyParentalGate_ShapelyParentalGate-b.build/ShapelyParentalGate_ShapelyParentalGate.DependencyStaticMetadataFileList (in target 'ShapelyParentalGate_ShapelyParentalGate' from project 'ShapelyParentalGate')
cd /Users/admin/builder/spi-builder-workspace
write-file /Users/admin/builder/spi-builder-workspace/.derivedData/Build/Intermediates.noindex/ShapelyParentalGate.build/Debug-appletvos/ShapelyParentalGate_ShapelyParentalGate-b.build/ShapelyParentalGate_ShapelyParentalGate.DependencyStaticMetadataFileList
WriteAuxiliaryFile /Users/admin/builder/spi-builder-workspace/.derivedData/Build/Intermediates.noindex/ShapelyParentalGate.build/Debug-appletvos/ShapelyParentalGate_ShapelyParentalGate-b.build/ShapelyParentalGate_ShapelyParentalGate.DependencyMetadataFileList (in target 'ShapelyParentalGate_ShapelyParentalGate' from project 'ShapelyParentalGate')
cd /Users/admin/builder/spi-builder-workspace
write-file /Users/admin/builder/spi-builder-workspace/.derivedData/Build/Intermediates.noindex/ShapelyParentalGate.build/Debug-appletvos/ShapelyParentalGate_ShapelyParentalGate-b.build/ShapelyParentalGate_ShapelyParentalGate.DependencyMetadataFileList
WriteAuxiliaryFile /Users/admin/builder/spi-builder-workspace/.derivedData/Build/Intermediates.noindex/ShapelyParentalGate.build/Debug-appletvos/ShapelyParentalGate_ShapelyParentalGate-b.build/empty-ShapelyParentalGate_ShapelyParentalGate.plist (in target 'ShapelyParentalGate_ShapelyParentalGate' from project 'ShapelyParentalGate')
cd /Users/admin/builder/spi-builder-workspace
write-file /Users/admin/builder/spi-builder-workspace/.derivedData/Build/Intermediates.noindex/ShapelyParentalGate.build/Debug-appletvos/ShapelyParentalGate_ShapelyParentalGate-b.build/empty-ShapelyParentalGate_ShapelyParentalGate.plist
WriteAuxiliaryFile /Users/admin/builder/spi-builder-workspace/.derivedData/Build/Intermediates.noindex/ShapelyParentalGate.build/Debug-appletvos/ShapelyParentalGate_ShapelyParentalGateTests-b.build/ShapelyParentalGate_ShapelyParentalGateTests.DependencyMetadataFileList (in target 'ShapelyParentalGate_ShapelyParentalGateTests' from project 'ShapelyParentalGate')
cd /Users/admin/builder/spi-builder-workspace
write-file /Users/admin/builder/spi-builder-workspace/.derivedData/Build/Intermediates.noindex/ShapelyParentalGate.build/Debug-appletvos/ShapelyParentalGate_ShapelyParentalGateTests-b.build/ShapelyParentalGate_ShapelyParentalGateTests.DependencyMetadataFileList
WriteAuxiliaryFile /Users/admin/builder/spi-builder-workspace/.derivedData/Build/Intermediates.noindex/ShapelyParentalGate.build/Debug-appletvos/ShapelyParentalGate_ShapelyParentalGateTests-b.build/ShapelyParentalGate_ShapelyParentalGateTests.DependencyStaticMetadataFileList (in target 'ShapelyParentalGate_ShapelyParentalGateTests' from project 'ShapelyParentalGate')
cd /Users/admin/builder/spi-builder-workspace
write-file /Users/admin/builder/spi-builder-workspace/.derivedData/Build/Intermediates.noindex/ShapelyParentalGate.build/Debug-appletvos/ShapelyParentalGate_ShapelyParentalGateTests-b.build/ShapelyParentalGate_ShapelyParentalGateTests.DependencyStaticMetadataFileList
WriteAuxiliaryFile /Users/admin/builder/spi-builder-workspace/.derivedData/Build/Intermediates.noindex/ShapelyParentalGate.build/Debug-appletvos/ShapelyParentalGate_ShapelyParentalGateTests-b.build/empty-ShapelyParentalGate_ShapelyParentalGateTests.plist (in target 'ShapelyParentalGate_ShapelyParentalGateTests' from project 'ShapelyParentalGate')
cd /Users/admin/builder/spi-builder-workspace
write-file /Users/admin/builder/spi-builder-workspace/.derivedData/Build/Intermediates.noindex/ShapelyParentalGate.build/Debug-appletvos/ShapelyParentalGate_ShapelyParentalGateTests-b.build/empty-ShapelyParentalGate_ShapelyParentalGateTests.plist
WriteAuxiliaryFile /Users/admin/builder/spi-builder-workspace/.derivedData/Build/Intermediates.noindex/ShapelyParentalGate.build/Debug-appletvos/ShapelyParentalGateTests-p.build/ShapelyParentalGateTests.DependencyStaticMetadataFileList (in target 'ShapelyParentalGateTests-product' from project 'ShapelyParentalGate')
cd /Users/admin/builder/spi-builder-workspace
write-file /Users/admin/builder/spi-builder-workspace/.derivedData/Build/Intermediates.noindex/ShapelyParentalGate.build/Debug-appletvos/ShapelyParentalGateTests-p.build/ShapelyParentalGateTests.DependencyStaticMetadataFileList
WriteAuxiliaryFile /Users/admin/builder/spi-builder-workspace/.derivedData/Build/Intermediates.noindex/ShapelyParentalGate.build/Debug-appletvos/ShapelyParentalGateTests-p.build/empty-ShapelyParentalGateTests.plist (in target 'ShapelyParentalGateTests-product' from project 'ShapelyParentalGate')
cd /Users/admin/builder/spi-builder-workspace
write-file /Users/admin/builder/spi-builder-workspace/.derivedData/Build/Intermediates.noindex/ShapelyParentalGate.build/Debug-appletvos/ShapelyParentalGateTests-p.build/empty-ShapelyParentalGateTests.plist
WriteAuxiliaryFile /Users/admin/builder/spi-builder-workspace/.derivedData/Build/Intermediates.noindex/ShapelyParentalGate.build/Debug-appletvos/ShapelyParentalGateTests-p.build/ShapelyParentalGateTests.DependencyMetadataFileList (in target 'ShapelyParentalGateTests-product' from project 'ShapelyParentalGate')
cd /Users/admin/builder/spi-builder-workspace
write-file /Users/admin/builder/spi-builder-workspace/.derivedData/Build/Intermediates.noindex/ShapelyParentalGate.build/Debug-appletvos/ShapelyParentalGateTests-p.build/ShapelyParentalGateTests.DependencyMetadataFileList
WriteAuxiliaryFile /Users/admin/builder/spi-builder-workspace/.derivedData/Build/Intermediates.noindex/ShapelyParentalGate.build/Debug-appletvos/ShapelyParentalGateTests-p.build/Objects-normal/arm64/ShapelyParentalGateTests.SwiftConstValuesFileList (in target 'ShapelyParentalGateTests-product' from project 'ShapelyParentalGate')
cd /Users/admin/builder/spi-builder-workspace
write-file /Users/admin/builder/spi-builder-workspace/.derivedData/Build/Intermediates.noindex/ShapelyParentalGate.build/Debug-appletvos/ShapelyParentalGateTests-p.build/Objects-normal/arm64/ShapelyParentalGateTests.SwiftConstValuesFileList
WriteAuxiliaryFile /Users/admin/builder/spi-builder-workspace/.derivedData/Build/Intermediates.noindex/ShapelyParentalGate.build/Debug-appletvos/ShapelyParentalGateTests-p.build/Objects-normal/arm64/ShapelyParentalGateTests.SwiftFileList (in target 'ShapelyParentalGateTests-product' from project 'ShapelyParentalGate')
cd /Users/admin/builder/spi-builder-workspace
write-file /Users/admin/builder/spi-builder-workspace/.derivedData/Build/Intermediates.noindex/ShapelyParentalGate.build/Debug-appletvos/ShapelyParentalGateTests-p.build/Objects-normal/arm64/ShapelyParentalGateTests.SwiftFileList
WriteAuxiliaryFile /Users/admin/builder/spi-builder-workspace/.derivedData/Build/Intermediates.noindex/ShapelyParentalGate.build/Debug-appletvos/ShapelyParentalGateTests-p.build/Objects-normal/arm64/ShapelyParentalGateTests.LinkFileList (in target 'ShapelyParentalGateTests-product' from project 'ShapelyParentalGate')
cd /Users/admin/builder/spi-builder-workspace
write-file /Users/admin/builder/spi-builder-workspace/.derivedData/Build/Intermediates.noindex/ShapelyParentalGate.build/Debug-appletvos/ShapelyParentalGateTests-p.build/Objects-normal/arm64/ShapelyParentalGateTests.LinkFileList
WriteAuxiliaryFile /Users/admin/builder/spi-builder-workspace/.derivedData/Build/Intermediates.noindex/ShapelyParentalGate.build/Debug-appletvos/ShapelyParentalGateTests-p.build/Objects-normal/arm64/ShapelyParentalGateTests-OutputFileMap.json (in target 'ShapelyParentalGateTests-product' from project 'ShapelyParentalGate')
cd /Users/admin/builder/spi-builder-workspace
write-file /Users/admin/builder/spi-builder-workspace/.derivedData/Build/Intermediates.noindex/ShapelyParentalGate.build/Debug-appletvos/ShapelyParentalGateTests-p.build/Objects-normal/arm64/ShapelyParentalGateTests-OutputFileMap.json
WriteAuxiliaryFile /Users/admin/builder/spi-builder-workspace/.derivedData/Build/Intermediates.noindex/ShapelyParentalGate.build/Debug-appletvos/ShapelyParentalGateTests-p.build/Objects-normal/arm64/ShapelyParentalGateTests_const_extract_protocols.json (in target 'ShapelyParentalGateTests-product' from project 'ShapelyParentalGate')
cd /Users/admin/builder/spi-builder-workspace
write-file /Users/admin/builder/spi-builder-workspace/.derivedData/Build/Intermediates.noindex/ShapelyParentalGate.build/Debug-appletvos/ShapelyParentalGateTests-p.build/Objects-normal/arm64/ShapelyParentalGateTests_const_extract_protocols.json
WriteAuxiliaryFile /Users/admin/builder/spi-builder-workspace/.derivedData/Build/Intermediates.noindex/ShapelyParentalGate.build/Debug-appletvos/ShapelyParentalGateTests-p.build/DerivedSources/resource_bundle_accessor.swift (in target 'ShapelyParentalGateTests-product' from project 'ShapelyParentalGate')
cd /Users/admin/builder/spi-builder-workspace
write-file /Users/admin/builder/spi-builder-workspace/.derivedData/Build/Intermediates.noindex/ShapelyParentalGate.build/Debug-appletvos/ShapelyParentalGateTests-p.build/DerivedSources/resource_bundle_accessor.swift
WriteAuxiliaryFile /Users/admin/builder/spi-builder-workspace/.derivedData/Build/Intermediates.noindex/ShapelyParentalGate.build/Debug-appletvos/ShapelyParentalGate-t.build/ShapelyParentalGate.modulemap (in target 'ShapelyParentalGate' from project 'ShapelyParentalGate')
cd /Users/admin/builder/spi-builder-workspace
write-file /Users/admin/builder/spi-builder-workspace/.derivedData/Build/Intermediates.noindex/ShapelyParentalGate.build/Debug-appletvos/ShapelyParentalGate-t.build/ShapelyParentalGate.modulemap
WriteAuxiliaryFile /Users/admin/builder/spi-builder-workspace/.derivedData/Build/Intermediates.noindex/ShapelyParentalGate.build/Debug-appletvos/ShapelyParentalGate-t.build/ShapelyParentalGate.DependencyStaticMetadataFileList (in target 'ShapelyParentalGate' from project 'ShapelyParentalGate')
cd /Users/admin/builder/spi-builder-workspace
write-file /Users/admin/builder/spi-builder-workspace/.derivedData/Build/Intermediates.noindex/ShapelyParentalGate.build/Debug-appletvos/ShapelyParentalGate-t.build/ShapelyParentalGate.DependencyStaticMetadataFileList
WriteAuxiliaryFile /Users/admin/builder/spi-builder-workspace/.derivedData/Build/Intermediates.noindex/ShapelyParentalGate.build/Debug-appletvos/ShapelyParentalGate-t.build/ShapelyParentalGate.DependencyMetadataFileList (in target 'ShapelyParentalGate' from project 'ShapelyParentalGate')
cd /Users/admin/builder/spi-builder-workspace
write-file /Users/admin/builder/spi-builder-workspace/.derivedData/Build/Intermediates.noindex/ShapelyParentalGate.build/Debug-appletvos/ShapelyParentalGate-t.build/ShapelyParentalGate.DependencyMetadataFileList
WriteAuxiliaryFile /Users/admin/builder/spi-builder-workspace/.derivedData/Build/Intermediates.noindex/ShapelyParentalGate.build/Debug-appletvos/ShapelyParentalGate-t.build/Objects-normal/arm64/ShapelyParentalGate.SwiftFileList (in target 'ShapelyParentalGate' from project 'ShapelyParentalGate')
cd /Users/admin/builder/spi-builder-workspace
write-file /Users/admin/builder/spi-builder-workspace/.derivedData/Build/Intermediates.noindex/ShapelyParentalGate.build/Debug-appletvos/ShapelyParentalGate-t.build/Objects-normal/arm64/ShapelyParentalGate.SwiftFileList
WriteAuxiliaryFile /Users/admin/builder/spi-builder-workspace/.derivedData/Build/Intermediates.noindex/ShapelyParentalGate.build/Debug-appletvos/ShapelyParentalGate-t.build/Objects-normal/arm64/ShapelyParentalGate_const_extract_protocols.json (in target 'ShapelyParentalGate' from project 'ShapelyParentalGate')
cd /Users/admin/builder/spi-builder-workspace
write-file /Users/admin/builder/spi-builder-workspace/.derivedData/Build/Intermediates.noindex/ShapelyParentalGate.build/Debug-appletvos/ShapelyParentalGate-t.build/Objects-normal/arm64/ShapelyParentalGate_const_extract_protocols.json
WriteAuxiliaryFile /Users/admin/builder/spi-builder-workspace/.derivedData/Build/Intermediates.noindex/ShapelyParentalGate.build/Debug-appletvos/ShapelyParentalGate-t.build/Objects-normal/arm64/ShapelyParentalGate.SwiftConstValuesFileList (in target 'ShapelyParentalGate' from project 'ShapelyParentalGate')
cd /Users/admin/builder/spi-builder-workspace
write-file /Users/admin/builder/spi-builder-workspace/.derivedData/Build/Intermediates.noindex/ShapelyParentalGate.build/Debug-appletvos/ShapelyParentalGate-t.build/Objects-normal/arm64/ShapelyParentalGate.SwiftConstValuesFileList
WriteAuxiliaryFile /Users/admin/builder/spi-builder-workspace/.derivedData/Build/Intermediates.noindex/ShapelyParentalGate.build/Debug-appletvos/ShapelyParentalGate-t.build/Objects-normal/arm64/ShapelyParentalGate.LinkFileList (in target 'ShapelyParentalGate' from project 'ShapelyParentalGate')
cd /Users/admin/builder/spi-builder-workspace
write-file /Users/admin/builder/spi-builder-workspace/.derivedData/Build/Intermediates.noindex/ShapelyParentalGate.build/Debug-appletvos/ShapelyParentalGate-t.build/Objects-normal/arm64/ShapelyParentalGate.LinkFileList
WriteAuxiliaryFile /Users/admin/builder/spi-builder-workspace/.derivedData/Build/Intermediates.noindex/ShapelyParentalGate.build/Debug-appletvos/ShapelyParentalGate-t.build/Objects-normal/arm64/ShapelyParentalGate-OutputFileMap.json (in target 'ShapelyParentalGate' from project 'ShapelyParentalGate')
cd /Users/admin/builder/spi-builder-workspace
write-file /Users/admin/builder/spi-builder-workspace/.derivedData/Build/Intermediates.noindex/ShapelyParentalGate.build/Debug-appletvos/ShapelyParentalGate-t.build/Objects-normal/arm64/ShapelyParentalGate-OutputFileMap.json
WriteAuxiliaryFile /Users/admin/builder/spi-builder-workspace/.derivedData/Build/Intermediates.noindex/ShapelyParentalGate.build/Debug-appletvos/ShapelyParentalGate-t.build/DerivedSources/resource_bundle_accessor.swift (in target 'ShapelyParentalGate' from project 'ShapelyParentalGate')
cd /Users/admin/builder/spi-builder-workspace
write-file /Users/admin/builder/spi-builder-workspace/.derivedData/Build/Intermediates.noindex/ShapelyParentalGate.build/Debug-appletvos/ShapelyParentalGate-t.build/DerivedSources/resource_bundle_accessor.swift
Copy /Users/admin/builder/spi-builder-workspace/.derivedData/Build/Intermediates.noindex/GeneratedModuleMaps-appletvos/ShapelyParentalGate.modulemap /Users/admin/builder/spi-builder-workspace/.derivedData/Build/Intermediates.noindex/ShapelyParentalGate.build/Debug-appletvos/ShapelyParentalGate-t.build/ShapelyParentalGate.modulemap (in target 'ShapelyParentalGate' from project 'ShapelyParentalGate')
cd /Users/admin/builder/spi-builder-workspace
builtin-copy -exclude .DS_Store -exclude CVS -exclude .svn -exclude .git -exclude .hg -resolve-src-symlinks /Users/admin/builder/spi-builder-workspace/.derivedData/Build/Intermediates.noindex/ShapelyParentalGate.build/Debug-appletvos/ShapelyParentalGate-t.build/ShapelyParentalGate.modulemap /Users/admin/builder/spi-builder-workspace/.derivedData/Build/Intermediates.noindex/GeneratedModuleMaps-appletvos
MkDir /Users/admin/builder/spi-builder-workspace/.derivedData/Build/Products/Debug-appletvos/ShapelyParentalGate_ShapelyParentalGate.bundle (in target 'ShapelyParentalGate_ShapelyParentalGate' from project 'ShapelyParentalGate')
cd /Users/admin/builder/spi-builder-workspace
/bin/mkdir -p /Users/admin/builder/spi-builder-workspace/.derivedData/Build/Products/Debug-appletvos/ShapelyParentalGate_ShapelyParentalGate.bundle
MkDir /Users/admin/builder/spi-builder-workspace/.derivedData/Build/Products/Debug-appletvos/ShapelyParentalGateTests.xctest (in target 'ShapelyParentalGateTests-product' from project 'ShapelyParentalGate')
cd /Users/admin/builder/spi-builder-workspace
/bin/mkdir -p /Users/admin/builder/spi-builder-workspace/.derivedData/Build/Products/Debug-appletvos/ShapelyParentalGateTests.xctest
ProcessInfoPlistFile /Users/admin/builder/spi-builder-workspace/.derivedData/Build/Products/Debug-appletvos/ShapelyParentalGate_ShapelyParentalGateTests.bundle/Info.plist /Users/admin/builder/spi-builder-workspace/.derivedData/Build/Intermediates.noindex/ShapelyParentalGate.build/Debug-appletvos/ShapelyParentalGate_ShapelyParentalGateTests-b.build/empty-ShapelyParentalGate_ShapelyParentalGateTests.plist (in target 'ShapelyParentalGate_ShapelyParentalGateTests' from project 'ShapelyParentalGate')
cd /Users/admin/builder/spi-builder-workspace
builtin-infoPlistUtility /Users/admin/builder/spi-builder-workspace/.derivedData/Build/Intermediates.noindex/ShapelyParentalGate.build/Debug-appletvos/ShapelyParentalGate_ShapelyParentalGateTests-b.build/empty-ShapelyParentalGate_ShapelyParentalGateTests.plist -producttype com.apple.product-type.bundle -expandbuildsettings -format binary -platform appletvos -o /Users/admin/builder/spi-builder-workspace/.derivedData/Build/Products/Debug-appletvos/ShapelyParentalGate_ShapelyParentalGateTests.bundle/Info.plist
CpResource /Users/admin/builder/spi-builder-workspace/.derivedData/Build/Products/Debug-appletvos/ShapelyParentalGate_ShapelyParentalGateTests.bundle/OverrideLocalizedStrings.plist /Users/admin/builder/spi-builder-workspace/Tests/ShapelyParentalGateTests/Resources/OverrideLocalizedStrings.plist (in target 'ShapelyParentalGate_ShapelyParentalGateTests' from project 'ShapelyParentalGate')
cd /Users/admin/builder/spi-builder-workspace
builtin-copy -exclude .DS_Store -exclude CVS -exclude .svn -exclude .git -exclude .hg -resolve-src-symlinks /Users/admin/builder/spi-builder-workspace/Tests/ShapelyParentalGateTests/Resources/OverrideLocalizedStrings.plist /Users/admin/builder/spi-builder-workspace/.derivedData/Build/Products/Debug-appletvos/ShapelyParentalGate_ShapelyParentalGateTests.bundle
ProcessInfoPlistFile /Users/admin/builder/spi-builder-workspace/.derivedData/Build/Products/Debug-appletvos/ShapelyParentalGate_ShapelyParentalGate.bundle/Info.plist /Users/admin/builder/spi-builder-workspace/.derivedData/Build/Intermediates.noindex/ShapelyParentalGate.build/Debug-appletvos/ShapelyParentalGate_ShapelyParentalGate-b.build/empty-ShapelyParentalGate_ShapelyParentalGate.plist (in target 'ShapelyParentalGate_ShapelyParentalGate' from project 'ShapelyParentalGate')
cd /Users/admin/builder/spi-builder-workspace
builtin-infoPlistUtility /Users/admin/builder/spi-builder-workspace/.derivedData/Build/Intermediates.noindex/ShapelyParentalGate.build/Debug-appletvos/ShapelyParentalGate_ShapelyParentalGate-b.build/empty-ShapelyParentalGate_ShapelyParentalGate.plist -producttype com.apple.product-type.bundle -expandbuildsettings -format binary -platform appletvos -o /Users/admin/builder/spi-builder-workspace/.derivedData/Build/Products/Debug-appletvos/ShapelyParentalGate_ShapelyParentalGate.bundle/Info.plist
CpResource /Users/admin/builder/spi-builder-workspace/.derivedData/Build/Products/Debug-appletvos/ShapelyParentalGate_ShapelyParentalGate.bundle/es.lproj/DefaultLocalizedStrings.plist /Users/admin/builder/spi-builder-workspace/Sources/ShapelyParentalGate/Resources/es.lproj/DefaultLocalizedStrings.plist (in target 'ShapelyParentalGate_ShapelyParentalGate' from project 'ShapelyParentalGate')
cd /Users/admin/builder/spi-builder-workspace
builtin-copy -exclude .DS_Store -exclude CVS -exclude .svn -exclude .git -exclude .hg -resolve-src-symlinks /Users/admin/builder/spi-builder-workspace/Sources/ShapelyParentalGate/Resources/es.lproj/DefaultLocalizedStrings.plist /Users/admin/builder/spi-builder-workspace/.derivedData/Build/Products/Debug-appletvos/ShapelyParentalGate_ShapelyParentalGate.bundle/es.lproj
CpResource /Users/admin/builder/spi-builder-workspace/.derivedData/Build/Products/Debug-appletvos/ShapelyParentalGate_ShapelyParentalGate.bundle/en.lproj/DefaultLocalizedStrings.plist /Users/admin/builder/spi-builder-workspace/Sources/ShapelyParentalGate/Resources/en.lproj/DefaultLocalizedStrings.plist (in target 'ShapelyParentalGate_ShapelyParentalGate' from project 'ShapelyParentalGate')
cd /Users/admin/builder/spi-builder-workspace
builtin-copy -exclude .DS_Store -exclude CVS -exclude .svn -exclude .git -exclude .hg -resolve-src-symlinks /Users/admin/builder/spi-builder-workspace/Sources/ShapelyParentalGate/Resources/en.lproj/DefaultLocalizedStrings.plist /Users/admin/builder/spi-builder-workspace/.derivedData/Build/Products/Debug-appletvos/ShapelyParentalGate_ShapelyParentalGate.bundle/en.lproj
RegisterExecutionPolicyException /Users/admin/builder/spi-builder-workspace/.derivedData/Build/Products/Debug-appletvos/ShapelyParentalGate_ShapelyParentalGateTests.bundle (in target 'ShapelyParentalGate_ShapelyParentalGateTests' from project 'ShapelyParentalGate')
cd /Users/admin/builder/spi-builder-workspace
builtin-RegisterExecutionPolicyException /Users/admin/builder/spi-builder-workspace/.derivedData/Build/Products/Debug-appletvos/ShapelyParentalGate_ShapelyParentalGateTests.bundle
RegisterExecutionPolicyException /Users/admin/builder/spi-builder-workspace/.derivedData/Build/Products/Debug-appletvos/ShapelyParentalGate_ShapelyParentalGate.bundle (in target 'ShapelyParentalGate_ShapelyParentalGate' from project 'ShapelyParentalGate')
cd /Users/admin/builder/spi-builder-workspace
builtin-RegisterExecutionPolicyException /Users/admin/builder/spi-builder-workspace/.derivedData/Build/Products/Debug-appletvos/ShapelyParentalGate_ShapelyParentalGate.bundle
Touch /Users/admin/builder/spi-builder-workspace/.derivedData/Build/Products/Debug-appletvos/ShapelyParentalGate_ShapelyParentalGateTests.bundle (in target 'ShapelyParentalGate_ShapelyParentalGateTests' from project 'ShapelyParentalGate')
cd /Users/admin/builder/spi-builder-workspace
/usr/bin/touch -c /Users/admin/builder/spi-builder-workspace/.derivedData/Build/Products/Debug-appletvos/ShapelyParentalGate_ShapelyParentalGateTests.bundle
Touch /Users/admin/builder/spi-builder-workspace/.derivedData/Build/Products/Debug-appletvos/ShapelyParentalGate_ShapelyParentalGate.bundle (in target 'ShapelyParentalGate_ShapelyParentalGate' from project 'ShapelyParentalGate')
cd /Users/admin/builder/spi-builder-workspace
/usr/bin/touch -c /Users/admin/builder/spi-builder-workspace/.derivedData/Build/Products/Debug-appletvos/ShapelyParentalGate_ShapelyParentalGate.bundle
SwiftDriver ShapelyParentalGate normal arm64 com.apple.xcode.tools.swift.compiler (in target 'ShapelyParentalGate' from project 'ShapelyParentalGate')
cd /Users/admin/builder/spi-builder-workspace/.swiftpm/xcode
builtin-SwiftDriver -- /Applications/Xcode-27.0.0-Release.Candidate.app/Contents/Developer/Toolchains/XcodeDefault.xctoolchain/usr/bin/swiftc -parse-as-library -module-name ShapelyParentalGate -Onone @/Users/admin/builder/spi-builder-workspace/.derivedData/Build/Intermediates.noindex/ShapelyParentalGate.build/Debug-appletvos/ShapelyParentalGate-t.build/Objects-normal/arm64/ShapelyParentalGate.SwiftFileList -DSWIFT_PACKAGE -DDEBUG -DSWIFT_MODULE_RESOURCE_BUNDLE_AVAILABLE -DXcode -plugin-path /Applications/Xcode-27.0.0-Release.Candidate.app/Contents/Developer/Toolchains/XcodeDefault.xctoolchain/usr/lib/swift/host/plugins/testing -enable-experimental-feature DebugDescriptionMacro -sdk /Applications/Xcode-27.0.0-Release.Candidate.app/Contents/Developer/Platforms/AppleTVOS.platform/Developer/SDKs/AppleTVOS27.0.sdk -target arm64-apple-tvos26.0 -g -module-cache-path /Users/admin/builder/spi-builder-workspace/.derivedData/ModuleCache.noindex -Xfrontend -serialize-debugging-options -enable-testing -index-store-path /Users/admin/builder/spi-builder-workspace/.derivedData/Index.noindex/DataStore -Xcc -D_LIBCPP_HARDENING_MODE\=_LIBCPP_HARDENING_MODE_DEBUG -swift-version 6 -I /Users/admin/builder/spi-builder-workspace/.derivedData/Build/Products/Debug-appletvos -Isystem /Applications/Xcode-27.0.0-Release.Candidate.app/Contents/Developer/Platforms/AppleTVOS.platform/Developer/usr/lib -F /Users/admin/builder/spi-builder-workspace/.derivedData/Build/Products/Debug-appletvos -F /Applications/Xcode-27.0.0-Release.Candidate.app/Contents/Developer/Platforms/AppleTVOS.platform/Developer/Library/Frameworks -F /Applications/Xcode-27.0.0-Release.Candidate.app/Contents/Developer/Platforms/AppleTVOS.platform/Developer/SDKs/AppleTVOS27.0.sdk/Developer/Library/Frameworks -emit-localized-strings -emit-localized-strings-path /Users/admin/builder/spi-builder-workspace/.derivedData/Build/Intermediates.noindex/ShapelyParentalGate.build/Debug-appletvos/ShapelyParentalGate-t.build/Objects-normal/arm64 -c -j10 -enable-batch-mode -incremental -Xcc -ivfsstatcache -Xcc /Users/admin/builder/spi-builder-workspace/.derivedData/SDKStatCaches.noindex/appletvos27.0-24J360-e829b21a6f8c9b70876ba0858053c044b32bfd8d43560033f8d89884cdb90028.sdkstatcache -output-file-map /Users/admin/builder/spi-builder-workspace/.derivedData/Build/Intermediates.noindex/ShapelyParentalGate.build/Debug-appletvos/ShapelyParentalGate-t.build/Objects-normal/arm64/ShapelyParentalGate-OutputFileMap.json -save-temps -no-color-diagnostics -explicit-module-build -module-cache-path /Users/admin/builder/spi-builder-workspace/.derivedData/Build/Intermediates.noindex/SwiftExplicitPrecompiledModules -clang-scanner-module-cache-path /Users/admin/builder/spi-builder-workspace/.derivedData/ModuleCache.noindex -sdk-module-cache-path /Users/admin/builder/spi-builder-workspace/.derivedData/SDKExplicitPrecompiledModules -emit-dependencies -emit-module -emit-module-path /Users/admin/builder/spi-builder-workspace/.derivedData/Build/Intermediates.noindex/ShapelyParentalGate.build/Debug-appletvos/ShapelyParentalGate-t.build/Objects-normal/arm64/ShapelyParentalGate.swiftmodule -serialize-diagnostics -dependency-scan-serialize-diagnostics-path /Users/admin/builder/spi-builder-workspace/.derivedData/Build/Intermediates.noindex/ShapelyParentalGate.build/Debug-appletvos/ShapelyParentalGate-t.build/Objects-normal/arm64/ShapelyParentalGate-dependency-scan.dia -validate-clang-modules-once -clang-build-session-file /Users/admin/builder/spi-builder-workspace/.derivedData/ModuleCache.noindex/Session.modulevalidation -Xcc -fmodules-prune-interval\=86400 -Xcc -fmodules-prune-after\=345600 -package-name spi_builder_workspace -emit-const-values -const-gather-protocols-list /Users/admin/builder/spi-builder-workspace/.derivedData/Build/Intermediates.noindex/ShapelyParentalGate.build/Debug-appletvos/ShapelyParentalGate-t.build/Objects-normal/arm64/ShapelyParentalGate_const_extract_protocols.json -Xcc -I/Users/admin/builder/spi-builder-workspace/.derivedData/Build/Products/Debug-appletvos/include -Xcc -I/Users/admin/builder/spi-builder-workspace/.derivedData/Build/Intermediates.noindex/ShapelyParentalGate.build/Debug-appletvos/ShapelyParentalGate-t.build/DerivedSources-normal/arm64 -Xcc -I/Users/admin/builder/spi-builder-workspace/.derivedData/Build/Intermediates.noindex/ShapelyParentalGate.build/Debug-appletvos/ShapelyParentalGate-t.build/DerivedSources/arm64 -Xcc -I/Users/admin/builder/spi-builder-workspace/.derivedData/Build/Intermediates.noindex/ShapelyParentalGate.build/Debug-appletvos/ShapelyParentalGate-t.build/DerivedSources -Xcc -DSWIFT_PACKAGE -Xcc -DDEBUG\=1 -emit-objc-header -emit-objc-header-path /Users/admin/builder/spi-builder-workspace/.derivedData/Build/Intermediates.noindex/ShapelyParentalGate.build/Debug-appletvos/ShapelyParentalGate-t.build/Objects-normal/arm64/ShapelyParentalGate-Swift.h -working-directory /Users/admin/builder/spi-builder-workspace/.swiftpm/xcode -experimental-emit-module-separately -disable-cmo
SwiftExplicitDependencyGeneratePcm arm64 /Users/admin/builder/spi-builder-workspace/.derivedData/SDKExplicitPrecompiledModules/ptrcheck-BA65H1NXYZJ0BLLWO9HZOAZ6Y.pcm
SwiftExplicitDependencyGeneratePcm arm64 /Users/admin/builder/spi-builder-workspace/.derivedData/SDKExplicitPrecompiledModules/_Builtin_stddef-1MAO6P3OSQFGZFQEPM31XXNSS.pcm
SwiftExplicitDependencyGeneratePcm arm64 /Users/admin/builder/spi-builder-workspace/.derivedData/SDKExplicitPrecompiledModules/_Builtin_stdbool-4UUPXTY52W6RPSB0N2WGGLTJT.pcm
SwiftExplicitDependencyGeneratePcm arm64 /Users/admin/builder/spi-builder-workspace/.derivedData/SDKExplicitPrecompiledModules/_SwiftConcurrencyShims-3HZGHPZQL3GY71QUHDRB0P39S.pcm
SwiftExplicitDependencyGeneratePcm arm64 /Users/admin/builder/spi-builder-workspace/.derivedData/SDKExplicitPrecompiledModules/ptrauth-EMKXYE8GN9BK4M3ODSTVDUJU2.pcm
SwiftExplicitDependencyGeneratePcm arm64 /Users/admin/builder/spi-builder-workspace/.derivedData/SDKExplicitPrecompiledModules/DeveloperToolsSupport-CJV8SY9BXJUTONPFWMLQEGTXA.pcm
SwiftExplicitDependencyGeneratePcm arm64 /Users/admin/builder/spi-builder-workspace/.derivedData/SDKExplicitPrecompiledModules/SwiftShims-73G9EXEO9PVWB6PL1BR4TAJ0B.pcm
SwiftExplicitDependencyGeneratePcm arm64 /Users/admin/builder/spi-builder-workspace/.derivedData/SDKExplicitPrecompiledModules/_Builtin_float-3RF4B70MBHPP952AX3GNZ8W3H.pcm
SwiftExplicitDependencyGeneratePcm arm64 /Users/admin/builder/spi-builder-workspace/.derivedData/SDKExplicitPrecompiledModules/_Builtin_stdarg-719DH4G2R3NRP3HRX5HE8WX08.pcm
SwiftExplicitDependencyGeneratePcm arm64 /Users/admin/builder/spi-builder-workspace/.derivedData/SDKExplicitPrecompiledModules/_AvailabilityInternal-99L1JVU5TYE8S0FGGB7E09QQS.pcm
SwiftExplicitDependencyGeneratePcm arm64 /Users/admin/builder/spi-builder-workspace/.derivedData/SDKExplicitPrecompiledModules/_DarwinFoundation1-90NUFDXQ765U5FR62173FT21A.pcm
SwiftExplicitDependencyGeneratePcm arm64 /Users/admin/builder/spi-builder-workspace/.derivedData/SDKExplicitPrecompiledModules/_DarwinFoundation2-EPKSYG5WMVE7WSPFQB4C0UC59.pcm
SwiftExplicitDependencyGeneratePcm arm64 /Users/admin/builder/spi-builder-workspace/.derivedData/SDKExplicitPrecompiledModules/_Builtin_limits-3JICJWOCEYXXXNXAMEJBF6UQN.pcm
SwiftExplicitDependencyGeneratePcm arm64 /Users/admin/builder/spi-builder-workspace/.derivedData/SDKExplicitPrecompiledModules/string_h-B6D36UOVIZC2Y0YE3KEZLZAP6.pcm
SwiftExplicitDependencyGeneratePcm arm64 /Users/admin/builder/spi-builder-workspace/.derivedData/SDKExplicitPrecompiledModules/sys_types-CATSGLJDZ8UZUMKHO6M4I4PJT.pcm
SwiftExplicitDependencyGeneratePcm arm64 /Users/admin/builder/spi-builder-workspace/.derivedData/SDKExplicitPrecompiledModules/_Builtin_stdint-A8OKY0NXO26BZ4GWYKP79TKL9.pcm
SwiftExplicitDependencyGeneratePcm arm64 /Users/admin/builder/spi-builder-workspace/.derivedData/SDKExplicitPrecompiledModules/_Builtin_tgmath-320K271Z6IM134IWIB7S3LTD.pcm
SwiftExplicitDependencyGeneratePcm arm64 /Users/admin/builder/spi-builder-workspace/.derivedData/SDKExplicitPrecompiledModules/_DarwinFoundation3-63L5I5VCGX6CLI6HI7OWUXJN6.pcm
SwiftExplicitDependencyGeneratePcm arm64 /Users/admin/builder/spi-builder-workspace/.derivedData/SDKExplicitPrecompiledModules/_Builtin_stdatomic-71DQV8BR56LNANL900GGEC9KO.pcm
SwiftExplicitDependencyGeneratePcm arm64 /Users/admin/builder/spi-builder-workspace/.derivedData/SDKExplicitPrecompiledModules/_Builtin_intrinsics-AQDFY8KQQX9Z38C6EI15S53EQ.pcm
SwiftExplicitDependencyGeneratePcm arm64 /Users/admin/builder/spi-builder-workspace/.derivedData/SDKExplicitPrecompiledModules/_Builtin_inttypes-80RS02PM2X81SP8N0Q7X05540.pcm
SwiftExplicitDependencyGeneratePcm arm64 /Users/admin/builder/spi-builder-workspace/.derivedData/SDKExplicitPrecompiledModules/Darwin-1VTILT8KA42CNDAUB0H1FM7MC.pcm
SwiftExplicitDependencyGeneratePcm arm64 /Users/admin/builder/spi-builder-workspace/.derivedData/SDKExplicitPrecompiledModules/simd-D50CDGAQRFNF5E2BA2UWCCHLJ.pcm
SwiftExplicitDependencyGeneratePcm arm64 /Users/admin/builder/spi-builder-workspace/.derivedData/SDKExplicitPrecompiledModules/ObjectiveC-CC0BYHG21IQMMT48PGDNSK7G6.pcm
SwiftExplicitDependencyGeneratePcm arm64 /Users/admin/builder/spi-builder-workspace/.derivedData/SDKExplicitPrecompiledModules/MachO-A5KLTMTLJD1DPHEYPZHUSRJ4O.pcm
SwiftExplicitDependencyGeneratePcm arm64 /Users/admin/builder/spi-builder-workspace/.derivedData/SDKExplicitPrecompiledModules/os_object-1TJLDNS7X3UT7Y5TM4QQ2RN6G.pcm
SwiftExplicitDependencyGeneratePcm arm64 /Users/admin/builder/spi-builder-workspace/.derivedData/SDKExplicitPrecompiledModules/os_workgroup-E61GF9E8FAHZGKXVOV9QHUD27.pcm
SwiftExplicitDependencyGeneratePcm arm64 /Users/admin/builder/spi-builder-workspace/.derivedData/SDKExplicitPrecompiledModules/Spatial-2KZFBWN278VTZL619Y96SAJC9.pcm
SwiftExplicitDependencyGeneratePcm arm64 /Users/admin/builder/spi-builder-workspace/.derivedData/SDKExplicitPrecompiledModules/Dispatch-F564M6B2H1RRD83XZ8EBWFSHE.pcm
SwiftExplicitDependencyGeneratePcm arm64 /Users/admin/builder/spi-builder-workspace/.derivedData/SDKExplicitPrecompiledModules/XPC-2WVXL0UION0MYZOZAJZC6DUXD.pcm
SwiftExplicitDependencyGeneratePcm arm64 /Users/admin/builder/spi-builder-workspace/.derivedData/SDKExplicitPrecompiledModules/CoreFoundation-A4LOYEEJIFQKOPZRDOG9M3N2K.pcm
SwiftExplicitDependencyGeneratePcm arm64 /Users/admin/builder/spi-builder-workspace/.derivedData/SDKExplicitPrecompiledModules/os-4NLIUP5HHN7FW5ML70YLEU8QE.pcm
SwiftExplicitDependencyGeneratePcm arm64 /Users/admin/builder/spi-builder-workspace/.derivedData/SDKExplicitPrecompiledModules/Security-6KU6X9W8QDIJW83JUF0DRES83.pcm
SwiftExplicitDependencyGeneratePcm arm64 /Users/admin/builder/spi-builder-workspace/.derivedData/SDKExplicitPrecompiledModules/CFNetwork-8S7XZ5SI3TWM2JOZPDZPRY8W9.pcm
SwiftExplicitDependencyGeneratePcm arm64 /Users/admin/builder/spi-builder-workspace/.derivedData/SDKExplicitPrecompiledModules/CoreAudioTypes-3D575H9KXE9GWSK6ZWEWBV9TM.pcm
SwiftExplicitDependencyGeneratePcm arm64 /Users/admin/builder/spi-builder-workspace/.derivedData/SDKExplicitPrecompiledModules/CoreGraphics-D8Y0X4J52BHG7HHUQLTX6SXE1.pcm
SwiftExplicitDependencyGeneratePcm arm64 /Users/admin/builder/spi-builder-workspace/.derivedData/SDKExplicitPrecompiledModules/CoreAudio-46JNU59TK6U76A9ILN06CT9NS.pcm
SwiftExplicitDependencyGeneratePcm arm64 /Users/admin/builder/spi-builder-workspace/.derivedData/SDKExplicitPrecompiledModules/Foundation-1AS5K10MY6XENLLR2NDUCKYTM.pcm
SwiftExplicitDependencyGeneratePcm arm64 /Users/admin/builder/spi-builder-workspace/.derivedData/SDKExplicitPrecompiledModules/ImageIO-48DA7ET77Q34HPZP9CPHI9VS4.pcm
SwiftExplicitDependencyGeneratePcm arm64 /Users/admin/builder/spi-builder-workspace/.derivedData/SDKExplicitPrecompiledModules/CoreText-E0GG8D3D527TJX7D2QEHFQLM2.pcm
SwiftExplicitDependencyGeneratePcm arm64 /Users/admin/builder/spi-builder-workspace/.derivedData/SDKExplicitPrecompiledModules/IOSurface-DEQULTJ8SC21O986FDCNTM8FX.pcm
SwiftExplicitDependencyGeneratePcm arm64 /Users/admin/builder/spi-builder-workspace/.derivedData/SDKExplicitPrecompiledModules/ModelIO-JNGW62PAJZJ85EJVPQ20SWUG.pcm
SwiftExplicitDependencyGeneratePcm arm64 /Users/admin/builder/spi-builder-workspace/.derivedData/SDKExplicitPrecompiledModules/UserNotifications-AKH3GC0FQWUK55FNTW4WEMFQE.pcm
SwiftExplicitDependencyGeneratePcm arm64 /Users/admin/builder/spi-builder-workspace/.derivedData/SDKExplicitPrecompiledModules/Symbols-9TNA7JIKOEYVTYC7A16HCS4Z8.pcm
SwiftExplicitDependencyGeneratePcm arm64 /Users/admin/builder/spi-builder-workspace/.derivedData/SDKExplicitPrecompiledModules/_LocationEssentials-2OY9351FRBO717MIULOKMYA9E.pcm
SwiftExplicitDependencyGeneratePcm arm64 /Users/admin/builder/spi-builder-workspace/.derivedData/SDKExplicitPrecompiledModules/UniformTypeIdentifiers-DQ77M7R0D7VCBK0YUO3VHCRB1.pcm
SwiftExplicitDependencyGeneratePcm arm64 /Users/admin/builder/spi-builder-workspace/.derivedData/SDKExplicitPrecompiledModules/CoreTransferable-84B3V3M9DHRIQERK179SSQO5U.pcm
SwiftExplicitDependencyGeneratePcm arm64 /Users/admin/builder/spi-builder-workspace/.derivedData/SDKExplicitPrecompiledModules/Accessibility-EAPB6A95K5V0S27QNKR6ATG7F.pcm
SwiftExplicitDependencyGeneratePcm arm64 /Users/admin/builder/spi-builder-workspace/.derivedData/SDKExplicitPrecompiledModules/CoreData-3R0N6HKKQMVS32U7KOKR14383.pcm
SwiftExplicitDependencyGeneratePcm arm64 /Users/admin/builder/spi-builder-workspace/.derivedData/SDKExplicitPrecompiledModules/DataDetection-9IX0C1MAX33MS6TCZDSNKXEO8.pcm
SwiftExplicitDependencyGeneratePcm arm64 /Users/admin/builder/spi-builder-workspace/.derivedData/SDKExplicitPrecompiledModules/OSLog-1UX1YGRJSIOEO9YC3MNFFD818.pcm
SwiftExplicitDependencyGeneratePcm arm64 /Users/admin/builder/spi-builder-workspace/.derivedData/SDKExplicitPrecompiledModules/UIUtilities-9NQVCWATNLLVY125LB74695HY.pcm
SwiftExplicitDependencyGeneratePcm arm64 /Users/admin/builder/spi-builder-workspace/.derivedData/SDKExplicitPrecompiledModules/CoreLocation-6939X9DMB2SA43P0TYB7Z14Z5.pcm
SwiftExplicitDependencyGeneratePcm arm64 /Users/admin/builder/spi-builder-workspace/.derivedData/SDKExplicitPrecompiledModules/Metal-52GB3RCZ6A2WEZ7RWCXV2WL0N.pcm
SwiftExplicitDependencyGeneratePcm arm64 /Users/admin/builder/spi-builder-workspace/.derivedData/SDKExplicitPrecompiledModules/OpenGLES-6Y33D4DDPO1R82EJXT1SIGNPS.pcm
SwiftExplicitDependencyGeneratePcm arm64 /Users/admin/builder/spi-builder-workspace/.derivedData/SDKExplicitPrecompiledModules/CoreVideo-5G4VAY32QMJB00PUALI6188LK.pcm
SwiftExplicitDependencyGeneratePcm arm64 /Users/admin/builder/spi-builder-workspace/.derivedData/SDKExplicitPrecompiledModules/QuartzCore-DSNZZA81DYNK4OK1ANRR6HM7G.pcm
SwiftExplicitDependencyGeneratePcm arm64 /Users/admin/builder/spi-builder-workspace/.derivedData/SDKExplicitPrecompiledModules/CoreImage-ATUQ374FIDJPA1DF5BLR644CG.pcm
SwiftExplicitDependencyGeneratePcm arm64 /Users/admin/builder/spi-builder-workspace/.derivedData/SDKExplicitPrecompiledModules/CoreMedia-43BPYBY7ZACBDCUTAJXJFLTBP.pcm
SwiftExplicitDependencyGeneratePcm arm64 /Users/admin/builder/spi-builder-workspace/.derivedData/SDKExplicitPrecompiledModules/SwiftUICore-7SJQ9GB90ACGZV5NB09LFJIRX.pcm
SwiftExplicitDependencyGeneratePcm arm64 /Users/admin/builder/spi-builder-workspace/.derivedData/SDKExplicitPrecompiledModules/UIKit-42T2ZGON9LDZUXRIAUKELQ554.pcm
SwiftExplicitDependencyGeneratePcm arm64 /Users/admin/builder/spi-builder-workspace/.derivedData/SDKExplicitPrecompiledModules/GLKit-8F2ZXHCSBME872COMZSKNWVXI.pcm
SwiftExplicitDependencyGeneratePcm arm64 /Users/admin/builder/spi-builder-workspace/.derivedData/SDKExplicitPrecompiledModules/SwiftUI-B634212FU5XQXG1OEBY2WYYH3.pcm
SwiftExplicitDependencyGeneratePcm arm64 /Users/admin/builder/spi-builder-workspace/.derivedData/SDKExplicitPrecompiledModules/SpriteKit-5SQU7PIEP7TONTLXWQIFRESO5.pcm
SwiftEmitModule normal arm64 Emitting\ module\ for\ ShapelyParentalGate (in target 'ShapelyParentalGate' from project 'ShapelyParentalGate')
SwiftCompile normal arm64 (in target 'ShapelyParentalGate' from project 'ShapelyParentalGate')
cd /Users/admin/builder/spi-builder-workspace/.swiftpm/xcode
SwiftCompile normal arm64 Compiling\ ShapelyParentalGateView.swift /Users/admin/builder/spi-builder-workspace/Sources/ShapelyParentalGate/ShapelyParentalGateView.swift (in target 'ShapelyParentalGate' from project 'ShapelyParentalGate')
SwiftCompile normal arm64 /Users/admin/builder/spi-builder-workspace/Sources/ShapelyParentalGate/ShapelyParentalGateView.swift (in target 'ShapelyParentalGate' from project 'ShapelyParentalGate')
cd /Users/admin/builder/spi-builder-workspace/.swiftpm/xcode
builtin-SwiftPerFileCompile ShapelyParentalGateView.swift
SwiftCompile normal arm64 Compiling\ ShapelyParentalGateStaticConfiguration.swift /Users/admin/builder/spi-builder-workspace/Sources/ShapelyParentalGate/ShapelyParentalGateStaticConfiguration.swift (in target 'ShapelyParentalGate' from project 'ShapelyParentalGate')
SwiftCompile normal arm64 /Users/admin/builder/spi-builder-workspace/Sources/ShapelyParentalGate/ShapelyParentalGateStaticConfiguration.swift (in target 'ShapelyParentalGate' from project 'ShapelyParentalGate')
cd /Users/admin/builder/spi-builder-workspace/.swiftpm/xcode
builtin-SwiftPerFileCompile ShapelyParentalGateStaticConfiguration.swift
SwiftCompile normal arm64 Compiling\ ShapleyScene.swift /Users/admin/builder/spi-builder-workspace/Sources/ShapelyParentalGate/ShapleyScene.swift (in target 'ShapelyParentalGate' from project 'ShapelyParentalGate')
/Users/admin/builder/spi-builder-workspace/Sources/ShapelyParentalGate/ShapleyScene.swift:289:27: error: 'systemGray2' is unavailable in tvOS
287 | let node = SKShapeNode(rectOf: Constants.targetSize)
288 |
289 | node.fillColor = .systemGray2
| `- error: 'systemGray2' is unavailable in tvOS
290 | node.strokeColor = .systemGray4
291 | node.lineWidth = 2.0
/Applications/Xcode-27.0.0-Release.Candidate.app/Contents/Developer/Platforms/AppleTVOS.platform/Developer/SDKs/AppleTVOS27.0.sdk/System/Library/Frameworks/UIKit.framework/Headers/UIInterface.h:146:49: note: 'systemGray2' has been explicitly marked unavailable here
144 | * systemGray3 is darker than that, and so on.
145 | */
146 | @property (class, nonatomic, readonly) UIColor *systemGray2Color API_AVAILABLE(ios(13.0)) API_UNAVAILABLE(tvos, watchos);
| `- note: 'systemGray2' has been explicitly marked unavailable here
147 | @property (class, nonatomic, readonly) UIColor *systemGray3Color API_AVAILABLE(ios(13.0)) API_UNAVAILABLE(tvos, watchos);
148 | @property (class, nonatomic, readonly) UIColor *systemGray4Color API_AVAILABLE(ios(13.0)) API_UNAVAILABLE(tvos, watchos);
/Users/admin/builder/spi-builder-workspace/Sources/ShapelyParentalGate/ShapleyScene.swift:290:29: error: 'systemGray4' is unavailable in tvOS
288 |
289 | node.fillColor = .systemGray2
290 | node.strokeColor = .systemGray4
| `- error: 'systemGray4' is unavailable in tvOS
291 | node.lineWidth = 2.0
292 | node.glowWidth = 2.0
/Applications/Xcode-27.0.0-Release.Candidate.app/Contents/Developer/Platforms/AppleTVOS.platform/Developer/SDKs/AppleTVOS27.0.sdk/System/Library/Frameworks/UIKit.framework/Headers/UIInterface.h:148:49: note: 'systemGray4' has been explicitly marked unavailable here
146 | @property (class, nonatomic, readonly) UIColor *systemGray2Color API_AVAILABLE(ios(13.0)) API_UNAVAILABLE(tvos, watchos);
147 | @property (class, nonatomic, readonly) UIColor *systemGray3Color API_AVAILABLE(ios(13.0)) API_UNAVAILABLE(tvos, watchos);
148 | @property (class, nonatomic, readonly) UIColor *systemGray4Color API_AVAILABLE(ios(13.0)) API_UNAVAILABLE(tvos, watchos);
| `- note: 'systemGray4' has been explicitly marked unavailable here
149 | @property (class, nonatomic, readonly) UIColor *systemGray5Color API_AVAILABLE(ios(13.0)) API_UNAVAILABLE(tvos, watchos);
150 | @property (class, nonatomic, readonly) UIColor *systemGray6Color API_AVAILABLE(ios(13.0)) API_UNAVAILABLE(tvos, watchos);
Failed frontend command:
/Applications/Xcode-27.0.0-Release.Candidate.app/Contents/Developer/Toolchains/XcodeDefault.xctoolchain/usr/bin/swift-frontend -frontend -c /Users/admin/builder/spi-builder-workspace/.derivedData/Build/Intermediates.noindex/ShapelyParentalGate.build/Debug-appletvos/ShapelyParentalGate-t.build/DerivedSources/resource_bundle_accessor.swift /Users/admin/builder/spi-builder-workspace/Sources/ShapelyParentalGate/Localizer.swift /Users/admin/builder/spi-builder-workspace/Sources/ShapelyParentalGate/ShapelyParentalGateModifier.swift /Users/admin/builder/spi-builder-workspace/Sources/ShapelyParentalGate/ShapelyParentalGateStaticConfiguration.swift /Users/admin/builder/spi-builder-workspace/Sources/ShapelyParentalGate/ShapelyParentalGateView.swift /Users/admin/builder/spi-builder-workspace/Sources/ShapelyParentalGate/ShapelyParentalGateViewModel.swift -primary-file /Users/admin/builder/spi-builder-workspace/Sources/ShapelyParentalGate/ShapleyScene.swift -emit-dependencies-path /Users/admin/builder/spi-builder-workspace/.derivedData/Build/Intermediates.noindex/ShapelyParentalGate.build/Debug-appletvos/ShapelyParentalGate-t.build/Objects-normal/arm64/ShapleyScene.d -emit-const-values-path /Users/admin/builder/spi-builder-workspace/.derivedData/Build/Intermediates.noindex/ShapelyParentalGate.build/Debug-appletvos/ShapelyParentalGate-t.build/Objects-normal/arm64/ShapleyScene.swiftconstvalues -emit-reference-dependencies-path /Users/admin/builder/spi-builder-workspace/.derivedData/Build/Intermediates.noindex/ShapelyParentalGate.build/Debug-appletvos/ShapelyParentalGate-t.build/Objects-normal/arm64/ShapleyScene.swiftdeps -serialize-diagnostics-path /Users/admin/builder/spi-builder-workspace/.derivedData/Build/Intermediates.noindex/ShapelyParentalGate.build/Debug-appletvos/ShapelyParentalGate-t.build/Objects-normal/arm64/ShapleyScene.dia -emit-localized-strings -emit-localized-strings-path /Users/admin/builder/spi-builder-workspace/.derivedData/Build/Intermediates.noindex/ShapelyParentalGate.build/Debug-appletvos/ShapelyParentalGate-t.build/Objects-normal/arm64 -target arm64-apple-tvos26.0 -disable-cross-import-overlay-search -swift-module-cross-import SpriteKit /Applications/Xcode-27.0.0-Release.Candidate.app/Contents/Developer/Platforms/AppleTVOS.platform/Developer/SDKs/AppleTVOS.sdk/System/Library/Frameworks/SpriteKit.framework/Modules/SpriteKit.swiftcrossimport/SwiftUI.swiftoverlay -load-resolved-plugin /Applications/Xcode-27.0.0-Release.Candidate.app/Contents/Developer/Platforms/AppleTVOS.platform/Developer/usr/lib/swift/host/plugins/libFoundationMacros.dylib\#/Applications/Xcode-27.0.0-Release.Candidate.app/Contents/Developer/Platforms/AppleTVOS.platform/Developer/usr/bin/swift-plugin-server\#FoundationMacros -load-resolved-plugin /Applications/Xcode-27.0.0-Release.Candidate.app/Contents/Developer/Platforms/AppleTVOS.platform/Developer/usr/lib/swift/host/plugins/libObservationMacros.dylib\#/Applications/Xcode-27.0.0-Release.Candidate.app/Contents/Developer/Platforms/AppleTVOS.platform/Developer/usr/bin/swift-plugin-server\#ObservationMacros -load-resolved-plugin /Applications/Xcode-27.0.0-Release.Candidate.app/Contents/Developer/Platforms/AppleTVOS.platform/Developer/usr/lib/swift/host/plugins/libPreviewsMacros.dylib\#/Applications/Xcode-27.0.0-Release.Candidate.app/Contents/Developer/Platforms/AppleTVOS.platform/Developer/usr/bin/swift-plugin-server\#PreviewsMacros -load-resolved-plugin /Applications/Xcode-27.0.0-Release.Candidate.app/Contents/Developer/Platforms/AppleTVOS.platform/Developer/usr/lib/swift/host/plugins/libSwiftMacros.dylib\#/Applications/Xcode-27.0.0-Release.Candidate.app/Contents/Developer/Platforms/AppleTVOS.platform/Developer/usr/bin/swift-plugin-server\#SwiftMacros -load-resolved-plugin /Applications/Xcode-27.0.0-Release.Candidate.app/Contents/Developer/Platforms/AppleTVOS.platform/Developer/usr/lib/swift/host/plugins/libSwiftUIMacros.dylib\#/Applications/Xcode-27.0.0-Release.Candidate.app/Contents/Developer/Platforms/AppleTVOS.platform/Developer/usr/bin/swift-plugin-server\#SwiftUIMacros -disable-implicit-swift-modules -Xcc -fno-implicit-modules -Xcc -fno-implicit-module-maps -explicit-swift-module-map-file /Users/admin/builder/spi-builder-workspace/.derivedData/Build/Intermediates.noindex/ShapelyParentalGate.build/Debug-appletvos/ShapelyParentalGate-t.build/Objects-normal/arm64/ShapelyParentalGate-dependencies-1.json -Xllvm -aarch64-use-tbi -enable-objc-interop -stack-check -sdk /Applications/Xcode-27.0.0-Release.Candidate.app/Contents/Developer/Platforms/AppleTVOS.platform/Developer/SDKs/AppleTVOS27.0.sdk -I /Users/admin/builder/spi-builder-workspace/.derivedData/Build/Products/Debug-appletvos -Isystem /Applications/Xcode-27.0.0-Release.Candidate.app/Contents/Developer/Platforms/AppleTVOS.platform/Developer/usr/lib -F /Users/admin/builder/spi-builder-workspace/.derivedData/Build/Products/Debug-appletvos -F /Applications/Xcode-27.0.0-Release.Candidate.app/Contents/Developer/Platforms/AppleTVOS.platform/Developer/Library/Frameworks -F /Applications/Xcode-27.0.0-Release.Candidate.app/Contents/Developer/Platforms/AppleTVOS.platform/Developer/SDKs/AppleTVOS27.0.sdk/Developer/Library/Frameworks -module-cache-path /Users/admin/builder/spi-builder-workspace/.derivedData/Build/Intermediates.noindex/SwiftExplicitPrecompiledModules -no-color-diagnostics -Xcc -fno-color-diagnostics -enable-testing -g -debug-info-format\=dwarf -dwarf-version\=5 -swift-version 6 -Onone -D SWIFT_PACKAGE -D DEBUG -D SWIFT_MODULE_RESOURCE_BUNDLE_AVAILABLE -D Xcode -serialize-debugging-options -enable-experimental-feature DebugDescriptionMacro -empty-abi-descriptor -validate-clang-modules-once -clang-build-session-file /Users/admin/builder/spi-builder-workspace/.derivedData/ModuleCache.noindex/Session.modulevalidation -Xcc -working-directory -Xcc /Users/admin/builder/spi-builder-workspace/.swiftpm/xcode -enable-anonymous-context-mangled-names -file-compilation-dir /Users/admin/builder/spi-builder-workspace/.swiftpm/xcode -Xcc -D_LIBCPP_HARDENING_MODE\=_LIBCPP_HARDENING_MODE_DEBUG -Xcc -ivfsstatcache -Xcc /Users/admin/builder/spi-builder-workspace/.derivedData/SDKStatCaches.noindex/appletvos27.0-24J360-e829b21a6f8c9b70876ba0858053c044b32bfd8d43560033f8d89884cdb90028.sdkstatcache -Xcc -fmodules-prune-interval\=86400 -Xcc -fmodules-prune-after\=345600 -Xcc -I/Users/admin/builder/spi-builder-workspace/.derivedData/Build/Products/Debug-appletvos/include -Xcc -I/Users/admin/builder/spi-builder-workspace/.derivedData/Build/Intermediates.noindex/ShapelyParentalGate.build/Debug-appletvos/ShapelyParentalGate-t.build/DerivedSources-normal/arm64 -Xcc -I/Users/admin/builder/spi-builder-workspace/.derivedData/Build/Intermediates.noindex/ShapelyParentalGate.build/Debug-appletvos/ShapelyParentalGate-t.build/DerivedSources/arm64 -Xcc -I/Users/admin/builder/spi-builder-workspace/.derivedData/Build/Intermediates.noindex/ShapelyParentalGate.build/Debug-appletvos/ShapelyParentalGate-t.build/DerivedSources -Xcc -DSWIFT_PACKAGE -Xcc -DDEBUG\=1 -no-auto-bridging-header-chaining -module-name ShapelyParentalGate -package-name spi_builder_workspace -const-gather-protocols-file /Users/admin/builder/spi-builder-workspace/.derivedData/Build/Intermediates.noindex/ShapelyParentalGate.build/Debug-appletvos/ShapelyParentalGate-t.build/Objects-normal/arm64/ShapelyParentalGate_const_extract_protocols.json -disable-clang-spi -clang-target arm64-apple-tvos27.0 -target-sdk-version 27.0 -target-sdk-name appletvos27.0 -in-process-plugin-server-path /Applications/Xcode-27.0.0-Release.Candidate.app/Contents/Developer/Toolchains/XcodeDefault.xctoolchain/usr/lib/swift/host/libSwiftInProcPluginServer.dylib -parse-as-library -o /Users/admin/builder/spi-builder-workspace/.derivedData/Build/Intermediates.noindex/ShapelyParentalGate.build/Debug-appletvos/ShapelyParentalGate-t.build/Objects-normal/arm64/ShapleyScene.o -debug-module-path /Users/admin/builder/spi-builder-workspace/.derivedData/Build/Intermediates.noindex/ShapelyParentalGate.build/Debug-appletvos/ShapelyParentalGate-t.build/Objects-normal/arm64/ShapelyParentalGate.swiftmodule -index-unit-output-path /ShapelyParentalGate.build/Debug-appletvos/ShapelyParentalGate-t.build/Objects-normal/arm64/ShapleyScene.o -index-store-path /Users/admin/builder/spi-builder-workspace/.derivedData/Index.noindex/DataStore -index-system-modules
SwiftCompile normal arm64 /Users/admin/builder/spi-builder-workspace/Sources/ShapelyParentalGate/ShapleyScene.swift (in target 'ShapelyParentalGate' from project 'ShapelyParentalGate')
cd /Users/admin/builder/spi-builder-workspace/.swiftpm/xcode
builtin-SwiftPerFileCompile ShapleyScene.swift
SwiftCompile normal arm64 Compiling\ Localizer.swift /Users/admin/builder/spi-builder-workspace/Sources/ShapelyParentalGate/Localizer.swift (in target 'ShapelyParentalGate' from project 'ShapelyParentalGate')
SwiftCompile normal arm64 /Users/admin/builder/spi-builder-workspace/Sources/ShapelyParentalGate/Localizer.swift (in target 'ShapelyParentalGate' from project 'ShapelyParentalGate')
cd /Users/admin/builder/spi-builder-workspace/.swiftpm/xcode
builtin-SwiftPerFileCompile Localizer.swift
SwiftCompile normal arm64 Compiling\ ShapelyParentalGateModifier.swift /Users/admin/builder/spi-builder-workspace/Sources/ShapelyParentalGate/ShapelyParentalGateModifier.swift (in target 'ShapelyParentalGate' from project 'ShapelyParentalGate')
SwiftCompile normal arm64 /Users/admin/builder/spi-builder-workspace/Sources/ShapelyParentalGate/ShapelyParentalGateModifier.swift (in target 'ShapelyParentalGate' from project 'ShapelyParentalGate')
cd /Users/admin/builder/spi-builder-workspace/.swiftpm/xcode
builtin-SwiftPerFileCompile ShapelyParentalGateModifier.swift
SwiftCompile normal arm64 Compiling\ resource_bundle_accessor.swift /Users/admin/builder/spi-builder-workspace/.derivedData/Build/Intermediates.noindex/ShapelyParentalGate.build/Debug-appletvos/ShapelyParentalGate-t.build/DerivedSources/resource_bundle_accessor.swift (in target 'ShapelyParentalGate' from project 'ShapelyParentalGate')
SwiftCompile normal arm64 /Users/admin/builder/spi-builder-workspace/.derivedData/Build/Intermediates.noindex/ShapelyParentalGate.build/Debug-appletvos/ShapelyParentalGate-t.build/DerivedSources/resource_bundle_accessor.swift (in target 'ShapelyParentalGate' from project 'ShapelyParentalGate')
cd /Users/admin/builder/spi-builder-workspace/.swiftpm/xcode
builtin-SwiftPerFileCompile resource_bundle_accessor.swift
SwiftCompile normal arm64 Compiling\ ShapelyParentalGateViewModel.swift /Users/admin/builder/spi-builder-workspace/Sources/ShapelyParentalGate/ShapelyParentalGateViewModel.swift (in target 'ShapelyParentalGate' from project 'ShapelyParentalGate')
SwiftCompile normal arm64 /Users/admin/builder/spi-builder-workspace/Sources/ShapelyParentalGate/ShapelyParentalGateViewModel.swift (in target 'ShapelyParentalGate' from project 'ShapelyParentalGate')
cd /Users/admin/builder/spi-builder-workspace/.swiftpm/xcode
builtin-SwiftPerFileCompile ShapelyParentalGateViewModel.swift
SwiftDriverJobDiscovery normal arm64 Emitting module for ShapelyParentalGate (in target 'ShapelyParentalGate' from project 'ShapelyParentalGate')
SwiftDriver\ Compilation\ Requirements ShapelyParentalGate normal arm64 com.apple.xcode.tools.swift.compiler (in target 'ShapelyParentalGate' from project 'ShapelyParentalGate')
cd /Users/admin/builder/spi-builder-workspace/.swiftpm/xcode
builtin-Swift-Compilation-Requirements -- /Applications/Xcode-27.0.0-Release.Candidate.app/Contents/Developer/Toolchains/XcodeDefault.xctoolchain/usr/bin/swiftc -parse-as-library -module-name ShapelyParentalGate -Onone @/Users/admin/builder/spi-builder-workspace/.derivedData/Build/Intermediates.noindex/ShapelyParentalGate.build/Debug-appletvos/ShapelyParentalGate-t.build/Objects-normal/arm64/ShapelyParentalGate.SwiftFileList -DSWIFT_PACKAGE -DDEBUG -DSWIFT_MODULE_RESOURCE_BUNDLE_AVAILABLE -DXcode -plugin-path /Applications/Xcode-27.0.0-Release.Candidate.app/Contents/Developer/Toolchains/XcodeDefault.xctoolchain/usr/lib/swift/host/plugins/testing -enable-experimental-feature DebugDescriptionMacro -sdk /Applications/Xcode-27.0.0-Release.Candidate.app/Contents/Developer/Platforms/AppleTVOS.platform/Developer/SDKs/AppleTVOS27.0.sdk -target arm64-apple-tvos26.0 -g -module-cache-path /Users/admin/builder/spi-builder-workspace/.derivedData/ModuleCache.noindex -Xfrontend -serialize-debugging-options -enable-testing -index-store-path /Users/admin/builder/spi-builder-workspace/.derivedData/Index.noindex/DataStore -Xcc -D_LIBCPP_HARDENING_MODE\=_LIBCPP_HARDENING_MODE_DEBUG -swift-version 6 -I /Users/admin/builder/spi-builder-workspace/.derivedData/Build/Products/Debug-appletvos -Isystem /Applications/Xcode-27.0.0-Release.Candidate.app/Contents/Developer/Platforms/AppleTVOS.platform/Developer/usr/lib -F /Users/admin/builder/spi-builder-workspace/.derivedData/Build/Products/Debug-appletvos -F /Applications/Xcode-27.0.0-Release.Candidate.app/Contents/Developer/Platforms/AppleTVOS.platform/Developer/Library/Frameworks -F /Applications/Xcode-27.0.0-Release.Candidate.app/Contents/Developer/Platforms/AppleTVOS.platform/Developer/SDKs/AppleTVOS27.0.sdk/Developer/Library/Frameworks -emit-localized-strings -emit-localized-strings-path /Users/admin/builder/spi-builder-workspace/.derivedData/Build/Intermediates.noindex/ShapelyParentalGate.build/Debug-appletvos/ShapelyParentalGate-t.build/Objects-normal/arm64 -c -j10 -enable-batch-mode -incremental -Xcc -ivfsstatcache -Xcc /Users/admin/builder/spi-builder-workspace/.derivedData/SDKStatCaches.noindex/appletvos27.0-24J360-e829b21a6f8c9b70876ba0858053c044b32bfd8d43560033f8d89884cdb90028.sdkstatcache -output-file-map /Users/admin/builder/spi-builder-workspace/.derivedData/Build/Intermediates.noindex/ShapelyParentalGate.build/Debug-appletvos/ShapelyParentalGate-t.build/Objects-normal/arm64/ShapelyParentalGate-OutputFileMap.json -save-temps -no-color-diagnostics -explicit-module-build -module-cache-path /Users/admin/builder/spi-builder-workspace/.derivedData/Build/Intermediates.noindex/SwiftExplicitPrecompiledModules -clang-scanner-module-cache-path /Users/admin/builder/spi-builder-workspace/.derivedData/ModuleCache.noindex -sdk-module-cache-path /Users/admin/builder/spi-builder-workspace/.derivedData/SDKExplicitPrecompiledModules -emit-dependencies -emit-module -emit-module-path /Users/admin/builder/spi-builder-workspace/.derivedData/Build/Intermediates.noindex/ShapelyParentalGate.build/Debug-appletvos/ShapelyParentalGate-t.build/Objects-normal/arm64/ShapelyParentalGate.swiftmodule -serialize-diagnostics -dependency-scan-serialize-diagnostics-path /Users/admin/builder/spi-builder-workspace/.derivedData/Build/Intermediates.noindex/ShapelyParentalGate.build/Debug-appletvos/ShapelyParentalGate-t.build/Objects-normal/arm64/ShapelyParentalGate-dependency-scan.dia -validate-clang-modules-once -clang-build-session-file /Users/admin/builder/spi-builder-workspace/.derivedData/ModuleCache.noindex/Session.modulevalidation -Xcc -fmodules-prune-interval\=86400 -Xcc -fmodules-prune-after\=345600 -package-name spi_builder_workspace -emit-const-values -const-gather-protocols-list /Users/admin/builder/spi-builder-workspace/.derivedData/Build/Intermediates.noindex/ShapelyParentalGate.build/Debug-appletvos/ShapelyParentalGate-t.build/Objects-normal/arm64/ShapelyParentalGate_const_extract_protocols.json -Xcc -I/Users/admin/builder/spi-builder-workspace/.derivedData/Build/Products/Debug-appletvos/include -Xcc -I/Users/admin/builder/spi-builder-workspace/.derivedData/Build/Intermediates.noindex/ShapelyParentalGate.build/Debug-appletvos/ShapelyParentalGate-t.build/DerivedSources-normal/arm64 -Xcc -I/Users/admin/builder/spi-builder-workspace/.derivedData/Build/Intermediates.noindex/ShapelyParentalGate.build/Debug-appletvos/ShapelyParentalGate-t.build/DerivedSources/arm64 -Xcc -I/Users/admin/builder/spi-builder-workspace/.derivedData/Build/Intermediates.noindex/ShapelyParentalGate.build/Debug-appletvos/ShapelyParentalGate-t.build/DerivedSources -Xcc -DSWIFT_PACKAGE -Xcc -DDEBUG\=1 -emit-objc-header -emit-objc-header-path /Users/admin/builder/spi-builder-workspace/.derivedData/Build/Intermediates.noindex/ShapelyParentalGate.build/Debug-appletvos/ShapelyParentalGate-t.build/Objects-normal/arm64/ShapelyParentalGate-Swift.h -working-directory /Users/admin/builder/spi-builder-workspace/.swiftpm/xcode -experimental-emit-module-separately -disable-cmo
SwiftMergeGeneratedHeaders /Users/admin/builder/spi-builder-workspace/.derivedData/Build/Intermediates.noindex/GeneratedModuleMaps-appletvos/ShapelyParentalGate-Swift.h /Users/admin/builder/spi-builder-workspace/.derivedData/Build/Intermediates.noindex/ShapelyParentalGate.build/Debug-appletvos/ShapelyParentalGate-t.build/Objects-normal/arm64/ShapelyParentalGate-Swift.h (in target 'ShapelyParentalGate' from project 'ShapelyParentalGate')
cd /Users/admin/builder/spi-builder-workspace
builtin-swiftHeaderTool -arch arm64 /Users/admin/builder/spi-builder-workspace/.derivedData/Build/Intermediates.noindex/ShapelyParentalGate.build/Debug-appletvos/ShapelyParentalGate-t.build/Objects-normal/arm64/ShapelyParentalGate-Swift.h -o /Users/admin/builder/spi-builder-workspace/.derivedData/Build/Intermediates.noindex/GeneratedModuleMaps-appletvos/ShapelyParentalGate-Swift.h
Copy /Users/admin/builder/spi-builder-workspace/.derivedData/Build/Products/Debug-appletvos/ShapelyParentalGate.swiftmodule/arm64-apple-tvos.swiftdoc /Users/admin/builder/spi-builder-workspace/.derivedData/Build/Intermediates.noindex/ShapelyParentalGate.build/Debug-appletvos/ShapelyParentalGate-t.build/Objects-normal/arm64/ShapelyParentalGate.swiftdoc (in target 'ShapelyParentalGate' from project 'ShapelyParentalGate')
cd /Users/admin/builder/spi-builder-workspace
builtin-copy -exclude .DS_Store -exclude CVS -exclude .svn -exclude .git -exclude .hg -resolve-src-symlinks -rename /Users/admin/builder/spi-builder-workspace/.derivedData/Build/Intermediates.noindex/ShapelyParentalGate.build/Debug-appletvos/ShapelyParentalGate-t.build/Objects-normal/arm64/ShapelyParentalGate.swiftdoc /Users/admin/builder/spi-builder-workspace/.derivedData/Build/Products/Debug-appletvos/ShapelyParentalGate.swiftmodule/arm64-apple-tvos.swiftdoc
Copy /Users/admin/builder/spi-builder-workspace/.derivedData/Build/Products/Debug-appletvos/ShapelyParentalGate.swiftmodule/arm64-apple-tvos.swiftmodule /Users/admin/builder/spi-builder-workspace/.derivedData/Build/Intermediates.noindex/ShapelyParentalGate.build/Debug-appletvos/ShapelyParentalGate-t.build/Objects-normal/arm64/ShapelyParentalGate.swiftmodule (in target 'ShapelyParentalGate' from project 'ShapelyParentalGate')
cd /Users/admin/builder/spi-builder-workspace
builtin-copy -exclude .DS_Store -exclude CVS -exclude .svn -exclude .git -exclude .hg -resolve-src-symlinks -rename /Users/admin/builder/spi-builder-workspace/.derivedData/Build/Intermediates.noindex/ShapelyParentalGate.build/Debug-appletvos/ShapelyParentalGate-t.build/Objects-normal/arm64/ShapelyParentalGate.swiftmodule /Users/admin/builder/spi-builder-workspace/.derivedData/Build/Products/Debug-appletvos/ShapelyParentalGate.swiftmodule/arm64-apple-tvos.swiftmodule
Copy /Users/admin/builder/spi-builder-workspace/.derivedData/Build/Products/Debug-appletvos/ShapelyParentalGate.swiftmodule/arm64-apple-tvos.abi.json /Users/admin/builder/spi-builder-workspace/.derivedData/Build/Intermediates.noindex/ShapelyParentalGate.build/Debug-appletvos/ShapelyParentalGate-t.build/Objects-normal/arm64/ShapelyParentalGate.abi.json (in target 'ShapelyParentalGate' from project 'ShapelyParentalGate')
cd /Users/admin/builder/spi-builder-workspace
builtin-copy -exclude .DS_Store -exclude CVS -exclude .svn -exclude .git -exclude .hg -resolve-src-symlinks -rename /Users/admin/builder/spi-builder-workspace/.derivedData/Build/Intermediates.noindex/ShapelyParentalGate.build/Debug-appletvos/ShapelyParentalGate-t.build/Objects-normal/arm64/ShapelyParentalGate.abi.json /Users/admin/builder/spi-builder-workspace/.derivedData/Build/Products/Debug-appletvos/ShapelyParentalGate.swiftmodule/arm64-apple-tvos.abi.json
Copy /Users/admin/builder/spi-builder-workspace/.derivedData/Build/Products/Debug-appletvos/ShapelyParentalGate.swiftmodule/Project/arm64-apple-tvos.swiftsourceinfo /Users/admin/builder/spi-builder-workspace/.derivedData/Build/Intermediates.noindex/ShapelyParentalGate.build/Debug-appletvos/ShapelyParentalGate-t.build/Objects-normal/arm64/ShapelyParentalGate.swiftsourceinfo (in target 'ShapelyParentalGate' from project 'ShapelyParentalGate')
cd /Users/admin/builder/spi-builder-workspace
builtin-copy -exclude .DS_Store -exclude CVS -exclude .svn -exclude .git -exclude .hg -resolve-src-symlinks -rename /Users/admin/builder/spi-builder-workspace/.derivedData/Build/Intermediates.noindex/ShapelyParentalGate.build/Debug-appletvos/ShapelyParentalGate-t.build/Objects-normal/arm64/ShapelyParentalGate.swiftsourceinfo /Users/admin/builder/spi-builder-workspace/.derivedData/Build/Products/Debug-appletvos/ShapelyParentalGate.swiftmodule/Project/arm64-apple-tvos.swiftsourceinfo
SwiftDriver ShapelyParentalGateTests normal arm64 com.apple.xcode.tools.swift.compiler (in target 'ShapelyParentalGateTests-product' from project 'ShapelyParentalGate')
cd /Users/admin/builder/spi-builder-workspace/.swiftpm/xcode
builtin-SwiftDriver -- /Applications/Xcode-27.0.0-Release.Candidate.app/Contents/Developer/Toolchains/XcodeDefault.xctoolchain/usr/bin/swiftc -parse-as-library -module-name ShapelyParentalGateTests -Onone @/Users/admin/builder/spi-builder-workspace/.derivedData/Build/Intermediates.noindex/ShapelyParentalGate.build/Debug-appletvos/ShapelyParentalGateTests-p.build/Objects-normal/arm64/ShapelyParentalGateTests.SwiftFileList -DSWIFT_PACKAGE -DDEBUG -DSWIFT_MODULE_RESOURCE_BUNDLE_AVAILABLE -DXcode -plugin-path /Applications/Xcode-27.0.0-Release.Candidate.app/Contents/Developer/Toolchains/XcodeDefault.xctoolchain/usr/lib/swift/host/plugins/testing -enable-experimental-feature DebugDescriptionMacro -sdk /Applications/Xcode-27.0.0-Release.Candidate.app/Contents/Developer/Platforms/AppleTVOS.platform/Developer/SDKs/AppleTVOS27.0.sdk -target arm64-apple-tvos26.0 -g -module-cache-path /Users/admin/builder/spi-builder-workspace/.derivedData/ModuleCache.noindex -Xfrontend -serialize-debugging-options -enable-testing -index-store-path /Users/admin/builder/spi-builder-workspace/.derivedData/Index.noindex/DataStore -Xcc -D_LIBCPP_HARDENING_MODE\=_LIBCPP_HARDENING_MODE_DEBUG -swift-version 6 -I /Users/admin/builder/spi-builder-workspace/.derivedData/Build/Products/Debug-appletvos -Isystem /Applications/Xcode-27.0.0-Release.Candidate.app/Contents/Developer/Platforms/AppleTVOS.platform/Developer/usr/lib -F /Users/admin/builder/spi-builder-workspace/.derivedData/Build/Products/Debug-appletvos/PackageFrameworks -F /Users/admin/builder/spi-builder-workspace/.derivedData/Build/Products/Debug-appletvos -F /Applications/Xcode-27.0.0-Release.Candidate.app/Contents/Developer/Platforms/AppleTVOS.platform/Developer/Library/Frameworks -F /Applications/Xcode-27.0.0-Release.Candidate.app/Contents/Developer/Platforms/AppleTVOS.platform/Developer/SDKs/AppleTVOS27.0.sdk/Developer/Library/Frameworks -emit-localized-strings -emit-localized-strings-path /Users/admin/builder/spi-builder-workspace/.derivedData/Build/Intermediates.noindex/ShapelyParentalGate.build/Debug-appletvos/ShapelyParentalGateTests-p.build/Objects-normal/arm64 -c -j10 -enable-batch-mode -incremental -Xcc -ivfsstatcache -Xcc /Users/admin/builder/spi-builder-workspace/.derivedData/SDKStatCaches.noindex/appletvos27.0-24J360-e829b21a6f8c9b70876ba0858053c044b32bfd8d43560033f8d89884cdb90028.sdkstatcache -output-file-map /Users/admin/builder/spi-builder-workspace/.derivedData/Build/Intermediates.noindex/ShapelyParentalGate.build/Debug-appletvos/ShapelyParentalGateTests-p.build/Objects-normal/arm64/ShapelyParentalGateTests-OutputFileMap.json -save-temps -no-color-diagnostics -explicit-module-build -module-cache-path /Users/admin/builder/spi-builder-workspace/.derivedData/Build/Intermediates.noindex/SwiftExplicitPrecompiledModules -clang-scanner-module-cache-path /Users/admin/builder/spi-builder-workspace/.derivedData/ModuleCache.noindex -sdk-module-cache-path /Users/admin/builder/spi-builder-workspace/.derivedData/SDKExplicitPrecompiledModules -emit-dependencies -emit-module -emit-module-path /Users/admin/builder/spi-builder-workspace/.derivedData/Build/Intermediates.noindex/ShapelyParentalGate.build/Debug-appletvos/ShapelyParentalGateTests-p.build/Objects-normal/arm64/ShapelyParentalGateTests.swiftmodule -serialize-diagnostics -dependency-scan-serialize-diagnostics-path /Users/admin/builder/spi-builder-workspace/.derivedData/Build/Intermediates.noindex/ShapelyParentalGate.build/Debug-appletvos/ShapelyParentalGateTests-p.build/Objects-normal/arm64/ShapelyParentalGateTests-dependency-scan.dia -validate-clang-modules-once -clang-build-session-file /Users/admin/builder/spi-builder-workspace/.derivedData/ModuleCache.noindex/Session.modulevalidation -Xcc -fmodules-prune-interval\=86400 -Xcc -fmodules-prune-after\=345600 -package-name spi_builder_workspace -emit-const-values -const-gather-protocols-list /Users/admin/builder/spi-builder-workspace/.derivedData/Build/Intermediates.noindex/ShapelyParentalGate.build/Debug-appletvos/ShapelyParentalGateTests-p.build/Objects-normal/arm64/ShapelyParentalGateTests_const_extract_protocols.json -Xcc -I/Users/admin/builder/spi-builder-workspace/.derivedData/Build/Products/Debug-appletvos/include -Xcc -I/Users/admin/builder/spi-builder-workspace/.derivedData/Build/Intermediates.noindex/ShapelyParentalGate.build/Debug-appletvos/ShapelyParentalGateTests-p.build/DerivedSources-normal/arm64 -Xcc -I/Users/admin/builder/spi-builder-workspace/.derivedData/Build/Intermediates.noindex/ShapelyParentalGate.build/Debug-appletvos/ShapelyParentalGateTests-p.build/DerivedSources/arm64 -Xcc -I/Users/admin/builder/spi-builder-workspace/.derivedData/Build/Intermediates.noindex/ShapelyParentalGate.build/Debug-appletvos/ShapelyParentalGateTests-p.build/DerivedSources -Xcc -DSWIFT_PACKAGE -Xcc -DDEBUG\=1 -working-directory /Users/admin/builder/spi-builder-workspace/.swiftpm/xcode -experimental-emit-module-separately -disable-cmo
SwiftExplicitDependencyGeneratePcm arm64 /Users/admin/builder/spi-builder-workspace/.derivedData/Build/Intermediates.noindex/SwiftExplicitPrecompiledModules/XCUIAutomation-E4997PJ85VXJDPGB7XJOTLEU4.pcm
SwiftExplicitDependencyCompileModuleFromInterface arm64 /Users/admin/builder/spi-builder-workspace/.derivedData/Build/Intermediates.noindex/SwiftExplicitPrecompiledModules/XCUIAutomation-21RBG1A93VYR.swiftmodule
SwiftExplicitDependencyGeneratePcm arm64 /Users/admin/builder/spi-builder-workspace/.derivedData/Build/Intermediates.noindex/SwiftExplicitPrecompiledModules/XCTest-EYP7HLJLENF3KP2I7RJUI5ZM1.pcm
SwiftExplicitDependencyCompileModuleFromInterface arm64 /Users/admin/builder/spi-builder-workspace/.derivedData/Build/Intermediates.noindex/SwiftExplicitPrecompiledModules/XCTest-202SDKRO6L307.swiftmodule
SwiftEmitModule normal arm64 Emitting\ module\ for\ ShapelyParentalGateTests (in target 'ShapelyParentalGateTests-product' from project 'ShapelyParentalGate')
SwiftCompile normal arm64 (in target 'ShapelyParentalGateTests-product' from project 'ShapelyParentalGate')
cd /Users/admin/builder/spi-builder-workspace/.swiftpm/xcode
SwiftCompile normal arm64 Compiling\ resource_bundle_accessor.swift /Users/admin/builder/spi-builder-workspace/.derivedData/Build/Intermediates.noindex/ShapelyParentalGate.build/Debug-appletvos/ShapelyParentalGateTests-p.build/DerivedSources/resource_bundle_accessor.swift (in target 'ShapelyParentalGateTests-product' from project 'ShapelyParentalGate')
SwiftCompile normal arm64 /Users/admin/builder/spi-builder-workspace/.derivedData/Build/Intermediates.noindex/ShapelyParentalGate.build/Debug-appletvos/ShapelyParentalGateTests-p.build/DerivedSources/resource_bundle_accessor.swift (in target 'ShapelyParentalGateTests-product' from project 'ShapelyParentalGate')
cd /Users/admin/builder/spi-builder-workspace/.swiftpm/xcode
builtin-SwiftPerFileCompile resource_bundle_accessor.swift
SwiftCompile normal arm64 Compiling\ LocalizedStringTests.swift /Users/admin/builder/spi-builder-workspace/Tests/ShapelyParentalGateTests/LocalizedStringTests.swift (in target 'ShapelyParentalGateTests-product' from project 'ShapelyParentalGate')
SwiftCompile normal arm64 /Users/admin/builder/spi-builder-workspace/Tests/ShapelyParentalGateTests/LocalizedStringTests.swift (in target 'ShapelyParentalGateTests-product' from project 'ShapelyParentalGate')
cd /Users/admin/builder/spi-builder-workspace/.swiftpm/xcode
builtin-SwiftPerFileCompile LocalizedStringTests.swift
SwiftCompile normal arm64 Compiling\ StaticConfigurationTests.swift /Users/admin/builder/spi-builder-workspace/Tests/ShapelyParentalGateTests/StaticConfigurationTests.swift (in target 'ShapelyParentalGateTests-product' from project 'ShapelyParentalGate')
SwiftCompile normal arm64 /Users/admin/builder/spi-builder-workspace/Tests/ShapelyParentalGateTests/StaticConfigurationTests.swift (in target 'ShapelyParentalGateTests-product' from project 'ShapelyParentalGate')
cd /Users/admin/builder/spi-builder-workspace/.swiftpm/xcode
builtin-SwiftPerFileCompile StaticConfigurationTests.swift
SwiftDriverJobDiscovery normal arm64 Compiling resource_bundle_accessor.swift (in target 'ShapelyParentalGate' from project 'ShapelyParentalGate')
SwiftDriverJobDiscovery normal arm64 Compiling Localizer.swift (in target 'ShapelyParentalGate' from project 'ShapelyParentalGate')
SwiftDriverJobDiscovery normal arm64 Compiling ShapelyParentalGateStaticConfiguration.swift (in target 'ShapelyParentalGate' from project 'ShapelyParentalGate')
SwiftDriverJobDiscovery normal arm64 Emitting module for ShapelyParentalGateTests (in target 'ShapelyParentalGateTests-product' from project 'ShapelyParentalGate')
SwiftDriver\ Compilation\ Requirements ShapelyParentalGateTests normal arm64 com.apple.xcode.tools.swift.compiler (in target 'ShapelyParentalGateTests-product' from project 'ShapelyParentalGate')
cd /Users/admin/builder/spi-builder-workspace/.swiftpm/xcode
builtin-Swift-Compilation-Requirements -- /Applications/Xcode-27.0.0-Release.Candidate.app/Contents/Developer/Toolchains/XcodeDefault.xctoolchain/usr/bin/swiftc -parse-as-library -module-name ShapelyParentalGateTests -Onone @/Users/admin/builder/spi-builder-workspace/.derivedData/Build/Intermediates.noindex/ShapelyParentalGate.build/Debug-appletvos/ShapelyParentalGateTests-p.build/Objects-normal/arm64/ShapelyParentalGateTests.SwiftFileList -DSWIFT_PACKAGE -DDEBUG -DSWIFT_MODULE_RESOURCE_BUNDLE_AVAILABLE -DXcode -plugin-path /Applications/Xcode-27.0.0-Release.Candidate.app/Contents/Developer/Toolchains/XcodeDefault.xctoolchain/usr/lib/swift/host/plugins/testing -enable-experimental-feature DebugDescriptionMacro -sdk /Applications/Xcode-27.0.0-Release.Candidate.app/Contents/Developer/Platforms/AppleTVOS.platform/Developer/SDKs/AppleTVOS27.0.sdk -target arm64-apple-tvos26.0 -g -module-cache-path /Users/admin/builder/spi-builder-workspace/.derivedData/ModuleCache.noindex -Xfrontend -serialize-debugging-options -enable-testing -index-store-path /Users/admin/builder/spi-builder-workspace/.derivedData/Index.noindex/DataStore -Xcc -D_LIBCPP_HARDENING_MODE\=_LIBCPP_HARDENING_MODE_DEBUG -swift-version 6 -I /Users/admin/builder/spi-builder-workspace/.derivedData/Build/Products/Debug-appletvos -Isystem /Applications/Xcode-27.0.0-Release.Candidate.app/Contents/Developer/Platforms/AppleTVOS.platform/Developer/usr/lib -F /Users/admin/builder/spi-builder-workspace/.derivedData/Build/Products/Debug-appletvos/PackageFrameworks -F /Users/admin/builder/spi-builder-workspace/.derivedData/Build/Products/Debug-appletvos -F /Applications/Xcode-27.0.0-Release.Candidate.app/Contents/Developer/Platforms/AppleTVOS.platform/Developer/Library/Frameworks -F /Applications/Xcode-27.0.0-Release.Candidate.app/Contents/Developer/Platforms/AppleTVOS.platform/Developer/SDKs/AppleTVOS27.0.sdk/Developer/Library/Frameworks -emit-localized-strings -emit-localized-strings-path /Users/admin/builder/spi-builder-workspace/.derivedData/Build/Intermediates.noindex/ShapelyParentalGate.build/Debug-appletvos/ShapelyParentalGateTests-p.build/Objects-normal/arm64 -c -j10 -enable-batch-mode -incremental -Xcc -ivfsstatcache -Xcc /Users/admin/builder/spi-builder-workspace/.derivedData/SDKStatCaches.noindex/appletvos27.0-24J360-e829b21a6f8c9b70876ba0858053c044b32bfd8d43560033f8d89884cdb90028.sdkstatcache -output-file-map /Users/admin/builder/spi-builder-workspace/.derivedData/Build/Intermediates.noindex/ShapelyParentalGate.build/Debug-appletvos/ShapelyParentalGateTests-p.build/Objects-normal/arm64/ShapelyParentalGateTests-OutputFileMap.json -save-temps -no-color-diagnostics -explicit-module-build -module-cache-path /Users/admin/builder/spi-builder-workspace/.derivedData/Build/Intermediates.noindex/SwiftExplicitPrecompiledModules -clang-scanner-module-cache-path /Users/admin/builder/spi-builder-workspace/.derivedData/ModuleCache.noindex -sdk-module-cache-path /Users/admin/builder/spi-builder-workspace/.derivedData/SDKExplicitPrecompiledModules -emit-dependencies -emit-module -emit-module-path /Users/admin/builder/spi-builder-workspace/.derivedData/Build/Intermediates.noindex/ShapelyParentalGate.build/Debug-appletvos/ShapelyParentalGateTests-p.build/Objects-normal/arm64/ShapelyParentalGateTests.swiftmodule -serialize-diagnostics -dependency-scan-serialize-diagnostics-path /Users/admin/builder/spi-builder-workspace/.derivedData/Build/Intermediates.noindex/ShapelyParentalGate.build/Debug-appletvos/ShapelyParentalGateTests-p.build/Objects-normal/arm64/ShapelyParentalGateTests-dependency-scan.dia -validate-clang-modules-once -clang-build-session-file /Users/admin/builder/spi-builder-workspace/.derivedData/ModuleCache.noindex/Session.modulevalidation -Xcc -fmodules-prune-interval\=86400 -Xcc -fmodules-prune-after\=345600 -package-name spi_builder_workspace -emit-const-values -const-gather-protocols-list /Users/admin/builder/spi-builder-workspace/.derivedData/Build/Intermediates.noindex/ShapelyParentalGate.build/Debug-appletvos/ShapelyParentalGateTests-p.build/Objects-normal/arm64/ShapelyParentalGateTests_const_extract_protocols.json -Xcc -I/Users/admin/builder/spi-builder-workspace/.derivedData/Build/Products/Debug-appletvos/include -Xcc -I/Users/admin/builder/spi-builder-workspace/.derivedData/Build/Intermediates.noindex/ShapelyParentalGate.build/Debug-appletvos/ShapelyParentalGateTests-p.build/DerivedSources-normal/arm64 -Xcc -I/Users/admin/builder/spi-builder-workspace/.derivedData/Build/Intermediates.noindex/ShapelyParentalGate.build/Debug-appletvos/ShapelyParentalGateTests-p.build/DerivedSources/arm64 -Xcc -I/Users/admin/builder/spi-builder-workspace/.derivedData/Build/Intermediates.noindex/ShapelyParentalGate.build/Debug-appletvos/ShapelyParentalGateTests-p.build/DerivedSources -Xcc -DSWIFT_PACKAGE -Xcc -DDEBUG\=1 -working-directory /Users/admin/builder/spi-builder-workspace/.swiftpm/xcode -experimental-emit-module-separately -disable-cmo
Copy /Users/admin/builder/spi-builder-workspace/.derivedData/Build/Products/Debug-appletvos/ShapelyParentalGateTests.swiftmodule/arm64-apple-tvos.swiftmodule /Users/admin/builder/spi-builder-workspace/.derivedData/Build/Intermediates.noindex/ShapelyParentalGate.build/Debug-appletvos/ShapelyParentalGateTests-p.build/Objects-normal/arm64/ShapelyParentalGateTests.swiftmodule (in target 'ShapelyParentalGateTests-product' from project 'ShapelyParentalGate')
cd /Users/admin/builder/spi-builder-workspace
builtin-copy -exclude .DS_Store -exclude CVS -exclude .svn -exclude .git -exclude .hg -resolve-src-symlinks -rename /Users/admin/builder/spi-builder-workspace/.derivedData/Build/Intermediates.noindex/ShapelyParentalGate.build/Debug-appletvos/ShapelyParentalGateTests-p.build/Objects-normal/arm64/ShapelyParentalGateTests.swiftmodule /Users/admin/builder/spi-builder-workspace/.derivedData/Build/Products/Debug-appletvos/ShapelyParentalGateTests.swiftmodule/arm64-apple-tvos.swiftmodule
Copy /Users/admin/builder/spi-builder-workspace/.derivedData/Build/Products/Debug-appletvos/ShapelyParentalGateTests.swiftmodule/arm64-apple-tvos.swiftdoc /Users/admin/builder/spi-builder-workspace/.derivedData/Build/Intermediates.noindex/ShapelyParentalGate.build/Debug-appletvos/ShapelyParentalGateTests-p.build/Objects-normal/arm64/ShapelyParentalGateTests.swiftdoc (in target 'ShapelyParentalGateTests-product' from project 'ShapelyParentalGate')
cd /Users/admin/builder/spi-builder-workspace
builtin-copy -exclude .DS_Store -exclude CVS -exclude .svn -exclude .git -exclude .hg -resolve-src-symlinks -rename /Users/admin/builder/spi-builder-workspace/.derivedData/Build/Intermediates.noindex/ShapelyParentalGate.build/Debug-appletvos/ShapelyParentalGateTests-p.build/Objects-normal/arm64/ShapelyParentalGateTests.swiftdoc /Users/admin/builder/spi-builder-workspace/.derivedData/Build/Products/Debug-appletvos/ShapelyParentalGateTests.swiftmodule/arm64-apple-tvos.swiftdoc
Copy /Users/admin/builder/spi-builder-workspace/.derivedData/Build/Products/Debug-appletvos/ShapelyParentalGateTests.swiftmodule/arm64-apple-tvos.abi.json /Users/admin/builder/spi-builder-workspace/.derivedData/Build/Intermediates.noindex/ShapelyParentalGate.build/Debug-appletvos/ShapelyParentalGateTests-p.build/Objects-normal/arm64/ShapelyParentalGateTests.abi.json (in target 'ShapelyParentalGateTests-product' from project 'ShapelyParentalGate')
cd /Users/admin/builder/spi-builder-workspace
builtin-copy -exclude .DS_Store -exclude CVS -exclude .svn -exclude .git -exclude .hg -resolve-src-symlinks -rename /Users/admin/builder/spi-builder-workspace/.derivedData/Build/Intermediates.noindex/ShapelyParentalGate.build/Debug-appletvos/ShapelyParentalGateTests-p.build/Objects-normal/arm64/ShapelyParentalGateTests.abi.json /Users/admin/builder/spi-builder-workspace/.derivedData/Build/Products/Debug-appletvos/ShapelyParentalGateTests.swiftmodule/arm64-apple-tvos.abi.json
Copy /Users/admin/builder/spi-builder-workspace/.derivedData/Build/Products/Debug-appletvos/ShapelyParentalGateTests.swiftmodule/Project/arm64-apple-tvos.swiftsourceinfo /Users/admin/builder/spi-builder-workspace/.derivedData/Build/Intermediates.noindex/ShapelyParentalGate.build/Debug-appletvos/ShapelyParentalGateTests-p.build/Objects-normal/arm64/ShapelyParentalGateTests.swiftsourceinfo (in target 'ShapelyParentalGateTests-product' from project 'ShapelyParentalGate')
cd /Users/admin/builder/spi-builder-workspace
builtin-copy -exclude .DS_Store -exclude CVS -exclude .svn -exclude .git -exclude .hg -resolve-src-symlinks -rename /Users/admin/builder/spi-builder-workspace/.derivedData/Build/Intermediates.noindex/ShapelyParentalGate.build/Debug-appletvos/ShapelyParentalGateTests-p.build/Objects-normal/arm64/ShapelyParentalGateTests.swiftsourceinfo /Users/admin/builder/spi-builder-workspace/.derivedData/Build/Products/Debug-appletvos/ShapelyParentalGateTests.swiftmodule/Project/arm64-apple-tvos.swiftsourceinfo
SwiftDriverJobDiscovery normal arm64 Compiling resource_bundle_accessor.swift (in target 'ShapelyParentalGateTests-product' from project 'ShapelyParentalGate')
SwiftDriverJobDiscovery normal arm64 Compiling StaticConfigurationTests.swift (in target 'ShapelyParentalGateTests-product' from project 'ShapelyParentalGate')
SwiftDriverJobDiscovery normal arm64 Compiling LocalizedStringTests.swift (in target 'ShapelyParentalGateTests-product' from project 'ShapelyParentalGate')
SwiftDriver\ Compilation ShapelyParentalGateTests normal arm64 com.apple.xcode.tools.swift.compiler (in target 'ShapelyParentalGateTests-product' from project 'ShapelyParentalGate')
cd /Users/admin/builder/spi-builder-workspace/.swiftpm/xcode
builtin-Swift-Compilation -- /Applications/Xcode-27.0.0-Release.Candidate.app/Contents/Developer/Toolchains/XcodeDefault.xctoolchain/usr/bin/swiftc -parse-as-library -module-name ShapelyParentalGateTests -Onone @/Users/admin/builder/spi-builder-workspace/.derivedData/Build/Intermediates.noindex/ShapelyParentalGate.build/Debug-appletvos/ShapelyParentalGateTests-p.build/Objects-normal/arm64/ShapelyParentalGateTests.SwiftFileList -DSWIFT_PACKAGE -DDEBUG -DSWIFT_MODULE_RESOURCE_BUNDLE_AVAILABLE -DXcode -plugin-path /Applications/Xcode-27.0.0-Release.Candidate.app/Contents/Developer/Toolchains/XcodeDefault.xctoolchain/usr/lib/swift/host/plugins/testing -enable-experimental-feature DebugDescriptionMacro -sdk /Applications/Xcode-27.0.0-Release.Candidate.app/Contents/Developer/Platforms/AppleTVOS.platform/Developer/SDKs/AppleTVOS27.0.sdk -target arm64-apple-tvos26.0 -g -module-cache-path /Users/admin/builder/spi-builder-workspace/.derivedData/ModuleCache.noindex -Xfrontend -serialize-debugging-options -enable-testing -index-store-path /Users/admin/builder/spi-builder-workspace/.derivedData/Index.noindex/DataStore -Xcc -D_LIBCPP_HARDENING_MODE\=_LIBCPP_HARDENING_MODE_DEBUG -swift-version 6 -I /Users/admin/builder/spi-builder-workspace/.derivedData/Build/Products/Debug-appletvos -Isystem /Applications/Xcode-27.0.0-Release.Candidate.app/Contents/Developer/Platforms/AppleTVOS.platform/Developer/usr/lib -F /Users/admin/builder/spi-builder-workspace/.derivedData/Build/Products/Debug-appletvos/PackageFrameworks -F /Users/admin/builder/spi-builder-workspace/.derivedData/Build/Products/Debug-appletvos -F /Applications/Xcode-27.0.0-Release.Candidate.app/Contents/Developer/Platforms/AppleTVOS.platform/Developer/Library/Frameworks -F /Applications/Xcode-27.0.0-Release.Candidate.app/Contents/Developer/Platforms/AppleTVOS.platform/Developer/SDKs/AppleTVOS27.0.sdk/Developer/Library/Frameworks -emit-localized-strings -emit-localized-strings-path /Users/admin/builder/spi-builder-workspace/.derivedData/Build/Intermediates.noindex/ShapelyParentalGate.build/Debug-appletvos/ShapelyParentalGateTests-p.build/Objects-normal/arm64 -c -j10 -enable-batch-mode -incremental -Xcc -ivfsstatcache -Xcc /Users/admin/builder/spi-builder-workspace/.derivedData/SDKStatCaches.noindex/appletvos27.0-24J360-e829b21a6f8c9b70876ba0858053c044b32bfd8d43560033f8d89884cdb90028.sdkstatcache -output-file-map /Users/admin/builder/spi-builder-workspace/.derivedData/Build/Intermediates.noindex/ShapelyParentalGate.build/Debug-appletvos/ShapelyParentalGateTests-p.build/Objects-normal/arm64/ShapelyParentalGateTests-OutputFileMap.json -save-temps -no-color-diagnostics -explicit-module-build -module-cache-path /Users/admin/builder/spi-builder-workspace/.derivedData/Build/Intermediates.noindex/SwiftExplicitPrecompiledModules -clang-scanner-module-cache-path /Users/admin/builder/spi-builder-workspace/.derivedData/ModuleCache.noindex -sdk-module-cache-path /Users/admin/builder/spi-builder-workspace/.derivedData/SDKExplicitPrecompiledModules -emit-dependencies -emit-module -emit-module-path /Users/admin/builder/spi-builder-workspace/.derivedData/Build/Intermediates.noindex/ShapelyParentalGate.build/Debug-appletvos/ShapelyParentalGateTests-p.build/Objects-normal/arm64/ShapelyParentalGateTests.swiftmodule -serialize-diagnostics -dependency-scan-serialize-diagnostics-path /Users/admin/builder/spi-builder-workspace/.derivedData/Build/Intermediates.noindex/ShapelyParentalGate.build/Debug-appletvos/ShapelyParentalGateTests-p.build/Objects-normal/arm64/ShapelyParentalGateTests-dependency-scan.dia -validate-clang-modules-once -clang-build-session-file /Users/admin/builder/spi-builder-workspace/.derivedData/ModuleCache.noindex/Session.modulevalidation -Xcc -fmodules-prune-interval\=86400 -Xcc -fmodules-prune-after\=345600 -package-name spi_builder_workspace -emit-const-values -const-gather-protocols-list /Users/admin/builder/spi-builder-workspace/.derivedData/Build/Intermediates.noindex/ShapelyParentalGate.build/Debug-appletvos/ShapelyParentalGateTests-p.build/Objects-normal/arm64/ShapelyParentalGateTests_const_extract_protocols.json -Xcc -I/Users/admin/builder/spi-builder-workspace/.derivedData/Build/Products/Debug-appletvos/include -Xcc -I/Users/admin/builder/spi-builder-workspace/.derivedData/Build/Intermediates.noindex/ShapelyParentalGate.build/Debug-appletvos/ShapelyParentalGateTests-p.build/DerivedSources-normal/arm64 -Xcc -I/Users/admin/builder/spi-builder-workspace/.derivedData/Build/Intermediates.noindex/ShapelyParentalGate.build/Debug-appletvos/ShapelyParentalGateTests-p.build/DerivedSources/arm64 -Xcc -I/Users/admin/builder/spi-builder-workspace/.derivedData/Build/Intermediates.noindex/ShapelyParentalGate.build/Debug-appletvos/ShapelyParentalGateTests-p.build/DerivedSources -Xcc -DSWIFT_PACKAGE -Xcc -DDEBUG\=1 -working-directory /Users/admin/builder/spi-builder-workspace/.swiftpm/xcode -experimental-emit-module-separately -disable-cmo
PruneExplicitPrecompiledModules /Users/admin/builder/spi-builder-workspace/.derivedData/SDKExplicitPrecompiledModules
PruneExplicitPrecompiledModules /Users/admin/builder/spi-builder-workspace/.derivedData/Build/Intermediates.noindex/ExplicitPrecompiledModules
PruneExplicitPrecompiledModules /Users/admin/builder/spi-builder-workspace/.derivedData/Build/Intermediates.noindex/SwiftExplicitPrecompiledModules
2026-09-24 14:09:49.020 xcodebuild[627:3897] [MT] IDERunDestination: Supported platforms for the buildables in the current scheme is empty.
2026-09-24 14:09:49.120 xcodebuild[627:3897] [MT] IDERunDestination: Supported platforms for the buildables in the current scheme is empty.
** BUILD FAILED **
The following build commands failed:
SwiftCompile normal arm64 Compiling\ ShapleyScene.swift /Users/admin/builder/spi-builder-workspace/Sources/ShapelyParentalGate/ShapleyScene.swift (in target 'ShapelyParentalGate' from project 'ShapelyParentalGate')
SwiftCompile normal arm64 /Users/admin/builder/spi-builder-workspace/Sources/ShapelyParentalGate/ShapleyScene.swift (in target 'ShapelyParentalGate' from project 'ShapelyParentalGate')
Building workspace ShapelyParentalGate with scheme ShapelyParentalGate
(3 failures)
Command line invocation:
/Applications/Xcode-27.0.0-Release.Candidate.app/Contents/Developer/usr/bin/xcodebuild -IDEClonedSourcePackagesDirPathOverride=/Users/admin/builder/spi-builder-workspace/.dependencies -resolvePackageDependencies
Resolve Package Graph
Resolved source packages:
ShapelyParentalGate: /Users/admin/builder/spi-builder-workspace
resolved source packages: ShapelyParentalGate
2026-09-24 14:09:58.529 xcodebuild[758:4609] [MT] IDERunDestination: Supported platforms for the buildables in the current scheme is empty.
2026-09-24 14:09:58.629 xcodebuild[758:4609] [MT] IDERunDestination: Supported platforms for the buildables in the current scheme is empty.
{
"default_localization" : "en",
"dependencies" : [
],
"manifest_display_name" : "ShapelyParentalGate",
"name" : "ShapelyParentalGate",
"path" : "/Users/admin/builder/spi-builder-workspace",
"platforms" : [
{
"name" : "ios",
"version" : "26.0"
}
],
"products" : [
{
"name" : "ShapelyParentalGate",
"targets" : [
"ShapelyParentalGate"
],
"type" : {
"library" : [
"automatic"
]
}
}
],
"targets" : [
{
"c99name" : "ShapelyParentalGateTests",
"module_type" : "SwiftTarget",
"name" : "ShapelyParentalGateTests",
"path" : "Tests/ShapelyParentalGateTests",
"resources" : [
{
"path" : "/Users/admin/builder/spi-builder-workspace/Tests/ShapelyParentalGateTests/Resources/OverrideLocalizedStrings.plist",
"rule" : {
"process" : {
}
}
}
],
"sources" : [
"LocalizedStringTests.swift",
"StaticConfigurationTests.swift"
],
"target_dependencies" : [
"ShapelyParentalGate"
],
"type" : "test"
},
{
"c99name" : "ShapelyParentalGate",
"module_type" : "SwiftTarget",
"name" : "ShapelyParentalGate",
"path" : "Sources/ShapelyParentalGate",
"product_memberships" : [
"ShapelyParentalGate"
],
"resources" : [
{
"path" : "/Users/admin/builder/spi-builder-workspace/Sources/ShapelyParentalGate/Resources/en.lproj/DefaultLocalizedStrings.plist",
"rule" : {
"process" : {
"localization" : "en"
}
}
},
{
"path" : "/Users/admin/builder/spi-builder-workspace/Sources/ShapelyParentalGate/Resources/es.lproj/DefaultLocalizedStrings.plist",
"rule" : {
"process" : {
"localization" : "es"
}
}
}
],
"sources" : [
"Localizer.swift",
"ShapelyParentalGateModifier.swift",
"ShapelyParentalGateStaticConfiguration.swift",
"ShapelyParentalGateView.swift",
"ShapelyParentalGateViewModel.swift",
"ShapleyScene.swift"
],
"type" : "library"
}
],
"tools_version" : "6.2"
}
{
"workspace" : {
"name" : "ShapelyParentalGate",
"schemes" : [
"ShapelyParentalGate"
]
}
}
2026-09-24 14:09:59.778 xcodebuild[766:4676] [MT] IDERunDestination: Supported platforms for the buildables in the current scheme is empty.
2026-09-24 14:09:59.879 xcodebuild[766:4676] [MT] IDERunDestination: Supported platforms for the buildables in the current scheme is empty.
Running build ...
env DEVELOPER_DIR=/Applications/Xcode-27.0.0-Release.Candidate.app xcrun xcodebuild -IDEClonedSourcePackagesDirPathOverride=$PWD/.dependencies -skipMacroValidation -skipPackagePluginValidation -derivedDataPath $PWD/.derivedData build -scheme ShapelyParentalGate -destination generic/platform=tvOS
Command line invocation:
/Applications/Xcode-27.0.0-Release.Candidate.app/Contents/Developer/usr/bin/xcodebuild -IDEClonedSourcePackagesDirPathOverride=/Users/admin/builder/spi-builder-workspace/.dependencies -skipMacroValidation -skipPackagePluginValidation -derivedDataPath /Users/admin/builder/spi-builder-workspace/.derivedData build -scheme ShapelyParentalGate -destination generic/platform=tvOS
Resolve Package Graph
Resolved source packages:
ShapelyParentalGate: /Users/admin/builder/spi-builder-workspace
ComputePackagePrebuildTargetDependencyGraph
Prepare packages
CreateBuildRequest
SendProjectDescription
CreateBuildOperation
ComputeTargetDependencyGraph
note: Building targets in dependency order
note: Target dependency graph (5 targets)
Target 'ShapelyParentalGateTests-product' in project 'ShapelyParentalGate'
➜ Explicit dependency on target 'ShapelyParentalGate_ShapelyParentalGateTests' in project 'ShapelyParentalGate'
➜ Explicit dependency on target 'ShapelyParentalGate' in project 'ShapelyParentalGate'
Target 'ShapelyParentalGate-product' in project 'ShapelyParentalGate'
➜ Explicit dependency on target 'ShapelyParentalGate' in project 'ShapelyParentalGate'
➜ Explicit dependency on target 'ShapelyParentalGate_ShapelyParentalGate' in project 'ShapelyParentalGate'
Target 'ShapelyParentalGate' in project 'ShapelyParentalGate'
➜ Explicit dependency on target 'ShapelyParentalGate_ShapelyParentalGate' in project 'ShapelyParentalGate'
Target 'ShapelyParentalGate_ShapelyParentalGateTests' in project 'ShapelyParentalGate' (no dependencies)
Target 'ShapelyParentalGate_ShapelyParentalGate' in project 'ShapelyParentalGate' (no dependencies)
GatherProvisioningInputs
CreateBuildDescription
ClangStatCache /Applications/Xcode-27.0.0-Release.Candidate.app/Contents/Developer/Toolchains/XcodeDefault.xctoolchain/usr/bin/clang-stat-cache /Applications/Xcode-27.0.0-Release.Candidate.app/Contents/Developer/Platforms/AppleTVOS.platform/Developer/SDKs/AppleTVOS27.0.sdk /Users/admin/builder/spi-builder-workspace/.derivedData/SDKStatCaches.noindex/appletvos27.0-24J360-e829b21a6f8c9b70876ba0858053c044b32bfd8d43560033f8d89884cdb90028.sdkstatcache
cd /Users/admin/builder/spi-builder-workspace/.swiftpm/xcode
/Applications/Xcode-27.0.0-Release.Candidate.app/Contents/Developer/Toolchains/XcodeDefault.xctoolchain/usr/bin/clang-stat-cache /Applications/Xcode-27.0.0-Release.Candidate.app/Contents/Developer/Platforms/AppleTVOS.platform/Developer/SDKs/AppleTVOS27.0.sdk -o /Users/admin/builder/spi-builder-workspace/.derivedData/SDKStatCaches.noindex/appletvos27.0-24J360-e829b21a6f8c9b70876ba0858053c044b32bfd8d43560033f8d89884cdb90028.sdkstatcache
SwiftDriver ShapelyParentalGate normal arm64 com.apple.xcode.tools.swift.compiler (in target 'ShapelyParentalGate' from project 'ShapelyParentalGate')
cd /Users/admin/builder/spi-builder-workspace/.swiftpm/xcode
builtin-SwiftDriver -- /Applications/Xcode-27.0.0-Release.Candidate.app/Contents/Developer/Toolchains/XcodeDefault.xctoolchain/usr/bin/swiftc -parse-as-library -module-name ShapelyParentalGate -Onone @/Users/admin/builder/spi-builder-workspace/.derivedData/Build/Intermediates.noindex/ShapelyParentalGate.build/Debug-appletvos/ShapelyParentalGate-t.build/Objects-normal/arm64/ShapelyParentalGate.SwiftFileList -DSWIFT_PACKAGE -DDEBUG -DSWIFT_MODULE_RESOURCE_BUNDLE_AVAILABLE -DXcode -plugin-path /Applications/Xcode-27.0.0-Release.Candidate.app/Contents/Developer/Toolchains/XcodeDefault.xctoolchain/usr/lib/swift/host/plugins/testing -enable-experimental-feature DebugDescriptionMacro -sdk /Applications/Xcode-27.0.0-Release.Candidate.app/Contents/Developer/Platforms/AppleTVOS.platform/Developer/SDKs/AppleTVOS27.0.sdk -target arm64-apple-tvos26.0 -g -module-cache-path /Users/admin/builder/spi-builder-workspace/.derivedData/ModuleCache.noindex -Xfrontend -serialize-debugging-options -enable-testing -index-store-path /Users/admin/builder/spi-builder-workspace/.derivedData/Index.noindex/DataStore -Xcc -D_LIBCPP_HARDENING_MODE\=_LIBCPP_HARDENING_MODE_DEBUG -swift-version 6 -I /Users/admin/builder/spi-builder-workspace/.derivedData/Build/Products/Debug-appletvos -Isystem /Applications/Xcode-27.0.0-Release.Candidate.app/Contents/Developer/Platforms/AppleTVOS.platform/Developer/usr/lib -F /Users/admin/builder/spi-builder-workspace/.derivedData/Build/Products/Debug-appletvos -F /Applications/Xcode-27.0.0-Release.Candidate.app/Contents/Developer/Platforms/AppleTVOS.platform/Developer/Library/Frameworks -F /Applications/Xcode-27.0.0-Release.Candidate.app/Contents/Developer/Platforms/AppleTVOS.platform/Developer/SDKs/AppleTVOS27.0.sdk/Developer/Library/Frameworks -emit-localized-strings -emit-localized-strings-path /Users/admin/builder/spi-builder-workspace/.derivedData/Build/Intermediates.noindex/ShapelyParentalGate.build/Debug-appletvos/ShapelyParentalGate-t.build/Objects-normal/arm64 -c -j10 -enable-batch-mode -incremental -Xcc -ivfsstatcache -Xcc /Users/admin/builder/spi-builder-workspace/.derivedData/SDKStatCaches.noindex/appletvos27.0-24J360-e829b21a6f8c9b70876ba0858053c044b32bfd8d43560033f8d89884cdb90028.sdkstatcache -output-file-map /Users/admin/builder/spi-builder-workspace/.derivedData/Build/Intermediates.noindex/ShapelyParentalGate.build/Debug-appletvos/ShapelyParentalGate-t.build/Objects-normal/arm64/ShapelyParentalGate-OutputFileMap.json -save-temps -no-color-diagnostics -explicit-module-build -module-cache-path /Users/admin/builder/spi-builder-workspace/.derivedData/Build/Intermediates.noindex/SwiftExplicitPrecompiledModules -clang-scanner-module-cache-path /Users/admin/builder/spi-builder-workspace/.derivedData/ModuleCache.noindex -sdk-module-cache-path /Users/admin/builder/spi-builder-workspace/.derivedData/SDKExplicitPrecompiledModules -emit-dependencies -emit-module -emit-module-path /Users/admin/builder/spi-builder-workspace/.derivedData/Build/Intermediates.noindex/ShapelyParentalGate.build/Debug-appletvos/ShapelyParentalGate-t.build/Objects-normal/arm64/ShapelyParentalGate.swiftmodule -serialize-diagnostics -dependency-scan-serialize-diagnostics-path /Users/admin/builder/spi-builder-workspace/.derivedData/Build/Intermediates.noindex/ShapelyParentalGate.build/Debug-appletvos/ShapelyParentalGate-t.build/Objects-normal/arm64/ShapelyParentalGate-dependency-scan.dia -validate-clang-modules-once -clang-build-session-file /Users/admin/builder/spi-builder-workspace/.derivedData/ModuleCache.noindex/Session.modulevalidation -Xcc -fmodules-prune-interval\=86400 -Xcc -fmodules-prune-after\=345600 -package-name spi_builder_workspace -emit-const-values -const-gather-protocols-list /Users/admin/builder/spi-builder-workspace/.derivedData/Build/Intermediates.noindex/ShapelyParentalGate.build/Debug-appletvos/ShapelyParentalGate-t.build/Objects-normal/arm64/ShapelyParentalGate_const_extract_protocols.json -Xcc -I/Users/admin/builder/spi-builder-workspace/.derivedData/Build/Products/Debug-appletvos/include -Xcc -I/Users/admin/builder/spi-builder-workspace/.derivedData/Build/Intermediates.noindex/ShapelyParentalGate.build/Debug-appletvos/ShapelyParentalGate-t.build/DerivedSources-normal/arm64 -Xcc -I/Users/admin/builder/spi-builder-workspace/.derivedData/Build/Intermediates.noindex/ShapelyParentalGate.build/Debug-appletvos/ShapelyParentalGate-t.build/DerivedSources/arm64 -Xcc -I/Users/admin/builder/spi-builder-workspace/.derivedData/Build/Intermediates.noindex/ShapelyParentalGate.build/Debug-appletvos/ShapelyParentalGate-t.build/DerivedSources -Xcc -DSWIFT_PACKAGE -Xcc -DDEBUG\=1 -emit-objc-header -emit-objc-header-path /Users/admin/builder/spi-builder-workspace/.derivedData/Build/Intermediates.noindex/ShapelyParentalGate.build/Debug-appletvos/ShapelyParentalGate-t.build/Objects-normal/arm64/ShapelyParentalGate-Swift.h -working-directory /Users/admin/builder/spi-builder-workspace/.swiftpm/xcode -experimental-emit-module-separately -disable-cmo
SwiftCompile normal arm64 Compiling\ ShapelyParentalGateViewModel.swift /Users/admin/builder/spi-builder-workspace/Sources/ShapelyParentalGate/ShapelyParentalGateViewModel.swift (in target 'ShapelyParentalGate' from project 'ShapelyParentalGate')
SwiftCompile normal arm64 /Users/admin/builder/spi-builder-workspace/Sources/ShapelyParentalGate/ShapelyParentalGateViewModel.swift (in target 'ShapelyParentalGate' from project 'ShapelyParentalGate')
cd /Users/admin/builder/spi-builder-workspace/.swiftpm/xcode
builtin-SwiftPerFileCompile ShapelyParentalGateViewModel.swift
SwiftCompile normal arm64 Compiling\ ShapelyParentalGateModifier.swift /Users/admin/builder/spi-builder-workspace/Sources/ShapelyParentalGate/ShapelyParentalGateModifier.swift (in target 'ShapelyParentalGate' from project 'ShapelyParentalGate')
SwiftCompile normal arm64 /Users/admin/builder/spi-builder-workspace/Sources/ShapelyParentalGate/ShapelyParentalGateModifier.swift (in target 'ShapelyParentalGate' from project 'ShapelyParentalGate')
cd /Users/admin/builder/spi-builder-workspace/.swiftpm/xcode
builtin-SwiftPerFileCompile ShapelyParentalGateModifier.swift
SwiftCompile normal arm64 Compiling\ ShapelyParentalGateView.swift /Users/admin/builder/spi-builder-workspace/Sources/ShapelyParentalGate/ShapelyParentalGateView.swift (in target 'ShapelyParentalGate' from project 'ShapelyParentalGate')
SwiftCompile normal arm64 /Users/admin/builder/spi-builder-workspace/Sources/ShapelyParentalGate/ShapelyParentalGateView.swift (in target 'ShapelyParentalGate' from project 'ShapelyParentalGate')
cd /Users/admin/builder/spi-builder-workspace/.swiftpm/xcode
builtin-SwiftPerFileCompile ShapelyParentalGateView.swift
SwiftEmitModule normal arm64 Emitting\ module\ for\ ShapelyParentalGate (in target 'ShapelyParentalGate' from project 'ShapelyParentalGate')
SwiftCompile normal arm64 (in target 'ShapelyParentalGate' from project 'ShapelyParentalGate')
cd /Users/admin/builder/spi-builder-workspace/.swiftpm/xcode
SwiftCompile normal arm64 Compiling\ ShapleyScene.swift /Users/admin/builder/spi-builder-workspace/Sources/ShapelyParentalGate/ShapleyScene.swift (in target 'ShapelyParentalGate' from project 'ShapelyParentalGate')
/Users/admin/builder/spi-builder-workspace/Sources/ShapelyParentalGate/ShapleyScene.swift:289:27: error: 'systemGray2' is unavailable in tvOS
287 | let node = SKShapeNode(rectOf: Constants.targetSize)
288 |
289 | node.fillColor = .systemGray2
| `- error: 'systemGray2' is unavailable in tvOS
290 | node.strokeColor = .systemGray4
291 | node.lineWidth = 2.0
/Applications/Xcode-27.0.0-Release.Candidate.app/Contents/Developer/Platforms/AppleTVOS.platform/Developer/SDKs/AppleTVOS27.0.sdk/System/Library/Frameworks/UIKit.framework/Headers/UIInterface.h:146:49: note: 'systemGray2' has been explicitly marked unavailable here
144 | * systemGray3 is darker than that, and so on.
145 | */
146 | @property (class, nonatomic, readonly) UIColor *systemGray2Color API_AVAILABLE(ios(13.0)) API_UNAVAILABLE(tvos, watchos);
| `- note: 'systemGray2' has been explicitly marked unavailable here
147 | @property (class, nonatomic, readonly) UIColor *systemGray3Color API_AVAILABLE(ios(13.0)) API_UNAVAILABLE(tvos, watchos);
148 | @property (class, nonatomic, readonly) UIColor *systemGray4Color API_AVAILABLE(ios(13.0)) API_UNAVAILABLE(tvos, watchos);
/Users/admin/builder/spi-builder-workspace/Sources/ShapelyParentalGate/ShapleyScene.swift:290:29: error: 'systemGray4' is unavailable in tvOS
288 |
289 | node.fillColor = .systemGray2
290 | node.strokeColor = .systemGray4
| `- error: 'systemGray4' is unavailable in tvOS
291 | node.lineWidth = 2.0
292 | node.glowWidth = 2.0
/Applications/Xcode-27.0.0-Release.Candidate.app/Contents/Developer/Platforms/AppleTVOS.platform/Developer/SDKs/AppleTVOS27.0.sdk/System/Library/Frameworks/UIKit.framework/Headers/UIInterface.h:148:49: note: 'systemGray4' has been explicitly marked unavailable here
146 | @property (class, nonatomic, readonly) UIColor *systemGray2Color API_AVAILABLE(ios(13.0)) API_UNAVAILABLE(tvos, watchos);
147 | @property (class, nonatomic, readonly) UIColor *systemGray3Color API_AVAILABLE(ios(13.0)) API_UNAVAILABLE(tvos, watchos);
148 | @property (class, nonatomic, readonly) UIColor *systemGray4Color API_AVAILABLE(ios(13.0)) API_UNAVAILABLE(tvos, watchos);
| `- note: 'systemGray4' has been explicitly marked unavailable here
149 | @property (class, nonatomic, readonly) UIColor *systemGray5Color API_AVAILABLE(ios(13.0)) API_UNAVAILABLE(tvos, watchos);
150 | @property (class, nonatomic, readonly) UIColor *systemGray6Color API_AVAILABLE(ios(13.0)) API_UNAVAILABLE(tvos, watchos);
Failed frontend command:
/Applications/Xcode-27.0.0-Release.Candidate.app/Contents/Developer/Toolchains/XcodeDefault.xctoolchain/usr/bin/swift-frontend -frontend -c /Users/admin/builder/spi-builder-workspace/.derivedData/Build/Intermediates.noindex/ShapelyParentalGate.build/Debug-appletvos/ShapelyParentalGate-t.build/DerivedSources/resource_bundle_accessor.swift /Users/admin/builder/spi-builder-workspace/Sources/ShapelyParentalGate/Localizer.swift /Users/admin/builder/spi-builder-workspace/Sources/ShapelyParentalGate/ShapelyParentalGateModifier.swift /Users/admin/builder/spi-builder-workspace/Sources/ShapelyParentalGate/ShapelyParentalGateStaticConfiguration.swift /Users/admin/builder/spi-builder-workspace/Sources/ShapelyParentalGate/ShapelyParentalGateView.swift /Users/admin/builder/spi-builder-workspace/Sources/ShapelyParentalGate/ShapelyParentalGateViewModel.swift -primary-file /Users/admin/builder/spi-builder-workspace/Sources/ShapelyParentalGate/ShapleyScene.swift -emit-dependencies-path /Users/admin/builder/spi-builder-workspace/.derivedData/Build/Intermediates.noindex/ShapelyParentalGate.build/Debug-appletvos/ShapelyParentalGate-t.build/Objects-normal/arm64/ShapleyScene.d -emit-const-values-path /Users/admin/builder/spi-builder-workspace/.derivedData/Build/Intermediates.noindex/ShapelyParentalGate.build/Debug-appletvos/ShapelyParentalGate-t.build/Objects-normal/arm64/ShapleyScene.swiftconstvalues -emit-reference-dependencies-path /Users/admin/builder/spi-builder-workspace/.derivedData/Build/Intermediates.noindex/ShapelyParentalGate.build/Debug-appletvos/ShapelyParentalGate-t.build/Objects-normal/arm64/ShapleyScene.swiftdeps -serialize-diagnostics-path /Users/admin/builder/spi-builder-workspace/.derivedData/Build/Intermediates.noindex/ShapelyParentalGate.build/Debug-appletvos/ShapelyParentalGate-t.build/Objects-normal/arm64/ShapleyScene.dia -emit-localized-strings -emit-localized-strings-path /Users/admin/builder/spi-builder-workspace/.derivedData/Build/Intermediates.noindex/ShapelyParentalGate.build/Debug-appletvos/ShapelyParentalGate-t.build/Objects-normal/arm64 -target arm64-apple-tvos26.0 -disable-cross-import-overlay-search -swift-module-cross-import SpriteKit /Applications/Xcode-27.0.0-Release.Candidate.app/Contents/Developer/Platforms/AppleTVOS.platform/Developer/SDKs/AppleTVOS.sdk/System/Library/Frameworks/SpriteKit.framework/Modules/SpriteKit.swiftcrossimport/SwiftUI.swiftoverlay -load-resolved-plugin /Applications/Xcode-27.0.0-Release.Candidate.app/Contents/Developer/Platforms/AppleTVOS.platform/Developer/usr/lib/swift/host/plugins/libFoundationMacros.dylib\#/Applications/Xcode-27.0.0-Release.Candidate.app/Contents/Developer/Platforms/AppleTVOS.platform/Developer/usr/bin/swift-plugin-server\#FoundationMacros -load-resolved-plugin /Applications/Xcode-27.0.0-Release.Candidate.app/Contents/Developer/Platforms/AppleTVOS.platform/Developer/usr/lib/swift/host/plugins/libObservationMacros.dylib\#/Applications/Xcode-27.0.0-Release.Candidate.app/Contents/Developer/Platforms/AppleTVOS.platform/Developer/usr/bin/swift-plugin-server\#ObservationMacros -load-resolved-plugin /Applications/Xcode-27.0.0-Release.Candidate.app/Contents/Developer/Platforms/AppleTVOS.platform/Developer/usr/lib/swift/host/plugins/libPreviewsMacros.dylib\#/Applications/Xcode-27.0.0-Release.Candidate.app/Contents/Developer/Platforms/AppleTVOS.platform/Developer/usr/bin/swift-plugin-server\#PreviewsMacros -load-resolved-plugin /Applications/Xcode-27.0.0-Release.Candidate.app/Contents/Developer/Platforms/AppleTVOS.platform/Developer/usr/lib/swift/host/plugins/libSwiftMacros.dylib\#/Applications/Xcode-27.0.0-Release.Candidate.app/Contents/Developer/Platforms/AppleTVOS.platform/Developer/usr/bin/swift-plugin-server\#SwiftMacros -load-resolved-plugin /Applications/Xcode-27.0.0-Release.Candidate.app/Contents/Developer/Platforms/AppleTVOS.platform/Developer/usr/lib/swift/host/plugins/libSwiftUIMacros.dylib\#/Applications/Xcode-27.0.0-Release.Candidate.app/Contents/Developer/Platforms/AppleTVOS.platform/Developer/usr/bin/swift-plugin-server\#SwiftUIMacros -disable-implicit-swift-modules -Xcc -fno-implicit-modules -Xcc -fno-implicit-module-maps -explicit-swift-module-map-file /Users/admin/builder/spi-builder-workspace/.derivedData/Build/Intermediates.noindex/ShapelyParentalGate.build/Debug-appletvos/ShapelyParentalGate-t.build/Objects-normal/arm64/ShapelyParentalGate-dependencies-1.json -Xllvm -aarch64-use-tbi -enable-objc-interop -stack-check -sdk /Applications/Xcode-27.0.0-Release.Candidate.app/Contents/Developer/Platforms/AppleTVOS.platform/Developer/SDKs/AppleTVOS27.0.sdk -I /Users/admin/builder/spi-builder-workspace/.derivedData/Build/Products/Debug-appletvos -Isystem /Applications/Xcode-27.0.0-Release.Candidate.app/Contents/Developer/Platforms/AppleTVOS.platform/Developer/usr/lib -F /Users/admin/builder/spi-builder-workspace/.derivedData/Build/Products/Debug-appletvos -F /Applications/Xcode-27.0.0-Release.Candidate.app/Contents/Developer/Platforms/AppleTVOS.platform/Developer/Library/Frameworks -F /Applications/Xcode-27.0.0-Release.Candidate.app/Contents/Developer/Platforms/AppleTVOS.platform/Developer/SDKs/AppleTVOS27.0.sdk/Developer/Library/Frameworks -module-cache-path /Users/admin/builder/spi-builder-workspace/.derivedData/Build/Intermediates.noindex/SwiftExplicitPrecompiledModules -no-color-diagnostics -Xcc -fno-color-diagnostics -enable-testing -g -debug-info-format\=dwarf -dwarf-version\=5 -swift-version 6 -Onone -D SWIFT_PACKAGE -D DEBUG -D SWIFT_MODULE_RESOURCE_BUNDLE_AVAILABLE -D Xcode -serialize-debugging-options -enable-experimental-feature DebugDescriptionMacro -empty-abi-descriptor -validate-clang-modules-once -clang-build-session-file /Users/admin/builder/spi-builder-workspace/.derivedData/ModuleCache.noindex/Session.modulevalidation -Xcc -working-directory -Xcc /Users/admin/builder/spi-builder-workspace/.swiftpm/xcode -enable-anonymous-context-mangled-names -file-compilation-dir /Users/admin/builder/spi-builder-workspace/.swiftpm/xcode -Xcc -D_LIBCPP_HARDENING_MODE\=_LIBCPP_HARDENING_MODE_DEBUG -Xcc -ivfsstatcache -Xcc /Users/admin/builder/spi-builder-workspace/.derivedData/SDKStatCaches.noindex/appletvos27.0-24J360-e829b21a6f8c9b70876ba0858053c044b32bfd8d43560033f8d89884cdb90028.sdkstatcache -Xcc -fmodules-prune-interval\=86400 -Xcc -fmodules-prune-after\=345600 -Xcc -I/Users/admin/builder/spi-builder-workspace/.derivedData/Build/Products/Debug-appletvos/include -Xcc -I/Users/admin/builder/spi-builder-workspace/.derivedData/Build/Intermediates.noindex/ShapelyParentalGate.build/Debug-appletvos/ShapelyParentalGate-t.build/DerivedSources-normal/arm64 -Xcc -I/Users/admin/builder/spi-builder-workspace/.derivedData/Build/Intermediates.noindex/ShapelyParentalGate.build/Debug-appletvos/ShapelyParentalGate-t.build/DerivedSources/arm64 -Xcc -I/Users/admin/builder/spi-builder-workspace/.derivedData/Build/Intermediates.noindex/ShapelyParentalGate.build/Debug-appletvos/ShapelyParentalGate-t.build/DerivedSources -Xcc -DSWIFT_PACKAGE -Xcc -DDEBUG\=1 -no-auto-bridging-header-chaining -module-name ShapelyParentalGate -package-name spi_builder_workspace -const-gather-protocols-file /Users/admin/builder/spi-builder-workspace/.derivedData/Build/Intermediates.noindex/ShapelyParentalGate.build/Debug-appletvos/ShapelyParentalGate-t.build/Objects-normal/arm64/ShapelyParentalGate_const_extract_protocols.json -disable-clang-spi -clang-target arm64-apple-tvos27.0 -target-sdk-version 27.0 -target-sdk-name appletvos27.0 -in-process-plugin-server-path /Applications/Xcode-27.0.0-Release.Candidate.app/Contents/Developer/Toolchains/XcodeDefault.xctoolchain/usr/lib/swift/host/libSwiftInProcPluginServer.dylib -parse-as-library -o /Users/admin/builder/spi-builder-workspace/.derivedData/Build/Intermediates.noindex/ShapelyParentalGate.build/Debug-appletvos/ShapelyParentalGate-t.build/Objects-normal/arm64/ShapleyScene.o -debug-module-path /Users/admin/builder/spi-builder-workspace/.derivedData/Build/Intermediates.noindex/ShapelyParentalGate.build/Debug-appletvos/ShapelyParentalGate-t.build/Objects-normal/arm64/ShapelyParentalGate.swiftmodule -index-unit-output-path /ShapelyParentalGate.build/Debug-appletvos/ShapelyParentalGate-t.build/Objects-normal/arm64/ShapleyScene.o -index-store-path /Users/admin/builder/spi-builder-workspace/.derivedData/Index.noindex/DataStore -index-system-modules
SwiftCompile normal arm64 /Users/admin/builder/spi-builder-workspace/Sources/ShapelyParentalGate/ShapleyScene.swift (in target 'ShapelyParentalGate' from project 'ShapelyParentalGate')
cd /Users/admin/builder/spi-builder-workspace/.swiftpm/xcode
builtin-SwiftPerFileCompile ShapleyScene.swift
SwiftDriverJobDiscovery normal arm64 Compiling ShapelyParentalGateModifier.swift (in target 'ShapelyParentalGate' from project 'ShapelyParentalGate')
SwiftCompile normal arm64 Compiling\ resource_bundle_accessor.swift /Users/admin/builder/spi-builder-workspace/.derivedData/Build/Intermediates.noindex/ShapelyParentalGate.build/Debug-appletvos/ShapelyParentalGate-t.build/DerivedSources/resource_bundle_accessor.swift (in target 'ShapelyParentalGate' from project 'ShapelyParentalGate')
SwiftCompile normal arm64 /Users/admin/builder/spi-builder-workspace/.derivedData/Build/Intermediates.noindex/ShapelyParentalGate.build/Debug-appletvos/ShapelyParentalGate-t.build/DerivedSources/resource_bundle_accessor.swift (in target 'ShapelyParentalGate' from project 'ShapelyParentalGate')
cd /Users/admin/builder/spi-builder-workspace/.swiftpm/xcode
builtin-SwiftPerFileCompile resource_bundle_accessor.swift
PruneExplicitPrecompiledModules /Users/admin/builder/spi-builder-workspace/.derivedData/SDKExplicitPrecompiledModules
PruneExplicitPrecompiledModules /Users/admin/builder/spi-builder-workspace/.derivedData/Build/Intermediates.noindex/ExplicitPrecompiledModules
PruneExplicitPrecompiledModules /Users/admin/builder/spi-builder-workspace/.derivedData/Build/Intermediates.noindex/SwiftExplicitPrecompiledModules
2026-09-24 14:10:00.852 xcodebuild[767:4700] [MT] IDERunDestination: Supported platforms for the buildables in the current scheme is empty.
2026-09-24 14:10:00.956 xcodebuild[767:4700] [MT] IDERunDestination: Supported platforms for the buildables in the current scheme is empty.
** BUILD FAILED **
The following build commands failed:
SwiftCompile normal arm64 Compiling\ ShapleyScene.swift /Users/admin/builder/spi-builder-workspace/Sources/ShapelyParentalGate/ShapleyScene.swift (in target 'ShapelyParentalGate' from project 'ShapelyParentalGate')
SwiftCompile normal arm64 /Users/admin/builder/spi-builder-workspace/Sources/ShapelyParentalGate/ShapleyScene.swift (in target 'ShapelyParentalGate' from project 'ShapelyParentalGate')
Building workspace ShapelyParentalGate with scheme ShapelyParentalGate
(3 failures)
BUILD FAILURE 6.4 tvOS