The Swift Package Index logo.Swift Package Index

Build Information

Failed to build Compatibility, reference main (31255b), with Swift 6.2 for Linux on 30 Oct 2026 13:34:38 UTC.

Build Command

bash -c docker run --pull=always --rm -v "checkouts-54344847-1":/host -w "$PWD" -e JAVA_HOME="/root/.sdkman/candidates/java/current" -e SPI_BUILD="1" -e SPI_PROCESSING="1" registry.gitlab.com/saguaro1/spi-images:linux-6.2-latest swift build --triple x86_64-unknown-linux-gnu 2>&1

Build Log

========================================
RunAll
========================================
Builder version: 5.1.4
Interrupt handler set up.
========================================
Checkout
========================================
Clone URL: https://github.com/kudit/Compatibility.git
Reference: main
Initialized empty Git repository in /host/spi-builder-workspace/.git/
hint: Using 'master' as the name for the initial branch. This default branch name
hint: is subject to change. To configure the initial branch name to use in all
hint: of your new repositories, which will suppress this warning, call:
hint:
hint: 	git config --global init.defaultBranch <name>
hint:
hint: Names commonly chosen instead of 'master' are 'main', 'trunk' and
hint: 'development'. The just-created branch can be renamed via this command:
hint:
hint: 	git branch -m <name>
From https://github.com/kudit/Compatibility
 * branch            main       -> FETCH_HEAD
 * [new branch]      main       -> origin/main
HEAD is now at 31255b1 v1.21.3
Cloned https://github.com/kudit/Compatibility.git
Revision (git rev-parse @):
31255b1efb78fd2a68fc76dcc3ed55cada2fb5d3
SPI manifest file found: $PWD/.spi.yml
SUCCESS checkout https://github.com/kudit/Compatibility.git at main
========================================
Build
========================================
Selected platform:         linux
Swift version:             6.2
Building package at path:  $PWD
https://github.com/kudit/Compatibility.git
Running build ...
bash -c docker run --pull=always --rm -v "checkouts-54344847-1":/host -w "$PWD" -e JAVA_HOME="/root/.sdkman/candidates/java/current" -e SPI_BUILD="1" -e SPI_PROCESSING="1" registry.gitlab.com/saguaro1/spi-images:linux-6.2-latest swift build --triple x86_64-unknown-linux-gnu 2>&1
linux-6.2-latest: Pulling from saguaro1/spi-images
Digest: sha256:fb5d8fda777a26ddf92a54d8d0a4928674c7f15e70feba2d3a729a0a6d9cf40c
Status: Image is up to date for registry.gitlab.com/saguaro1/spi-images:linux-6.2-latest
Building for debugging...
[0/8] Write sources
[3/8] Write swift-version-24593BA9C3E375BF.txt
error: emit-module command failed with exit code 1 (use -v to see invocation)
[5/70] Emitting module Compatibility
/host/spi-builder-workspace/Sources/Core/Test.swift:544:33: error: cannot find 'SymbolCompatibilityTests' in scope
542 |         tests["Environment View Tests"] = EnvironmentsView.tests
543 | #endif
544 |         tests["Symbol Tests"] = SymbolCompatibilityTests.tests
    |                                 `- error: cannot find 'SymbolCompatibilityTests' in scope
545 |         tests["CharacterSet Tests"] = CharacterSet.tests
546 |         tests["URL Tests"] = URL.tests
[6/78] Compiling Compatibility Backport.DisclosureGroup.swift
[7/78] Compiling Compatibility Backport.Link.swift
[8/78] Compiling Compatibility Backport.Menu.swift
[9/78] Compiling Compatibility Backport.ProgressView.swift
[10/78] Compiling Compatibility Backport.SafeArea.swift
[11/78] Compiling Compatibility Backport.Section.swift
[12/78] Compiling Compatibility Backport.Toolbar.swift
[13/78] Compiling Compatibility Backport.swift
[14/78] Compiling Compatibility OverlappingStack.swift
[15/78] Compiling Compatibility Pasteboard.swift
[16/78] Compiling Compatibility RadialLayout.swift
[17/78] Compiling Compatibility Placard.swift
[18/78] Compiling Compatibility Triangle.swift
[19/78] Compiling Compatibility StringLikeProtocol.swift
[20/78] Compiling Compatibility SwiftUI.swift
[21/78] Compiling Compatibility TestUI.swift
[22/78] Compiling Compatibility Backport.task.swift
[23/78] Compiling Compatibility BackportHierarchicalShapeStyle.swift
[24/78] Compiling Compatibility BytesView.swift
[25/78] Compiling Compatibility ClearableTextField.swift
[26/78] Compiling Compatibility Embossed.swift
[27/78] Compiling Compatibility EnvironmentsView.swift
[28/78] Compiling Compatibility FieldView.swift
[29/78] Compiling Compatibility LegacyList.swift
[30/78] Compiling Compatibility DateString.swift
[31/78] Compiling Compatibility Dictionary.swift
[32/78] Compiling Compatibility Double.swift
[33/78] Compiling Compatibility Enum.swift
[34/78] Compiling Compatibility Field.swift
[35/78] Compiling Compatibility Int.swift
[36/78] Compiling Compatibility Introspection.swift
[37/78] Compiling Compatibility LegacyEmoji.swift
[38/78] Compiling Compatibility OrderedDictionary.swift
[39/78] Compiling Compatibility Array.swift
[40/78] Compiling Compatibility BackportOutputFormatting.swift
[41/78] Compiling Compatibility CharacterSet.swift
[42/78] Compiling Compatibility Codable.swift
[43/78] Compiling Compatibility CodingFoundation.swift
[44/78] Compiling Compatibility CodingJSON.swift
[45/78] Compiling Compatibility CodingMixedTypes.swift
[46/78] Compiling Compatibility CodingParameters.swift
[47/78] Compiling Compatibility Date.swift
[48/78] Compiling Compatibility OrderedSet.swift
[49/78] Compiling Compatibility String.swift
[50/78] Compiling Compatibility Symbols.swift
[51/78] Compiling Compatibility Threading.swift
[52/78] Compiling Compatibility URL.swift
[53/78] Compiling Compatibility Version.swift
[54/78] Compiling Compatibility AdaptiveLayouts.swift
[55/78] Compiling Compatibility Backport.AsyncImage.swift
[56/78] Compiling Compatibility Backport.AttributedStringText.swift
[57/78] Compiling Compatibility Compatibility.swift
[58/78] Compiling Compatibility Application.swift
[59/78] Compiling Compatibility Build.swift
[60/78] Compiling Compatibility Bundle.swift
[61/78] Compiling Compatibility CloudStatus.swift
[62/78] Compiling Compatibility CloudStorage.swift
[63/78] Compiling Compatibility CloudStorageSync.swift
[64/78] Compiling Compatibility DataStore.swift
[65/78] Compiling Compatibility Debug.swift
[66/78] Compiling Compatibility FileManager.swift
/host/spi-builder-workspace/Sources/Core/Test.swift:544:33: error: cannot find 'SymbolCompatibilityTests' in scope
542 |         tests["Environment View Tests"] = EnvironmentsView.tests
543 | #endif
544 |         tests["Symbol Tests"] = SymbolCompatibilityTests.tests
    |                                 `- error: cannot find 'SymbolCompatibilityTests' in scope
545 |         tests["CharacterSet Tests"] = CharacterSet.tests
546 |         tests["URL Tests"] = URL.tests
[67/78] Compiling Compatibility Graphics.swift
/host/spi-builder-workspace/Sources/Core/Test.swift:544:33: error: cannot find 'SymbolCompatibilityTests' in scope
542 |         tests["Environment View Tests"] = EnvironmentsView.tests
543 | #endif
544 |         tests["Symbol Tests"] = SymbolCompatibilityTests.tests
    |                                 `- error: cannot find 'SymbolCompatibilityTests' in scope
545 |         tests["CharacterSet Tests"] = CharacterSet.tests
546 |         tests["URL Tests"] = URL.tests
[68/78] Compiling Compatibility Module.swift
/host/spi-builder-workspace/Sources/Core/Test.swift:544:33: error: cannot find 'SymbolCompatibilityTests' in scope
542 |         tests["Environment View Tests"] = EnvironmentsView.tests
543 | #endif
544 |         tests["Symbol Tests"] = SymbolCompatibilityTests.tests
    |                                 `- error: cannot find 'SymbolCompatibilityTests' in scope
545 |         tests["CharacterSet Tests"] = CharacterSet.tests
546 |         tests["URL Tests"] = URL.tests
[69/78] Compiling Compatibility Network.swift
/host/spi-builder-workspace/Sources/Core/Test.swift:544:33: error: cannot find 'SymbolCompatibilityTests' in scope
542 |         tests["Environment View Tests"] = EnvironmentsView.tests
543 | #endif
544 |         tests["Symbol Tests"] = SymbolCompatibilityTests.tests
    |                                 `- error: cannot find 'SymbolCompatibilityTests' in scope
545 |         tests["CharacterSet Tests"] = CharacterSet.tests
546 |         tests["URL Tests"] = URL.tests
[70/78] Compiling Compatibility ObservableObject.swift
/host/spi-builder-workspace/Sources/Core/Test.swift:544:33: error: cannot find 'SymbolCompatibilityTests' in scope
542 |         tests["Environment View Tests"] = EnvironmentsView.tests
543 | #endif
544 |         tests["Symbol Tests"] = SymbolCompatibilityTests.tests
    |                                 `- error: cannot find 'SymbolCompatibilityTests' in scope
545 |         tests["CharacterSet Tests"] = CharacterSet.tests
546 |         tests["URL Tests"] = URL.tests
[71/78] Compiling Compatibility Shell.swift
/host/spi-builder-workspace/Sources/Core/Test.swift:544:33: error: cannot find 'SymbolCompatibilityTests' in scope
542 |         tests["Environment View Tests"] = EnvironmentsView.tests
543 | #endif
544 |         tests["Symbol Tests"] = SymbolCompatibilityTests.tests
    |                                 `- error: cannot find 'SymbolCompatibilityTests' in scope
545 |         tests["CharacterSet Tests"] = CharacterSet.tests
546 |         tests["URL Tests"] = URL.tests
[72/78] Compiling Compatibility Test.swift
/host/spi-builder-workspace/Sources/Core/Test.swift:544:33: error: cannot find 'SymbolCompatibilityTests' in scope
542 |         tests["Environment View Tests"] = EnvironmentsView.tests
543 | #endif
544 |         tests["Symbol Tests"] = SymbolCompatibilityTests.tests
    |                                 `- error: cannot find 'SymbolCompatibilityTests' in scope
545 |         tests["CharacterSet Tests"] = CharacterSet.tests
546 |         tests["URL Tests"] = URL.tests
[73/78] Compiling Compatibility UserDefaultsBacked.swift
/host/spi-builder-workspace/Sources/Core/Test.swift:544:33: error: cannot find 'SymbolCompatibilityTests' in scope
542 |         tests["Environment View Tests"] = EnvironmentsView.tests
543 | #endif
544 |         tests["Symbol Tests"] = SymbolCompatibilityTests.tests
    |                                 `- error: cannot find 'SymbolCompatibilityTests' in scope
545 |         tests["CharacterSet Tests"] = CharacterSet.tests
546 |         tests["URL Tests"] = URL.tests
[74/78] Compiling Compatibility Angle.swift
/host/spi-builder-workspace/Sources/Core/Test.swift:544:33: error: cannot find 'SymbolCompatibilityTests' in scope
542 |         tests["Environment View Tests"] = EnvironmentsView.tests
543 | #endif
544 |         tests["Symbol Tests"] = SymbolCompatibilityTests.tests
    |                                 `- error: cannot find 'SymbolCompatibilityTests' in scope
545 |         tests["CharacterSet Tests"] = CharacterSet.tests
546 |         tests["URL Tests"] = URL.tests
BUILD FAILURE 6.2 linux