Build Information
Failed to build swiftui-property-picker, reference 4.5.0 (d23fd2), with Swift 6.4 for watchOS using Xcode 27.0 on 23 Sep 2026 08:02:12 UTC.
Build Command
env DEVELOPER_DIR=/Applications/Xcode-27.0.0-Release.Candidate.app xcrun xcodebuild -IDEClonedSourcePackagesDirPathOverride=$PWD/.dependencies -skipMacroValidation -skipPackagePluginValidation -derivedDataPath $PWD/.derivedData build -scheme swiftui-property-picker-Package -destination generic/platform=watchOSBuild Log
SwiftExplicitDependencyGeneratePcm arm64 /Users/admin/builder/spi-builder-workspace/.derivedData/SDKExplicitPrecompiledModules/CoreGraphics-DWNZ73GEH98SBJXZ7DEXB420K.pcm
SwiftExplicitDependencyGeneratePcm arm64 /Users/admin/builder/spi-builder-workspace/.derivedData/SDKExplicitPrecompiledModules/CoreAudioTypes-A9MF7N5LT63G21HNFVM6BT14B.pcm
SwiftExplicitDependencyGeneratePcm arm64 /Users/admin/builder/spi-builder-workspace/.derivedData/SDKExplicitPrecompiledModules/Security-6RZ6YBRU8WCUHRFFRVUK5WKMM.pcm
SwiftExplicitDependencyGeneratePcm arm64_32 /Users/admin/builder/spi-builder-workspace/.derivedData/SDKExplicitPrecompiledModules/Security-D7TOWF88VWF67TB9HAFP5UWB1.pcm
SwiftExplicitDependencyGeneratePcm arm64_32 /Users/admin/builder/spi-builder-workspace/.derivedData/SDKExplicitPrecompiledModules/CoreAudioTypes-9GVB1DHA32M46R4A9NWSI3I2K.pcm
SwiftExplicitDependencyGeneratePcm arm64_32 /Users/admin/builder/spi-builder-workspace/.derivedData/SDKExplicitPrecompiledModules/CoreGraphics-9FDXYX6BKBUT6TJ2VF819E7T5.pcm
SwiftExplicitDependencyGeneratePcm arm64 /Users/admin/builder/spi-builder-workspace/.derivedData/SDKExplicitPrecompiledModules/CoreAudio-1B79RJJTP71GE6UY9WLESAN3C.pcm
SwiftExplicitDependencyGeneratePcm arm64_32 /Users/admin/builder/spi-builder-workspace/.derivedData/SDKExplicitPrecompiledModules/CoreAudio-5W6MX6OUPWBMUR8VD5LHT1PZF.pcm
SwiftExplicitDependencyGeneratePcm arm64 /Users/admin/builder/spi-builder-workspace/.derivedData/SDKExplicitPrecompiledModules/Foundation-DLBKUSGXN8QHAT8W0OARR9S8A.pcm
SwiftExplicitDependencyGeneratePcm arm64 /Users/admin/builder/spi-builder-workspace/.derivedData/SDKExplicitPrecompiledModules/CoreText-970YJN6NIYGK1316L35Z0O8QT.pcm
SwiftExplicitDependencyGeneratePcm arm64 /Users/admin/builder/spi-builder-workspace/.derivedData/SDKExplicitPrecompiledModules/CoreVideo-8MRR5MNWUOAW2DBPGUQ8FKK4.pcm
SwiftExplicitDependencyGeneratePcm arm64_32 /Users/admin/builder/spi-builder-workspace/.derivedData/SDKExplicitPrecompiledModules/Foundation-BJ2VQGI3OGR34500MEQ1VKHPH.pcm
SwiftExplicitDependencyGeneratePcm arm64_32 /Users/admin/builder/spi-builder-workspace/.derivedData/SDKExplicitPrecompiledModules/CoreText-C9X2REPZN2V5BSU4G80FCETDR.pcm
SwiftExplicitDependencyGeneratePcm arm64_32 /Users/admin/builder/spi-builder-workspace/.derivedData/SDKExplicitPrecompiledModules/CoreVideo-2P8HI0403J99LBDPKNFJ5D4DL.pcm
SwiftExplicitDependencyGeneratePcm arm64 /Users/admin/builder/spi-builder-workspace/.derivedData/SDKExplicitPrecompiledModules/CoreMedia-1AJVCUZNAO74KIKMFVFUUHWDI.pcm
SwiftExplicitDependencyGeneratePcm arm64_32 /Users/admin/builder/spi-builder-workspace/.derivedData/SDKExplicitPrecompiledModules/CoreMedia-AO387T8CHWTTZODD1DGT0UAFA.pcm
SwiftExplicitDependencyGeneratePcm arm64 /Users/admin/builder/spi-builder-workspace/.derivedData/SDKExplicitPrecompiledModules/_LocationEssentials-5ZZDGDXB6HLQUC72SJW7YJ7MK.pcm
SwiftExplicitDependencyGeneratePcm arm64 /Users/admin/builder/spi-builder-workspace/.derivedData/SDKExplicitPrecompiledModules/Accessibility-27QMG6ZQ1NKYTNBYFPM1XKNFC.pcm
SwiftExplicitDependencyGeneratePcm arm64 /Users/admin/builder/spi-builder-workspace/.derivedData/SDKExplicitPrecompiledModules/CoreData-9JFJC4UET8BAO5IPV2JU6W9V8.pcm
SwiftExplicitDependencyGeneratePcm arm64 /Users/admin/builder/spi-builder-workspace/.derivedData/SDKExplicitPrecompiledModules/SceneKit-5HZKIL7XETTTD8TOHYPN8JKRJ.pcm
SwiftExplicitDependencyGeneratePcm arm64 /Users/admin/builder/spi-builder-workspace/.derivedData/SDKExplicitPrecompiledModules/CoreTransferable-9PPG3SLJ55T4LITIFYX2M0NOZ.pcm
SwiftExplicitDependencyGeneratePcm arm64 /Users/admin/builder/spi-builder-workspace/.derivedData/SDKExplicitPrecompiledModules/QuartzCore-94KFMWNOU7ZLUZNB4T5DLZC9D.pcm
SwiftExplicitDependencyGeneratePcm arm64 /Users/admin/builder/spi-builder-workspace/.derivedData/SDKExplicitPrecompiledModules/DataDetection-7BNVI1SZW5ISQL5SX4WL2X7I5.pcm
SwiftExplicitDependencyGeneratePcm arm64 /Users/admin/builder/spi-builder-workspace/.derivedData/SDKExplicitPrecompiledModules/OSLog-B7VGO357Y3GJG35TST7DKDSI3.pcm
SwiftExplicitDependencyGeneratePcm arm64 /Users/admin/builder/spi-builder-workspace/.derivedData/SDKExplicitPrecompiledModules/UIUtilities-IR7RNW23VAUKYI9MLCS9NL9A.pcm
SwiftExplicitDependencyGeneratePcm arm64 /Users/admin/builder/spi-builder-workspace/.derivedData/SDKExplicitPrecompiledModules/Symbols-3EFABTJ9L5PQDJ7RQCYQWEJMM.pcm
SwiftExplicitDependencyGeneratePcm arm64_32 /Users/admin/builder/spi-builder-workspace/.derivedData/SDKExplicitPrecompiledModules/SceneKit-DKNLHKM5FJBQ79LSNMSSMBUBR.pcm
SwiftExplicitDependencyGeneratePcm arm64_32 /Users/admin/builder/spi-builder-workspace/.derivedData/SDKExplicitPrecompiledModules/UserNotifications-6TBN8TEAKO014N1T2QD926XED.pcm
SwiftExplicitDependencyGeneratePcm arm64_32 /Users/admin/builder/spi-builder-workspace/.derivedData/SDKExplicitPrecompiledModules/QuartzCore-6375NPYACK5NYVHPMC1QQ8MC2.pcm
SwiftExplicitDependencyGeneratePcm arm64_32 /Users/admin/builder/spi-builder-workspace/.derivedData/SDKExplicitPrecompiledModules/OSLog-D9AVFY0KWO7RVBIQ73CBIJVCN.pcm
SwiftExplicitDependencyGeneratePcm arm64_32 /Users/admin/builder/spi-builder-workspace/.derivedData/SDKExplicitPrecompiledModules/CoreData-7AU1AFQWUH88EAPDKVMLJPKVD.pcm
SwiftExplicitDependencyGeneratePcm arm64_32 /Users/admin/builder/spi-builder-workspace/.derivedData/SDKExplicitPrecompiledModules/UIUtilities-9YFVNIMRC5HRVOIARNWHP1E3H.pcm
SwiftExplicitDependencyGeneratePcm arm64_32 /Users/admin/builder/spi-builder-workspace/.derivedData/SDKExplicitPrecompiledModules/DataDetection-U9BF7WHFVA6BZGFXXXP272PS.pcm
SwiftExplicitDependencyGeneratePcm arm64_32 /Users/admin/builder/spi-builder-workspace/.derivedData/SDKExplicitPrecompiledModules/UniformTypeIdentifiers-CJZ3NTHPSBH4XWX5EVOG56UZS.pcm
SwiftExplicitDependencyGeneratePcm arm64 /Users/admin/builder/spi-builder-workspace/.derivedData/SDKExplicitPrecompiledModules/SwiftUICore-C1DST1IX2Z0PTH5SJJZ1IULRB.pcm
SwiftExplicitDependencyGeneratePcm arm64 /Users/admin/builder/spi-builder-workspace/.derivedData/SDKExplicitPrecompiledModules/CoreLocation-ACKJ9K7ABI14F97Y46Y6SRR17.pcm
SwiftExplicitDependencyGeneratePcm arm64_32 /Users/admin/builder/spi-builder-workspace/.derivedData/SDKExplicitPrecompiledModules/Symbols-1H97WMG76HU94F5VGJR19PXFY.pcm
SwiftExplicitDependencyGeneratePcm arm64_32 /Users/admin/builder/spi-builder-workspace/.derivedData/SDKExplicitPrecompiledModules/CoreTransferable-5D4IR6X37682FPHJ5CBPTKQV6.pcm
SwiftExplicitDependencyGeneratePcm arm64_32 /Users/admin/builder/spi-builder-workspace/.derivedData/SDKExplicitPrecompiledModules/Accessibility-F385OMZ5GYBUY5O4QAJB4NRII.pcm
SwiftExplicitDependencyGeneratePcm arm64 /Users/admin/builder/spi-builder-workspace/.derivedData/SDKExplicitPrecompiledModules/UserNotifications-ARAH8MEQ0C2L0FBO39HITJMAO.pcm
SwiftExplicitDependencyGeneratePcm arm64_32 /Users/admin/builder/spi-builder-workspace/.derivedData/SDKExplicitPrecompiledModules/_LocationEssentials-AQ1OL9QKC3LQLY5CNSRM1HB53.pcm
SwiftExplicitDependencyGeneratePcm arm64_32 /Users/admin/builder/spi-builder-workspace/.derivedData/SDKExplicitPrecompiledModules/SwiftUICore-3Q7WLRD8MR9R3NGIPUBQCP6F6.pcm
SwiftExplicitDependencyGeneratePcm arm64 /Users/admin/builder/spi-builder-workspace/.derivedData/SDKExplicitPrecompiledModules/UniformTypeIdentifiers-8L08Q8DQJV8C4AW84YVGFGTRN.pcm
SwiftExplicitDependencyGeneratePcm arm64 /Users/admin/builder/spi-builder-workspace/.derivedData/SDKExplicitPrecompiledModules/CoreMotion-6RD5K48QT1F4L9CATNFD2O7YB.pcm
SwiftExplicitDependencyGeneratePcm arm64_32 /Users/admin/builder/spi-builder-workspace/.derivedData/SDKExplicitPrecompiledModules/CoreLocation-8XU5YMYM4P11RQMYCQAG65ITK.pcm
SwiftExplicitDependencyGeneratePcm arm64 /Users/admin/builder/spi-builder-workspace/.derivedData/SDKExplicitPrecompiledModules/UIKit-27R3P1YMV4C6JLDT661G3MRIA.pcm
SwiftExplicitDependencyGeneratePcm arm64_32 /Users/admin/builder/spi-builder-workspace/.derivedData/SDKExplicitPrecompiledModules/CoreMotion-1XGTVTE5PP32UHME8AC63TL6.pcm
SwiftExplicitDependencyGeneratePcm arm64_32 /Users/admin/builder/spi-builder-workspace/.derivedData/SDKExplicitPrecompiledModules/UIKit-6PPV7YPZ89CZPHYAP072QH8B6.pcm
SwiftExplicitDependencyGeneratePcm arm64 /Users/admin/builder/spi-builder-workspace/.derivedData/SDKExplicitPrecompiledModules/MapKit-EJJWC7IL56MPLQMI93GJRE5OG.pcm
SwiftExplicitDependencyGeneratePcm arm64 /Users/admin/builder/spi-builder-workspace/.derivedData/SDKExplicitPrecompiledModules/HomeKit-DTS1N4AWILAL1URZ5IOXV5221.pcm
SwiftExplicitDependencyGeneratePcm arm64_32 /Users/admin/builder/spi-builder-workspace/.derivedData/SDKExplicitPrecompiledModules/HomeKit-DUDZOMSN3UK8GNTNBNMPIWJRN.pcm
SwiftExplicitDependencyGeneratePcm arm64_32 /Users/admin/builder/spi-builder-workspace/.derivedData/SDKExplicitPrecompiledModules/MapKit-CWGB4YMP1VX1NYQN5FULFD5DR.pcm
SwiftExplicitDependencyGeneratePcm arm64 /Users/admin/builder/spi-builder-workspace/.derivedData/SDKExplicitPrecompiledModules/WatchKit-3VT3K8YON6FJ6OWSUFJMFMP8J.pcm
SwiftExplicitDependencyGeneratePcm arm64_32 /Users/admin/builder/spi-builder-workspace/.derivedData/SDKExplicitPrecompiledModules/WatchKit-FHF6WTKLC2APGK3LA2XJ6516.pcm
SwiftExplicitDependencyGeneratePcm arm64 /Users/admin/builder/spi-builder-workspace/.derivedData/SDKExplicitPrecompiledModules/SwiftUI-APXDH8ULYLM6FD17YRA73TULO.pcm
SwiftCompile normal arm64 Compiling\ PropertyPicker.swift,\ PropertyPickerState.swift,\ PropertyPickerKey.swift /Users/admin/builder/spi-builder-workspace/Development/PropertyPicker.swift /Users/admin/builder/spi-builder-workspace/Development/PropertyWrappers/PropertyPickerState.swift /Users/admin/builder/spi-builder-workspace/Development/Protocols/PropertyPickerKey.swift (in target 'PropertyPicker' from project 'swiftui-property-picker')
SwiftCompile normal arm64 /Users/admin/builder/spi-builder-workspace/Development/PropertyPicker.swift (in target 'PropertyPicker' from project 'swiftui-property-picker')
cd /Users/admin/builder/spi-builder-workspace/.swiftpm/xcode
builtin-SwiftPerFileCompile PropertyPicker.swift
SwiftCompile normal arm64 /Users/admin/builder/spi-builder-workspace/Development/PropertyWrappers/PropertyPickerState.swift (in target 'PropertyPicker' from project 'swiftui-property-picker')
cd /Users/admin/builder/spi-builder-workspace/.swiftpm/xcode
builtin-SwiftPerFileCompile PropertyPickerState.swift
SwiftCompile normal arm64 /Users/admin/builder/spi-builder-workspace/Development/Protocols/PropertyPickerKey.swift (in target 'PropertyPicker' from project 'swiftui-property-picker')
cd /Users/admin/builder/spi-builder-workspace/.swiftpm/xcode
builtin-SwiftPerFileCompile PropertyPickerKey.swift
SwiftCompile normal arm64 Compiling\ InlineRow.swift,\ ListRow.swift /Users/admin/builder/spi-builder-workspace/Development/Views/InlineRow.swift /Users/admin/builder/spi-builder-workspace/Development/Views/ListRow.swift (in target 'PropertyPicker' from project 'swiftui-property-picker')
/Users/admin/builder/spi-builder-workspace/Development/Views/InlineRow.swift:18:9: error: 'Menu' is unavailable in watchOS
16 |
17 | var body: some View {
18 | Menu {
| `- error: 'Menu' is unavailable in watchOS
19 | picker
20 | } label: {
SwiftUI.Menu:3:27: note: 'Menu' has been explicitly marked unavailable here
1 | @available(iOS 14.0, macOS 11.0, tvOS 17.0, *)
2 | @available(watchOS, unavailable)
3 | nonisolated public struct Menu<Label, Content> : View, ~Sendable where Label : View, Content : View {
| `- note: 'Menu' has been explicitly marked unavailable here
4 | nonisolated public var body: some View { get }
5 | @available(macOS 11.0, iOS 14.0, tvOS 17.0, *)
/Users/admin/builder/spi-builder-workspace/Development/Views/InlineRow.swift:18:9: error: 'init(content:label:)' is unavailable in watchOS
16 |
17 | var body: some View {
18 | Menu {
| `- error: 'init(content:label:)' is unavailable in watchOS
19 | picker
20 | } label: {
SwiftUI.Menu.init:2:20: note: 'init(content:label:)' has been explicitly marked unavailable here
1 | generic struct Menu {
2 | nonisolated public init(@ContentBuilder content: () -> Content, @ContentBuilder label: () -> Label)}
| `- note: 'init(content:label:)' has been explicitly marked unavailable here
3 |
Failed frontend command:
/Applications/Xcode-27.0.0-Release.Candidate.app/Contents/Developer/Toolchains/XcodeDefault.xctoolchain/usr/bin/swift-frontend -frontend -c /Users/admin/builder/spi-builder-workspace/Development/Environment/EvironmentKeys.swift /Users/admin/builder/spi-builder-workspace/Development/Environment/PreferenceKeys.swift /Users/admin/builder/spi-builder-workspace/Development/Models/AnimationBox.swift /Users/admin/builder/spi-builder-workspace/Development/Models/Context.Data.swift /Users/admin/builder/spi-builder-workspace/Development/Models/Property.swift /Users/admin/builder/spi-builder-workspace/Development/Models/PropertyID.swift /Users/admin/builder/spi-builder-workspace/Development/Models/PropertyOption.swift /Users/admin/builder/spi-builder-workspace/Development/Models/PropertyPickerRowSorting.swift /Users/admin/builder/spi-builder-workspace/Development/Models/PropertyPickerSafeAreaAdjustmentStyle.swift /Users/admin/builder/spi-builder-workspace/Development/Models/PropertyPickerTextTransformation.swift /Users/admin/builder/spi-builder-workspace/Development/Models/RowBuilder.swift /Users/admin/builder/spi-builder-workspace/Development/PropertyPicker+View.swift /Users/admin/builder/spi-builder-workspace/Development/PropertyPicker.swift /Users/admin/builder/spi-builder-workspace/Development/PropertyWrappers/PropertyPickerState.swift /Users/admin/builder/spi-builder-workspace/Development/Protocols/PropertyPickerKey.swift /Users/admin/builder/spi-builder-workspace/Development/Protocols/PropertyPickerStyle.swift /Users/admin/builder/spi-builder-workspace/Development/Styles/_InlinePropertyPicker.swift /Users/admin/builder/spi-builder-workspace/Development/Styles/_ListPropertyPicker.swift /Users/admin/builder/spi-builder-workspace/Development/Styles/_SheetPropertyPicker.swift /Users/admin/builder/spi-builder-workspace/Development/ViewModifiers/Context.swift /Users/admin/builder/spi-builder-workspace/Development/ViewModifiers/PreferenceWriter.swift /Users/admin/builder/spi-builder-workspace/Development/ViewModifiers/PropertyWriter.swift /Users/admin/builder/spi-builder-workspace/Development/ViewModifiers/RowBuilderWriter.swift -primary-file /Users/admin/builder/spi-builder-workspace/Development/Views/InlineRow.swift -primary-file /Users/admin/builder/spi-builder-workspace/Development/Views/ListRow.swift /Users/admin/builder/spi-builder-workspace/Development/Views/Rows.swift /Users/admin/builder/spi-builder-workspace/Development/Views/Title.swift -emit-dependencies-path /Users/admin/builder/spi-builder-workspace/.derivedData/Build/Intermediates.noindex/swiftui-property-picker.build/Debug-watchos/PropertyPicker-t.build/Objects-normal/arm64/InlineRow.d -emit-const-values-path /Users/admin/builder/spi-builder-workspace/.derivedData/Build/Intermediates.noindex/swiftui-property-picker.build/Debug-watchos/PropertyPicker-t.build/Objects-normal/arm64/InlineRow.swiftconstvalues -emit-reference-dependencies-path /Users/admin/builder/spi-builder-workspace/.derivedData/Build/Intermediates.noindex/swiftui-property-picker.build/Debug-watchos/PropertyPicker-t.build/Objects-normal/arm64/InlineRow.swiftdeps -serialize-diagnostics-path /Users/admin/builder/spi-builder-workspace/.derivedData/Build/Intermediates.noindex/swiftui-property-picker.build/Debug-watchos/PropertyPicker-t.build/Objects-normal/arm64/InlineRow.dia -emit-dependencies-path /Users/admin/builder/spi-builder-workspace/.derivedData/Build/Intermediates.noindex/swiftui-property-picker.build/Debug-watchos/PropertyPicker-t.build/Objects-normal/arm64/ListRow.d -emit-const-values-path /Users/admin/builder/spi-builder-workspace/.derivedData/Build/Intermediates.noindex/swiftui-property-picker.build/Debug-watchos/PropertyPicker-t.build/Objects-normal/arm64/ListRow.swiftconstvalues -emit-reference-dependencies-path /Users/admin/builder/spi-builder-workspace/.derivedData/Build/Intermediates.noindex/swiftui-property-picker.build/Debug-watchos/PropertyPicker-t.build/Objects-normal/arm64/ListRow.swiftdeps -serialize-diagnostics-path /Users/admin/builder/spi-builder-workspace/.derivedData/Build/Intermediates.noindex/swiftui-property-picker.build/Debug-watchos/PropertyPicker-t.build/Objects-normal/arm64/ListRow.dia -target arm64-apple-watchos9.0 -disable-cross-import-overlay-search -load-resolved-plugin /Applications/Xcode-27.0.0-Release.Candidate.app/Contents/Developer/Platforms/WatchOS.platform/Developer/usr/lib/swift/host/plugins/libFoundationMacros.dylib\#/Applications/Xcode-27.0.0-Release.Candidate.app/Contents/Developer/Platforms/WatchOS.platform/Developer/usr/bin/swift-plugin-server\#FoundationMacros -load-resolved-plugin /Applications/Xcode-27.0.0-Release.Candidate.app/Contents/Developer/Platforms/WatchOS.platform/Developer/usr/lib/swift/host/plugins/libObservationMacros.dylib\#/Applications/Xcode-27.0.0-Release.Candidate.app/Contents/Developer/Platforms/WatchOS.platform/Developer/usr/bin/swift-plugin-server\#ObservationMacros -load-resolved-plugin /Applications/Xcode-27.0.0-Release.Candidate.app/Contents/Developer/Platforms/WatchOS.platform/Developer/usr/lib/swift/host/plugins/libPreviewsMacros.dylib\#/Applications/Xcode-27.0.0-Release.Candidate.app/Contents/Developer/Platforms/WatchOS.platform/Developer/usr/bin/swift-plugin-server\#PreviewsMacros -load-resolved-plugin /Applications/Xcode-27.0.0-Release.Candidate.app/Contents/Developer/Platforms/WatchOS.platform/Developer/usr/lib/swift/host/plugins/libSwiftMacros.dylib\#/Applications/Xcode-27.0.0-Release.Candidate.app/Contents/Developer/Platforms/WatchOS.platform/Developer/usr/bin/swift-plugin-server\#SwiftMacros -load-resolved-plugin /Applications/Xcode-27.0.0-Release.Candidate.app/Contents/Developer/Platforms/WatchOS.platform/Developer/usr/lib/swift/host/plugins/libSwiftUIMacros.dylib\#/Applications/Xcode-27.0.0-Release.Candidate.app/Contents/Developer/Platforms/WatchOS.platform/Developer/usr/bin/swift-plugin-server\#SwiftUIMacros -disable-implicit-swift-modules -Xcc -fno-implicit-modules -Xcc -fno-implicit-module-maps -explicit-swift-module-map-file /Users/admin/builder/spi-builder-workspace/.derivedData/Build/Intermediates.noindex/swiftui-property-picker.build/Debug-watchos/PropertyPicker-t.build/Objects-normal/arm64/PropertyPicker-dependencies-1.json -Xllvm -aarch64-use-tbi -enable-objc-interop -stack-check -sdk /Applications/Xcode-27.0.0-Release.Candidate.app/Contents/Developer/Platforms/WatchOS.platform/Developer/SDKs/WatchOS27.0.sdk -I /Users/admin/builder/spi-builder-workspace/.derivedData/Build/Products/Debug-watchos -Isystem /Applications/Xcode-27.0.0-Release.Candidate.app/Contents/Developer/Platforms/WatchOS.platform/Developer/usr/lib -F /Users/admin/builder/spi-builder-workspace/.derivedData/Build/Products/Debug-watchos -F /Applications/Xcode-27.0.0-Release.Candidate.app/Contents/Developer/Platforms/WatchOS.platform/Developer/Library/Frameworks -F /Applications/Xcode-27.0.0-Release.Candidate.app/Contents/Developer/Platforms/WatchOS.platform/Developer/SDKs/WatchOS27.0.sdk/Developer/Library/Frameworks -module-cache-path /Users/admin/builder/spi-builder-workspace/.derivedData/Build/Intermediates.noindex/SwiftExplicitPrecompiledModules -no-color-diagnostics -Xcc -fno-color-diagnostics -enable-testing -g -debug-info-format\=dwarf -dwarf-version\=4 -swift-version 5 -Onone -D SWIFT_PACKAGE -D DEBUG -D SWIFT_MODULE_RESOURCE_BUNDLE_UNAVAILABLE -D VERBOSE -D Xcode -serialize-debugging-options -enable-upcoming-feature StrictConcurrency -enable-experimental-feature DebugDescriptionMacro -empty-abi-descriptor -validate-clang-modules-once -clang-build-session-file /Users/admin/builder/spi-builder-workspace/.derivedData/ModuleCache.noindex/Session.modulevalidation -Xcc -working-directory -Xcc /Users/admin/builder/spi-builder-workspace/.swiftpm/xcode -enable-anonymous-context-mangled-names -file-compilation-dir /Users/admin/builder/spi-builder-workspace/.swiftpm/xcode -Xcc -D_LIBCPP_HARDENING_MODE\=_LIBCPP_HARDENING_MODE_DEBUG -Xcc -ivfsstatcache -Xcc /Users/admin/builder/spi-builder-workspace/.derivedData/SDKStatCaches.noindex/watchos27.0-24R360-e829b21a6f8c9b70876ba0858053c04477534ef55a1706bf4c1112bbb242f0a2.sdkstatcache -Xcc -fmodules-prune-interval\=86400 -Xcc -fmodules-prune-after\=345600 -Xcc -I/Users/admin/builder/spi-builder-workspace/.derivedData/Build/Products/Debug-watchos/include -Xcc -I/Users/admin/builder/spi-builder-workspace/.derivedData/Build/Intermediates.noindex/swiftui-property-picker.build/Debug-watchos/PropertyPicker-t.build/DerivedSources-normal/arm64 -Xcc -I/Users/admin/builder/spi-builder-workspace/.derivedData/Build/Intermediates.noindex/swiftui-property-picker.build/Debug-watchos/PropertyPicker-t.build/DerivedSources/arm64 -Xcc -I/Users/admin/builder/spi-builder-workspace/.derivedData/Build/Intermediates.noindex/swiftui-property-picker.build/Debug-watchos/PropertyPicker-t.build/DerivedSources -Xcc -DSWIFT_PACKAGE -Xcc -DDEBUG\=1 -no-auto-bridging-header-chaining -module-name PropertyPicker -package-name spi_builder_workspace -const-gather-protocols-file /Users/admin/builder/spi-builder-workspace/.derivedData/Build/Intermediates.noindex/swiftui-property-picker.build/Debug-watchos/PropertyPicker-t.build/Objects-normal/arm64/PropertyPicker_const_extract_protocols.json -disable-clang-spi -clang-target arm64-apple-watchos27.0 -target-sdk-version 27.0 -target-sdk-name watchos27.0 -in-process-plugin-server-path /Applications/Xcode-27.0.0-Release.Candidate.app/Contents/Developer/Toolchains/XcodeDefault.xctoolchain/usr/lib/swift/host/libSwiftInProcPluginServer.dylib -parse-as-library -o /Users/admin/builder/spi-builder-workspace/.derivedData/Build/Intermediates.noindex/swiftui-property-picker.build/Debug-watchos/PropertyPicker-t.build/Objects-normal/arm64/InlineRow.o -o /Users/admin/builder/spi-builder-workspace/.derivedData/Build/Intermediates.noindex/swiftui-property-picker.build/Debug-watchos/PropertyPicker-t.build/Objects-normal/arm64/ListRow.o -debug-module-path /Users/admin/builder/spi-builder-workspace/.derivedData/Build/Intermediates.noindex/swiftui-property-picker.build/Debug-watchos/PropertyPicker-t.build/Objects-normal/arm64/PropertyPicker.swiftmodule -index-unit-output-path /swiftui-property-picker.build/Debug-watchos/PropertyPicker-t.build/Objects-normal/arm64/InlineRow.o -index-unit-output-path /swiftui-property-picker.build/Debug-watchos/PropertyPicker-t.build/Objects-normal/arm64/ListRow.o -index-store-path /Users/admin/builder/spi-builder-workspace/.derivedData/Index.noindex/DataStore -index-system-modules
SwiftCompile normal arm64 /Users/admin/builder/spi-builder-workspace/Development/Views/InlineRow.swift (in target 'PropertyPicker' from project 'swiftui-property-picker')
cd /Users/admin/builder/spi-builder-workspace/.swiftpm/xcode
builtin-SwiftPerFileCompile InlineRow.swift
SwiftCompile normal arm64 /Users/admin/builder/spi-builder-workspace/Development/Views/ListRow.swift (in target 'PropertyPicker' from project 'swiftui-property-picker')
cd /Users/admin/builder/spi-builder-workspace/.swiftpm/xcode
builtin-SwiftPerFileCompile ListRow.swift
SwiftEmitModule normal arm64 Emitting\ module\ for\ PropertyPicker (in target 'PropertyPicker' from project 'swiftui-property-picker')
/Users/admin/builder/spi-builder-workspace/Development/Environment/PreferenceKeys.swift:10:16: warning: static property 'defaultValue' is not concurrency-safe because it is nonisolated global shared mutable state; this is an error in the Swift 6 language mode [#MutableGlobalVariable]
8 | struct TitlePreference: PreferenceKey {
9 | /// The default title shown if no other title is specified by child views.
10 | static var defaultValue: Text?
| |- warning: static property 'defaultValue' is not concurrency-safe because it is nonisolated global shared mutable state; this is an error in the Swift 6 language mode [#MutableGlobalVariable]
| |- note: convert 'defaultValue' to a 'let' constant to make 'Sendable' shared state immutable
| |- note: add '@MainActor' to make static property 'defaultValue' part of global actor 'MainActor'
| `- note: disable concurrency-safety checks if accesses are protected by an external synchronization mechanism
11 |
12 | static func reduce(value: inout Text?, nextValue: () -> Text?) {
/Users/admin/builder/spi-builder-workspace/Development/Environment/PreferenceKeys.swift:27:16: warning: static property 'defaultValue' is not concurrency-safe because it is nonisolated global shared mutable state; this is an error in the Swift 6 language mode [#MutableGlobalVariable]
25 | /// The default value for the background context, initially nil indicating no background is applied.
26 | @usableFromInline
27 | static var defaultValue: AnimationBox<AnyShapeStyle>?
| |- warning: static property 'defaultValue' is not concurrency-safe because it is nonisolated global shared mutable state; this is an error in the Swift 6 language mode [#MutableGlobalVariable]
| |- note: convert 'defaultValue' to a 'let' constant to make 'Sendable' shared state immutable
| |- note: add '@MainActor' to make static property 'defaultValue' part of global actor 'MainActor'
| `- note: disable concurrency-safety checks if accesses are protected by an external synchronization mechanism
28 |
29 | /// Combines multiple values into a single context, prioritizing the latest value set by any child view.
/Users/admin/builder/spi-builder-workspace/Development/Environment/PreferenceKeys.swift:44:16: warning: static property 'defaultValue' is not concurrency-safe because non-'Sendable' type '[PropertyID : RowBuilder]' may have shared mutable state; this is an error in the Swift 6 language mode [#MutableGlobalVariable]
42 | struct ViewBuilderPreference: PreferenceKey {
43 | /// The default value is an empty dictionary, indicating no custom view builders are provided initially.
44 | static let defaultValue = [PropertyID: RowBuilder]()
| |- warning: static property 'defaultValue' is not concurrency-safe because non-'Sendable' type '[PropertyID : RowBuilder]' may have shared mutable state; this is an error in the Swift 6 language mode [#MutableGlobalVariable]
| |- note: add '@MainActor' to make static property 'defaultValue' part of global actor 'MainActor'
| `- note: disable concurrency-safety checks if accesses are protected by an external synchronization mechanism
45 |
46 | /// Merges view builders provided by child views, preferring the builder set closest to the root.
/Users/admin/builder/spi-builder-workspace/Development/Models/PropertyID.swift:6:15: note: consider making struct 'PropertyID' conform to the 'Sendable' protocol
4 | /// facilitating the tracking and management of property picker states and configurations
5 | /// across different components of an application.
6 | public struct PropertyID: Hashable, CustomDebugStringConvertible {
| `- note: consider making struct 'PropertyID' conform to the 'Sendable' protocol
7 | public var metadata: UnsafeRawPointer
8 |
/Users/admin/builder/spi-builder-workspace/Development/Models/RowBuilder.swift:3:8: note: consider making struct 'RowBuilder' conform to the 'Sendable' protocol
1 | import SwiftUI
2 |
3 | struct RowBuilder: Equatable, Identifiable {
| `- note: consider making struct 'RowBuilder' conform to the 'Sendable' protocol
4 | let id: PropertyID
5 | let body: (Property) -> AnyView?
/Users/admin/builder/spi-builder-workspace/Development/Environment/PreferenceKeys.swift:60:16: warning: static property 'defaultValue' is not concurrency-safe because it is nonisolated global shared mutable state; this is an error in the Swift 6 language mode [#MutableGlobalVariable]
58 | struct PropertyPreference: PreferenceKey {
59 | /// The default value, an empty set, indicates that no properties are collected initially.
60 | static var defaultValue: Set<Property> = []
| |- warning: static property 'defaultValue' is not concurrency-safe because it is nonisolated global shared mutable state; this is an error in the Swift 6 language mode [#MutableGlobalVariable]
| |- note: convert 'defaultValue' to a 'let' constant to make 'Sendable' shared state immutable
| |- note: add '@MainActor' to make static property 'defaultValue' part of global actor 'MainActor'
| `- note: disable concurrency-safety checks if accesses are protected by an external synchronization mechanism
61 |
62 | /// Reduces multiple sets of properties into a single set, adding any new properties found in child views to the existing set.
/Users/admin/builder/spi-builder-workspace/Development/Models/PropertyPickerTextTransformation.swift:10:23: warning: static property 'none' is not concurrency-safe because non-'Sendable' type 'PropertyPickerTextTransformation' may have shared mutable state; this is an error in the Swift 6 language mode [#MutableGlobalVariable]
1 | import Foundation
2 |
3 | public struct PropertyPickerTextTransformation: OptionSet {
| `- note: consider making struct 'PropertyPickerTextTransformation' conform to the 'Sendable' protocol
4 | public let rawValue: Int8
5 |
:
8 | }
9 |
10 | public static let none = Self()
| |- warning: static property 'none' is not concurrency-safe because non-'Sendable' type 'PropertyPickerTextTransformation' may have shared mutable state; this is an error in the Swift 6 language mode [#MutableGlobalVariable]
| |- note: add '@MainActor' to make static property 'none' part of global actor 'MainActor'
| `- note: disable concurrency-safety checks if accesses are protected by an external synchronization mechanism
11 | public static let capitalize = Self(rawValue: 1 << 0)
12 | public static let lowercase = Self(rawValue: 1 << 1)
/Users/admin/builder/spi-builder-workspace/Development/Models/PropertyPickerTextTransformation.swift:11:23: warning: static property 'capitalize' is not concurrency-safe because non-'Sendable' type 'PropertyPickerTextTransformation' may have shared mutable state; this is an error in the Swift 6 language mode [#MutableGlobalVariable]
1 | import Foundation
2 |
3 | public struct PropertyPickerTextTransformation: OptionSet {
| `- note: consider making struct 'PropertyPickerTextTransformation' conform to the 'Sendable' protocol
4 | public let rawValue: Int8
5 |
:
9 |
10 | public static let none = Self()
11 | public static let capitalize = Self(rawValue: 1 << 0)
| |- warning: static property 'capitalize' is not concurrency-safe because non-'Sendable' type 'PropertyPickerTextTransformation' may have shared mutable state; this is an error in the Swift 6 language mode [#MutableGlobalVariable]
| |- note: add '@MainActor' to make static property 'capitalize' part of global actor 'MainActor'
| `- note: disable concurrency-safety checks if accesses are protected by an external synchronization mechanism
12 | public static let lowercase = Self(rawValue: 1 << 1)
13 | public static let uppercase = Self(rawValue: 1 << 2)
/Users/admin/builder/spi-builder-workspace/Development/Models/PropertyPickerTextTransformation.swift:12:23: warning: static property 'lowercase' is not concurrency-safe because non-'Sendable' type 'PropertyPickerTextTransformation' may have shared mutable state; this is an error in the Swift 6 language mode [#MutableGlobalVariable]
1 | import Foundation
2 |
3 | public struct PropertyPickerTextTransformation: OptionSet {
| `- note: consider making struct 'PropertyPickerTextTransformation' conform to the 'Sendable' protocol
4 | public let rawValue: Int8
5 |
:
10 | public static let none = Self()
11 | public static let capitalize = Self(rawValue: 1 << 0)
12 | public static let lowercase = Self(rawValue: 1 << 1)
| |- warning: static property 'lowercase' is not concurrency-safe because non-'Sendable' type 'PropertyPickerTextTransformation' may have shared mutable state; this is an error in the Swift 6 language mode [#MutableGlobalVariable]
| |- note: add '@MainActor' to make static property 'lowercase' part of global actor 'MainActor'
| `- note: disable concurrency-safety checks if accesses are protected by an external synchronization mechanism
13 | public static let uppercase = Self(rawValue: 1 << 2)
14 | public static let camelCaseToWords = Self(rawValue: 1 << 3)
/Users/admin/builder/spi-builder-workspace/Development/Models/PropertyPickerTextTransformation.swift:13:23: warning: static property 'uppercase' is not concurrency-safe because non-'Sendable' type 'PropertyPickerTextTransformation' may have shared mutable state; this is an error in the Swift 6 language mode [#MutableGlobalVariable]
1 | import Foundation
2 |
3 | public struct PropertyPickerTextTransformation: OptionSet {
| `- note: consider making struct 'PropertyPickerTextTransformation' conform to the 'Sendable' protocol
4 | public let rawValue: Int8
5 |
:
11 | public static let capitalize = Self(rawValue: 1 << 0)
12 | public static let lowercase = Self(rawValue: 1 << 1)
13 | public static let uppercase = Self(rawValue: 1 << 2)
| |- warning: static property 'uppercase' is not concurrency-safe because non-'Sendable' type 'PropertyPickerTextTransformation' may have shared mutable state; this is an error in the Swift 6 language mode [#MutableGlobalVariable]
| |- note: add '@MainActor' to make static property 'uppercase' part of global actor 'MainActor'
| `- note: disable concurrency-safety checks if accesses are protected by an external synchronization mechanism
14 | public static let camelCaseToWords = Self(rawValue: 1 << 3)
15 | public static let snakeCaseToWords = Self(rawValue: 1 << 4)
/Users/admin/builder/spi-builder-workspace/Development/Models/PropertyPickerTextTransformation.swift:14:23: warning: static property 'camelCaseToWords' is not concurrency-safe because non-'Sendable' type 'PropertyPickerTextTransformation' may have shared mutable state; this is an error in the Swift 6 language mode [#MutableGlobalVariable]
1 | import Foundation
2 |
3 | public struct PropertyPickerTextTransformation: OptionSet {
| `- note: consider making struct 'PropertyPickerTextTransformation' conform to the 'Sendable' protocol
4 | public let rawValue: Int8
5 |
:
12 | public static let lowercase = Self(rawValue: 1 << 1)
13 | public static let uppercase = Self(rawValue: 1 << 2)
14 | public static let camelCaseToWords = Self(rawValue: 1 << 3)
| |- warning: static property 'camelCaseToWords' is not concurrency-safe because non-'Sendable' type 'PropertyPickerTextTransformation' may have shared mutable state; this is an error in the Swift 6 language mode [#MutableGlobalVariable]
| |- note: add '@MainActor' to make static property 'camelCaseToWords' part of global actor 'MainActor'
| `- note: disable concurrency-safety checks if accesses are protected by an external synchronization mechanism
15 | public static let snakeCaseToWords = Self(rawValue: 1 << 4)
16 |
/Users/admin/builder/spi-builder-workspace/Development/Models/PropertyPickerTextTransformation.swift:15:23: warning: static property 'snakeCaseToWords' is not concurrency-safe because non-'Sendable' type 'PropertyPickerTextTransformation' may have shared mutable state; this is an error in the Swift 6 language mode [#MutableGlobalVariable]
1 | import Foundation
2 |
3 | public struct PropertyPickerTextTransformation: OptionSet {
| `- note: consider making struct 'PropertyPickerTextTransformation' conform to the 'Sendable' protocol
4 | public let rawValue: Int8
5 |
:
13 | public static let uppercase = Self(rawValue: 1 << 2)
14 | public static let camelCaseToWords = Self(rawValue: 1 << 3)
15 | public static let snakeCaseToWords = Self(rawValue: 1 << 4)
| |- warning: static property 'snakeCaseToWords' is not concurrency-safe because non-'Sendable' type 'PropertyPickerTextTransformation' may have shared mutable state; this is an error in the Swift 6 language mode [#MutableGlobalVariable]
| |- note: add '@MainActor' to make static property 'snakeCaseToWords' part of global actor 'MainActor'
| `- note: disable concurrency-safety checks if accesses are protected by an external synchronization mechanism
16 |
17 | func apply(to text: String) -> String {
[#MutableGlobalVariable]: <https://docs.swift.org/compiler/documentation/diagnostics/mutable-global-variable>
SwiftCompile normal arm64 (in target 'PropertyPicker' from project 'swiftui-property-picker')
cd /Users/admin/builder/spi-builder-workspace/.swiftpm/xcode
SwiftCompile normal arm64 Compiling\ PropertyWriter.swift,\ RowBuilderWriter.swift /Users/admin/builder/spi-builder-workspace/Development/ViewModifiers/PropertyWriter.swift /Users/admin/builder/spi-builder-workspace/Development/ViewModifiers/RowBuilderWriter.swift (in target 'PropertyPicker' from project 'swiftui-property-picker')
/Users/admin/builder/spi-builder-workspace/Development/ViewModifiers/PropertyWriter.swift:84:37: warning: sending 'newKey' risks causing data races; this is an error in the Swift 6 language mode [#RegionIsolation::SendingRisksDataRace]
82 | if let newKey = Key(rawValue: newValue) {
83 | withAnimation(animation) {
84 | selection = newKey
| |- warning: sending 'newKey' risks causing data races; this is an error in the Swift 6 language mode [#RegionIsolation::SendingRisksDataRace]
| `- note: 'newKey' is captured by a main actor-isolated closure. main actor-isolated uses in closure may race against code in the current isolation context
85 | }
86 | } else {
[#RegionIsolation]: <https://docs.swift.org/compiler/documentation/diagnostics/region-isolation>
[#SendingRisksDataRace]: <https://docs.swift.org/compiler/documentation/diagnostics/sending-risks-data-race>
SwiftCompile normal arm64 /Users/admin/builder/spi-builder-workspace/Development/ViewModifiers/PropertyWriter.swift (in target 'PropertyPicker' from project 'swiftui-property-picker')
cd /Users/admin/builder/spi-builder-workspace/.swiftpm/xcode
builtin-SwiftPerFileCompile PropertyWriter.swift
SwiftCompile normal arm64 /Users/admin/builder/spi-builder-workspace/Development/ViewModifiers/RowBuilderWriter.swift (in target 'PropertyPicker' from project 'swiftui-property-picker')
cd /Users/admin/builder/spi-builder-workspace/.swiftpm/xcode
builtin-SwiftPerFileCompile RowBuilderWriter.swift
SwiftCompile normal arm64 Compiling\ Rows.swift,\ Title.swift /Users/admin/builder/spi-builder-workspace/Development/Views/Rows.swift /Users/admin/builder/spi-builder-workspace/Development/Views/Title.swift (in target 'PropertyPicker' from project 'swiftui-property-picker')
SwiftCompile normal arm64 /Users/admin/builder/spi-builder-workspace/Development/Views/Rows.swift (in target 'PropertyPicker' from project 'swiftui-property-picker')
cd /Users/admin/builder/spi-builder-workspace/.swiftpm/xcode
builtin-SwiftPerFileCompile Rows.swift
SwiftCompile normal arm64 /Users/admin/builder/spi-builder-workspace/Development/Views/Title.swift (in target 'PropertyPicker' from project 'swiftui-property-picker')
cd /Users/admin/builder/spi-builder-workspace/.swiftpm/xcode
builtin-SwiftPerFileCompile Title.swift
SwiftCompile normal arm64 Compiling\ PropertyPickerStyle.swift,\ _InlinePropertyPicker.swift,\ _ListPropertyPicker.swift /Users/admin/builder/spi-builder-workspace/Development/Protocols/PropertyPickerStyle.swift /Users/admin/builder/spi-builder-workspace/Development/Styles/_InlinePropertyPicker.swift /Users/admin/builder/spi-builder-workspace/Development/Styles/_ListPropertyPicker.swift (in target 'PropertyPicker' from project 'swiftui-property-picker')
/Users/admin/builder/spi-builder-workspace/Development/Protocols/PropertyPickerStyle.swift:17:21: warning: call to main actor-isolated initializer 'init(row:)' in a synchronous nonisolated context [#ActorIsolatedCall]
15 | /// These rows typically display selectable options or properties within the picker.
16 | var listRows: some View {
17 | Rows<ListRow>(row: ListRow.init(data:))
| `- warning: call to main actor-isolated initializer 'init(row:)' in a synchronous nonisolated context [#ActorIsolatedCall]
18 | }
19 |
/Users/admin/builder/spi-builder-workspace/Development/Views/Rows.swift:3:8: note: calls to initializer 'init(row:)' from outside of its actor context are implicitly asynchronous
1 | import SwiftUI
2 |
3 | struct Rows<V>: View where V: View {
| |- note: calls to initializer 'init(row:)' from outside of its actor context are implicitly asynchronous
| `- note: main actor isolation inferred from conformance to protocol 'View'
4 | var row: (Property) -> V
5 |
/Users/admin/builder/spi-builder-workspace/Development/Protocols/PropertyPickerStyle.swift:17:28: warning: converting function value of type '@MainActor (Property) -> ListRow' to '(Property) -> ListRow' loses global actor 'MainActor'; this is an error in the Swift 6 language mode
15 | /// These rows typically display selectable options or properties within the picker.
16 | var listRows: some View {
17 | Rows<ListRow>(row: ListRow.init(data:))
| `- warning: converting function value of type '@MainActor (Property) -> ListRow' to '(Property) -> ListRow' loses global actor 'MainActor'; this is an error in the Swift 6 language mode
18 | }
19 |
/Users/admin/builder/spi-builder-workspace/Development/Protocols/PropertyPickerStyle.swift:21:23: warning: call to main actor-isolated initializer 'init(row:)' in a synchronous nonisolated context [#ActorIsolatedCall]
19 |
20 | var inlineRows: some View {
21 | Rows<InlineRow>(row: InlineRow.init(data:))
| `- warning: call to main actor-isolated initializer 'init(row:)' in a synchronous nonisolated context [#ActorIsolatedCall]
22 | }
23 |
/Users/admin/builder/spi-builder-workspace/Development/Views/Rows.swift:3:8: note: calls to initializer 'init(row:)' from outside of its actor context are implicitly asynchronous
1 | import SwiftUI
2 |
3 | struct Rows<V>: View where V: View {
| |- note: calls to initializer 'init(row:)' from outside of its actor context are implicitly asynchronous
| `- note: main actor isolation inferred from conformance to protocol 'View'
4 | var row: (Property) -> V
5 |
/Users/admin/builder/spi-builder-workspace/Development/Protocols/PropertyPickerStyle.swift:21:30: warning: converting function value of type '@MainActor (Property) -> InlineRow' to '(Property) -> InlineRow' loses global actor 'MainActor'; this is an error in the Swift 6 language mode
19 |
20 | var inlineRows: some View {
21 | Rows<InlineRow>(row: InlineRow.init(data:))
| `- warning: converting function value of type '@MainActor (Property) -> InlineRow' to '(Property) -> InlineRow' loses global actor 'MainActor'; this is an error in the Swift 6 language mode
22 | }
23 |
/Users/admin/builder/spi-builder-workspace/Development/Protocols/PropertyPickerStyle.swift:27:9: warning: call to main actor-isolated initializer 'init()' in a synchronous nonisolated context [#ActorIsolatedCall]
25 | /// This view is generally used to display a header or title for the picker section.
26 | var title: some View {
27 | Title()
| `- warning: call to main actor-isolated initializer 'init()' in a synchronous nonisolated context [#ActorIsolatedCall]
28 | }
29 | }
/Users/admin/builder/spi-builder-workspace/Development/Views/Title.swift:3:8: note: calls to initializer 'init()' from outside of its actor context are implicitly asynchronous
1 | import SwiftUI
2 |
3 | struct Title: View {
| |- note: calls to initializer 'init()' from outside of its actor context are implicitly asynchronous
| `- note: main actor isolation inferred from conformance to protocol 'View'
4 | @EnvironmentObject
5 | private var context: Context.Data
/Users/admin/builder/spi-builder-workspace/Development/Styles/_InlinePropertyPicker.swift:24:13: error: 'GroupBox' is unavailable in watchOS
22 | private func preview(_ content: some View) -> some View {
23 | ZStack {
24 | GroupBox {
| `- error: 'GroupBox' is unavailable in watchOS
25 | Spacer().frame(maxWidth: .infinity)
26 | }
SwiftUI.GroupBox:4:27: note: 'GroupBox' has been explicitly marked unavailable here
2 | @available(tvOS, unavailable)
3 | @available(watchOS, unavailable)
4 | nonisolated public struct GroupBox<Label, Content> : View, ~Sendable where Label : View, Content : View {
| `- note: 'GroupBox' has been explicitly marked unavailable here
5 | @available(iOS 14.0, macOS 10.15, *)
6 | @available(tvOS, unavailable)
/Users/admin/builder/spi-builder-workspace/Development/Styles/_InlinePropertyPicker.swift:24:13: error: 'init(content:)' is unavailable in watchOS
22 | private func preview(_ content: some View) -> some View {
23 | ZStack {
24 | GroupBox {
| `- error: 'init(content:)' is unavailable in watchOS
25 | Spacer().frame(maxWidth: .infinity)
26 | }
SwiftUI.GroupBox.init:2:20: note: 'init(content:)' has been explicitly marked unavailable here
1 | generic struct GroupBox {
2 | nonisolated public init(@ContentBuilder content: () -> Content)}
| `- note: 'init(content:)' has been explicitly marked unavailable here
3 |
/Users/admin/builder/spi-builder-workspace/Development/Styles/_ListPropertyPicker.swift:33:25: error: 'GroupBox' is unavailable in watchOS
31 | VStack(spacing: .zero) {
32 | ZStack {
33 | GroupBox {
| `- error: 'GroupBox' is unavailable in watchOS
34 | Spacer().frame(maxWidth: .infinity)
35 | }
SwiftUI.GroupBox:4:27: note: 'GroupBox' has been explicitly marked unavailable here
2 | @available(tvOS, unavailable)
3 | @available(watchOS, unavailable)
4 | nonisolated public struct GroupBox<Label, Content> : View, ~Sendable where Label : View, Content : View {
| `- note: 'GroupBox' has been explicitly marked unavailable here
5 | @available(iOS 14.0, macOS 10.15, *)
6 | @available(tvOS, unavailable)
/Users/admin/builder/spi-builder-workspace/Development/Styles/_ListPropertyPicker.swift:33:25: error: 'init(content:)' is unavailable in watchOS
31 | VStack(spacing: .zero) {
32 | ZStack {
33 | GroupBox {
| `- error: 'init(content:)' is unavailable in watchOS
34 | Spacer().frame(maxWidth: .infinity)
35 | }
SwiftUI.GroupBox.init:2:20: note: 'init(content:)' has been explicitly marked unavailable here
1 | generic struct GroupBox {
2 | nonisolated public init(@ContentBuilder content: () -> Content)}
| `- note: 'init(content:)' has been explicitly marked unavailable here
3 |
[#ActorIsolatedCall]: <https://docs.swift.org/compiler/documentation/diagnostics/actor-isolated-call>
SwiftCompile normal arm64 /Users/admin/builder/spi-builder-workspace/Development/Protocols/PropertyPickerStyle.swift (in target 'PropertyPicker' from project 'swiftui-property-picker')
cd /Users/admin/builder/spi-builder-workspace/.swiftpm/xcode
builtin-SwiftPerFileCompile PropertyPickerStyle.swift
SwiftCompile normal arm64 /Users/admin/builder/spi-builder-workspace/Development/Styles/_InlinePropertyPicker.swift (in target 'PropertyPicker' from project 'swiftui-property-picker')
cd /Users/admin/builder/spi-builder-workspace/.swiftpm/xcode
builtin-SwiftPerFileCompile _InlinePropertyPicker.swift
SwiftCompile normal arm64 /Users/admin/builder/spi-builder-workspace/Development/Styles/_ListPropertyPicker.swift (in target 'PropertyPicker' from project 'swiftui-property-picker')
cd /Users/admin/builder/spi-builder-workspace/.swiftpm/xcode
builtin-SwiftPerFileCompile _ListPropertyPicker.swift
SwiftCompile normal arm64 Compiling\ PropertyPickerTextTransformation.swift,\ RowBuilder.swift,\ PropertyPicker+View.swift /Users/admin/builder/spi-builder-workspace/Development/Models/PropertyPickerTextTransformation.swift /Users/admin/builder/spi-builder-workspace/Development/Models/RowBuilder.swift /Users/admin/builder/spi-builder-workspace/Development/PropertyPicker+View.swift (in target 'PropertyPicker' from project 'swiftui-property-picker')
/Users/admin/builder/spi-builder-workspace/Development/Models/PropertyPickerTextTransformation.swift:10:23: warning: static property 'none' is not concurrency-safe because non-'Sendable' type 'PropertyPickerTextTransformation' may have shared mutable state; this is an error in the Swift 6 language mode [#MutableGlobalVariable]
1 | import Foundation
2 |
3 | public struct PropertyPickerTextTransformation: OptionSet {
| `- note: consider making struct 'PropertyPickerTextTransformation' conform to the 'Sendable' protocol
4 | public let rawValue: Int8
5 |
:
8 | }
9 |
10 | public static let none = Self()
| |- warning: static property 'none' is not concurrency-safe because non-'Sendable' type 'PropertyPickerTextTransformation' may have shared mutable state; this is an error in the Swift 6 language mode [#MutableGlobalVariable]
| |- note: add '@MainActor' to make static property 'none' part of global actor 'MainActor'
| `- note: disable concurrency-safety checks if accesses are protected by an external synchronization mechanism
11 | public static let capitalize = Self(rawValue: 1 << 0)
12 | public static let lowercase = Self(rawValue: 1 << 1)
/Users/admin/builder/spi-builder-workspace/Development/Models/PropertyPickerTextTransformation.swift:11:23: warning: static property 'capitalize' is not concurrency-safe because non-'Sendable' type 'PropertyPickerTextTransformation' may have shared mutable state; this is an error in the Swift 6 language mode [#MutableGlobalVariable]
1 | import Foundation
2 |
3 | public struct PropertyPickerTextTransformation: OptionSet {
| `- note: consider making struct 'PropertyPickerTextTransformation' conform to the 'Sendable' protocol
4 | public let rawValue: Int8
5 |
:
9 |
10 | public static let none = Self()
11 | public static let capitalize = Self(rawValue: 1 << 0)
| |- warning: static property 'capitalize' is not concurrency-safe because non-'Sendable' type 'PropertyPickerTextTransformation' may have shared mutable state; this is an error in the Swift 6 language mode [#MutableGlobalVariable]
| |- note: add '@MainActor' to make static property 'capitalize' part of global actor 'MainActor'
| `- note: disable concurrency-safety checks if accesses are protected by an external synchronization mechanism
12 | public static let lowercase = Self(rawValue: 1 << 1)
13 | public static let uppercase = Self(rawValue: 1 << 2)
/Users/admin/builder/spi-builder-workspace/Development/Models/PropertyPickerTextTransformation.swift:12:23: warning: static property 'lowercase' is not concurrency-safe because non-'Sendable' type 'PropertyPickerTextTransformation' may have shared mutable state; this is an error in the Swift 6 language mode [#MutableGlobalVariable]
1 | import Foundation
2 |
3 | public struct PropertyPickerTextTransformation: OptionSet {
| `- note: consider making struct 'PropertyPickerTextTransformation' conform to the 'Sendable' protocol
4 | public let rawValue: Int8
5 |
:
10 | public static let none = Self()
11 | public static let capitalize = Self(rawValue: 1 << 0)
12 | public static let lowercase = Self(rawValue: 1 << 1)
| |- warning: static property 'lowercase' is not concurrency-safe because non-'Sendable' type 'PropertyPickerTextTransformation' may have shared mutable state; this is an error in the Swift 6 language mode [#MutableGlobalVariable]
| |- note: add '@MainActor' to make static property 'lowercase' part of global actor 'MainActor'
| `- note: disable concurrency-safety checks if accesses are protected by an external synchronization mechanism
13 | public static let uppercase = Self(rawValue: 1 << 2)
14 | public static let camelCaseToWords = Self(rawValue: 1 << 3)
/Users/admin/builder/spi-builder-workspace/Development/Models/PropertyPickerTextTransformation.swift:13:23: warning: static property 'uppercase' is not concurrency-safe because non-'Sendable' type 'PropertyPickerTextTransformation' may have shared mutable state; this is an error in the Swift 6 language mode [#MutableGlobalVariable]
1 | import Foundation
2 |
3 | public struct PropertyPickerTextTransformation: OptionSet {
| `- note: consider making struct 'PropertyPickerTextTransformation' conform to the 'Sendable' protocol
4 | public let rawValue: Int8
5 |
:
11 | public static let capitalize = Self(rawValue: 1 << 0)
12 | public static let lowercase = Self(rawValue: 1 << 1)
13 | public static let uppercase = Self(rawValue: 1 << 2)
| |- warning: static property 'uppercase' is not concurrency-safe because non-'Sendable' type 'PropertyPickerTextTransformation' may have shared mutable state; this is an error in the Swift 6 language mode [#MutableGlobalVariable]
| |- note: add '@MainActor' to make static property 'uppercase' part of global actor 'MainActor'
| `- note: disable concurrency-safety checks if accesses are protected by an external synchronization mechanism
14 | public static let camelCaseToWords = Self(rawValue: 1 << 3)
15 | public static let snakeCaseToWords = Self(rawValue: 1 << 4)
/Users/admin/builder/spi-builder-workspace/Development/Models/PropertyPickerTextTransformation.swift:14:23: warning: static property 'camelCaseToWords' is not concurrency-safe because non-'Sendable' type 'PropertyPickerTextTransformation' may have shared mutable state; this is an error in the Swift 6 language mode [#MutableGlobalVariable]
1 | import Foundation
2 |
3 | public struct PropertyPickerTextTransformation: OptionSet {
| `- note: consider making struct 'PropertyPickerTextTransformation' conform to the 'Sendable' protocol
4 | public let rawValue: Int8
5 |
:
12 | public static let lowercase = Self(rawValue: 1 << 1)
13 | public static let uppercase = Self(rawValue: 1 << 2)
14 | public static let camelCaseToWords = Self(rawValue: 1 << 3)
| |- warning: static property 'camelCaseToWords' is not concurrency-safe because non-'Sendable' type 'PropertyPickerTextTransformation' may have shared mutable state; this is an error in the Swift 6 language mode [#MutableGlobalVariable]
| |- note: add '@MainActor' to make static property 'camelCaseToWords' part of global actor 'MainActor'
| `- note: disable concurrency-safety checks if accesses are protected by an external synchronization mechanism
15 | public static let snakeCaseToWords = Self(rawValue: 1 << 4)
16 |
/Users/admin/builder/spi-builder-workspace/Development/Models/PropertyPickerTextTransformation.swift:15:23: warning: static property 'snakeCaseToWords' is not concurrency-safe because non-'Sendable' type 'PropertyPickerTextTransformation' may have shared mutable state; this is an error in the Swift 6 language mode [#MutableGlobalVariable]
1 | import Foundation
2 |
3 | public struct PropertyPickerTextTransformation: OptionSet {
| `- note: consider making struct 'PropertyPickerTextTransformation' conform to the 'Sendable' protocol
4 | public let rawValue: Int8
5 |
:
13 | public static let uppercase = Self(rawValue: 1 << 2)
14 | public static let camelCaseToWords = Self(rawValue: 1 << 3)
15 | public static let snakeCaseToWords = Self(rawValue: 1 << 4)
| |- warning: static property 'snakeCaseToWords' is not concurrency-safe because non-'Sendable' type 'PropertyPickerTextTransformation' may have shared mutable state; this is an error in the Swift 6 language mode [#MutableGlobalVariable]
| |- note: add '@MainActor' to make static property 'snakeCaseToWords' part of global actor 'MainActor'
| `- note: disable concurrency-safety checks if accesses are protected by an external synchronization mechanism
16 |
17 | func apply(to text: String) -> String {
[#MutableGlobalVariable]: <https://docs.swift.org/compiler/documentation/diagnostics/mutable-global-variable>
SwiftCompile normal arm64 /Users/admin/builder/spi-builder-workspace/Development/Models/PropertyPickerTextTransformation.swift (in target 'PropertyPicker' from project 'swiftui-property-picker')
cd /Users/admin/builder/spi-builder-workspace/.swiftpm/xcode
builtin-SwiftPerFileCompile PropertyPickerTextTransformation.swift
SwiftCompile normal arm64 /Users/admin/builder/spi-builder-workspace/Development/Models/RowBuilder.swift (in target 'PropertyPicker' from project 'swiftui-property-picker')
cd /Users/admin/builder/spi-builder-workspace/.swiftpm/xcode
builtin-SwiftPerFileCompile RowBuilder.swift
SwiftCompile normal arm64 /Users/admin/builder/spi-builder-workspace/Development/PropertyPicker+View.swift (in target 'PropertyPicker' from project 'swiftui-property-picker')
cd /Users/admin/builder/spi-builder-workspace/.swiftpm/xcode
builtin-SwiftPerFileCompile PropertyPicker+View.swift
SwiftCompile normal arm64 Compiling\ PropertyOption.swift,\ PropertyPickerRowSorting.swift,\ PropertyPickerSafeAreaAdjustmentStyle.swift /Users/admin/builder/spi-builder-workspace/Development/Models/PropertyOption.swift /Users/admin/builder/spi-builder-workspace/Development/Models/PropertyPickerRowSorting.swift /Users/admin/builder/spi-builder-workspace/Development/Models/PropertyPickerSafeAreaAdjustmentStyle.swift (in target 'PropertyPicker' from project 'swiftui-property-picker')
SwiftCompile normal arm64 /Users/admin/builder/spi-builder-workspace/Development/Models/PropertyOption.swift (in target 'PropertyPicker' from project 'swiftui-property-picker')
cd /Users/admin/builder/spi-builder-workspace/.swiftpm/xcode
builtin-SwiftPerFileCompile PropertyOption.swift
SwiftCompile normal arm64 /Users/admin/builder/spi-builder-workspace/Development/Models/PropertyPickerRowSorting.swift (in target 'PropertyPicker' from project 'swiftui-property-picker')
cd /Users/admin/builder/spi-builder-workspace/.swiftpm/xcode
builtin-SwiftPerFileCompile PropertyPickerRowSorting.swift
SwiftCompile normal arm64 /Users/admin/builder/spi-builder-workspace/Development/Models/PropertyPickerSafeAreaAdjustmentStyle.swift (in target 'PropertyPicker' from project 'swiftui-property-picker')
cd /Users/admin/builder/spi-builder-workspace/.swiftpm/xcode
builtin-SwiftPerFileCompile PropertyPickerSafeAreaAdjustmentStyle.swift
SwiftCompile normal arm64 Compiling\ EvironmentKeys.swift,\ PreferenceKeys.swift,\ AnimationBox.swift /Users/admin/builder/spi-builder-workspace/Development/Environment/EvironmentKeys.swift /Users/admin/builder/spi-builder-workspace/Development/Environment/PreferenceKeys.swift /Users/admin/builder/spi-builder-workspace/Development/Models/AnimationBox.swift (in target 'PropertyPicker' from project 'swiftui-property-picker')
/Users/admin/builder/spi-builder-workspace/Development/Environment/PreferenceKeys.swift:10:16: warning: static property 'defaultValue' is not concurrency-safe because it is nonisolated global shared mutable state; this is an error in the Swift 6 language mode [#MutableGlobalVariable]
8 | struct TitlePreference: PreferenceKey {
9 | /// The default title shown if no other title is specified by child views.
10 | static var defaultValue: Text?
| |- warning: static property 'defaultValue' is not concurrency-safe because it is nonisolated global shared mutable state; this is an error in the Swift 6 language mode [#MutableGlobalVariable]
| |- note: convert 'defaultValue' to a 'let' constant to make 'Sendable' shared state immutable
| |- note: add '@MainActor' to make static property 'defaultValue' part of global actor 'MainActor'
| `- note: disable concurrency-safety checks if accesses are protected by an external synchronization mechanism
11 |
12 | static func reduce(value: inout Text?, nextValue: () -> Text?) {
/Users/admin/builder/spi-builder-workspace/Development/Environment/PreferenceKeys.swift:27:16: warning: static property 'defaultValue' is not concurrency-safe because it is nonisolated global shared mutable state; this is an error in the Swift 6 language mode [#MutableGlobalVariable]
25 | /// The default value for the background context, initially nil indicating no background is applied.
26 | @usableFromInline
27 | static var defaultValue: AnimationBox<AnyShapeStyle>?
| |- warning: static property 'defaultValue' is not concurrency-safe because it is nonisolated global shared mutable state; this is an error in the Swift 6 language mode [#MutableGlobalVariable]
| |- note: convert 'defaultValue' to a 'let' constant to make 'Sendable' shared state immutable
| |- note: add '@MainActor' to make static property 'defaultValue' part of global actor 'MainActor'
| `- note: disable concurrency-safety checks if accesses are protected by an external synchronization mechanism
28 |
29 | /// Combines multiple values into a single context, prioritizing the latest value set by any child view.
/Users/admin/builder/spi-builder-workspace/Development/Environment/PreferenceKeys.swift:44:16: warning: static property 'defaultValue' is not concurrency-safe because non-'Sendable' type '[PropertyID : RowBuilder]' may have shared mutable state; this is an error in the Swift 6 language mode [#MutableGlobalVariable]
42 | struct ViewBuilderPreference: PreferenceKey {
43 | /// The default value is an empty dictionary, indicating no custom view builders are provided initially.
44 | static let defaultValue = [PropertyID: RowBuilder]()
| |- warning: static property 'defaultValue' is not concurrency-safe because non-'Sendable' type '[PropertyID : RowBuilder]' may have shared mutable state; this is an error in the Swift 6 language mode [#MutableGlobalVariable]
| |- note: add '@MainActor' to make static property 'defaultValue' part of global actor 'MainActor'
| `- note: disable concurrency-safety checks if accesses are protected by an external synchronization mechanism
45 |
46 | /// Merges view builders provided by child views, preferring the builder set closest to the root.
/Users/admin/builder/spi-builder-workspace/Development/Models/PropertyID.swift:6:15: note: consider making struct 'PropertyID' conform to the 'Sendable' protocol
4 | /// facilitating the tracking and management of property picker states and configurations
5 | /// across different components of an application.
6 | public struct PropertyID: Hashable, CustomDebugStringConvertible {
| `- note: consider making struct 'PropertyID' conform to the 'Sendable' protocol
7 | public var metadata: UnsafeRawPointer
8 |
/Users/admin/builder/spi-builder-workspace/Development/Models/RowBuilder.swift:3:8: note: consider making struct 'RowBuilder' conform to the 'Sendable' protocol
1 | import SwiftUI
2 |
3 | struct RowBuilder: Equatable, Identifiable {
| `- note: consider making struct 'RowBuilder' conform to the 'Sendable' protocol
4 | let id: PropertyID
5 | let body: (Property) -> AnyView?
/Users/admin/builder/spi-builder-workspace/Development/Environment/PreferenceKeys.swift:60:16: warning: static property 'defaultValue' is not concurrency-safe because it is nonisolated global shared mutable state; this is an error in the Swift 6 language mode [#MutableGlobalVariable]
58 | struct PropertyPreference: PreferenceKey {
59 | /// The default value, an empty set, indicates that no properties are collected initially.
60 | static var defaultValue: Set<Property> = []
| |- warning: static property 'defaultValue' is not concurrency-safe because it is nonisolated global shared mutable state; this is an error in the Swift 6 language mode [#MutableGlobalVariable]
| |- note: convert 'defaultValue' to a 'let' constant to make 'Sendable' shared state immutable
| |- note: add '@MainActor' to make static property 'defaultValue' part of global actor 'MainActor'
| `- note: disable concurrency-safety checks if accesses are protected by an external synchronization mechanism
61 |
62 | /// Reduces multiple sets of properties into a single set, adding any new properties found in child views to the existing set.
[#MutableGlobalVariable]: <https://docs.swift.org/compiler/documentation/diagnostics/mutable-global-variable>
SwiftCompile normal arm64 /Users/admin/builder/spi-builder-workspace/Development/Environment/EvironmentKeys.swift (in target 'PropertyPicker' from project 'swiftui-property-picker')
cd /Users/admin/builder/spi-builder-workspace/.swiftpm/xcode
builtin-SwiftPerFileCompile EvironmentKeys.swift
SwiftCompile normal arm64 /Users/admin/builder/spi-builder-workspace/Development/Environment/PreferenceKeys.swift (in target 'PropertyPicker' from project 'swiftui-property-picker')
cd /Users/admin/builder/spi-builder-workspace/.swiftpm/xcode
builtin-SwiftPerFileCompile PreferenceKeys.swift
SwiftCompile normal arm64 /Users/admin/builder/spi-builder-workspace/Development/Models/AnimationBox.swift (in target 'PropertyPicker' from project 'swiftui-property-picker')
cd /Users/admin/builder/spi-builder-workspace/.swiftpm/xcode
builtin-SwiftPerFileCompile AnimationBox.swift
SwiftCompile normal arm64 Compiling\ Context.Data.swift,\ Property.swift,\ PropertyID.swift /Users/admin/builder/spi-builder-workspace/Development/Models/Context.Data.swift /Users/admin/builder/spi-builder-workspace/Development/Models/Property.swift /Users/admin/builder/spi-builder-workspace/Development/Models/PropertyID.swift (in target 'PropertyPicker' from project 'swiftui-property-picker')
SwiftCompile normal arm64 /Users/admin/builder/spi-builder-workspace/Development/Models/Context.Data.swift (in target 'PropertyPicker' from project 'swiftui-property-picker')
cd /Users/admin/builder/spi-builder-workspace/.swiftpm/xcode
builtin-SwiftPerFileCompile Context.Data.swift
SwiftCompile normal arm64 /Users/admin/builder/spi-builder-workspace/Development/Models/Property.swift (in target 'PropertyPicker' from project 'swiftui-property-picker')
cd /Users/admin/builder/spi-builder-workspace/.swiftpm/xcode
builtin-SwiftPerFileCompile Property.swift
SwiftCompile normal arm64 /Users/admin/builder/spi-builder-workspace/Development/Models/PropertyID.swift (in target 'PropertyPicker' from project 'swiftui-property-picker')
cd /Users/admin/builder/spi-builder-workspace/.swiftpm/xcode
builtin-SwiftPerFileCompile PropertyID.swift
SwiftExplicitDependencyGeneratePcm arm64_32 /Users/admin/builder/spi-builder-workspace/.derivedData/SDKExplicitPrecompiledModules/SwiftUI-9AYG9OCT5VOJK7V4MX1WYR86T.pcm
SwiftDriverJobDiscovery normal arm64 Emitting module for PropertyPicker (in target 'PropertyPicker' from project 'swiftui-property-picker')
SwiftDriver\ Compilation\ Requirements PropertyPicker normal arm64 com.apple.xcode.tools.swift.compiler (in target 'PropertyPicker' from project 'swiftui-property-picker')
cd /Users/admin/builder/spi-builder-workspace/.swiftpm/xcode
builtin-Swift-Compilation-Requirements -- /Applications/Xcode-27.0.0-Release.Candidate.app/Contents/Developer/Toolchains/XcodeDefault.xctoolchain/usr/bin/swiftc -parse-as-library -module-name PropertyPicker -Onone @/Users/admin/builder/spi-builder-workspace/.derivedData/Build/Intermediates.noindex/swiftui-property-picker.build/Debug-watchos/PropertyPicker-t.build/Objects-normal/arm64/PropertyPicker.SwiftFileList -DSWIFT_PACKAGE -DDEBUG -DSWIFT_MODULE_RESOURCE_BUNDLE_UNAVAILABLE -DVERBOSE -DXcode -enable-upcoming-feature StrictConcurrency -plugin-path /Applications/Xcode-27.0.0-Release.Candidate.app/Contents/Developer/Toolchains/XcodeDefault.xctoolchain/usr/lib/swift/host/plugins/testing -enable-experimental-feature DebugDescriptionMacro -sdk /Applications/Xcode-27.0.0-Release.Candidate.app/Contents/Developer/Platforms/WatchOS.platform/Developer/SDKs/WatchOS27.0.sdk -target arm64-apple-watchos9.0 -g -module-cache-path /Users/admin/builder/spi-builder-workspace/.derivedData/ModuleCache.noindex -Xfrontend -serialize-debugging-options -enable-testing -index-store-path /Users/admin/builder/spi-builder-workspace/.derivedData/Index.noindex/DataStore -Xcc -D_LIBCPP_HARDENING_MODE\=_LIBCPP_HARDENING_MODE_DEBUG -swift-version 5 -I /Users/admin/builder/spi-builder-workspace/.derivedData/Build/Products/Debug-watchos -Isystem /Applications/Xcode-27.0.0-Release.Candidate.app/Contents/Developer/Platforms/WatchOS.platform/Developer/usr/lib -F /Users/admin/builder/spi-builder-workspace/.derivedData/Build/Products/Debug-watchos -F /Applications/Xcode-27.0.0-Release.Candidate.app/Contents/Developer/Platforms/WatchOS.platform/Developer/Library/Frameworks -F /Applications/Xcode-27.0.0-Release.Candidate.app/Contents/Developer/Platforms/WatchOS.platform/Developer/SDKs/WatchOS27.0.sdk/Developer/Library/Frameworks -c -j10 -enable-batch-mode -incremental -Xcc -ivfsstatcache -Xcc /Users/admin/builder/spi-builder-workspace/.derivedData/SDKStatCaches.noindex/watchos27.0-24R360-e829b21a6f8c9b70876ba0858053c04477534ef55a1706bf4c1112bbb242f0a2.sdkstatcache -output-file-map /Users/admin/builder/spi-builder-workspace/.derivedData/Build/Intermediates.noindex/swiftui-property-picker.build/Debug-watchos/PropertyPicker-t.build/Objects-normal/arm64/PropertyPicker-OutputFileMap.json -save-temps -no-color-diagnostics -explicit-module-build -module-cache-path /Users/admin/builder/spi-builder-workspace/.derivedData/Build/Intermediates.noindex/SwiftExplicitPrecompiledModules -clang-scanner-module-cache-path /Users/admin/builder/spi-builder-workspace/.derivedData/ModuleCache.noindex -sdk-module-cache-path /Users/admin/builder/spi-builder-workspace/.derivedData/SDKExplicitPrecompiledModules -emit-dependencies -emit-module -emit-module-path /Users/admin/builder/spi-builder-workspace/.derivedData/Build/Intermediates.noindex/swiftui-property-picker.build/Debug-watchos/PropertyPicker-t.build/Objects-normal/arm64/PropertyPicker.swiftmodule -serialize-diagnostics -dependency-scan-serialize-diagnostics-path /Users/admin/builder/spi-builder-workspace/.derivedData/Build/Intermediates.noindex/swiftui-property-picker.build/Debug-watchos/PropertyPicker-t.build/Objects-normal/arm64/PropertyPicker-dependency-scan.dia -validate-clang-modules-once -clang-build-session-file /Users/admin/builder/spi-builder-workspace/.derivedData/ModuleCache.noindex/Session.modulevalidation -Xcc -fmodules-prune-interval\=86400 -Xcc -fmodules-prune-after\=345600 -package-name spi_builder_workspace -emit-const-values -const-gather-protocols-list /Users/admin/builder/spi-builder-workspace/.derivedData/Build/Intermediates.noindex/swiftui-property-picker.build/Debug-watchos/PropertyPicker-t.build/Objects-normal/arm64/PropertyPicker_const_extract_protocols.json -Xcc -I/Users/admin/builder/spi-builder-workspace/.derivedData/Build/Products/Debug-watchos/include -Xcc -I/Users/admin/builder/spi-builder-workspace/.derivedData/Build/Intermediates.noindex/swiftui-property-picker.build/Debug-watchos/PropertyPicker-t.build/DerivedSources-normal/arm64 -Xcc -I/Users/admin/builder/spi-builder-workspace/.derivedData/Build/Intermediates.noindex/swiftui-property-picker.build/Debug-watchos/PropertyPicker-t.build/DerivedSources/arm64 -Xcc -I/Users/admin/builder/spi-builder-workspace/.derivedData/Build/Intermediates.noindex/swiftui-property-picker.build/Debug-watchos/PropertyPicker-t.build/DerivedSources -Xcc -DSWIFT_PACKAGE -Xcc -DDEBUG\=1 -emit-objc-header -emit-objc-header-path /Users/admin/builder/spi-builder-workspace/.derivedData/Build/Intermediates.noindex/swiftui-property-picker.build/Debug-watchos/PropertyPicker-t.build/Objects-normal/arm64/PropertyPicker-Swift.h -working-directory /Users/admin/builder/spi-builder-workspace/.swiftpm/xcode -experimental-emit-module-separately -disable-cmo
SwiftEmitModule normal arm64_32 Emitting\ module\ for\ PropertyPicker (in target 'PropertyPicker' from project 'swiftui-property-picker')
/Users/admin/builder/spi-builder-workspace/Development/Environment/PreferenceKeys.swift:10:16: warning: static property 'defaultValue' is not concurrency-safe because it is nonisolated global shared mutable state; this is an error in the Swift 6 language mode [#MutableGlobalVariable]
8 | struct TitlePreference: PreferenceKey {
9 | /// The default title shown if no other title is specified by child views.
10 | static var defaultValue: Text?
| |- warning: static property 'defaultValue' is not concurrency-safe because it is nonisolated global shared mutable state; this is an error in the Swift 6 language mode [#MutableGlobalVariable]
| |- note: convert 'defaultValue' to a 'let' constant to make 'Sendable' shared state immutable
| |- note: add '@MainActor' to make static property 'defaultValue' part of global actor 'MainActor'
| `- note: disable concurrency-safety checks if accesses are protected by an external synchronization mechanism
11 |
12 | static func reduce(value: inout Text?, nextValue: () -> Text?) {
/Users/admin/builder/spi-builder-workspace/Development/Environment/PreferenceKeys.swift:27:16: warning: static property 'defaultValue' is not concurrency-safe because it is nonisolated global shared mutable state; this is an error in the Swift 6 language mode [#MutableGlobalVariable]
25 | /// The default value for the background context, initially nil indicating no background is applied.
26 | @usableFromInline
27 | static var defaultValue: AnimationBox<AnyShapeStyle>?
| |- warning: static property 'defaultValue' is not concurrency-safe because it is nonisolated global shared mutable state; this is an error in the Swift 6 language mode [#MutableGlobalVariable]
| |- note: convert 'defaultValue' to a 'let' constant to make 'Sendable' shared state immutable
| |- note: add '@MainActor' to make static property 'defaultValue' part of global actor 'MainActor'
| `- note: disable concurrency-safety checks if accesses are protected by an external synchronization mechanism
28 |
29 | /// Combines multiple values into a single context, prioritizing the latest value set by any child view.
/Users/admin/builder/spi-builder-workspace/Development/Environment/PreferenceKeys.swift:44:16: warning: static property 'defaultValue' is not concurrency-safe because non-'Sendable' type '[PropertyID : RowBuilder]' may have shared mutable state; this is an error in the Swift 6 language mode [#MutableGlobalVariable]
42 | struct ViewBuilderPreference: PreferenceKey {
43 | /// The default value is an empty dictionary, indicating no custom view builders are provided initially.
44 | static let defaultValue = [PropertyID: RowBuilder]()
| |- warning: static property 'defaultValue' is not concurrency-safe because non-'Sendable' type '[PropertyID : RowBuilder]' may have shared mutable state; this is an error in the Swift 6 language mode [#MutableGlobalVariable]
| |- note: add '@MainActor' to make static property 'defaultValue' part of global actor 'MainActor'
| `- note: disable concurrency-safety checks if accesses are protected by an external synchronization mechanism
45 |
46 | /// Merges view builders provided by child views, preferring the builder set closest to the root.
/Users/admin/builder/spi-builder-workspace/Development/Models/PropertyID.swift:6:15: note: consider making struct 'PropertyID' conform to the 'Sendable' protocol
4 | /// facilitating the tracking and management of property picker states and configurations
5 | /// across different components of an application.
6 | public struct PropertyID: Hashable, CustomDebugStringConvertible {
| `- note: consider making struct 'PropertyID' conform to the 'Sendable' protocol
7 | public var metadata: UnsafeRawPointer
8 |
/Users/admin/builder/spi-builder-workspace/Development/Models/RowBuilder.swift:3:8: note: consider making struct 'RowBuilder' conform to the 'Sendable' protocol
1 | import SwiftUI
2 |
3 | struct RowBuilder: Equatable, Identifiable {
| `- note: consider making struct 'RowBuilder' conform to the 'Sendable' protocol
4 | let id: PropertyID
5 | let body: (Property) -> AnyView?
/Users/admin/builder/spi-builder-workspace/Development/Environment/PreferenceKeys.swift:60:16: warning: static property 'defaultValue' is not concurrency-safe because it is nonisolated global shared mutable state; this is an error in the Swift 6 language mode [#MutableGlobalVariable]
58 | struct PropertyPreference: PreferenceKey {
59 | /// The default value, an empty set, indicates that no properties are collected initially.
60 | static var defaultValue: Set<Property> = []
| |- warning: static property 'defaultValue' is not concurrency-safe because it is nonisolated global shared mutable state; this is an error in the Swift 6 language mode [#MutableGlobalVariable]
| |- note: convert 'defaultValue' to a 'let' constant to make 'Sendable' shared state immutable
| |- note: add '@MainActor' to make static property 'defaultValue' part of global actor 'MainActor'
| `- note: disable concurrency-safety checks if accesses are protected by an external synchronization mechanism
61 |
62 | /// Reduces multiple sets of properties into a single set, adding any new properties found in child views to the existing set.
/Users/admin/builder/spi-builder-workspace/Development/Models/PropertyPickerTextTransformation.swift:10:23: warning: static property 'none' is not concurrency-safe because non-'Sendable' type 'PropertyPickerTextTransformation' may have shared mutable state; this is an error in the Swift 6 language mode [#MutableGlobalVariable]
1 | import Foundation
2 |
3 | public struct PropertyPickerTextTransformation: OptionSet {
| `- note: consider making struct 'PropertyPickerTextTransformation' conform to the 'Sendable' protocol
4 | public let rawValue: Int8
5 |
:
8 | }
9 |
10 | public static let none = Self()
| |- warning: static property 'none' is not concurrency-safe because non-'Sendable' type 'PropertyPickerTextTransformation' may have shared mutable state; this is an error in the Swift 6 language mode [#MutableGlobalVariable]
| |- note: add '@MainActor' to make static property 'none' part of global actor 'MainActor'
| `- note: disable concurrency-safety checks if accesses are protected by an external synchronization mechanism
11 | public static let capitalize = Self(rawValue: 1 << 0)
12 | public static let lowercase = Self(rawValue: 1 << 1)
/Users/admin/builder/spi-builder-workspace/Development/Models/PropertyPickerTextTransformation.swift:11:23: warning: static property 'capitalize' is not concurrency-safe because non-'Sendable' type 'PropertyPickerTextTransformation' may have shared mutable state; this is an error in the Swift 6 language mode [#MutableGlobalVariable]
1 | import Foundation
2 |
3 | public struct PropertyPickerTextTransformation: OptionSet {
| `- note: consider making struct 'PropertyPickerTextTransformation' conform to the 'Sendable' protocol
4 | public let rawValue: Int8
5 |
:
9 |
10 | public static let none = Self()
11 | public static let capitalize = Self(rawValue: 1 << 0)
| |- warning: static property 'capitalize' is not concurrency-safe because non-'Sendable' type 'PropertyPickerTextTransformation' may have shared mutable state; this is an error in the Swift 6 language mode [#MutableGlobalVariable]
| |- note: add '@MainActor' to make static property 'capitalize' part of global actor 'MainActor'
| `- note: disable concurrency-safety checks if accesses are protected by an external synchronization mechanism
12 | public static let lowercase = Self(rawValue: 1 << 1)
13 | public static let uppercase = Self(rawValue: 1 << 2)
/Users/admin/builder/spi-builder-workspace/Development/Models/PropertyPickerTextTransformation.swift:12:23: warning: static property 'lowercase' is not concurrency-safe because non-'Sendable' type 'PropertyPickerTextTransformation' may have shared mutable state; this is an error in the Swift 6 language mode [#MutableGlobalVariable]
1 | import Foundation
2 |
3 | public struct PropertyPickerTextTransformation: OptionSet {
| `- note: consider making struct 'PropertyPickerTextTransformation' conform to the 'Sendable' protocol
4 | public let rawValue: Int8
5 |
:
10 | public static let none = Self()
11 | public static let capitalize = Self(rawValue: 1 << 0)
12 | public static let lowercase = Self(rawValue: 1 << 1)
| |- warning: static property 'lowercase' is not concurrency-safe because non-'Sendable' type 'PropertyPickerTextTransformation' may have shared mutable state; this is an error in the Swift 6 language mode [#MutableGlobalVariable]
| |- note: add '@MainActor' to make static property 'lowercase' part of global actor 'MainActor'
| `- note: disable concurrency-safety checks if accesses are protected by an external synchronization mechanism
13 | public static let uppercase = Self(rawValue: 1 << 2)
14 | public static let camelCaseToWords = Self(rawValue: 1 << 3)
/Users/admin/builder/spi-builder-workspace/Development/Models/PropertyPickerTextTransformation.swift:13:23: warning: static property 'uppercase' is not concurrency-safe because non-'Sendable' type 'PropertyPickerTextTransformation' may have shared mutable state; this is an error in the Swift 6 language mode [#MutableGlobalVariable]
1 | import Foundation
2 |
3 | public struct PropertyPickerTextTransformation: OptionSet {
| `- note: consider making struct 'PropertyPickerTextTransformation' conform to the 'Sendable' protocol
4 | public let rawValue: Int8
5 |
:
11 | public static let capitalize = Self(rawValue: 1 << 0)
12 | public static let lowercase = Self(rawValue: 1 << 1)
13 | public static let uppercase = Self(rawValue: 1 << 2)
| |- warning: static property 'uppercase' is not concurrency-safe because non-'Sendable' type 'PropertyPickerTextTransformation' may have shared mutable state; this is an error in the Swift 6 language mode [#MutableGlobalVariable]
| |- note: add '@MainActor' to make static property 'uppercase' part of global actor 'MainActor'
| `- note: disable concurrency-safety checks if accesses are protected by an external synchronization mechanism
14 | public static let camelCaseToWords = Self(rawValue: 1 << 3)
15 | public static let snakeCaseToWords = Self(rawValue: 1 << 4)
/Users/admin/builder/spi-builder-workspace/Development/Models/PropertyPickerTextTransformation.swift:14:23: warning: static property 'camelCaseToWords' is not concurrency-safe because non-'Sendable' type 'PropertyPickerTextTransformation' may have shared mutable state; this is an error in the Swift 6 language mode [#MutableGlobalVariable]
1 | import Foundation
2 |
3 | public struct PropertyPickerTextTransformation: OptionSet {
| `- note: consider making struct 'PropertyPickerTextTransformation' conform to the 'Sendable' protocol
4 | public let rawValue: Int8
5 |
:
12 | public static let lowercase = Self(rawValue: 1 << 1)
13 | public static let uppercase = Self(rawValue: 1 << 2)
14 | public static let camelCaseToWords = Self(rawValue: 1 << 3)
| |- warning: static property 'camelCaseToWords' is not concurrency-safe because non-'Sendable' type 'PropertyPickerTextTransformation' may have shared mutable state; this is an error in the Swift 6 language mode [#MutableGlobalVariable]
| |- note: add '@MainActor' to make static property 'camelCaseToWords' part of global actor 'MainActor'
| `- note: disable concurrency-safety checks if accesses are protected by an external synchronization mechanism
15 | public static let snakeCaseToWords = Self(rawValue: 1 << 4)
16 |
/Users/admin/builder/spi-builder-workspace/Development/Models/PropertyPickerTextTransformation.swift:15:23: warning: static property 'snakeCaseToWords' is not concurrency-safe because non-'Sendable' type 'PropertyPickerTextTransformation' may have shared mutable state; this is an error in the Swift 6 language mode [#MutableGlobalVariable]
1 | import Foundation
2 |
3 | public struct PropertyPickerTextTransformation: OptionSet {
| `- note: consider making struct 'PropertyPickerTextTransformation' conform to the 'Sendable' protocol
4 | public let rawValue: Int8
5 |
:
13 | public static let uppercase = Self(rawValue: 1 << 2)
14 | public static let camelCaseToWords = Self(rawValue: 1 << 3)
15 | public static let snakeCaseToWords = Self(rawValue: 1 << 4)
| |- warning: static property 'snakeCaseToWords' is not concurrency-safe because non-'Sendable' type 'PropertyPickerTextTransformation' may have shared mutable state; this is an error in the Swift 6 language mode [#MutableGlobalVariable]
| |- note: add '@MainActor' to make static property 'snakeCaseToWords' part of global actor 'MainActor'
| `- note: disable concurrency-safety checks if accesses are protected by an external synchronization mechanism
16 |
17 | func apply(to text: String) -> String {
[#MutableGlobalVariable]: <https://docs.swift.org/compiler/documentation/diagnostics/mutable-global-variable>
SwiftCompile normal arm64_32 (in target 'PropertyPicker' from project 'swiftui-property-picker')
cd /Users/admin/builder/spi-builder-workspace/.swiftpm/xcode
SwiftDriverJobDiscovery normal arm64_32 Emitting module for PropertyPicker (in target 'PropertyPicker' from project 'swiftui-property-picker')
Copy /Users/admin/builder/spi-builder-workspace/.derivedData/Build/Products/Debug-watchos/PropertyPicker.swiftmodule/arm64-apple-watchos.swiftmodule /Users/admin/builder/spi-builder-workspace/.derivedData/Build/Intermediates.noindex/swiftui-property-picker.build/Debug-watchos/PropertyPicker-t.build/Objects-normal/arm64/PropertyPicker.swiftmodule (in target 'PropertyPicker' from project 'swiftui-property-picker')
cd /Users/admin/builder/spi-builder-workspace
builtin-copy -exclude .DS_Store -exclude CVS -exclude .svn -exclude .git -exclude .hg -resolve-src-symlinks -rename /Users/admin/builder/spi-builder-workspace/.derivedData/Build/Intermediates.noindex/swiftui-property-picker.build/Debug-watchos/PropertyPicker-t.build/Objects-normal/arm64/PropertyPicker.swiftmodule /Users/admin/builder/spi-builder-workspace/.derivedData/Build/Products/Debug-watchos/PropertyPicker.swiftmodule/arm64-apple-watchos.swiftmodule
SwiftDriver\ Compilation\ Requirements PropertyPicker normal arm64_32 com.apple.xcode.tools.swift.compiler (in target 'PropertyPicker' from project 'swiftui-property-picker')
cd /Users/admin/builder/spi-builder-workspace/.swiftpm/xcode
builtin-Swift-Compilation-Requirements -- /Applications/Xcode-27.0.0-Release.Candidate.app/Contents/Developer/Toolchains/XcodeDefault.xctoolchain/usr/bin/swiftc -parse-as-library -module-name PropertyPicker -Onone @/Users/admin/builder/spi-builder-workspace/.derivedData/Build/Intermediates.noindex/swiftui-property-picker.build/Debug-watchos/PropertyPicker-t.build/Objects-normal/arm64_32/PropertyPicker.SwiftFileList -DSWIFT_PACKAGE -DDEBUG -DSWIFT_MODULE_RESOURCE_BUNDLE_UNAVAILABLE -DVERBOSE -DXcode -enable-upcoming-feature StrictConcurrency -plugin-path /Applications/Xcode-27.0.0-Release.Candidate.app/Contents/Developer/Toolchains/XcodeDefault.xctoolchain/usr/lib/swift/host/plugins/testing -enable-experimental-feature DebugDescriptionMacro -sdk /Applications/Xcode-27.0.0-Release.Candidate.app/Contents/Developer/Platforms/WatchOS.platform/Developer/SDKs/WatchOS27.0.sdk -target arm64_32-apple-watchos9.0 -g -module-cache-path /Users/admin/builder/spi-builder-workspace/.derivedData/ModuleCache.noindex -Xfrontend -serialize-debugging-options -enable-testing -index-store-path /Users/admin/builder/spi-builder-workspace/.derivedData/Index.noindex/DataStore -Xcc -D_LIBCPP_HARDENING_MODE\=_LIBCPP_HARDENING_MODE_DEBUG -swift-version 5 -I /Users/admin/builder/spi-builder-workspace/.derivedData/Build/Products/Debug-watchos -Isystem /Applications/Xcode-27.0.0-Release.Candidate.app/Contents/Developer/Platforms/WatchOS.platform/Developer/usr/lib -F /Users/admin/builder/spi-builder-workspace/.derivedData/Build/Products/Debug-watchos -F /Applications/Xcode-27.0.0-Release.Candidate.app/Contents/Developer/Platforms/WatchOS.platform/Developer/Library/Frameworks -F /Applications/Xcode-27.0.0-Release.Candidate.app/Contents/Developer/Platforms/WatchOS.platform/Developer/SDKs/WatchOS27.0.sdk/Developer/Library/Frameworks -c -j10 -enable-batch-mode -incremental -Xcc -ivfsstatcache -Xcc /Users/admin/builder/spi-builder-workspace/.derivedData/SDKStatCaches.noindex/watchos27.0-24R360-e829b21a6f8c9b70876ba0858053c04477534ef55a1706bf4c1112bbb242f0a2.sdkstatcache -output-file-map /Users/admin/builder/spi-builder-workspace/.derivedData/Build/Intermediates.noindex/swiftui-property-picker.build/Debug-watchos/PropertyPicker-t.build/Objects-normal/arm64_32/PropertyPicker-OutputFileMap.json -save-temps -no-color-diagnostics -explicit-module-build -module-cache-path /Users/admin/builder/spi-builder-workspace/.derivedData/Build/Intermediates.noindex/SwiftExplicitPrecompiledModules -clang-scanner-module-cache-path /Users/admin/builder/spi-builder-workspace/.derivedData/ModuleCache.noindex -sdk-module-cache-path /Users/admin/builder/spi-builder-workspace/.derivedData/SDKExplicitPrecompiledModules -emit-dependencies -emit-module -emit-module-path /Users/admin/builder/spi-builder-workspace/.derivedData/Build/Intermediates.noindex/swiftui-property-picker.build/Debug-watchos/PropertyPicker-t.build/Objects-normal/arm64_32/PropertyPicker.swiftmodule -serialize-diagnostics -dependency-scan-serialize-diagnostics-path /Users/admin/builder/spi-builder-workspace/.derivedData/Build/Intermediates.noindex/swiftui-property-picker.build/Debug-watchos/PropertyPicker-t.build/Objects-normal/arm64_32/PropertyPicker-dependency-scan.dia -validate-clang-modules-once -clang-build-session-file /Users/admin/builder/spi-builder-workspace/.derivedData/ModuleCache.noindex/Session.modulevalidation -Xcc -fmodules-prune-interval\=86400 -Xcc -fmodules-prune-after\=345600 -package-name spi_builder_workspace -emit-const-values -const-gather-protocols-list /Users/admin/builder/spi-builder-workspace/.derivedData/Build/Intermediates.noindex/swiftui-property-picker.build/Debug-watchos/PropertyPicker-t.build/Objects-normal/arm64_32/PropertyPicker_const_extract_protocols.json -Xcc -I/Users/admin/builder/spi-builder-workspace/.derivedData/Build/Products/Debug-watchos/include -Xcc -I/Users/admin/builder/spi-builder-workspace/.derivedData/Build/Intermediates.noindex/swiftui-property-picker.build/Debug-watchos/PropertyPicker-t.build/DerivedSources-normal/arm64_32 -Xcc -I/Users/admin/builder/spi-builder-workspace/.derivedData/Build/Intermediates.noindex/swiftui-property-picker.build/Debug-watchos/PropertyPicker-t.build/DerivedSources/arm64_32 -Xcc -I/Users/admin/builder/spi-builder-workspace/.derivedData/Build/Intermediates.noindex/swiftui-property-picker.build/Debug-watchos/PropertyPicker-t.build/DerivedSources -Xcc -DSWIFT_PACKAGE -Xcc -DDEBUG\=1 -emit-objc-header -emit-objc-header-path /Users/admin/builder/spi-builder-workspace/.derivedData/Build/Intermediates.noindex/swiftui-property-picker.build/Debug-watchos/PropertyPicker-t.build/Objects-normal/arm64_32/PropertyPicker-Swift.h -working-directory /Users/admin/builder/spi-builder-workspace/.swiftpm/xcode -experimental-emit-module-separately -disable-cmo
Copy /Users/admin/builder/spi-builder-workspace/.derivedData/Build/Products/Debug-watchos/PropertyPicker.swiftmodule/arm64-apple-watchos.swiftdoc /Users/admin/builder/spi-builder-workspace/.derivedData/Build/Intermediates.noindex/swiftui-property-picker.build/Debug-watchos/PropertyPicker-t.build/Objects-normal/arm64/PropertyPicker.swiftdoc (in target 'PropertyPicker' from project 'swiftui-property-picker')
cd /Users/admin/builder/spi-builder-workspace
builtin-copy -exclude .DS_Store -exclude CVS -exclude .svn -exclude .git -exclude .hg -resolve-src-symlinks -rename /Users/admin/builder/spi-builder-workspace/.derivedData/Build/Intermediates.noindex/swiftui-property-picker.build/Debug-watchos/PropertyPicker-t.build/Objects-normal/arm64/PropertyPicker.swiftdoc /Users/admin/builder/spi-builder-workspace/.derivedData/Build/Products/Debug-watchos/PropertyPicker.swiftmodule/arm64-apple-watchos.swiftdoc
SwiftMergeGeneratedHeaders /Users/admin/builder/spi-builder-workspace/.derivedData/Build/Intermediates.noindex/GeneratedModuleMaps-watchos/PropertyPicker-Swift.h /Users/admin/builder/spi-builder-workspace/.derivedData/Build/Intermediates.noindex/swiftui-property-picker.build/Debug-watchos/PropertyPicker-t.build/Objects-normal/arm64/PropertyPicker-Swift.h /Users/admin/builder/spi-builder-workspace/.derivedData/Build/Intermediates.noindex/swiftui-property-picker.build/Debug-watchos/PropertyPicker-t.build/Objects-normal/arm64_32/PropertyPicker-Swift.h (in target 'PropertyPicker' from project 'swiftui-property-picker')
cd /Users/admin/builder/spi-builder-workspace
builtin-swiftHeaderTool -arch arm64 /Users/admin/builder/spi-builder-workspace/.derivedData/Build/Intermediates.noindex/swiftui-property-picker.build/Debug-watchos/PropertyPicker-t.build/Objects-normal/arm64/PropertyPicker-Swift.h -arch arm64_32 /Users/admin/builder/spi-builder-workspace/.derivedData/Build/Intermediates.noindex/swiftui-property-picker.build/Debug-watchos/PropertyPicker-t.build/Objects-normal/arm64_32/PropertyPicker-Swift.h -o /Users/admin/builder/spi-builder-workspace/.derivedData/Build/Intermediates.noindex/GeneratedModuleMaps-watchos/PropertyPicker-Swift.h
Copy /Users/admin/builder/spi-builder-workspace/.derivedData/Build/Products/Debug-watchos/PropertyPicker.swiftmodule/arm64_32-apple-watchos.swiftmodule /Users/admin/builder/spi-builder-workspace/.derivedData/Build/Intermediates.noindex/swiftui-property-picker.build/Debug-watchos/PropertyPicker-t.build/Objects-normal/arm64_32/PropertyPicker.swiftmodule (in target 'PropertyPicker' from project 'swiftui-property-picker')
cd /Users/admin/builder/spi-builder-workspace
builtin-copy -exclude .DS_Store -exclude CVS -exclude .svn -exclude .git -exclude .hg -resolve-src-symlinks -rename /Users/admin/builder/spi-builder-workspace/.derivedData/Build/Intermediates.noindex/swiftui-property-picker.build/Debug-watchos/PropertyPicker-t.build/Objects-normal/arm64_32/PropertyPicker.swiftmodule /Users/admin/builder/spi-builder-workspace/.derivedData/Build/Products/Debug-watchos/PropertyPicker.swiftmodule/arm64_32-apple-watchos.swiftmodule
Copy /Users/admin/builder/spi-builder-workspace/.derivedData/Build/Products/Debug-watchos/PropertyPicker.swiftmodule/arm64_32-apple-watchos.swiftdoc /Users/admin/builder/spi-builder-workspace/.derivedData/Build/Intermediates.noindex/swiftui-property-picker.build/Debug-watchos/PropertyPicker-t.build/Objects-normal/arm64_32/PropertyPicker.swiftdoc (in target 'PropertyPicker' from project 'swiftui-property-picker')
cd /Users/admin/builder/spi-builder-workspace
builtin-copy -exclude .DS_Store -exclude CVS -exclude .svn -exclude .git -exclude .hg -resolve-src-symlinks -rename /Users/admin/builder/spi-builder-workspace/.derivedData/Build/Intermediates.noindex/swiftui-property-picker.build/Debug-watchos/PropertyPicker-t.build/Objects-normal/arm64_32/PropertyPicker.swiftdoc /Users/admin/builder/spi-builder-workspace/.derivedData/Build/Products/Debug-watchos/PropertyPicker.swiftmodule/arm64_32-apple-watchos.swiftdoc
Copy /Users/admin/builder/spi-builder-workspace/.derivedData/Build/Products/Debug-watchos/PropertyPicker.swiftmodule/arm64_32-apple-watchos.abi.json /Users/admin/builder/spi-builder-workspace/.derivedData/Build/Intermediates.noindex/swiftui-property-picker.build/Debug-watchos/PropertyPicker-t.build/Objects-normal/arm64_32/PropertyPicker.abi.json (in target 'PropertyPicker' from project 'swiftui-property-picker')
cd /Users/admin/builder/spi-builder-workspace
builtin-copy -exclude .DS_Store -exclude CVS -exclude .svn -exclude .git -exclude .hg -resolve-src-symlinks -rename /Users/admin/builder/spi-builder-workspace/.derivedData/Build/Intermediates.noindex/swiftui-property-picker.build/Debug-watchos/PropertyPicker-t.build/Objects-normal/arm64_32/PropertyPicker.abi.json /Users/admin/builder/spi-builder-workspace/.derivedData/Build/Products/Debug-watchos/PropertyPicker.swiftmodule/arm64_32-apple-watchos.abi.json
Copy /Users/admin/builder/spi-builder-workspace/.derivedData/Build/Products/Debug-watchos/PropertyPicker.swiftmodule/arm64-apple-watchos.abi.json /Users/admin/builder/spi-builder-workspace/.derivedData/Build/Intermediates.noindex/swiftui-property-picker.build/Debug-watchos/PropertyPicker-t.build/Objects-normal/arm64/PropertyPicker.abi.json (in target 'PropertyPicker' from project 'swiftui-property-picker')
cd /Users/admin/builder/spi-builder-workspace
builtin-copy -exclude .DS_Store -exclude CVS -exclude .svn -exclude .git -exclude .hg -resolve-src-symlinks -rename /Users/admin/builder/spi-builder-workspace/.derivedData/Build/Intermediates.noindex/swiftui-property-picker.build/Debug-watchos/PropertyPicker-t.build/Objects-normal/arm64/PropertyPicker.abi.json /Users/admin/builder/spi-builder-workspace/.derivedData/Build/Products/Debug-watchos/PropertyPicker.swiftmodule/arm64-apple-watchos.abi.json
Copy /Users/admin/builder/spi-builder-workspace/.derivedData/Build/Products/Debug-watchos/PropertyPicker.swiftmodule/Project/arm64_32-apple-watchos.swiftsourceinfo /Users/admin/builder/spi-builder-workspace/.derivedData/Build/Intermediates.noindex/swiftui-property-picker.build/Debug-watchos/PropertyPicker-t.build/Objects-normal/arm64_32/PropertyPicker.swiftsourceinfo (in target 'PropertyPicker' from project 'swiftui-property-picker')
cd /Users/admin/builder/spi-builder-workspace
builtin-copy -exclude .DS_Store -exclude CVS -exclude .svn -exclude .git -exclude .hg -resolve-src-symlinks -rename /Users/admin/builder/spi-builder-workspace/.derivedData/Build/Intermediates.noindex/swiftui-property-picker.build/Debug-watchos/PropertyPicker-t.build/Objects-normal/arm64_32/PropertyPicker.swiftsourceinfo /Users/admin/builder/spi-builder-workspace/.derivedData/Build/Products/Debug-watchos/PropertyPicker.swiftmodule/Project/arm64_32-apple-watchos.swiftsourceinfo
Copy /Users/admin/builder/spi-builder-workspace/.derivedData/Build/Products/Debug-watchos/PropertyPicker.swiftmodule/Project/arm64-apple-watchos.swiftsourceinfo /Users/admin/builder/spi-builder-workspace/.derivedData/Build/Intermediates.noindex/swiftui-property-picker.build/Debug-watchos/PropertyPicker-t.build/Objects-normal/arm64/PropertyPicker.swiftsourceinfo (in target 'PropertyPicker' from project 'swiftui-property-picker')
cd /Users/admin/builder/spi-builder-workspace
builtin-copy -exclude .DS_Store -exclude CVS -exclude .svn -exclude .git -exclude .hg -resolve-src-symlinks -rename /Users/admin/builder/spi-builder-workspace/.derivedData/Build/Intermediates.noindex/swiftui-property-picker.build/Debug-watchos/PropertyPicker-t.build/Objects-normal/arm64/PropertyPicker.swiftsourceinfo /Users/admin/builder/spi-builder-workspace/.derivedData/Build/Products/Debug-watchos/PropertyPicker.swiftmodule/Project/arm64-apple-watchos.swiftsourceinfo
SwiftCompile normal arm64_32 Compiling\ Rows.swift,\ Title.swift /Users/admin/builder/spi-builder-workspace/Development/Views/Rows.swift /Users/admin/builder/spi-builder-workspace/Development/Views/Title.swift (in target 'PropertyPicker' from project 'swiftui-property-picker')
SwiftCompile normal arm64_32 /Users/admin/builder/spi-builder-workspace/Development/Views/Rows.swift (in target 'PropertyPicker' from project 'swiftui-property-picker')
cd /Users/admin/builder/spi-builder-workspace/.swiftpm/xcode
builtin-SwiftPerFileCompile Rows.swift
SwiftCompile normal arm64_32 /Users/admin/builder/spi-builder-workspace/Development/Views/Title.swift (in target 'PropertyPicker' from project 'swiftui-property-picker')
cd /Users/admin/builder/spi-builder-workspace/.swiftpm/xcode
builtin-SwiftPerFileCompile Title.swift
SwiftCompile normal arm64_32 Compiling\ InlineRow.swift,\ ListRow.swift /Users/admin/builder/spi-builder-workspace/Development/Views/InlineRow.swift /Users/admin/builder/spi-builder-workspace/Development/Views/ListRow.swift (in target 'PropertyPicker' from project 'swiftui-property-picker')
/Users/admin/builder/spi-builder-workspace/Development/Views/InlineRow.swift:18:9: error: 'Menu' is unavailable in watchOS
16 |
17 | var body: some View {
18 | Menu {
| `- error: 'Menu' is unavailable in watchOS
19 | picker
20 | } label: {
SwiftUI.Menu:3:27: note: 'Menu' has been explicitly marked unavailable here
1 | @available(iOS 14.0, macOS 11.0, tvOS 17.0, *)
2 | @available(watchOS, unavailable)
3 | nonisolated public struct Menu<Label, Content> : View, ~Sendable where Label : View, Content : View {
| `- note: 'Menu' has been explicitly marked unavailable here
4 | nonisolated public var body: some View { get }
5 | @available(macOS 11.0, iOS 14.0, tvOS 17.0, *)
/Users/admin/builder/spi-builder-workspace/Development/Views/InlineRow.swift:18:9: error: 'init(content:label:)' is unavailable in watchOS
16 |
17 | var body: some View {
18 | Menu {
| `- error: 'init(content:label:)' is unavailable in watchOS
19 | picker
20 | } label: {
SwiftUI.Menu.init:2:20: note: 'init(content:label:)' has been explicitly marked unavailable here
1 | generic struct Menu {
2 | nonisolated public init(@ContentBuilder content: () -> Content, @ContentBuilder label: () -> Label)}
| `- note: 'init(content:label:)' has been explicitly marked unavailable here
3 |
Failed frontend command:
/Applications/Xcode-27.0.0-Release.Candidate.app/Contents/Developer/Toolchains/XcodeDefault.xctoolchain/usr/bin/swift-frontend -frontend -c /Users/admin/builder/spi-builder-workspace/Development/Environment/EvironmentKeys.swift /Users/admin/builder/spi-builder-workspace/Development/Environment/PreferenceKeys.swift /Users/admin/builder/spi-builder-workspace/Development/Models/AnimationBox.swift /Users/admin/builder/spi-builder-workspace/Development/Models/Context.Data.swift /Users/admin/builder/spi-builder-workspace/Development/Models/Property.swift /Users/admin/builder/spi-builder-workspace/Development/Models/PropertyID.swift /Users/admin/builder/spi-builder-workspace/Development/Models/PropertyOption.swift /Users/admin/builder/spi-builder-workspace/Development/Models/PropertyPickerRowSorting.swift /Users/admin/builder/spi-builder-workspace/Development/Models/PropertyPickerSafeAreaAdjustmentStyle.swift /Users/admin/builder/spi-builder-workspace/Development/Models/PropertyPickerTextTransformation.swift /Users/admin/builder/spi-builder-workspace/Development/Models/RowBuilder.swift /Users/admin/builder/spi-builder-workspace/Development/PropertyPicker+View.swift /Users/admin/builder/spi-builder-workspace/Development/PropertyPicker.swift /Users/admin/builder/spi-builder-workspace/Development/PropertyWrappers/PropertyPickerState.swift /Users/admin/builder/spi-builder-workspace/Development/Protocols/PropertyPickerKey.swift /Users/admin/builder/spi-builder-workspace/Development/Protocols/PropertyPickerStyle.swift /Users/admin/builder/spi-builder-workspace/Development/Styles/_InlinePropertyPicker.swift /Users/admin/builder/spi-builder-workspace/Development/Styles/_ListPropertyPicker.swift /Users/admin/builder/spi-builder-workspace/Development/Styles/_SheetPropertyPicker.swift /Users/admin/builder/spi-builder-workspace/Development/ViewModifiers/Context.swift /Users/admin/builder/spi-builder-workspace/Development/ViewModifiers/PreferenceWriter.swift /Users/admin/builder/spi-builder-workspace/Development/ViewModifiers/PropertyWriter.swift /Users/admin/builder/spi-builder-workspace/Development/ViewModifiers/RowBuilderWriter.swift -primary-file /Users/admin/builder/spi-builder-workspace/Development/Views/InlineRow.swift -primary-file /Users/admin/builder/spi-builder-workspace/Development/Views/ListRow.swift /Users/admin/builder/spi-builder-workspace/Development/Views/Rows.swift /Users/admin/builder/spi-builder-workspace/Development/Views/Title.swift -emit-dependencies-path /Users/admin/builder/spi-builder-workspace/.derivedData/Build/Intermediates.noindex/swiftui-property-picker.build/Debug-watchos/PropertyPicker-t.build/Objects-normal/arm64_32/InlineRow.d -emit-const-values-path /Users/admin/builder/spi-builder-workspace/.derivedData/Build/Intermediates.noindex/swiftui-property-picker.build/Debug-watchos/PropertyPicker-t.build/Objects-normal/arm64_32/InlineRow.swiftconstvalues -emit-reference-dependencies-path /Users/admin/builder/spi-builder-workspace/.derivedData/Build/Intermediates.noindex/swiftui-property-picker.build/Debug-watchos/PropertyPicker-t.build/Objects-normal/arm64_32/InlineRow.swiftdeps -serialize-diagnostics-path /Users/admin/builder/spi-builder-workspace/.derivedData/Build/Intermediates.noindex/swiftui-property-picker.build/Debug-watchos/PropertyPicker-t.build/Objects-normal/arm64_32/InlineRow.dia -emit-dependencies-path /Users/admin/builder/spi-builder-workspace/.derivedData/Build/Intermediates.noindex/swiftui-property-picker.build/Debug-watchos/PropertyPicker-t.build/Objects-normal/arm64_32/ListRow.d -emit-const-values-path /Users/admin/builder/spi-builder-workspace/.derivedData/Build/Intermediates.noindex/swiftui-property-picker.build/Debug-watchos/PropertyPicker-t.build/Objects-normal/arm64_32/ListRow.swiftconstvalues -emit-reference-dependencies-path /Users/admin/builder/spi-builder-workspace/.derivedData/Build/Intermediates.noindex/swiftui-property-picker.build/Debug-watchos/PropertyPicker-t.build/Objects-normal/arm64_32/ListRow.swiftdeps -serialize-diagnostics-path /Users/admin/builder/spi-builder-workspace/.derivedData/Build/Intermediates.noindex/swiftui-property-picker.build/Debug-watchos/PropertyPicker-t.build/Objects-normal/arm64_32/ListRow.dia -target arm64_32-apple-watchos9.0 -disable-cross-import-overlay-search -load-resolved-plugin /Applications/Xcode-27.0.0-Release.Candidate.app/Contents/Developer/Platforms/WatchOS.platform/Developer/usr/lib/swift/host/plugins/libFoundationMacros.dylib\#/Applications/Xcode-27.0.0-Release.Candidate.app/Contents/Developer/Platforms/WatchOS.platform/Developer/usr/bin/swift-plugin-server\#FoundationMacros -load-resolved-plugin /Applications/Xcode-27.0.0-Release.Candidate.app/Contents/Developer/Platforms/WatchOS.platform/Developer/usr/lib/swift/host/plugins/libObservationMacros.dylib\#/Applications/Xcode-27.0.0-Release.Candidate.app/Contents/Developer/Platforms/WatchOS.platform/Developer/usr/bin/swift-plugin-server\#ObservationMacros -load-resolved-plugin /Applications/Xcode-27.0.0-Release.Candidate.app/Contents/Developer/Platforms/WatchOS.platform/Developer/usr/lib/swift/host/plugins/libPreviewsMacros.dylib\#/Applications/Xcode-27.0.0-Release.Candidate.app/Contents/Developer/Platforms/WatchOS.platform/Developer/usr/bin/swift-plugin-server\#PreviewsMacros -load-resolved-plugin /Applications/Xcode-27.0.0-Release.Candidate.app/Contents/Developer/Platforms/WatchOS.platform/Developer/usr/lib/swift/host/plugins/libSwiftMacros.dylib\#/Applications/Xcode-27.0.0-Release.Candidate.app/Contents/Developer/Platforms/WatchOS.platform/Developer/usr/bin/swift-plugin-server\#SwiftMacros -load-resolved-plugin /Applications/Xcode-27.0.0-Release.Candidate.app/Contents/Developer/Platforms/WatchOS.platform/Developer/usr/lib/swift/host/plugins/libSwiftUIMacros.dylib\#/Applications/Xcode-27.0.0-Release.Candidate.app/Contents/Developer/Platforms/WatchOS.platform/Developer/usr/bin/swift-plugin-server\#SwiftUIMacros -disable-implicit-swift-modules -Xcc -fno-implicit-modules -Xcc -fno-implicit-module-maps -explicit-swift-module-map-file /Users/admin/builder/spi-builder-workspace/.derivedData/Build/Intermediates.noindex/swiftui-property-picker.build/Debug-watchos/PropertyPicker-t.build/Objects-normal/arm64_32/PropertyPicker-dependencies-2.json -enable-objc-interop -sdk /Applications/Xcode-27.0.0-Release.Candidate.app/Contents/Developer/Platforms/WatchOS.platform/Developer/SDKs/WatchOS27.0.sdk -I /Users/admin/builder/spi-builder-workspace/.derivedData/Build/Products/Debug-watchos -Isystem /Applications/Xcode-27.0.0-Release.Candidate.app/Contents/Developer/Platforms/WatchOS.platform/Developer/usr/lib -F /Users/admin/builder/spi-builder-workspace/.derivedData/Build/Products/Debug-watchos -F /Applications/Xcode-27.0.0-Release.Candidate.app/Contents/Developer/Platforms/WatchOS.platform/Developer/Library/Frameworks -F /Applications/Xcode-27.0.0-Release.Candidate.app/Contents/Developer/Platforms/WatchOS.platform/Developer/SDKs/WatchOS27.0.sdk/Developer/Library/Frameworks -module-cache-path /Users/admin/builder/spi-builder-workspace/.derivedData/Build/Intermediates.noindex/SwiftExplicitPrecompiledModules -no-color-diagnostics -Xcc -fno-color-diagnostics -enable-testing -g -debug-info-format\=dwarf -dwarf-version\=4 -swift-version 5 -Onone -D SWIFT_PACKAGE -D DEBUG -D SWIFT_MODULE_RESOURCE_BUNDLE_UNAVAILABLE -D VERBOSE -D Xcode -serialize-debugging-options -enable-upcoming-feature StrictConcurrency -enable-experimental-feature DebugDescriptionMacro -empty-abi-descriptor -validate-clang-modules-once -clang-build-session-file /Users/admin/builder/spi-builder-workspace/.derivedData/ModuleCache.noindex/Session.modulevalidation -Xcc -working-directory -Xcc /Users/admin/builder/spi-builder-workspace/.swiftpm/xcode -enable-anonymous-context-mangled-names -file-compilation-dir /Users/admin/builder/spi-builder-workspace/.swiftpm/xcode -Xcc -D_LIBCPP_HARDENING_MODE\=_LIBCPP_HARDENING_MODE_DEBUG -Xcc -ivfsstatcache -Xcc /Users/admin/builder/spi-builder-workspace/.derivedData/SDKStatCaches.noindex/watchos27.0-24R360-e829b21a6f8c9b70876ba0858053c04477534ef55a1706bf4c1112bbb242f0a2.sdkstatcache -Xcc -fmodules-prune-interval\=86400 -Xcc -fmodules-prune-after\=345600 -Xcc -I/Users/admin/builder/spi-builder-workspace/.derivedData/Build/Products/Debug-watchos/include -Xcc -I/Users/admin/builder/spi-builder-workspace/.derivedData/Build/Intermediates.noindex/swiftui-property-picker.build/Debug-watchos/PropertyPicker-t.build/DerivedSources-normal/arm64_32 -Xcc -I/Users/admin/builder/spi-builder-workspace/.derivedData/Build/Intermediates.noindex/swiftui-property-picker.build/Debug-watchos/PropertyPicker-t.build/DerivedSources/arm64_32 -Xcc -I/Users/admin/builder/spi-builder-workspace/.derivedData/Build/Intermediates.noindex/swiftui-property-picker.build/Debug-watchos/PropertyPicker-t.build/DerivedSources -Xcc -DSWIFT_PACKAGE -Xcc -DDEBUG\=1 -no-auto-bridging-header-chaining -module-name PropertyPicker -package-name spi_builder_workspace -const-gather-protocols-file /Users/admin/builder/spi-builder-workspace/.derivedData/Build/Intermediates.noindex/swiftui-property-picker.build/Debug-watchos/PropertyPicker-t.build/Objects-normal/arm64_32/PropertyPicker_const_extract_protocols.json -disable-clang-spi -clang-target arm64_32-apple-watchos27.0 -target-sdk-version 27.0 -target-sdk-name watchos27.0 -in-process-plugin-server-path /Applications/Xcode-27.0.0-Release.Candidate.app/Contents/Developer/Toolchains/XcodeDefault.xctoolchain/usr/lib/swift/host/libSwiftInProcPluginServer.dylib -parse-as-library -o /Users/admin/builder/spi-builder-workspace/.derivedData/Build/Intermediates.noindex/swiftui-property-picker.build/Debug-watchos/PropertyPicker-t.build/Objects-normal/arm64_32/InlineRow.o -o /Users/admin/builder/spi-builder-workspace/.derivedData/Build/Intermediates.noindex/swiftui-property-picker.build/Debug-watchos/PropertyPicker-t.build/Objects-normal/arm64_32/ListRow.o -debug-module-path /Users/admin/builder/spi-builder-workspace/.derivedData/Build/Intermediates.noindex/swiftui-property-picker.build/Debug-watchos/PropertyPicker-t.build/Objects-normal/arm64_32/PropertyPicker.swiftmodule -index-unit-output-path /swiftui-property-picker.build/Debug-watchos/PropertyPicker-t.build/Objects-normal/arm64_32/InlineRow.o -index-unit-output-path /swiftui-property-picker.build/Debug-watchos/PropertyPicker-t.build/Objects-normal/arm64_32/ListRow.o -index-store-path /Users/admin/builder/spi-builder-workspace/.derivedData/Index.noindex/DataStore -index-system-modules
SwiftCompile normal arm64_32 /Users/admin/builder/spi-builder-workspace/Development/Views/InlineRow.swift (in target 'PropertyPicker' from project 'swiftui-property-picker')
cd /Users/admin/builder/spi-builder-workspace/.swiftpm/xcode
builtin-SwiftPerFileCompile InlineRow.swift
SwiftCompile normal arm64_32 /Users/admin/builder/spi-builder-workspace/Development/Views/ListRow.swift (in target 'PropertyPicker' from project 'swiftui-property-picker')
cd /Users/admin/builder/spi-builder-workspace/.swiftpm/xcode
builtin-SwiftPerFileCompile ListRow.swift
SwiftDriverJobDiscovery normal arm64 Compiling PropertyOption.swift, PropertyPickerRowSorting.swift, PropertyPickerSafeAreaAdjustmentStyle.swift (in target 'PropertyPicker' from project 'swiftui-property-picker')
SwiftDriverJobDiscovery normal arm64 Compiling Rows.swift, Title.swift (in target 'PropertyPicker' from project 'swiftui-property-picker')
SwiftCompile normal arm64_32 Compiling\ PropertyPickerTextTransformation.swift,\ RowBuilder.swift,\ PropertyPicker+View.swift /Users/admin/builder/spi-builder-workspace/Development/Models/PropertyPickerTextTransformation.swift /Users/admin/builder/spi-builder-workspace/Development/Models/RowBuilder.swift /Users/admin/builder/spi-builder-workspace/Development/PropertyPicker+View.swift (in target 'PropertyPicker' from project 'swiftui-property-picker')
SwiftCompile normal arm64_32 /Users/admin/builder/spi-builder-workspace/Development/Models/PropertyPickerTextTransformation.swift (in target 'PropertyPicker' from project 'swiftui-property-picker')
cd /Users/admin/builder/spi-builder-workspace/.swiftpm/xcode
builtin-SwiftPerFileCompile PropertyPickerTextTransformation.swift
SwiftCompile normal arm64_32 /Users/admin/builder/spi-builder-workspace/Development/Models/RowBuilder.swift (in target 'PropertyPicker' from project 'swiftui-property-picker')
cd /Users/admin/builder/spi-builder-workspace/.swiftpm/xcode
builtin-SwiftPerFileCompile RowBuilder.swift
SwiftCompile normal arm64_32 /Users/admin/builder/spi-builder-workspace/Development/PropertyPicker+View.swift (in target 'PropertyPicker' from project 'swiftui-property-picker')
cd /Users/admin/builder/spi-builder-workspace/.swiftpm/xcode
builtin-SwiftPerFileCompile PropertyPicker+View.swift
SwiftCompile normal arm64_32 Compiling\ PropertyWriter.swift,\ RowBuilderWriter.swift /Users/admin/builder/spi-builder-workspace/Development/ViewModifiers/PropertyWriter.swift /Users/admin/builder/spi-builder-workspace/Development/ViewModifiers/RowBuilderWriter.swift (in target 'PropertyPicker' from project 'swiftui-property-picker')
SwiftCompile normal arm64_32 /Users/admin/builder/spi-builder-workspace/Development/ViewModifiers/PropertyWriter.swift (in target 'PropertyPicker' from project 'swiftui-property-picker')
cd /Users/admin/builder/spi-builder-workspace/.swiftpm/xcode
builtin-SwiftPerFileCompile PropertyWriter.swift
SwiftCompile normal arm64_32 /Users/admin/builder/spi-builder-workspace/Development/ViewModifiers/RowBuilderWriter.swift (in target 'PropertyPicker' from project 'swiftui-property-picker')
cd /Users/admin/builder/spi-builder-workspace/.swiftpm/xcode
builtin-SwiftPerFileCompile RowBuilderWriter.swift
SwiftCompile normal arm64_32 Compiling\ PropertyPickerStyle.swift,\ _InlinePropertyPicker.swift,\ _ListPropertyPicker.swift /Users/admin/builder/spi-builder-workspace/Development/Protocols/PropertyPickerStyle.swift /Users/admin/builder/spi-builder-workspace/Development/Styles/_InlinePropertyPicker.swift /Users/admin/builder/spi-builder-workspace/Development/Styles/_ListPropertyPicker.swift (in target 'PropertyPicker' from project 'swiftui-property-picker')
SwiftCompile normal arm64_32 /Users/admin/builder/spi-builder-workspace/Development/Protocols/PropertyPickerStyle.swift (in target 'PropertyPicker' from project 'swiftui-property-picker')
cd /Users/admin/builder/spi-builder-workspace/.swiftpm/xcode
builtin-SwiftPerFileCompile PropertyPickerStyle.swift
SwiftCompile normal arm64_32 /Users/admin/builder/spi-builder-workspace/Development/Styles/_InlinePropertyPicker.swift (in target 'PropertyPicker' from project 'swiftui-property-picker')
cd /Users/admin/builder/spi-builder-workspace/.swiftpm/xcode
builtin-SwiftPerFileCompile _InlinePropertyPicker.swift
SwiftCompile normal arm64_32 /Users/admin/builder/spi-builder-workspace/Development/Styles/_ListPropertyPicker.swift (in target 'PropertyPicker' from project 'swiftui-property-picker')
cd /Users/admin/builder/spi-builder-workspace/.swiftpm/xcode
builtin-SwiftPerFileCompile _ListPropertyPicker.swift
PruneExplicitPrecompiledModules /Users/admin/builder/spi-builder-workspace/.derivedData/SDKExplicitPrecompiledModules
PruneExplicitPrecompiledModules /Users/admin/builder/spi-builder-workspace/.derivedData/Build/Intermediates.noindex/SwiftExplicitPrecompiledModules
PruneExplicitPrecompiledModules /Users/admin/builder/spi-builder-workspace/.derivedData/Build/Intermediates.noindex/ExplicitPrecompiledModules
2026-09-23 04:01:49.815 xcodebuild[717:4429] [MT] IDERunDestination: Supported platforms for the buildables in the current scheme is empty.
** BUILD FAILED **
The following build commands failed:
SwiftCompile normal arm64 Compiling\ InlineRow.swift,\ ListRow.swift /Users/admin/builder/spi-builder-workspace/Development/Views/InlineRow.swift /Users/admin/builder/spi-builder-workspace/Development/Views/ListRow.swift (in target 'PropertyPicker' from project 'swiftui-property-picker')
SwiftCompile normal arm64 /Users/admin/builder/spi-builder-workspace/Development/Views/InlineRow.swift (in target 'PropertyPicker' from project 'swiftui-property-picker')
SwiftCompile normal arm64_32 Compiling\ InlineRow.swift,\ ListRow.swift /Users/admin/builder/spi-builder-workspace/Development/Views/InlineRow.swift /Users/admin/builder/spi-builder-workspace/Development/Views/ListRow.swift (in target 'PropertyPicker' from project 'swiftui-property-picker')
SwiftCompile normal arm64_32 /Users/admin/builder/spi-builder-workspace/Development/Views/InlineRow.swift (in target 'PropertyPicker' from project 'swiftui-property-picker')
Building workspace swiftui-property-picker with scheme swiftui-property-picker-Package
(5 failures)
Command line invocation:
/Applications/Xcode-27.0.0-Release.Candidate.app/Contents/Developer/usr/bin/xcodebuild -IDEClonedSourcePackagesDirPathOverride=/Users/admin/builder/spi-builder-workspace/.dependencies -resolvePackageDependencies
Resolve Package Graph
Resolved source packages:
swiftui-property-picker: /Users/admin/builder/spi-builder-workspace
SwiftLintPlugins: https://github.com/SimplyDanny/SwiftLintPlugins @ 0.65.1
resolved source packages: swiftui-property-picker, SwiftLintPlugins
2026-09-23 04:02:07.643 xcodebuild[905:5303] [MT] IDERunDestination: Supported platforms for the buildables in the current scheme is empty.
{
"dependencies" : [
{
"identity" : "swiftlintplugins",
"requirement" : {
"range" : [
{
"lower_bound" : "0.55.1",
"upper_bound" : "1.0.0"
}
]
},
"type" : "sourceControl",
"url" : "https://github.com/SimplyDanny/SwiftLintPlugins"
}
],
"manifest_display_name" : "swiftui-property-picker",
"name" : "swiftui-property-picker",
"path" : "/Users/admin/builder/spi-builder-workspace",
"platforms" : [
{
"name" : "ios",
"version" : "15.0"
},
{
"name" : "macos",
"version" : "12.0"
},
{
"name" : "tvos",
"version" : "13.0"
},
{
"name" : "watchos",
"version" : "7.0"
}
],
"products" : [
{
"name" : "PropertyPicker",
"targets" : [
"PropertyPicker"
],
"type" : {
"library" : [
"automatic"
]
}
},
{
"name" : "PropertyPicker-Examples",
"targets" : [
"PropertyPicker-Examples"
],
"type" : {
"library" : [
"automatic"
]
}
}
],
"swift_languages_versions" : [
"5"
],
"targets" : [
{
"c99name" : "PropertyPicker_Examples",
"module_type" : "SwiftTarget",
"name" : "PropertyPicker-Examples",
"path" : "Examples",
"product_memberships" : [
"PropertyPicker-Examples"
],
"sources" : [
"InlineExample.swift",
"ListExample.swift",
"PerformanceBenchmark.swift",
"SheetExample.swift"
],
"target_dependencies" : [
"PropertyPicker"
],
"type" : "library"
},
{
"c99name" : "PropertyPicker",
"module_type" : "SwiftTarget",
"name" : "PropertyPicker",
"path" : "Development",
"product_dependencies" : [
"SwiftLintBuildToolPlugin"
],
"product_memberships" : [
"PropertyPicker",
"PropertyPicker-Examples"
],
"sources" : [
"Environment/EvironmentKeys.swift",
"Environment/PreferenceKeys.swift",
"Models/AnimationBox.swift",
"Models/Context.Data.swift",
"Models/Property.swift",
"Models/PropertyID.swift",
"Models/PropertyOption.swift",
"Models/PropertyPickerRowSorting.swift",
"Models/PropertyPickerSafeAreaAdjustmentStyle.swift",
"Models/PropertyPickerTextTransformation.swift",
"Models/RowBuilder.swift",
"PropertyPicker+View.swift",
"PropertyPicker.swift",
"PropertyWrappers/PropertyPickerState.swift",
"Protocols/PropertyPickerKey.swift",
"Protocols/PropertyPickerStyle.swift",
"Styles/_InlinePropertyPicker.swift",
"Styles/_ListPropertyPicker.swift",
"Styles/_SheetPropertyPicker.swift",
"ViewModifiers/Context.swift",
"ViewModifiers/PreferenceWriter.swift",
"ViewModifiers/PropertyWriter.swift",
"ViewModifiers/RowBuilderWriter.swift",
"Views/InlineRow.swift",
"Views/ListRow.swift",
"Views/Rows.swift",
"Views/Title.swift"
],
"type" : "library"
}
],
"tools_version" : "6.0"
}
{
"workspace" : {
"name" : "swiftui-property-picker",
"schemes" : [
"PropertyPicker",
"PropertyPicker-Examples",
"swiftui-property-picker-Package"
]
}
}
2026-09-23 04:02:09.504 xcodebuild[918:5406] [MT] IDERunDestination: Supported platforms for the buildables in the current scheme is empty.
Running build ...
env DEVELOPER_DIR=/Applications/Xcode-27.0.0-Release.Candidate.app xcrun xcodebuild -IDEClonedSourcePackagesDirPathOverride=$PWD/.dependencies -skipMacroValidation -skipPackagePluginValidation -derivedDataPath $PWD/.derivedData build -scheme swiftui-property-picker-Package -destination generic/platform=watchOS
Command line invocation:
/Applications/Xcode-27.0.0-Release.Candidate.app/Contents/Developer/usr/bin/xcodebuild -IDEClonedSourcePackagesDirPathOverride=/Users/admin/builder/spi-builder-workspace/.dependencies -skipMacroValidation -skipPackagePluginValidation -derivedDataPath /Users/admin/builder/spi-builder-workspace/.derivedData build -scheme swiftui-property-picker-Package -destination generic/platform=watchOS
Resolve Package Graph
Resolved source packages:
swiftui-property-picker: /Users/admin/builder/spi-builder-workspace
SwiftLintPlugins: https://github.com/SimplyDanny/SwiftLintPlugins @ 0.65.1
ComputePackagePrebuildTargetDependencyGraph
Prepare packages
Compile plug-in “SwiftLintBuildToolPlugin” in package “swiftlintplugins”
[debug]: Compiling plugin to executable at /Users/admin/builder/spi-builder-workspace/.derivedData/Build/Products/PluginExecutables/SwiftLintBuildToolPlugin
[debug]: Using compiler /Applications/Xcode-27.0.0-Release.Candidate.app/Contents/Developer/Toolchains/XcodeDefault.xctoolchain/usr/bin/swiftc
[debug]: Plugin compilation output directory '/Users/admin/builder/spi-builder-workspace/.derivedData/Build/Products/PluginExecutables'
[debug]: Computed hash of plugin compilation inputs: 922e409bf24857261d1affe60c401f3f51c0f45b576ccc5731d1e515bbb3a26c
Apply build tool plug-in “SwiftLintBuildToolPlugin” to target “PropertyPicker” in package “spi-builder-workspace”
/usr/bin/sandbox-exec -p "(version 1)
(deny default)
(import \"system.sb\")
(allow file-read*)
(allow process*)
(allow mach-lookup (global-name \"com.apple.lsd.mapdb\"))
(allow mach-lookup (global-name \"com.apple.mobileassetd.v2\"))
(allow file-write*
(subpath \"/private/tmp\")
(subpath \"/private/var/tmp\")
(subpath \"/private/var/folders/xq/y_g06wb113726d38xsyx71_h0000gn/T\")
(subpath \"/private/var/folders/xq/y_g06wb113726d38xsyx71_h0000gn/C\")
)
(deny file-write*
(subpath \"/Users/admin/builder/spi-builder-workspace\")
)
(allow file-write*
(subpath \"/Users/admin/builder/spi-builder-workspace/.derivedData/Build/Intermediates.noindex/BuildToolPluginIntermediates/spi-builder-workspace.output/PropertyPicker/SwiftLintBuildToolPlugin\")
(subpath \"/private/var/folders/xq/y_g06wb113726d38xsyx71_h0000gn/T/TemporaryItems\")
)
" /Users/admin/builder/spi-builder-workspace/.dependencies/artifacts/swiftlintplugins/SwiftLintBinary/SwiftLintBinary.artifactbundle/macos/swiftlint lint --quiet --force-exclude --cache-path /Users/admin/builder/spi-builder-workspace/.derivedData/Build/Intermediates.noindex/BuildToolPluginIntermediates/spi-builder-workspace.output/PropertyPicker/SwiftLintBuildToolPlugin/Cache /Users/admin/builder/spi-builder-workspace/Development/Environment/EvironmentKeys.swift /Users/admin/builder/spi-builder-workspace/Development/Environment/PreferenceKeys.swift /Users/admin/builder/spi-builder-workspace/Development/Models/AnimationBox.swift /Users/admin/builder/spi-builder-workspace/Development/Models/Context.Data.swift /Users/admin/builder/spi-builder-workspace/Development/Models/Property.swift /Users/admin/builder/spi-builder-workspace/Development/Models/PropertyID.swift /Users/admin/builder/spi-builder-workspace/Development/Models/PropertyOption.swift /Users/admin/builder/spi-builder-workspace/Development/Models/PropertyPickerRowSorting.swift /Users/admin/builder/spi-builder-workspace/Development/Models/PropertyPickerSafeAreaAdjustmentStyle.swift /Users/admin/builder/spi-builder-workspace/Development/Models/PropertyPickerTextTransformation.swift /Users/admin/builder/spi-builder-workspace/Development/Models/RowBuilder.swift /Users/admin/builder/spi-builder-workspace/Development/PropertyPicker+View.swift /Users/admin/builder/spi-builder-workspace/Development/PropertyPicker.swift /Users/admin/builder/spi-builder-workspace/Development/PropertyWrappers/PropertyPickerState.swift /Users/admin/builder/spi-builder-workspace/Development/Protocols/PropertyPickerKey.swift /Users/admin/builder/spi-builder-workspace/Development/Protocols/PropertyPickerStyle.swift /Users/admin/builder/spi-builder-workspace/Development/Styles/_InlinePropertyPicker.swift /Users/admin/builder/spi-builder-workspace/Development/Styles/_ListPropertyPicker.swift /Users/admin/builder/spi-builder-workspace/Development/Styles/_SheetPropertyPicker.swift /Users/admin/builder/spi-builder-workspace/Development/ViewModifiers/Context.swift /Users/admin/builder/spi-builder-workspace/Development/ViewModifiers/PreferenceWriter.swift /Users/admin/builder/spi-builder-workspace/Development/ViewModifiers/PropertyWriter.swift /Users/admin/builder/spi-builder-workspace/Development/ViewModifiers/RowBuilderWriter.swift /Users/admin/builder/spi-builder-workspace/Development/Views/InlineRow.swift /Users/admin/builder/spi-builder-workspace/Development/Views/ListRow.swift /Users/admin/builder/spi-builder-workspace/Development/Views/Rows.swift /Users/admin/builder/spi-builder-workspace/Development/Views/Title.swift
/Users/admin/builder/spi-builder-workspace/Development/Environment/EvironmentKeys.swift:19:20: warning: Trailing Comma Violation: Collection literals should not have trailing commas (trailing_comma)
/Users/admin/builder/spi-builder-workspace/Development/Environment/EvironmentKeys.swift:37:20: warning: Trailing Comma Violation: Collection literals should not have trailing commas (trailing_comma)
/Users/admin/builder/spi-builder-workspace/Development/Environment/EvironmentKeys.swift:51:15: warning: Trailing Comma Violation: Collection literals should not have trailing commas (trailing_comma)
Process build tool plug-in results
package: <IDESwiftPackageCore.IDESwiftPackage:0x74e07de00 path:'/Users/admin/builder/spi-builder-workspace'>
target: PropertyPicker
prebuildCommandOutputPaths: []
buildCommands: []
allDerivedOutputPaths: []
CreateBuildRequest
SendProjectDescription
CreateBuildOperation
ComputeTargetDependencyGraph
note: Building targets in dependency order
note: Target dependency graph (6 targets)
Target 'PropertyPicker-Examples-product' in project 'swiftui-property-picker'
➜ Explicit dependency on target 'PropertyPicker-Examples' in project 'swiftui-property-picker'
➜ Explicit dependency on target 'SwiftLintBuildToolPlugin-product' in project 'SwiftLintPlugins'
➜ Explicit dependency on target 'PropertyPicker' in project 'swiftui-property-picker'
Target 'PropertyPicker-Examples' in project 'swiftui-property-picker'
➜ Explicit dependency on target 'SwiftLintBuildToolPlugin-product' in project 'SwiftLintPlugins'
➜ Explicit dependency on target 'PropertyPicker' in project 'swiftui-property-picker'
Target 'PropertyPicker-product' in project 'swiftui-property-picker'
➜ Explicit dependency on target 'PropertyPicker' in project 'swiftui-property-picker'
➜ Explicit dependency on target 'SwiftLintBuildToolPlugin-product' in project 'SwiftLintPlugins'
Target 'PropertyPicker' in project 'swiftui-property-picker'
➜ Explicit dependency on target 'SwiftLintBuildToolPlugin-product' in project 'SwiftLintPlugins'
Target 'SwiftLintBuildToolPlugin-product' in project 'SwiftLintPlugins'
➜ Explicit dependency on target 'SwiftLintBuildToolPlugin' in project 'SwiftLintPlugins'
Target 'SwiftLintBuildToolPlugin' in project 'SwiftLintPlugins' (no dependencies)
GatherProvisioningInputs
CreateBuildDescription
ClangStatCache /Applications/Xcode-27.0.0-Release.Candidate.app/Contents/Developer/Toolchains/XcodeDefault.xctoolchain/usr/bin/clang-stat-cache /Applications/Xcode-27.0.0-Release.Candidate.app/Contents/Developer/Platforms/WatchOS.platform/Developer/SDKs/WatchOS27.0.sdk /Users/admin/builder/spi-builder-workspace/.derivedData/SDKStatCaches.noindex/watchos27.0-24R360-e829b21a6f8c9b70876ba0858053c04477534ef55a1706bf4c1112bbb242f0a2.sdkstatcache
cd /Users/admin/builder/spi-builder-workspace/.swiftpm/xcode
/Applications/Xcode-27.0.0-Release.Candidate.app/Contents/Developer/Toolchains/XcodeDefault.xctoolchain/usr/bin/clang-stat-cache /Applications/Xcode-27.0.0-Release.Candidate.app/Contents/Developer/Platforms/WatchOS.platform/Developer/SDKs/WatchOS27.0.sdk -o /Users/admin/builder/spi-builder-workspace/.derivedData/SDKStatCaches.noindex/watchos27.0-24R360-e829b21a6f8c9b70876ba0858053c04477534ef55a1706bf4c1112bbb242f0a2.sdkstatcache
SwiftDriver PropertyPicker normal arm64_32 com.apple.xcode.tools.swift.compiler (in target 'PropertyPicker' from project 'swiftui-property-picker')
cd /Users/admin/builder/spi-builder-workspace/.swiftpm/xcode
builtin-SwiftDriver -- /Applications/Xcode-27.0.0-Release.Candidate.app/Contents/Developer/Toolchains/XcodeDefault.xctoolchain/usr/bin/swiftc -parse-as-library -module-name PropertyPicker -Onone @/Users/admin/builder/spi-builder-workspace/.derivedData/Build/Intermediates.noindex/swiftui-property-picker.build/Debug-watchos/PropertyPicker-t.build/Objects-normal/arm64_32/PropertyPicker.SwiftFileList -DSWIFT_PACKAGE -DDEBUG -DSWIFT_MODULE_RESOURCE_BUNDLE_UNAVAILABLE -DVERBOSE -DXcode -enable-upcoming-feature StrictConcurrency -plugin-path /Applications/Xcode-27.0.0-Release.Candidate.app/Contents/Developer/Toolchains/XcodeDefault.xctoolchain/usr/lib/swift/host/plugins/testing -enable-experimental-feature DebugDescriptionMacro -sdk /Applications/Xcode-27.0.0-Release.Candidate.app/Contents/Developer/Platforms/WatchOS.platform/Developer/SDKs/WatchOS27.0.sdk -target arm64_32-apple-watchos9.0 -g -module-cache-path /Users/admin/builder/spi-builder-workspace/.derivedData/ModuleCache.noindex -Xfrontend -serialize-debugging-options -enable-testing -index-store-path /Users/admin/builder/spi-builder-workspace/.derivedData/Index.noindex/DataStore -Xcc -D_LIBCPP_HARDENING_MODE\=_LIBCPP_HARDENING_MODE_DEBUG -swift-version 5 -I /Users/admin/builder/spi-builder-workspace/.derivedData/Build/Products/Debug-watchos -Isystem /Applications/Xcode-27.0.0-Release.Candidate.app/Contents/Developer/Platforms/WatchOS.platform/Developer/usr/lib -F /Users/admin/builder/spi-builder-workspace/.derivedData/Build/Products/Debug-watchos -F /Applications/Xcode-27.0.0-Release.Candidate.app/Contents/Developer/Platforms/WatchOS.platform/Developer/Library/Frameworks -F /Applications/Xcode-27.0.0-Release.Candidate.app/Contents/Developer/Platforms/WatchOS.platform/Developer/SDKs/WatchOS27.0.sdk/Developer/Library/Frameworks -c -j10 -enable-batch-mode -incremental -Xcc -ivfsstatcache -Xcc /Users/admin/builder/spi-builder-workspace/.derivedData/SDKStatCaches.noindex/watchos27.0-24R360-e829b21a6f8c9b70876ba0858053c04477534ef55a1706bf4c1112bbb242f0a2.sdkstatcache -output-file-map /Users/admin/builder/spi-builder-workspace/.derivedData/Build/Intermediates.noindex/swiftui-property-picker.build/Debug-watchos/PropertyPicker-t.build/Objects-normal/arm64_32/PropertyPicker-OutputFileMap.json -save-temps -no-color-diagnostics -explicit-module-build -module-cache-path /Users/admin/builder/spi-builder-workspace/.derivedData/Build/Intermediates.noindex/SwiftExplicitPrecompiledModules -clang-scanner-module-cache-path /Users/admin/builder/spi-builder-workspace/.derivedData/ModuleCache.noindex -sdk-module-cache-path /Users/admin/builder/spi-builder-workspace/.derivedData/SDKExplicitPrecompiledModules -emit-dependencies -emit-module -emit-module-path /Users/admin/builder/spi-builder-workspace/.derivedData/Build/Intermediates.noindex/swiftui-property-picker.build/Debug-watchos/PropertyPicker-t.build/Objects-normal/arm64_32/PropertyPicker.swiftmodule -serialize-diagnostics -dependency-scan-serialize-diagnostics-path /Users/admin/builder/spi-builder-workspace/.derivedData/Build/Intermediates.noindex/swiftui-property-picker.build/Debug-watchos/PropertyPicker-t.build/Objects-normal/arm64_32/PropertyPicker-dependency-scan.dia -validate-clang-modules-once -clang-build-session-file /Users/admin/builder/spi-builder-workspace/.derivedData/ModuleCache.noindex/Session.modulevalidation -Xcc -fmodules-prune-interval\=86400 -Xcc -fmodules-prune-after\=345600 -package-name spi_builder_workspace -emit-const-values -const-gather-protocols-list /Users/admin/builder/spi-builder-workspace/.derivedData/Build/Intermediates.noindex/swiftui-property-picker.build/Debug-watchos/PropertyPicker-t.build/Objects-normal/arm64_32/PropertyPicker_const_extract_protocols.json -Xcc -I/Users/admin/builder/spi-builder-workspace/.derivedData/Build/Products/Debug-watchos/include -Xcc -I/Users/admin/builder/spi-builder-workspace/.derivedData/Build/Intermediates.noindex/swiftui-property-picker.build/Debug-watchos/PropertyPicker-t.build/DerivedSources-normal/arm64_32 -Xcc -I/Users/admin/builder/spi-builder-workspace/.derivedData/Build/Intermediates.noindex/swiftui-property-picker.build/Debug-watchos/PropertyPicker-t.build/DerivedSources/arm64_32 -Xcc -I/Users/admin/builder/spi-builder-workspace/.derivedData/Build/Intermediates.noindex/swiftui-property-picker.build/Debug-watchos/PropertyPicker-t.build/DerivedSources -Xcc -DSWIFT_PACKAGE -Xcc -DDEBUG\=1 -emit-objc-header -emit-objc-header-path /Users/admin/builder/spi-builder-workspace/.derivedData/Build/Intermediates.noindex/swiftui-property-picker.build/Debug-watchos/PropertyPicker-t.build/Objects-normal/arm64_32/PropertyPicker-Swift.h -working-directory /Users/admin/builder/spi-builder-workspace/.swiftpm/xcode -experimental-emit-module-separately -disable-cmo
SwiftDriver PropertyPicker normal arm64 com.apple.xcode.tools.swift.compiler (in target 'PropertyPicker' from project 'swiftui-property-picker')
cd /Users/admin/builder/spi-builder-workspace/.swiftpm/xcode
builtin-SwiftDriver -- /Applications/Xcode-27.0.0-Release.Candidate.app/Contents/Developer/Toolchains/XcodeDefault.xctoolchain/usr/bin/swiftc -parse-as-library -module-name PropertyPicker -Onone @/Users/admin/builder/spi-builder-workspace/.derivedData/Build/Intermediates.noindex/swiftui-property-picker.build/Debug-watchos/PropertyPicker-t.build/Objects-normal/arm64/PropertyPicker.SwiftFileList -DSWIFT_PACKAGE -DDEBUG -DSWIFT_MODULE_RESOURCE_BUNDLE_UNAVAILABLE -DVERBOSE -DXcode -enable-upcoming-feature StrictConcurrency -plugin-path /Applications/Xcode-27.0.0-Release.Candidate.app/Contents/Developer/Toolchains/XcodeDefault.xctoolchain/usr/lib/swift/host/plugins/testing -enable-experimental-feature DebugDescriptionMacro -sdk /Applications/Xcode-27.0.0-Release.Candidate.app/Contents/Developer/Platforms/WatchOS.platform/Developer/SDKs/WatchOS27.0.sdk -target arm64-apple-watchos9.0 -g -module-cache-path /Users/admin/builder/spi-builder-workspace/.derivedData/ModuleCache.noindex -Xfrontend -serialize-debugging-options -enable-testing -index-store-path /Users/admin/builder/spi-builder-workspace/.derivedData/Index.noindex/DataStore -Xcc -D_LIBCPP_HARDENING_MODE\=_LIBCPP_HARDENING_MODE_DEBUG -swift-version 5 -I /Users/admin/builder/spi-builder-workspace/.derivedData/Build/Products/Debug-watchos -Isystem /Applications/Xcode-27.0.0-Release.Candidate.app/Contents/Developer/Platforms/WatchOS.platform/Developer/usr/lib -F /Users/admin/builder/spi-builder-workspace/.derivedData/Build/Products/Debug-watchos -F /Applications/Xcode-27.0.0-Release.Candidate.app/Contents/Developer/Platforms/WatchOS.platform/Developer/Library/Frameworks -F /Applications/Xcode-27.0.0-Release.Candidate.app/Contents/Developer/Platforms/WatchOS.platform/Developer/SDKs/WatchOS27.0.sdk/Developer/Library/Frameworks -c -j10 -enable-batch-mode -incremental -Xcc -ivfsstatcache -Xcc /Users/admin/builder/spi-builder-workspace/.derivedData/SDKStatCaches.noindex/watchos27.0-24R360-e829b21a6f8c9b70876ba0858053c04477534ef55a1706bf4c1112bbb242f0a2.sdkstatcache -output-file-map /Users/admin/builder/spi-builder-workspace/.derivedData/Build/Intermediates.noindex/swiftui-property-picker.build/Debug-watchos/PropertyPicker-t.build/Objects-normal/arm64/PropertyPicker-OutputFileMap.json -save-temps -no-color-diagnostics -explicit-module-build -module-cache-path /Users/admin/builder/spi-builder-workspace/.derivedData/Build/Intermediates.noindex/SwiftExplicitPrecompiledModules -clang-scanner-module-cache-path /Users/admin/builder/spi-builder-workspace/.derivedData/ModuleCache.noindex -sdk-module-cache-path /Users/admin/builder/spi-builder-workspace/.derivedData/SDKExplicitPrecompiledModules -emit-dependencies -emit-module -emit-module-path /Users/admin/builder/spi-builder-workspace/.derivedData/Build/Intermediates.noindex/swiftui-property-picker.build/Debug-watchos/PropertyPicker-t.build/Objects-normal/arm64/PropertyPicker.swiftmodule -serialize-diagnostics -dependency-scan-serialize-diagnostics-path /Users/admin/builder/spi-builder-workspace/.derivedData/Build/Intermediates.noindex/swiftui-property-picker.build/Debug-watchos/PropertyPicker-t.build/Objects-normal/arm64/PropertyPicker-dependency-scan.dia -validate-clang-modules-once -clang-build-session-file /Users/admin/builder/spi-builder-workspace/.derivedData/ModuleCache.noindex/Session.modulevalidation -Xcc -fmodules-prune-interval\=86400 -Xcc -fmodules-prune-after\=345600 -package-name spi_builder_workspace -emit-const-values -const-gather-protocols-list /Users/admin/builder/spi-builder-workspace/.derivedData/Build/Intermediates.noindex/swiftui-property-picker.build/Debug-watchos/PropertyPicker-t.build/Objects-normal/arm64/PropertyPicker_const_extract_protocols.json -Xcc -I/Users/admin/builder/spi-builder-workspace/.derivedData/Build/Products/Debug-watchos/include -Xcc -I/Users/admin/builder/spi-builder-workspace/.derivedData/Build/Intermediates.noindex/swiftui-property-picker.build/Debug-watchos/PropertyPicker-t.build/DerivedSources-normal/arm64 -Xcc -I/Users/admin/builder/spi-builder-workspace/.derivedData/Build/Intermediates.noindex/swiftui-property-picker.build/Debug-watchos/PropertyPicker-t.build/DerivedSources/arm64 -Xcc -I/Users/admin/builder/spi-builder-workspace/.derivedData/Build/Intermediates.noindex/swiftui-property-picker.build/Debug-watchos/PropertyPicker-t.build/DerivedSources -Xcc -DSWIFT_PACKAGE -Xcc -DDEBUG\=1 -emit-objc-header -emit-objc-header-path /Users/admin/builder/spi-builder-workspace/.derivedData/Build/Intermediates.noindex/swiftui-property-picker.build/Debug-watchos/PropertyPicker-t.build/Objects-normal/arm64/PropertyPicker-Swift.h -working-directory /Users/admin/builder/spi-builder-workspace/.swiftpm/xcode -experimental-emit-module-separately -disable-cmo
SwiftDriver PropertyPicker-Examples normal arm64_32 com.apple.xcode.tools.swift.compiler (in target 'PropertyPicker-Examples' from project 'swiftui-property-picker')
cd /Users/admin/builder/spi-builder-workspace/.swiftpm/xcode
builtin-SwiftDriver -- /Applications/Xcode-27.0.0-Release.Candidate.app/Contents/Developer/Toolchains/XcodeDefault.xctoolchain/usr/bin/swiftc -parse-as-library -module-name PropertyPicker_Examples -Onone @/Users/admin/builder/spi-builder-workspace/.derivedData/Build/Intermediates.noindex/swiftui-property-picker.build/Debug-watchos/PropertyPicker-Examples-t.build/Objects-normal/arm64_32/PropertyPicker-Examples.SwiftFileList -DSWIFT_PACKAGE -DDEBUG -DSWIFT_MODULE_RESOURCE_BUNDLE_UNAVAILABLE -DXcode -plugin-path /Applications/Xcode-27.0.0-Release.Candidate.app/Contents/Developer/Toolchains/XcodeDefault.xctoolchain/usr/lib/swift/host/plugins/testing -enable-experimental-feature DebugDescriptionMacro -sdk /Applications/Xcode-27.0.0-Release.Candidate.app/Contents/Developer/Platforms/WatchOS.platform/Developer/SDKs/WatchOS27.0.sdk -target arm64_32-apple-watchos9.0 -g -module-cache-path /Users/admin/builder/spi-builder-workspace/.derivedData/ModuleCache.noindex -Xfrontend -serialize-debugging-options -enable-testing -index-store-path /Users/admin/builder/spi-builder-workspace/.derivedData/Index.noindex/DataStore -Xcc -D_LIBCPP_HARDENING_MODE\=_LIBCPP_HARDENING_MODE_DEBUG -swift-version 5 -I /Users/admin/builder/spi-builder-workspace/.derivedData/Build/Products/Debug-watchos -Isystem /Applications/Xcode-27.0.0-Release.Candidate.app/Contents/Developer/Platforms/WatchOS.platform/Developer/usr/lib -F /Users/admin/builder/spi-builder-workspace/.derivedData/Build/Products/Debug-watchos/PackageFrameworks -F /Users/admin/builder/spi-builder-workspace/.derivedData/Build/Products/Debug-watchos -F /Applications/Xcode-27.0.0-Release.Candidate.app/Contents/Developer/Platforms/WatchOS.platform/Developer/Library/Frameworks -F /Applications/Xcode-27.0.0-Release.Candidate.app/Contents/Developer/Platforms/WatchOS.platform/Developer/SDKs/WatchOS27.0.sdk/Developer/Library/Frameworks -c -j10 -enable-batch-mode -incremental -Xcc -ivfsstatcache -Xcc /Users/admin/builder/spi-builder-workspace/.derivedData/SDKStatCaches.noindex/watchos27.0-24R360-e829b21a6f8c9b70876ba0858053c04477534ef55a1706bf4c1112bbb242f0a2.sdkstatcache -output-file-map /Users/admin/builder/spi-builder-workspace/.derivedData/Build/Intermediates.noindex/swiftui-property-picker.build/Debug-watchos/PropertyPicker-Examples-t.build/Objects-normal/arm64_32/PropertyPicker-Examples-OutputFileMap.json -save-temps -no-color-diagnostics -explicit-module-build -module-cache-path /Users/admin/builder/spi-builder-workspace/.derivedData/Build/Intermediates.noindex/SwiftExplicitPrecompiledModules -clang-scanner-module-cache-path /Users/admin/builder/spi-builder-workspace/.derivedData/ModuleCache.noindex -sdk-module-cache-path /Users/admin/builder/spi-builder-workspace/.derivedData/SDKExplicitPrecompiledModules -emit-dependencies -emit-module -emit-module-path /Users/admin/builder/spi-builder-workspace/.derivedData/Build/Intermediates.noindex/swiftui-property-picker.build/Debug-watchos/PropertyPicker-Examples-t.build/Objects-normal/arm64_32/PropertyPicker_Examples.swiftmodule -serialize-diagnostics -dependency-scan-serialize-diagnostics-path /Users/admin/builder/spi-builder-workspace/.derivedData/Build/Intermediates.noindex/swiftui-property-picker.build/Debug-watchos/PropertyPicker-Examples-t.build/Objects-normal/arm64_32/PropertyPicker_Examples-dependency-scan.dia -validate-clang-modules-once -clang-build-session-file /Users/admin/builder/spi-builder-workspace/.derivedData/ModuleCache.noindex/Session.modulevalidation -Xcc -fmodules-prune-interval\=86400 -Xcc -fmodules-prune-after\=345600 -package-name spi_builder_workspace -emit-const-values -const-gather-protocols-list /Users/admin/builder/spi-builder-workspace/.derivedData/Build/Intermediates.noindex/swiftui-property-picker.build/Debug-watchos/PropertyPicker-Examples-t.build/Objects-normal/arm64_32/PropertyPicker-Examples_const_extract_protocols.json -Xcc -I/Users/admin/builder/spi-builder-workspace/.derivedData/Build/Products/Debug-watchos/include -Xcc -I/Users/admin/builder/spi-builder-workspace/.derivedData/Build/Intermediates.noindex/swiftui-property-picker.build/Debug-watchos/PropertyPicker-Examples-t.build/DerivedSources-normal/arm64_32 -Xcc -I/Users/admin/builder/spi-builder-workspace/.derivedData/Build/Intermediates.noindex/swiftui-property-picker.build/Debug-watchos/PropertyPicker-Examples-t.build/DerivedSources/arm64_32 -Xcc -I/Users/admin/builder/spi-builder-workspace/.derivedData/Build/Intermediates.noindex/swiftui-property-picker.build/Debug-watchos/PropertyPicker-Examples-t.build/DerivedSources -Xcc -DSWIFT_PACKAGE -Xcc -DDEBUG\=1 -emit-objc-header -emit-objc-header-path /Users/admin/builder/spi-builder-workspace/.derivedData/Build/Intermediates.noindex/swiftui-property-picker.build/Debug-watchos/PropertyPicker-Examples-t.build/Objects-normal/arm64_32/PropertyPicker-Examples-Swift.h -working-directory /Users/admin/builder/spi-builder-workspace/.swiftpm/xcode -experimental-emit-module-separately -disable-cmo
SwiftDriver PropertyPicker-Examples normal arm64 com.apple.xcode.tools.swift.compiler (in target 'PropertyPicker-Examples' from project 'swiftui-property-picker')
cd /Users/admin/builder/spi-builder-workspace/.swiftpm/xcode
builtin-SwiftDriver -- /Applications/Xcode-27.0.0-Release.Candidate.app/Contents/Developer/Toolchains/XcodeDefault.xctoolchain/usr/bin/swiftc -parse-as-library -module-name PropertyPicker_Examples -Onone @/Users/admin/builder/spi-builder-workspace/.derivedData/Build/Intermediates.noindex/swiftui-property-picker.build/Debug-watchos/PropertyPicker-Examples-t.build/Objects-normal/arm64/PropertyPicker-Examples.SwiftFileList -DSWIFT_PACKAGE -DDEBUG -DSWIFT_MODULE_RESOURCE_BUNDLE_UNAVAILABLE -DXcode -plugin-path /Applications/Xcode-27.0.0-Release.Candidate.app/Contents/Developer/Toolchains/XcodeDefault.xctoolchain/usr/lib/swift/host/plugins/testing -enable-experimental-feature DebugDescriptionMacro -sdk /Applications/Xcode-27.0.0-Release.Candidate.app/Contents/Developer/Platforms/WatchOS.platform/Developer/SDKs/WatchOS27.0.sdk -target arm64-apple-watchos9.0 -g -module-cache-path /Users/admin/builder/spi-builder-workspace/.derivedData/ModuleCache.noindex -Xfrontend -serialize-debugging-options -enable-testing -index-store-path /Users/admin/builder/spi-builder-workspace/.derivedData/Index.noindex/DataStore -Xcc -D_LIBCPP_HARDENING_MODE\=_LIBCPP_HARDENING_MODE_DEBUG -swift-version 5 -I /Users/admin/builder/spi-builder-workspace/.derivedData/Build/Products/Debug-watchos -Isystem /Applications/Xcode-27.0.0-Release.Candidate.app/Contents/Developer/Platforms/WatchOS.platform/Developer/usr/lib -F /Users/admin/builder/spi-builder-workspace/.derivedData/Build/Products/Debug-watchos/PackageFrameworks -F /Users/admin/builder/spi-builder-workspace/.derivedData/Build/Products/Debug-watchos -F /Applications/Xcode-27.0.0-Release.Candidate.app/Contents/Developer/Platforms/WatchOS.platform/Developer/Library/Frameworks -F /Applications/Xcode-27.0.0-Release.Candidate.app/Contents/Developer/Platforms/WatchOS.platform/Developer/SDKs/WatchOS27.0.sdk/Developer/Library/Frameworks -c -j10 -enable-batch-mode -incremental -Xcc -ivfsstatcache -Xcc /Users/admin/builder/spi-builder-workspace/.derivedData/SDKStatCaches.noindex/watchos27.0-24R360-e829b21a6f8c9b70876ba0858053c04477534ef55a1706bf4c1112bbb242f0a2.sdkstatcache -output-file-map /Users/admin/builder/spi-builder-workspace/.derivedData/Build/Intermediates.noindex/swiftui-property-picker.build/Debug-watchos/PropertyPicker-Examples-t.build/Objects-normal/arm64/PropertyPicker-Examples-OutputFileMap.json -save-temps -no-color-diagnostics -explicit-module-build -module-cache-path /Users/admin/builder/spi-builder-workspace/.derivedData/Build/Intermediates.noindex/SwiftExplicitPrecompiledModules -clang-scanner-module-cache-path /Users/admin/builder/spi-builder-workspace/.derivedData/ModuleCache.noindex -sdk-module-cache-path /Users/admin/builder/spi-builder-workspace/.derivedData/SDKExplicitPrecompiledModules -emit-dependencies -emit-module -emit-module-path /Users/admin/builder/spi-builder-workspace/.derivedData/Build/Intermediates.noindex/swiftui-property-picker.build/Debug-watchos/PropertyPicker-Examples-t.build/Objects-normal/arm64/PropertyPicker_Examples.swiftmodule -serialize-diagnostics -dependency-scan-serialize-diagnostics-path /Users/admin/builder/spi-builder-workspace/.derivedData/Build/Intermediates.noindex/swiftui-property-picker.build/Debug-watchos/PropertyPicker-Examples-t.build/Objects-normal/arm64/PropertyPicker_Examples-dependency-scan.dia -validate-clang-modules-once -clang-build-session-file /Users/admin/builder/spi-builder-workspace/.derivedData/ModuleCache.noindex/Session.modulevalidation -Xcc -fmodules-prune-interval\=86400 -Xcc -fmodules-prune-after\=345600 -package-name spi_builder_workspace -emit-const-values -const-gather-protocols-list /Users/admin/builder/spi-builder-workspace/.derivedData/Build/Intermediates.noindex/swiftui-property-picker.build/Debug-watchos/PropertyPicker-Examples-t.build/Objects-normal/arm64/PropertyPicker-Examples_const_extract_protocols.json -Xcc -I/Users/admin/builder/spi-builder-workspace/.derivedData/Build/Products/Debug-watchos/include -Xcc -I/Users/admin/builder/spi-builder-workspace/.derivedData/Build/Intermediates.noindex/swiftui-property-picker.build/Debug-watchos/PropertyPicker-Examples-t.build/DerivedSources-normal/arm64 -Xcc -I/Users/admin/builder/spi-builder-workspace/.derivedData/Build/Intermediates.noindex/swiftui-property-picker.build/Debug-watchos/PropertyPicker-Examples-t.build/DerivedSources/arm64 -Xcc -I/Users/admin/builder/spi-builder-workspace/.derivedData/Build/Intermediates.noindex/swiftui-property-picker.build/Debug-watchos/PropertyPicker-Examples-t.build/DerivedSources -Xcc -DSWIFT_PACKAGE -Xcc -DDEBUG\=1 -emit-objc-header -emit-objc-header-path /Users/admin/builder/spi-builder-workspace/.derivedData/Build/Intermediates.noindex/swiftui-property-picker.build/Debug-watchos/PropertyPicker-Examples-t.build/Objects-normal/arm64/PropertyPicker-Examples-Swift.h -working-directory /Users/admin/builder/spi-builder-workspace/.swiftpm/xcode -experimental-emit-module-separately -disable-cmo
SwiftEmitModule normal arm64 Emitting\ module\ for\ PropertyPicker (in target 'PropertyPicker' from project 'swiftui-property-picker')
/Users/admin/builder/spi-builder-workspace/Development/Environment/PreferenceKeys.swift:10:16: warning: static property 'defaultValue' is not concurrency-safe because it is nonisolated global shared mutable state; this is an error in the Swift 6 language mode [#MutableGlobalVariable]
8 | struct TitlePreference: PreferenceKey {
9 | /// The default title shown if no other title is specified by child views.
10 | static var defaultValue: Text?
| |- warning: static property 'defaultValue' is not concurrency-safe because it is nonisolated global shared mutable state; this is an error in the Swift 6 language mode [#MutableGlobalVariable]
| |- note: convert 'defaultValue' to a 'let' constant to make 'Sendable' shared state immutable
| |- note: add '@MainActor' to make static property 'defaultValue' part of global actor 'MainActor'
| `- note: disable concurrency-safety checks if accesses are protected by an external synchronization mechanism
11 |
12 | static func reduce(value: inout Text?, nextValue: () -> Text?) {
/Users/admin/builder/spi-builder-workspace/Development/Environment/PreferenceKeys.swift:27:16: warning: static property 'defaultValue' is not concurrency-safe because it is nonisolated global shared mutable state; this is an error in the Swift 6 language mode [#MutableGlobalVariable]
25 | /// The default value for the background context, initially nil indicating no background is applied.
26 | @usableFromInline
27 | static var defaultValue: AnimationBox<AnyShapeStyle>?
| |- warning: static property 'defaultValue' is not concurrency-safe because it is nonisolated global shared mutable state; this is an error in the Swift 6 language mode [#MutableGlobalVariable]
| |- note: convert 'defaultValue' to a 'let' constant to make 'Sendable' shared state immutable
| |- note: add '@MainActor' to make static property 'defaultValue' part of global actor 'MainActor'
| `- note: disable concurrency-safety checks if accesses are protected by an external synchronization mechanism
28 |
29 | /// Combines multiple values into a single context, prioritizing the latest value set by any child view.
/Users/admin/builder/spi-builder-workspace/Development/Environment/PreferenceKeys.swift:44:16: warning: static property 'defaultValue' is not concurrency-safe because non-'Sendable' type '[PropertyID : RowBuilder]' may have shared mutable state; this is an error in the Swift 6 language mode [#MutableGlobalVariable]
42 | struct ViewBuilderPreference: PreferenceKey {
43 | /// The default value is an empty dictionary, indicating no custom view builders are provided initially.
44 | static let defaultValue = [PropertyID: RowBuilder]()
| |- warning: static property 'defaultValue' is not concurrency-safe because non-'Sendable' type '[PropertyID : RowBuilder]' may have shared mutable state; this is an error in the Swift 6 language mode [#MutableGlobalVariable]
| |- note: add '@MainActor' to make static property 'defaultValue' part of global actor 'MainActor'
| `- note: disable concurrency-safety checks if accesses are protected by an external synchronization mechanism
45 |
46 | /// Merges view builders provided by child views, preferring the builder set closest to the root.
/Users/admin/builder/spi-builder-workspace/Development/Models/PropertyID.swift:6:15: note: consider making struct 'PropertyID' conform to the 'Sendable' protocol
4 | /// facilitating the tracking and management of property picker states and configurations
5 | /// across different components of an application.
6 | public struct PropertyID: Hashable, CustomDebugStringConvertible {
| `- note: consider making struct 'PropertyID' conform to the 'Sendable' protocol
7 | public var metadata: UnsafeRawPointer
8 |
/Users/admin/builder/spi-builder-workspace/Development/Models/RowBuilder.swift:3:8: note: consider making struct 'RowBuilder' conform to the 'Sendable' protocol
1 | import SwiftUI
2 |
3 | struct RowBuilder: Equatable, Identifiable {
| `- note: consider making struct 'RowBuilder' conform to the 'Sendable' protocol
4 | let id: PropertyID
5 | let body: (Property) -> AnyView?
SwiftCompile normal arm64 (in target 'PropertyPicker' from project 'swiftui-property-picker')
cd /Users/admin/builder/spi-builder-workspace/.swiftpm/xcode
SwiftEmitModule normal arm64_32 Emitting\ module\ for\ PropertyPicker (in target 'PropertyPicker' from project 'swiftui-property-picker')
/Users/admin/builder/spi-builder-workspace/Development/Environment/PreferenceKeys.swift:10:16: warning: static property 'defaultValue' is not concurrency-safe because it is nonisolated global shared mutable state; this is an error in the Swift 6 language mode [#MutableGlobalVariable]
8 | struct TitlePreference: PreferenceKey {
9 | /// The default title shown if no other title is specified by child views.
10 | static var defaultValue: Text?
| |- warning: static property 'defaultValue' is not concurrency-safe because it is nonisolated global shared mutable state; this is an error in the Swift 6 language mode [#MutableGlobalVariable]
| |- note: convert 'defaultValue' to a 'let' constant to make 'Sendable' shared state immutable
| |- note: add '@MainActor' to make static property 'defaultValue' part of global actor 'MainActor'
| `- note: disable concurrency-safety checks if accesses are protected by an external synchronization mechanism
11 |
12 | static func reduce(value: inout Text?, nextValue: () -> Text?) {
/Users/admin/builder/spi-builder-workspace/Development/Environment/PreferenceKeys.swift:27:16: warning: static property 'defaultValue' is not concurrency-safe because it is nonisolated global shared mutable state; this is an error in the Swift 6 language mode [#MutableGlobalVariable]
25 | /// The default value for the background context, initially nil indicating no background is applied.
26 | @usableFromInline
27 | static var defaultValue: AnimationBox<AnyShapeStyle>?
| |- warning: static property 'defaultValue' is not concurrency-safe because it is nonisolated global shared mutable state; this is an error in the Swift 6 language mode [#MutableGlobalVariable]
| |- note: convert 'defaultValue' to a 'let' constant to make 'Sendable' shared state immutable
| |- note: add '@MainActor' to make static property 'defaultValue' part of global actor 'MainActor'
| `- note: disable concurrency-safety checks if accesses are protected by an external synchronization mechanism
28 |
29 | /// Combines multiple values into a single context, prioritizing the latest value set by any child view.
/Users/admin/builder/spi-builder-workspace/Development/Environment/PreferenceKeys.swift:44:16: warning: static property 'defaultValue' is not concurrency-safe because non-'Sendable' type '[PropertyID : RowBuilder]' may have shared mutable state; this is an error in the Swift 6 language mode [#MutableGlobalVariable]
42 | struct ViewBuilderPreference: PreferenceKey {
43 | /// The default value is an empty dictionary, indicating no custom view builders are provided initially.
44 | static let defaultValue = [PropertyID: RowBuilder]()
| |- warning: static property 'defaultValue' is not concurrency-safe because non-'Sendable' type '[PropertyID : RowBuilder]' may have shared mutable state; this is an error in the Swift 6 language mode [#MutableGlobalVariable]
| |- note: add '@MainActor' to make static property 'defaultValue' part of global actor 'MainActor'
| `- note: disable concurrency-safety checks if accesses are protected by an external synchronization mechanism
45 |
46 | /// Merges view builders provided by child views, preferring the builder set closest to the root.
/Users/admin/builder/spi-builder-workspace/Development/Models/PropertyID.swift:6:15: note: consider making struct 'PropertyID' conform to the 'Sendable' protocol
4 | /// facilitating the tracking and management of property picker states and configurations
5 | /// across different components of an application.
6 | public struct PropertyID: Hashable, CustomDebugStringConvertible {
| `- note: consider making struct 'PropertyID' conform to the 'Sendable' protocol
7 | public var metadata: UnsafeRawPointer
8 |
/Users/admin/builder/spi-builder-workspace/Development/Models/RowBuilder.swift:3:8: note: consider making struct 'RowBuilder' conform to the 'Sendable' protocol
1 | import SwiftUI
2 |
3 | struct RowBuilder: Equatable, Identifiable {
| `- note: consider making struct 'RowBuilder' conform to the 'Sendable' protocol
4 | let id: PropertyID
5 | let body: (Property) -> AnyView?
SwiftCompile normal arm64_32 (in target 'PropertyPicker' from project 'swiftui-property-picker')
cd /Users/admin/builder/spi-builder-workspace/.swiftpm/xcode
SwiftCompile normal arm64_32 Compiling\ PropertyPickerTextTransformation.swift,\ RowBuilder.swift,\ PropertyPicker+View.swift /Users/admin/builder/spi-builder-workspace/Development/Models/PropertyPickerTextTransformation.swift /Users/admin/builder/spi-builder-workspace/Development/Models/RowBuilder.swift /Users/admin/builder/spi-builder-workspace/Development/PropertyPicker+View.swift (in target 'PropertyPicker' from project 'swiftui-property-picker')
/Users/admin/builder/spi-builder-workspace/Development/Models/PropertyPickerTextTransformation.swift:10:23: warning: static property 'none' is not concurrency-safe because non-'Sendable' type 'PropertyPickerTextTransformation' may have shared mutable state; this is an error in the Swift 6 language mode [#MutableGlobalVariable]
1 | import Foundation
2 |
3 | public struct PropertyPickerTextTransformation: OptionSet {
| `- note: consider making struct 'PropertyPickerTextTransformation' conform to the 'Sendable' protocol
4 | public let rawValue: Int8
5 |
:
8 | }
9 |
10 | public static let none = Self()
| |- warning: static property 'none' is not concurrency-safe because non-'Sendable' type 'PropertyPickerTextTransformation' may have shared mutable state; this is an error in the Swift 6 language mode [#MutableGlobalVariable]
| |- note: add '@MainActor' to make static property 'none' part of global actor 'MainActor'
| `- note: disable concurrency-safety checks if accesses are protected by an external synchronization mechanism
11 | public static let capitalize = Self(rawValue: 1 << 0)
12 | public static let lowercase = Self(rawValue: 1 << 1)
/Users/admin/builder/spi-builder-workspace/Development/Models/PropertyPickerTextTransformation.swift:11:23: warning: static property 'capitalize' is not concurrency-safe because non-'Sendable' type 'PropertyPickerTextTransformation' may have shared mutable state; this is an error in the Swift 6 language mode [#MutableGlobalVariable]
1 | import Foundation
2 |
3 | public struct PropertyPickerTextTransformation: OptionSet {
| `- note: consider making struct 'PropertyPickerTextTransformation' conform to the 'Sendable' protocol
4 | public let rawValue: Int8
5 |
:
9 |
10 | public static let none = Self()
11 | public static let capitalize = Self(rawValue: 1 << 0)
| |- warning: static property 'capitalize' is not concurrency-safe because non-'Sendable' type 'PropertyPickerTextTransformation' may have shared mutable state; this is an error in the Swift 6 language mode [#MutableGlobalVariable]
| |- note: add '@MainActor' to make static property 'capitalize' part of global actor 'MainActor'
| `- note: disable concurrency-safety checks if accesses are protected by an external synchronization mechanism
12 | public static let lowercase = Self(rawValue: 1 << 1)
13 | public static let uppercase = Self(rawValue: 1 << 2)
/Users/admin/builder/spi-builder-workspace/Development/Models/PropertyPickerTextTransformation.swift:12:23: warning: static property 'lowercase' is not concurrency-safe because non-'Sendable' type 'PropertyPickerTextTransformation' may have shared mutable state; this is an error in the Swift 6 language mode [#MutableGlobalVariable]
1 | import Foundation
2 |
3 | public struct PropertyPickerTextTransformation: OptionSet {
| `- note: consider making struct 'PropertyPickerTextTransformation' conform to the 'Sendable' protocol
4 | public let rawValue: Int8
5 |
:
10 | public static let none = Self()
11 | public static let capitalize = Self(rawValue: 1 << 0)
12 | public static let lowercase = Self(rawValue: 1 << 1)
| |- warning: static property 'lowercase' is not concurrency-safe because non-'Sendable' type 'PropertyPickerTextTransformation' may have shared mutable state; this is an error in the Swift 6 language mode [#MutableGlobalVariable]
| |- note: add '@MainActor' to make static property 'lowercase' part of global actor 'MainActor'
| `- note: disable concurrency-safety checks if accesses are protected by an external synchronization mechanism
13 | public static let uppercase = Self(rawValue: 1 << 2)
14 | public static let camelCaseToWords = Self(rawValue: 1 << 3)
/Users/admin/builder/spi-builder-workspace/Development/Models/PropertyPickerTextTransformation.swift:13:23: warning: static property 'uppercase' is not concurrency-safe because non-'Sendable' type 'PropertyPickerTextTransformation' may have shared mutable state; this is an error in the Swift 6 language mode [#MutableGlobalVariable]
1 | import Foundation
2 |
3 | public struct PropertyPickerTextTransformation: OptionSet {
| `- note: consider making struct 'PropertyPickerTextTransformation' conform to the 'Sendable' protocol
4 | public let rawValue: Int8
5 |
:
11 | public static let capitalize = Self(rawValue: 1 << 0)
12 | public static let lowercase = Self(rawValue: 1 << 1)
13 | public static let uppercase = Self(rawValue: 1 << 2)
| |- warning: static property 'uppercase' is not concurrency-safe because non-'Sendable' type 'PropertyPickerTextTransformation' may have shared mutable state; this is an error in the Swift 6 language mode [#MutableGlobalVariable]
| |- note: add '@MainActor' to make static property 'uppercase' part of global actor 'MainActor'
| `- note: disable concurrency-safety checks if accesses are protected by an external synchronization mechanism
14 | public static let camelCaseToWords = Self(rawValue: 1 << 3)
15 | public static let snakeCaseToWords = Self(rawValue: 1 << 4)
/Users/admin/builder/spi-builder-workspace/Development/Models/PropertyPickerTextTransformation.swift:14:23: warning: static property 'camelCaseToWords' is not concurrency-safe because non-'Sendable' type 'PropertyPickerTextTransformation' may have shared mutable state; this is an error in the Swift 6 language mode [#MutableGlobalVariable]
1 | import Foundation
2 |
3 | public struct PropertyPickerTextTransformation: OptionSet {
| `- note: consider making struct 'PropertyPickerTextTransformation' conform to the 'Sendable' protocol
4 | public let rawValue: Int8
5 |
:
12 | public static let lowercase = Self(rawValue: 1 << 1)
13 | public static let uppercase = Self(rawValue: 1 << 2)
14 | public static let camelCaseToWords = Self(rawValue: 1 << 3)
| |- warning: static property 'camelCaseToWords' is not concurrency-safe because non-'Sendable' type 'PropertyPickerTextTransformation' may have shared mutable state; this is an error in the Swift 6 language mode [#MutableGlobalVariable]
| |- note: add '@MainActor' to make static property 'camelCaseToWords' part of global actor 'MainActor'
| `- note: disable concurrency-safety checks if accesses are protected by an external synchronization mechanism
15 | public static let snakeCaseToWords = Self(rawValue: 1 << 4)
16 |
SwiftCompile normal arm64_32 /Users/admin/builder/spi-builder-workspace/Development/Models/PropertyPickerTextTransformation.swift (in target 'PropertyPicker' from project 'swiftui-property-picker')
cd /Users/admin/builder/spi-builder-workspace/.swiftpm/xcode
builtin-SwiftPerFileCompile PropertyPickerTextTransformation.swift
SwiftCompile normal arm64_32 /Users/admin/builder/spi-builder-workspace/Development/Models/RowBuilder.swift (in target 'PropertyPicker' from project 'swiftui-property-picker')
cd /Users/admin/builder/spi-builder-workspace/.swiftpm/xcode
builtin-SwiftPerFileCompile RowBuilder.swift
SwiftCompile normal arm64_32 /Users/admin/builder/spi-builder-workspace/Development/PropertyPicker+View.swift (in target 'PropertyPicker' from project 'swiftui-property-picker')
cd /Users/admin/builder/spi-builder-workspace/.swiftpm/xcode
builtin-SwiftPerFileCompile PropertyPicker+View.swift
SwiftCompile normal arm64 Compiling\ PropertyPickerStyle.swift,\ _InlinePropertyPicker.swift /Users/admin/builder/spi-builder-workspace/Development/Protocols/PropertyPickerStyle.swift /Users/admin/builder/spi-builder-workspace/Development/Styles/_InlinePropertyPicker.swift (in target 'PropertyPicker' from project 'swiftui-property-picker')
/Users/admin/builder/spi-builder-workspace/Development/Protocols/PropertyPickerStyle.swift:17:21: warning: call to main actor-isolated initializer 'init(row:)' in a synchronous nonisolated context [#ActorIsolatedCall]
15 | /// These rows typically display selectable options or properties within the picker.
16 | var listRows: some View {
17 | Rows<ListRow>(row: ListRow.init(data:))
| `- warning: call to main actor-isolated initializer 'init(row:)' in a synchronous nonisolated context [#ActorIsolatedCall]
18 | }
19 |
/Users/admin/builder/spi-builder-workspace/Development/Views/Rows.swift:3:8: note: calls to initializer 'init(row:)' from outside of its actor context are implicitly asynchronous
1 | import SwiftUI
2 |
3 | struct Rows<V>: View where V: View {
| |- note: calls to initializer 'init(row:)' from outside of its actor context are implicitly asynchronous
| `- note: main actor isolation inferred from conformance to protocol 'View'
4 | var row: (Property) -> V
5 |
/Users/admin/builder/spi-builder-workspace/Development/Protocols/PropertyPickerStyle.swift:17:28: warning: converting function value of type '@MainActor (Property) -> ListRow' to '(Property) -> ListRow' loses global actor 'MainActor'; this is an error in the Swift 6 language mode
15 | /// These rows typically display selectable options or properties within the picker.
16 | var listRows: some View {
17 | Rows<ListRow>(row: ListRow.init(data:))
| `- warning: converting function value of type '@MainActor (Property) -> ListRow' to '(Property) -> ListRow' loses global actor 'MainActor'; this is an error in the Swift 6 language mode
18 | }
19 |
/Users/admin/builder/spi-builder-workspace/Development/Protocols/PropertyPickerStyle.swift:21:23: warning: call to main actor-isolated initializer 'init(row:)' in a synchronous nonisolated context [#ActorIsolatedCall]
19 |
20 | var inlineRows: some View {
21 | Rows<InlineRow>(row: InlineRow.init(data:))
| `- warning: call to main actor-isolated initializer 'init(row:)' in a synchronous nonisolated context [#ActorIsolatedCall]
22 | }
23 |
/Users/admin/builder/spi-builder-workspace/Development/Views/Rows.swift:3:8: note: calls to initializer 'init(row:)' from outside of its actor context are implicitly asynchronous
1 | import SwiftUI
2 |
3 | struct Rows<V>: View where V: View {
| |- note: calls to initializer 'init(row:)' from outside of its actor context are implicitly asynchronous
| `- note: main actor isolation inferred from conformance to protocol 'View'
4 | var row: (Property) -> V
5 |
/Users/admin/builder/spi-builder-workspace/Development/Protocols/PropertyPickerStyle.swift:21:30: warning: converting function value of type '@MainActor (Property) -> InlineRow' to '(Property) -> InlineRow' loses global actor 'MainActor'; this is an error in the Swift 6 language mode
19 |
20 | var inlineRows: some View {
21 | Rows<InlineRow>(row: InlineRow.init(data:))
| `- warning: converting function value of type '@MainActor (Property) -> InlineRow' to '(Property) -> InlineRow' loses global actor 'MainActor'; this is an error in the Swift 6 language mode
22 | }
23 |
/Users/admin/builder/spi-builder-workspace/Development/Protocols/PropertyPickerStyle.swift:27:9: warning: call to main actor-isolated initializer 'init()' in a synchronous nonisolated context [#ActorIsolatedCall]
25 | /// This view is generally used to display a header or title for the picker section.
26 | var title: some View {
27 | Title()
| `- warning: call to main actor-isolated initializer 'init()' in a synchronous nonisolated context [#ActorIsolatedCall]
28 | }
29 | }
/Users/admin/builder/spi-builder-workspace/Development/Views/Title.swift:3:8: note: calls to initializer 'init()' from outside of its actor context are implicitly asynchronous
1 | import SwiftUI
2 |
3 | struct Title: View {
| |- note: calls to initializer 'init()' from outside of its actor context are implicitly asynchronous
| `- note: main actor isolation inferred from conformance to protocol 'View'
4 | @EnvironmentObject
5 | private var context: Context.Data
/Users/admin/builder/spi-builder-workspace/Development/Styles/_InlinePropertyPicker.swift:24:13: error: 'GroupBox' is unavailable in watchOS
22 | private func preview(_ content: some View) -> some View {
23 | ZStack {
24 | GroupBox {
| `- error: 'GroupBox' is unavailable in watchOS
25 | Spacer().frame(maxWidth: .infinity)
26 | }
SwiftUI.GroupBox:4:27: note: 'GroupBox' has been explicitly marked unavailable here
2 | @available(tvOS, unavailable)
3 | @available(watchOS, unavailable)
4 | nonisolated public struct GroupBox<Label, Content> : View, ~Sendable where Label : View, Content : View {
| `- note: 'GroupBox' has been explicitly marked unavailable here
5 | @available(iOS 14.0, macOS 10.15, *)
6 | @available(tvOS, unavailable)
SwiftCompile normal arm64 /Users/admin/builder/spi-builder-workspace/Development/Protocols/PropertyPickerStyle.swift (in target 'PropertyPicker' from project 'swiftui-property-picker')
cd /Users/admin/builder/spi-builder-workspace/.swiftpm/xcode
builtin-SwiftPerFileCompile PropertyPickerStyle.swift
SwiftCompile normal arm64 /Users/admin/builder/spi-builder-workspace/Development/Styles/_InlinePropertyPicker.swift (in target 'PropertyPicker' from project 'swiftui-property-picker')
cd /Users/admin/builder/spi-builder-workspace/.swiftpm/xcode
builtin-SwiftPerFileCompile _InlinePropertyPicker.swift
SwiftCompile normal arm64 Compiling\ PropertyPicker+View.swift,\ PropertyPicker.swift /Users/admin/builder/spi-builder-workspace/Development/PropertyPicker+View.swift /Users/admin/builder/spi-builder-workspace/Development/PropertyPicker.swift (in target 'PropertyPicker' from project 'swiftui-property-picker')
SwiftCompile normal arm64 /Users/admin/builder/spi-builder-workspace/Development/PropertyPicker+View.swift (in target 'PropertyPicker' from project 'swiftui-property-picker')
cd /Users/admin/builder/spi-builder-workspace/.swiftpm/xcode
builtin-SwiftPerFileCompile PropertyPicker+View.swift
SwiftCompile normal arm64 /Users/admin/builder/spi-builder-workspace/Development/PropertyPicker.swift (in target 'PropertyPicker' from project 'swiftui-property-picker')
cd /Users/admin/builder/spi-builder-workspace/.swiftpm/xcode
builtin-SwiftPerFileCompile PropertyPicker.swift
SwiftCompile normal arm64_32 Compiling\ PropertyPicker.swift,\ PropertyPickerState.swift,\ PropertyPickerKey.swift /Users/admin/builder/spi-builder-workspace/Development/PropertyPicker.swift /Users/admin/builder/spi-builder-workspace/Development/PropertyWrappers/PropertyPickerState.swift /Users/admin/builder/spi-builder-workspace/Development/Protocols/PropertyPickerKey.swift (in target 'PropertyPicker' from project 'swiftui-property-picker')
SwiftCompile normal arm64_32 /Users/admin/builder/spi-builder-workspace/Development/PropertyPicker.swift (in target 'PropertyPicker' from project 'swiftui-property-picker')
cd /Users/admin/builder/spi-builder-workspace/.swiftpm/xcode
builtin-SwiftPerFileCompile PropertyPicker.swift
SwiftCompile normal arm64_32 /Users/admin/builder/spi-builder-workspace/Development/PropertyWrappers/PropertyPickerState.swift (in target 'PropertyPicker' from project 'swiftui-property-picker')
cd /Users/admin/builder/spi-builder-workspace/.swiftpm/xcode
builtin-SwiftPerFileCompile PropertyPickerState.swift
SwiftCompile normal arm64_32 /Users/admin/builder/spi-builder-workspace/Development/Protocols/PropertyPickerKey.swift (in target 'PropertyPicker' from project 'swiftui-property-picker')
cd /Users/admin/builder/spi-builder-workspace/.swiftpm/xcode
builtin-SwiftPerFileCompile PropertyPickerKey.swift
SwiftCompile normal arm64_32 Compiling\ InlineRow.swift,\ ListRow.swift /Users/admin/builder/spi-builder-workspace/Development/Views/InlineRow.swift /Users/admin/builder/spi-builder-workspace/Development/Views/ListRow.swift (in target 'PropertyPicker' from project 'swiftui-property-picker')
/Users/admin/builder/spi-builder-workspace/Development/Views/InlineRow.swift:18:9: error: 'Menu' is unavailable in watchOS
16 |
17 | var body: some View {
18 | Menu {
| `- error: 'Menu' is unavailable in watchOS
19 | picker
20 | } label: {
SwiftUI.Menu:3:27: note: 'Menu' has been explicitly marked unavailable here
1 | @available(iOS 14.0, macOS 11.0, tvOS 17.0, *)
2 | @available(watchOS, unavailable)
3 | nonisolated public struct Menu<Label, Content> : View, ~Sendable where Label : View, Content : View {
| `- note: 'Menu' has been explicitly marked unavailable here
4 | nonisolated public var body: some View { get }
5 | @available(macOS 11.0, iOS 14.0, tvOS 17.0, *)
/Users/admin/builder/spi-builder-workspace/Development/Views/InlineRow.swift:18:9: error: 'init(content:label:)' is unavailable in watchOS
16 |
17 | var body: some View {
18 | Menu {
| `- error: 'init(content:label:)' is unavailable in watchOS
19 | picker
20 | } label: {
SwiftUI.Menu.init:2:20: note: 'init(content:label:)' has been explicitly marked unavailable here
1 | generic struct Menu {
2 | nonisolated public init(@ContentBuilder content: () -> Content, @ContentBuilder label: () -> Label)}
| `- note: 'init(content:label:)' has been explicitly marked unavailable here
3 |
Failed frontend command:
/Applications/Xcode-27.0.0-Release.Candidate.app/Contents/Developer/Toolchains/XcodeDefault.xctoolchain/usr/bin/swift-frontend -frontend -c /Users/admin/builder/spi-builder-workspace/Development/Environment/EvironmentKeys.swift /Users/admin/builder/spi-builder-workspace/Development/Environment/PreferenceKeys.swift /Users/admin/builder/spi-builder-workspace/Development/Models/AnimationBox.swift /Users/admin/builder/spi-builder-workspace/Development/Models/Context.Data.swift /Users/admin/builder/spi-builder-workspace/Development/Models/Property.swift /Users/admin/builder/spi-builder-workspace/Development/Models/PropertyID.swift /Users/admin/builder/spi-builder-workspace/Development/Models/PropertyOption.swift /Users/admin/builder/spi-builder-workspace/Development/Models/PropertyPickerRowSorting.swift /Users/admin/builder/spi-builder-workspace/Development/Models/PropertyPickerSafeAreaAdjustmentStyle.swift /Users/admin/builder/spi-builder-workspace/Development/Models/PropertyPickerTextTransformation.swift /Users/admin/builder/spi-builder-workspace/Development/Models/RowBuilder.swift /Users/admin/builder/spi-builder-workspace/Development/PropertyPicker+View.swift /Users/admin/builder/spi-builder-workspace/Development/PropertyPicker.swift /Users/admin/builder/spi-builder-workspace/Development/PropertyWrappers/PropertyPickerState.swift /Users/admin/builder/spi-builder-workspace/Development/Protocols/PropertyPickerKey.swift /Users/admin/builder/spi-builder-workspace/Development/Protocols/PropertyPickerStyle.swift /Users/admin/builder/spi-builder-workspace/Development/Styles/_InlinePropertyPicker.swift /Users/admin/builder/spi-builder-workspace/Development/Styles/_ListPropertyPicker.swift /Users/admin/builder/spi-builder-workspace/Development/Styles/_SheetPropertyPicker.swift /Users/admin/builder/spi-builder-workspace/Development/ViewModifiers/Context.swift /Users/admin/builder/spi-builder-workspace/Development/ViewModifiers/PreferenceWriter.swift /Users/admin/builder/spi-builder-workspace/Development/ViewModifiers/PropertyWriter.swift /Users/admin/builder/spi-builder-workspace/Development/ViewModifiers/RowBuilderWriter.swift -primary-file /Users/admin/builder/spi-builder-workspace/Development/Views/InlineRow.swift -primary-file /Users/admin/builder/spi-builder-workspace/Development/Views/ListRow.swift /Users/admin/builder/spi-builder-workspace/Development/Views/Rows.swift /Users/admin/builder/spi-builder-workspace/Development/Views/Title.swift -emit-dependencies-path /Users/admin/builder/spi-builder-workspace/.derivedData/Build/Intermediates.noindex/swiftui-property-picker.build/Debug-watchos/PropertyPicker-t.build/Objects-normal/arm64_32/InlineRow.d -emit-const-values-path /Users/admin/builder/spi-builder-workspace/.derivedData/Build/Intermediates.noindex/swiftui-property-picker.build/Debug-watchos/PropertyPicker-t.build/Objects-normal/arm64_32/InlineRow.swiftconstvalues -emit-reference-dependencies-path /Users/admin/builder/spi-builder-workspace/.derivedData/Build/Intermediates.noindex/swiftui-property-picker.build/Debug-watchos/PropertyPicker-t.build/Objects-normal/arm64_32/InlineRow.swiftdeps -serialize-diagnostics-path /Users/admin/builder/spi-builder-workspace/.derivedData/Build/Intermediates.noindex/swiftui-property-picker.build/Debug-watchos/PropertyPicker-t.build/Objects-normal/arm64_32/InlineRow.dia -emit-dependencies-path /Users/admin/builder/spi-builder-workspace/.derivedData/Build/Intermediates.noindex/swiftui-property-picker.build/Debug-watchos/PropertyPicker-t.build/Objects-normal/arm64_32/ListRow.d -emit-const-values-path /Users/admin/builder/spi-builder-workspace/.derivedData/Build/Intermediates.noindex/swiftui-property-picker.build/Debug-watchos/PropertyPicker-t.build/Objects-normal/arm64_32/ListRow.swiftconstvalues -emit-reference-dependencies-path /Users/admin/builder/spi-builder-workspace/.derivedData/Build/Intermediates.noindex/swiftui-property-picker.build/Debug-watchos/PropertyPicker-t.build/Objects-normal/arm64_32/ListRow.swiftdeps -serialize-diagnostics-path /Users/admin/builder/spi-builder-workspace/.derivedData/Build/Intermediates.noindex/swiftui-property-picker.build/Debug-watchos/PropertyPicker-t.build/Objects-normal/arm64_32/ListRow.dia -target arm64_32-apple-watchos9.0 -disable-cross-import-overlay-search -load-resolved-plugin /Applications/Xcode-27.0.0-Release.Candidate.app/Contents/Developer/Platforms/WatchOS.platform/Developer/usr/lib/swift/host/plugins/libFoundationMacros.dylib\#/Applications/Xcode-27.0.0-Release.Candidate.app/Contents/Developer/Platforms/WatchOS.platform/Developer/usr/bin/swift-plugin-server\#FoundationMacros -load-resolved-plugin /Applications/Xcode-27.0.0-Release.Candidate.app/Contents/Developer/Platforms/WatchOS.platform/Developer/usr/lib/swift/host/plugins/libObservationMacros.dylib\#/Applications/Xcode-27.0.0-Release.Candidate.app/Contents/Developer/Platforms/WatchOS.platform/Developer/usr/bin/swift-plugin-server\#ObservationMacros -load-resolved-plugin /Applications/Xcode-27.0.0-Release.Candidate.app/Contents/Developer/Platforms/WatchOS.platform/Developer/usr/lib/swift/host/plugins/libPreviewsMacros.dylib\#/Applications/Xcode-27.0.0-Release.Candidate.app/Contents/Developer/Platforms/WatchOS.platform/Developer/usr/bin/swift-plugin-server\#PreviewsMacros -load-resolved-plugin /Applications/Xcode-27.0.0-Release.Candidate.app/Contents/Developer/Platforms/WatchOS.platform/Developer/usr/lib/swift/host/plugins/libSwiftMacros.dylib\#/Applications/Xcode-27.0.0-Release.Candidate.app/Contents/Developer/Platforms/WatchOS.platform/Developer/usr/bin/swift-plugin-server\#SwiftMacros -load-resolved-plugin /Applications/Xcode-27.0.0-Release.Candidate.app/Contents/Developer/Platforms/WatchOS.platform/Developer/usr/lib/swift/host/plugins/libSwiftUIMacros.dylib\#/Applications/Xcode-27.0.0-Release.Candidate.app/Contents/Developer/Platforms/WatchOS.platform/Developer/usr/bin/swift-plugin-server\#SwiftUIMacros -disable-implicit-swift-modules -Xcc -fno-implicit-modules -Xcc -fno-implicit-module-maps -explicit-swift-module-map-file /Users/admin/builder/spi-builder-workspace/.derivedData/Build/Intermediates.noindex/swiftui-property-picker.build/Debug-watchos/PropertyPicker-t.build/Objects-normal/arm64_32/PropertyPicker-dependencies-1.json -enable-objc-interop -sdk /Applications/Xcode-27.0.0-Release.Candidate.app/Contents/Developer/Platforms/WatchOS.platform/Developer/SDKs/WatchOS27.0.sdk -I /Users/admin/builder/spi-builder-workspace/.derivedData/Build/Products/Debug-watchos -Isystem /Applications/Xcode-27.0.0-Release.Candidate.app/Contents/Developer/Platforms/WatchOS.platform/Developer/usr/lib -F /Users/admin/builder/spi-builder-workspace/.derivedData/Build/Products/Debug-watchos -F /Applications/Xcode-27.0.0-Release.Candidate.app/Contents/Developer/Platforms/WatchOS.platform/Developer/Library/Frameworks -F /Applications/Xcode-27.0.0-Release.Candidate.app/Contents/Developer/Platforms/WatchOS.platform/Developer/SDKs/WatchOS27.0.sdk/Developer/Library/Frameworks -module-cache-path /Users/admin/builder/spi-builder-workspace/.derivedData/Build/Intermediates.noindex/SwiftExplicitPrecompiledModules -no-color-diagnostics -Xcc -fno-color-diagnostics -enable-testing -g -debug-info-format\=dwarf -dwarf-version\=4 -swift-version 5 -Onone -D SWIFT_PACKAGE -D DEBUG -D SWIFT_MODULE_RESOURCE_BUNDLE_UNAVAILABLE -D VERBOSE -D Xcode -serialize-debugging-options -enable-upcoming-feature StrictConcurrency -enable-experimental-feature DebugDescriptionMacro -empty-abi-descriptor -validate-clang-modules-once -clang-build-session-file /Users/admin/builder/spi-builder-workspace/.derivedData/ModuleCache.noindex/Session.modulevalidation -Xcc -working-directory -Xcc /Users/admin/builder/spi-builder-workspace/.swiftpm/xcode -enable-anonymous-context-mangled-names -file-compilation-dir /Users/admin/builder/spi-builder-workspace/.swiftpm/xcode -Xcc -D_LIBCPP_HARDENING_MODE\=_LIBCPP_HARDENING_MODE_DEBUG -Xcc -ivfsstatcache -Xcc /Users/admin/builder/spi-builder-workspace/.derivedData/SDKStatCaches.noindex/watchos27.0-24R360-e829b21a6f8c9b70876ba0858053c04477534ef55a1706bf4c1112bbb242f0a2.sdkstatcache -Xcc -fmodules-prune-interval\=86400 -Xcc -fmodules-prune-after\=345600 -Xcc -I/Users/admin/builder/spi-builder-workspace/.derivedData/Build/Products/Debug-watchos/include -Xcc -I/Users/admin/builder/spi-builder-workspace/.derivedData/Build/Intermediates.noindex/swiftui-property-picker.build/Debug-watchos/PropertyPicker-t.build/DerivedSources-normal/arm64_32 -Xcc -I/Users/admin/builder/spi-builder-workspace/.derivedData/Build/Intermediates.noindex/swiftui-property-picker.build/Debug-watchos/PropertyPicker-t.build/DerivedSources/arm64_32 -Xcc -I/Users/admin/builder/spi-builder-workspace/.derivedData/Build/Intermediates.noindex/swiftui-property-picker.build/Debug-watchos/PropertyPicker-t.build/DerivedSources -Xcc -DSWIFT_PACKAGE -Xcc -DDEBUG\=1 -no-auto-bridging-header-chaining -module-name PropertyPicker -package-name spi_builder_workspace -const-gather-protocols-file /Users/admin/builder/spi-builder-workspace/.derivedData/Build/Intermediates.noindex/swiftui-property-picker.build/Debug-watchos/PropertyPicker-t.build/Objects-normal/arm64_32/PropertyPicker_const_extract_protocols.json -disable-clang-spi -clang-target arm64_32-apple-watchos27.0 -target-sdk-version 27.0 -target-sdk-name watchos27.0 -in-process-plugin-server-path /Applications/Xcode-27.0.0-Release.Candidate.app/Contents/Developer/Toolchains/XcodeDefault.xctoolchain/usr/lib/swift/host/libSwiftInProcPluginServer.dylib -parse-as-library -o /Users/admin/builder/spi-builder-workspace/.derivedData/Build/Intermediates.noindex/swiftui-property-picker.build/Debug-watchos/PropertyPicker-t.build/Objects-normal/arm64_32/InlineRow.o -o /Users/admin/builder/spi-builder-workspace/.derivedData/Build/Intermediates.noindex/swiftui-property-picker.build/Debug-watchos/PropertyPicker-t.build/Objects-normal/arm64_32/ListRow.o -debug-module-path /Users/admin/builder/spi-builder-workspace/.derivedData/Build/Intermediates.noindex/swiftui-property-picker.build/Debug-watchos/PropertyPicker-t.build/Objects-normal/arm64_32/PropertyPicker.swiftmodule -index-unit-output-path /swiftui-property-picker.build/Debug-watchos/PropertyPicker-t.build/Objects-normal/arm64_32/InlineRow.o -index-unit-output-path /swiftui-property-picker.build/Debug-watchos/PropertyPicker-t.build/Objects-normal/arm64_32/ListRow.o -index-store-path /Users/admin/builder/spi-builder-workspace/.derivedData/Index.noindex/DataStore -index-system-modules
SwiftCompile normal arm64_32 /Users/admin/builder/spi-builder-workspace/Development/Views/InlineRow.swift (in target 'PropertyPicker' from project 'swiftui-property-picker')
cd /Users/admin/builder/spi-builder-workspace/.swiftpm/xcode
builtin-SwiftPerFileCompile InlineRow.swift
SwiftCompile normal arm64_32 /Users/admin/builder/spi-builder-workspace/Development/Views/ListRow.swift (in target 'PropertyPicker' from project 'swiftui-property-picker')
cd /Users/admin/builder/spi-builder-workspace/.swiftpm/xcode
builtin-SwiftPerFileCompile ListRow.swift
SwiftCompile normal arm64_32 Compiling\ PropertyPickerStyle.swift,\ _InlinePropertyPicker.swift,\ _ListPropertyPicker.swift /Users/admin/builder/spi-builder-workspace/Development/Protocols/PropertyPickerStyle.swift /Users/admin/builder/spi-builder-workspace/Development/Styles/_InlinePropertyPicker.swift /Users/admin/builder/spi-builder-workspace/Development/Styles/_ListPropertyPicker.swift (in target 'PropertyPicker' from project 'swiftui-property-picker')
/Users/admin/builder/spi-builder-workspace/Development/Protocols/PropertyPickerStyle.swift:17:21: warning: call to main actor-isolated initializer 'init(row:)' in a synchronous nonisolated context [#ActorIsolatedCall]
15 | /// These rows typically display selectable options or properties within the picker.
16 | var listRows: some View {
17 | Rows<ListRow>(row: ListRow.init(data:))
| `- warning: call to main actor-isolated initializer 'init(row:)' in a synchronous nonisolated context [#ActorIsolatedCall]
18 | }
19 |
/Users/admin/builder/spi-builder-workspace/Development/Views/Rows.swift:3:8: note: calls to initializer 'init(row:)' from outside of its actor context are implicitly asynchronous
1 | import SwiftUI
2 |
3 | struct Rows<V>: View where V: View {
| |- note: calls to initializer 'init(row:)' from outside of its actor context are implicitly asynchronous
| `- note: main actor isolation inferred from conformance to protocol 'View'
4 | var row: (Property) -> V
5 |
/Users/admin/builder/spi-builder-workspace/Development/Protocols/PropertyPickerStyle.swift:17:28: warning: converting function value of type '@MainActor (Property) -> ListRow' to '(Property) -> ListRow' loses global actor 'MainActor'; this is an error in the Swift 6 language mode
15 | /// These rows typically display selectable options or properties within the picker.
16 | var listRows: some View {
17 | Rows<ListRow>(row: ListRow.init(data:))
| `- warning: converting function value of type '@MainActor (Property) -> ListRow' to '(Property) -> ListRow' loses global actor 'MainActor'; this is an error in the Swift 6 language mode
18 | }
19 |
/Users/admin/builder/spi-builder-workspace/Development/Protocols/PropertyPickerStyle.swift:21:23: warning: call to main actor-isolated initializer 'init(row:)' in a synchronous nonisolated context [#ActorIsolatedCall]
19 |
20 | var inlineRows: some View {
21 | Rows<InlineRow>(row: InlineRow.init(data:))
| `- warning: call to main actor-isolated initializer 'init(row:)' in a synchronous nonisolated context [#ActorIsolatedCall]
22 | }
23 |
/Users/admin/builder/spi-builder-workspace/Development/Views/Rows.swift:3:8: note: calls to initializer 'init(row:)' from outside of its actor context are implicitly asynchronous
1 | import SwiftUI
2 |
3 | struct Rows<V>: View where V: View {
| |- note: calls to initializer 'init(row:)' from outside of its actor context are implicitly asynchronous
| `- note: main actor isolation inferred from conformance to protocol 'View'
4 | var row: (Property) -> V
5 |
/Users/admin/builder/spi-builder-workspace/Development/Protocols/PropertyPickerStyle.swift:21:30: warning: converting function value of type '@MainActor (Property) -> InlineRow' to '(Property) -> InlineRow' loses global actor 'MainActor'; this is an error in the Swift 6 language mode
19 |
20 | var inlineRows: some View {
21 | Rows<InlineRow>(row: InlineRow.init(data:))
| `- warning: converting function value of type '@MainActor (Property) -> InlineRow' to '(Property) -> InlineRow' loses global actor 'MainActor'; this is an error in the Swift 6 language mode
22 | }
23 |
SwiftCompile normal arm64_32 /Users/admin/builder/spi-builder-workspace/Development/Protocols/PropertyPickerStyle.swift (in target 'PropertyPicker' from project 'swiftui-property-picker')
cd /Users/admin/builder/spi-builder-workspace/.swiftpm/xcode
builtin-SwiftPerFileCompile PropertyPickerStyle.swift
SwiftCompile normal arm64_32 /Users/admin/builder/spi-builder-workspace/Development/Styles/_InlinePropertyPicker.swift (in target 'PropertyPicker' from project 'swiftui-property-picker')
cd /Users/admin/builder/spi-builder-workspace/.swiftpm/xcode
builtin-SwiftPerFileCompile _InlinePropertyPicker.swift
SwiftCompile normal arm64_32 /Users/admin/builder/spi-builder-workspace/Development/Styles/_ListPropertyPicker.swift (in target 'PropertyPicker' from project 'swiftui-property-picker')
cd /Users/admin/builder/spi-builder-workspace/.swiftpm/xcode
builtin-SwiftPerFileCompile _ListPropertyPicker.swift
PruneExplicitPrecompiledModules /Users/admin/builder/spi-builder-workspace/.derivedData/Build/Intermediates.noindex/SwiftExplicitPrecompiledModules
PruneExplicitPrecompiledModules /Users/admin/builder/spi-builder-workspace/.derivedData/Build/Intermediates.noindex/ExplicitPrecompiledModules
PruneExplicitPrecompiledModules /Users/admin/builder/spi-builder-workspace/.derivedData/SDKExplicitPrecompiledModules
2026-09-23 04:02:11.083 xcodebuild[924:5463] [MT] IDERunDestination: Supported platforms for the buildables in the current scheme is empty.
** BUILD FAILED **
The following build commands failed:
SwiftCompile normal arm64_32 Compiling\ InlineRow.swift,\ ListRow.swift /Users/admin/builder/spi-builder-workspace/Development/Views/InlineRow.swift /Users/admin/builder/spi-builder-workspace/Development/Views/ListRow.swift (in target 'PropertyPicker' from project 'swiftui-property-picker')
SwiftCompile normal arm64_32 /Users/admin/builder/spi-builder-workspace/Development/Views/InlineRow.swift (in target 'PropertyPicker' from project 'swiftui-property-picker')
Building workspace swiftui-property-picker with scheme swiftui-property-picker-Package
(3 failures)
BUILD FAILURE 6.4 watchOS